[INFO] cloning repository https://github.com/michaeladler/aoc-2022
[INFO] running `Command { std: "git" "-c" "credential.helper=" "-c" "credential.helper=/workspace/cargo-home/bin/git-credential-null" "clone" "--bare" "https://github.com/michaeladler/aoc-2022" "/workspace/cache/git-repos/https%3A%2F%2Fgithub.com%2Fmichaeladler%2Faoc-2022", kill_on_drop: false }`
[INFO] [stderr] Cloning into bare repository '/workspace/cache/git-repos/https%3A%2F%2Fgithub.com%2Fmichaeladler%2Faoc-2022'...
[INFO] running `Command { std: "git" "rev-parse" "HEAD", kill_on_drop: false }`
[INFO] [stdout] 1b6be86bec479fa468517dbff9c22bd2e5e44481
[INFO] testing michaeladler/aoc-2022 against 1.75.0 for beta-1.76-1
[INFO] running `Command { std: "git" "clone" "/workspace/cache/git-repos/https%3A%2F%2Fgithub.com%2Fmichaeladler%2Faoc-2022" "/workspace/builds/worker-0-tc1/source", kill_on_drop: false }`
[INFO] [stderr] Cloning into '/workspace/builds/worker-0-tc1/source'...
[INFO] [stderr] done.
[INFO] validating manifest of git repo https://github.com/michaeladler/aoc-2022 on toolchain 1.75.0
[INFO] running `Command { std: CARGO_HOME="/workspace/cargo-home" RUSTUP_HOME="/workspace/rustup-home" "/workspace/cargo-home/bin/cargo" "+1.75.0" "metadata" "--manifest-path" "Cargo.toml" "--no-deps", kill_on_drop: false }`
[INFO] started tweaking git repo https://github.com/michaeladler/aoc-2022
[INFO] finished tweaking git repo https://github.com/michaeladler/aoc-2022
[INFO] tweaked toml for git repo https://github.com/michaeladler/aoc-2022 written to /workspace/builds/worker-0-tc1/source/Cargo.toml
[INFO] crate git repo https://github.com/michaeladler/aoc-2022 already has a lockfile, it will not be regenerated
[INFO] running `Command { std: CARGO_HOME="/workspace/cargo-home" RUSTUP_HOME="/workspace/rustup-home" "/workspace/cargo-home/bin/cargo" "+1.75.0" "fetch" "--manifest-path" "Cargo.toml", kill_on_drop: false }`
[INFO] [stderr]     Updating crates.io index
[INFO] [stderr]     Updating git repository `https://github.com/michaeladler/aoc-lib.git`
[INFO] [stderr]  Downloading crates ...
[INFO] [stderr]   Downloaded binary-heap-plus v0.5.0
[INFO] [stderr]   Downloaded advent-of-code-ocr v0.1.1
[INFO] running `Command { std: "docker" "create" "-v" "/var/lib/crater-agent-workspace/builds/worker-0-tc1/target:/opt/rustwide/target:rw,Z" "-v" "/var/lib/crater-agent-workspace/builds/worker-0-tc1/source:/opt/rustwide/workdir:ro,Z" "-v" "/var/lib/crater-agent-workspace/cargo-home:/opt/rustwide/cargo-home:ro,Z" "-v" "/var/lib/crater-agent-workspace/rustup-home:/opt/rustwide/rustup-home:ro,Z" "-e" "SOURCE_DIR=/opt/rustwide/workdir" "-e" "CARGO_TARGET_DIR=/opt/rustwide/target" "-e" "CARGO_HOME=/opt/rustwide/cargo-home" "-e" "RUSTUP_HOME=/opt/rustwide/rustup-home" "-w" "/opt/rustwide/workdir" "-m" "1610612736" "--user" "0:0" "--network" "none" "ghcr.io/rust-lang/crates-build-env/linux@sha256:2788e3201cd34a07e3172128adcd8b3090168a8e3bcc40d7c032b9dda1df7d1c" "/opt/rustwide/cargo-home/bin/cargo" "+1.75.0" "metadata" "--no-deps" "--format-version=1", kill_on_drop: false }`
[INFO] [stdout] 9c9fc0d08cf3fb80abb395f65241d86105f749878c9036b25cde43c168eb9615
[INFO] running `Command { std: "docker" "start" "-a" "9c9fc0d08cf3fb80abb395f65241d86105f749878c9036b25cde43c168eb9615", kill_on_drop: false }`
[INFO] running `Command { std: "docker" "inspect" "9c9fc0d08cf3fb80abb395f65241d86105f749878c9036b25cde43c168eb9615", kill_on_drop: false }`
[INFO] running `Command { std: "docker" "rm" "-f" "9c9fc0d08cf3fb80abb395f65241d86105f749878c9036b25cde43c168eb9615", kill_on_drop: false }`
[INFO] [stdout] 9c9fc0d08cf3fb80abb395f65241d86105f749878c9036b25cde43c168eb9615
[INFO] running `Command { std: "docker" "create" "-v" "/var/lib/crater-agent-workspace/builds/worker-0-tc1/target:/opt/rustwide/target:rw,Z" "-v" "/var/lib/crater-agent-workspace/builds/worker-0-tc1/source:/opt/rustwide/workdir:ro,Z" "-v" "/var/lib/crater-agent-workspace/cargo-home:/opt/rustwide/cargo-home:ro,Z" "-v" "/var/lib/crater-agent-workspace/rustup-home:/opt/rustwide/rustup-home:ro,Z" "-e" "SOURCE_DIR=/opt/rustwide/workdir" "-e" "CARGO_TARGET_DIR=/opt/rustwide/target" "-e" "CARGO_INCREMENTAL=0" "-e" "RUST_BACKTRACE=full" "-e" "RUSTFLAGS=--cap-lints=warn" "-e" "RUSTDOCFLAGS=--cap-lints=warn" "-e" "CARGO_HOME=/opt/rustwide/cargo-home" "-e" "RUSTUP_HOME=/opt/rustwide/rustup-home" "-w" "/opt/rustwide/workdir" "-m" "1610612736" "--user" "0:0" "--network" "none" "ghcr.io/rust-lang/crates-build-env/linux@sha256:2788e3201cd34a07e3172128adcd8b3090168a8e3bcc40d7c032b9dda1df7d1c" "/opt/rustwide/cargo-home/bin/cargo" "+1.75.0" "build" "--frozen" "--message-format=json", kill_on_drop: false }`
[INFO] [stdout] 031610e1409e4da953f3a45a9372925b3ce5b8a4d82f16e083da04fe46bc2c29
[INFO] running `Command { std: "docker" "start" "-a" "031610e1409e4da953f3a45a9372925b3ce5b8a4d82f16e083da04fe46bc2c29", kill_on_drop: false }`
[INFO] [stderr]    Compiling autocfg v1.1.0
[INFO] [stderr]    Compiling proc-macro2 v1.0.69
[INFO] [stderr]    Compiling cfg-if v1.0.0
[INFO] [stderr]    Compiling libc v0.2.149
[INFO] [stderr]    Compiling crossbeam-utils v0.8.16
[INFO] [stderr]    Compiling unicode-ident v1.0.12
[INFO] [stderr]    Compiling siphasher v0.3.11
[INFO] [stderr]    Compiling rand_core v0.6.4
[INFO] [stderr]    Compiling scopeguard v1.2.0
[INFO] [stderr]    Compiling rustix v0.38.21
[INFO] [stderr]    Compiling rayon-core v1.12.0
[INFO] [stderr]    Compiling serde v1.0.190
[INFO] [stderr]    Compiling bitflags v2.4.1
[INFO] [stderr]    Compiling version_check v0.9.4
[INFO] [stderr]    Compiling either v1.9.0
[INFO] [stderr]    Compiling linux-raw-sys v0.4.10
[INFO] [stderr]    Compiling equivalent v1.0.1
[INFO] [stderr]    Compiling serde_json v1.0.107
[INFO] [stderr]    Compiling hashbrown v0.14.2
[INFO] [stderr]    Compiling rand v0.8.5
[INFO] [stderr]    Compiling phf_shared v0.11.2
[INFO] [stderr]    Compiling itertools v0.10.5
[INFO] [stderr]    Compiling termcolor v1.3.0
[INFO] [stderr]    Compiling compare v0.1.0
[INFO] [stderr]    Compiling zerocopy v0.7.15
[INFO] [stderr]    Compiling humantime v2.1.0
[INFO] [stderr]    Compiling itoa v1.0.9
[INFO] [stderr]    Compiling ryu v1.0.15
[INFO] [stderr]    Compiling ahash v0.8.6
[INFO] [stderr]    Compiling memoffset v0.9.0
[INFO] [stderr]    Compiling crossbeam-epoch v0.9.15
[INFO] [stderr]    Compiling num-traits v0.2.17
[INFO] [stderr]    Compiling num-integer v0.1.45
[INFO] [stderr]    Compiling log v0.4.20
[INFO] [stderr]    Compiling once_cell v1.18.0
[INFO] [stderr]    Compiling fixedbitset v0.4.2
[INFO] [stderr]    Compiling binary-heap-plus v0.5.0
[INFO] [stderr]    Compiling arrayvec v0.7.4
[INFO] [stderr]    Compiling crossbeam-deque v0.8.3
[INFO] [stderr]    Compiling indexmap v2.0.2
[INFO] [stderr]    Compiling quote v1.0.33
[INFO] [stderr]    Compiling phf_generator v0.11.2
[INFO] [stderr]    Compiling syn v2.0.38
[INFO] [stderr]    Compiling cc v1.0.83
[INFO] [stderr]    Compiling getrandom v0.2.10
[INFO] [stderr]    Compiling is-terminal v0.4.9
[INFO] [stderr]    Compiling env_logger v0.10.0
[INFO] [stderr]    Compiling rayon v1.8.0
[INFO] [stderr]    Compiling petgraph v0.6.4
[INFO] [stderr]    Compiling aoc-2022 v0.1.0 (/opt/rustwide/workdir)
[INFO] [stderr]    Compiling aoc-lib v0.1.0 (https://github.com/michaeladler/aoc-lib.git#aa6dc941)
[INFO] [stderr]    Compiling phf_macros v0.11.2
[INFO] [stderr]    Compiling phf v0.11.2
[INFO] [stderr]    Compiling advent-of-code-ocr v0.1.1
[INFO] [stderr]     Finished dev [unoptimized + debuginfo] target(s) in 10.84s
[INFO] running `Command { std: "docker" "inspect" "031610e1409e4da953f3a45a9372925b3ce5b8a4d82f16e083da04fe46bc2c29", kill_on_drop: false }`
[INFO] running `Command { std: "docker" "rm" "-f" "031610e1409e4da953f3a45a9372925b3ce5b8a4d82f16e083da04fe46bc2c29", kill_on_drop: false }`
[INFO] [stdout] 031610e1409e4da953f3a45a9372925b3ce5b8a4d82f16e083da04fe46bc2c29
[INFO] running `Command { std: "docker" "create" "-v" "/var/lib/crater-agent-workspace/builds/worker-0-tc1/target:/opt/rustwide/target:rw,Z" "-v" "/var/lib/crater-agent-workspace/builds/worker-0-tc1/source:/opt/rustwide/workdir:ro,Z" "-v" "/var/lib/crater-agent-workspace/cargo-home:/opt/rustwide/cargo-home:ro,Z" "-v" "/var/lib/crater-agent-workspace/rustup-home:/opt/rustwide/rustup-home:ro,Z" "-e" "SOURCE_DIR=/opt/rustwide/workdir" "-e" "CARGO_TARGET_DIR=/opt/rustwide/target" "-e" "CARGO_INCREMENTAL=0" "-e" "RUST_BACKTRACE=full" "-e" "RUSTFLAGS=--cap-lints=warn" "-e" "RUSTDOCFLAGS=--cap-lints=warn" "-e" "CARGO_HOME=/opt/rustwide/cargo-home" "-e" "RUSTUP_HOME=/opt/rustwide/rustup-home" "-w" "/opt/rustwide/workdir" "-m" "1610612736" "--user" "0:0" "--network" "none" "ghcr.io/rust-lang/crates-build-env/linux@sha256:2788e3201cd34a07e3172128adcd8b3090168a8e3bcc40d7c032b9dda1df7d1c" "/opt/rustwide/cargo-home/bin/cargo" "+1.75.0" "test" "--frozen" "--no-run" "--message-format=json", kill_on_drop: false }`
[INFO] [stdout] ff382da8c1b17871660d06af091c2cbd842c02ac2354960de179dee8f389a716
[INFO] running `Command { std: "docker" "start" "-a" "ff382da8c1b17871660d06af091c2cbd842c02ac2354960de179dee8f389a716", kill_on_drop: false }`
[INFO] [stderr]    Compiling serde v1.0.190
[INFO] [stderr]    Compiling half v1.8.2
[INFO] [stderr]    Compiling regex-syntax v0.8.2
[INFO] [stderr]    Compiling ciborium-io v0.2.1
[INFO] [stderr]    Compiling once_cell v1.18.0
[INFO] [stderr]    Compiling anstyle v1.0.4
[INFO] [stderr]    Compiling plotters-backend v0.3.5
[INFO] [stderr]    Compiling clap_lex v0.6.0
[INFO] [stderr]    Compiling same-file v1.0.6
[INFO] [stderr]    Compiling serde_derive v1.0.190
[INFO] [stderr]    Compiling cast v0.3.0
[INFO] [stderr]    Compiling oorandom v11.1.3
[INFO] [stderr]    Compiling anes v0.1.6
[INFO] [stderr]    Compiling walkdir v2.4.0
[INFO] [stderr]    Compiling clap_builder v4.4.7
[INFO] [stderr]    Compiling ahash v0.8.6
[INFO] [stderr]    Compiling criterion-plot v0.5.0
[INFO] [stderr]    Compiling plotters-svg v0.3.5
[INFO] [stderr]    Compiling ciborium-ll v0.2.1
[INFO] [stderr]    Compiling plotters v0.3.5
[INFO] [stderr]    Compiling regex-automata v0.4.3
[INFO] [stderr]    Compiling clap v4.4.7
[INFO] [stderr]    Compiling regex v1.10.2
[INFO] [stderr]    Compiling serde_json v1.0.107
[INFO] [stderr]    Compiling ciborium v0.2.1
[INFO] [stderr]    Compiling tinytemplate v1.2.1
[INFO] [stderr]    Compiling aoc-2022 v0.1.0 (/opt/rustwide/workdir)
[INFO] [stderr]    Compiling criterion v0.5.1
[INFO] [stderr]     Finished test [unoptimized + debuginfo] target(s) in 16.07s
[INFO] running `Command { std: "docker" "inspect" "ff382da8c1b17871660d06af091c2cbd842c02ac2354960de179dee8f389a716", kill_on_drop: false }`
[INFO] running `Command { std: "docker" "rm" "-f" "ff382da8c1b17871660d06af091c2cbd842c02ac2354960de179dee8f389a716", kill_on_drop: false }`
[INFO] [stdout] ff382da8c1b17871660d06af091c2cbd842c02ac2354960de179dee8f389a716
[INFO] running `Command { std: "docker" "create" "-v" "/var/lib/crater-agent-workspace/builds/worker-0-tc1/target:/opt/rustwide/target:rw,Z" "-v" "/var/lib/crater-agent-workspace/builds/worker-0-tc1/source:/opt/rustwide/workdir:ro,Z" "-v" "/var/lib/crater-agent-workspace/cargo-home:/opt/rustwide/cargo-home:ro,Z" "-v" "/var/lib/crater-agent-workspace/rustup-home:/opt/rustwide/rustup-home:ro,Z" "-e" "SOURCE_DIR=/opt/rustwide/workdir" "-e" "CARGO_TARGET_DIR=/opt/rustwide/target" "-e" "CARGO_INCREMENTAL=0" "-e" "RUST_BACKTRACE=full" "-e" "RUSTFLAGS=--cap-lints=warn" "-e" "RUSTDOCFLAGS=--cap-lints=warn" "-e" "CARGO_HOME=/opt/rustwide/cargo-home" "-e" "RUSTUP_HOME=/opt/rustwide/rustup-home" "-w" "/opt/rustwide/workdir" "-m" "1610612736" "--user" "0:0" "--network" "none" "ghcr.io/rust-lang/crates-build-env/linux@sha256:2788e3201cd34a07e3172128adcd8b3090168a8e3bcc40d7c032b9dda1df7d1c" "/opt/rustwide/cargo-home/bin/cargo" "+1.75.0" "test" "--frozen", kill_on_drop: false }`
[INFO] [stdout] 7db83870e72cd2236fc06fcdedf9c3115fc2c3a2fd4f44a004665b52cf5d612b
[INFO] running `Command { std: "docker" "start" "-a" "7db83870e72cd2236fc06fcdedf9c3115fc2c3a2fd4f44a004665b52cf5d612b", kill_on_drop: false }`
[INFO] [stderr]     Finished test [unoptimized + debuginfo] target(s) in 0.08s
[INFO] [stderr]      Running unittests src/lib.rs (/opt/rustwide/target/debug/deps/aoc-f2fed53b8d18f75e)
[INFO] [stdout] 
[INFO] [stdout] running 57 tests
[INFO] [stdout] test day02::tests::example ... ok
[INFO] [stdout] test day06::tests::examples ... ok
[INFO] [stdout] test day05::tests::example ... ok
[INFO] [stdout] test day10::tests::example ... ok
[INFO] [stdout] test day04::tests::example ... ok
[INFO] [stdout] test day03::tests::part1_example ... ok
[INFO] [stdout] test day09::tests::part2_example ... ok
[INFO] [stdout] test day08::tests::example ... ok
[INFO] [stdout] test day09::tests::part1_example ... ok
[INFO] [stdout] test day07::tests::example ... ok
[INFO] [stdout] test day10::tests::test_cycle_to_coords ... ok
[INFO] [stdout] test day12::tests::example ... ok
[INFO] [stdout] test day13::tests::example ... ok
[INFO] [stdout] test day11::tests::example ... ok
[INFO] [stdout] test day14::tests::example ... ok
[INFO] [stdout] test day15::tests::part1_example ... ok
[INFO] [stdout] test day01::tests::part1_and_part2 ... FAILED
[INFO] [stdout] test day15::tests::part2_example ... ok
[INFO] [stdout] test day03::tests::part1_and_part2 ... FAILED
[INFO] [stdout] test day05::tests::part1_and_part2 ... FAILED
[INFO] [stderr] 
[INFO] [stderr] thread 'day16::tests::example' has overflowed its stack
[INFO] [stderr] fatal runtime error: stack overflow
[INFO] [stderr] error: test failed, to rerun pass `--lib`
[INFO] [stderr] 
[INFO] [stderr] Caused by:
[INFO] [stderr]   process didn't exit successfully: `/opt/rustwide/target/debug/deps/aoc-f2fed53b8d18f75e` (signal: 6, SIGABRT: process abort signal)
[INFO] running `Command { std: "docker" "inspect" "7db83870e72cd2236fc06fcdedf9c3115fc2c3a2fd4f44a004665b52cf5d612b", kill_on_drop: false }`
[INFO] running `Command { std: "docker" "rm" "-f" "7db83870e72cd2236fc06fcdedf9c3115fc2c3a2fd4f44a004665b52cf5d612b", kill_on_drop: false }`
[INFO] [stdout] 7db83870e72cd2236fc06fcdedf9c3115fc2c3a2fd4f44a004665b52cf5d612b
[INFO] testing michaeladler/aoc-2022 against beta-2023-12-22 for beta-1.76-1
[INFO] running `Command { std: "git" "clone" "/workspace/cache/git-repos/https%3A%2F%2Fgithub.com%2Fmichaeladler%2Faoc-2022" "/workspace/builds/worker-0-tc2/source", kill_on_drop: false }`
[INFO] [stderr] Cloning into '/workspace/builds/worker-0-tc2/source'...
[INFO] [stderr] done.
[INFO] validating manifest of git repo https://github.com/michaeladler/aoc-2022 on toolchain beta-2023-12-22
[INFO] running `Command { std: CARGO_HOME="/workspace/cargo-home" RUSTUP_HOME="/workspace/rustup-home" "/workspace/cargo-home/bin/cargo" "+beta-2023-12-22" "metadata" "--manifest-path" "Cargo.toml" "--no-deps", kill_on_drop: false }`
[INFO] started tweaking git repo https://github.com/michaeladler/aoc-2022
[INFO] finished tweaking git repo https://github.com/michaeladler/aoc-2022
[INFO] tweaked toml for git repo https://github.com/michaeladler/aoc-2022 written to /workspace/builds/worker-0-tc2/source/Cargo.toml
[INFO] crate git repo https://github.com/michaeladler/aoc-2022 already has a lockfile, it will not be regenerated
[INFO] running `Command { std: CARGO_HOME="/workspace/cargo-home" RUSTUP_HOME="/workspace/rustup-home" "/workspace/cargo-home/bin/cargo" "+beta-2023-12-22" "fetch" "--manifest-path" "Cargo.toml", kill_on_drop: false }`
[INFO] running `Command { std: "docker" "create" "-v" "/var/lib/crater-agent-workspace/builds/worker-0-tc2/target:/opt/rustwide/target:rw,Z" "-v" "/var/lib/crater-agent-workspace/builds/worker-0-tc2/source:/opt/rustwide/workdir:ro,Z" "-v" "/var/lib/crater-agent-workspace/cargo-home:/opt/rustwide/cargo-home:ro,Z" "-v" "/var/lib/crater-agent-workspace/rustup-home:/opt/rustwide/rustup-home:ro,Z" "-e" "SOURCE_DIR=/opt/rustwide/workdir" "-e" "CARGO_TARGET_DIR=/opt/rustwide/target" "-e" "CARGO_HOME=/opt/rustwide/cargo-home" "-e" "RUSTUP_HOME=/opt/rustwide/rustup-home" "-w" "/opt/rustwide/workdir" "-m" "1610612736" "--user" "0:0" "--network" "none" "ghcr.io/rust-lang/crates-build-env/linux@sha256:2788e3201cd34a07e3172128adcd8b3090168a8e3bcc40d7c032b9dda1df7d1c" "/opt/rustwide/cargo-home/bin/cargo" "+beta-2023-12-22" "metadata" "--no-deps" "--format-version=1", kill_on_drop: false }`
[INFO] [stdout] 3e3407486d8d685543b9bdf4818ecb4ddb9a462f3cf1ef4a8734ce60ff224bd8
[INFO] running `Command { std: "docker" "start" "-a" "3e3407486d8d685543b9bdf4818ecb4ddb9a462f3cf1ef4a8734ce60ff224bd8", kill_on_drop: false }`
[INFO] running `Command { std: "docker" "inspect" "3e3407486d8d685543b9bdf4818ecb4ddb9a462f3cf1ef4a8734ce60ff224bd8", kill_on_drop: false }`
[INFO] running `Command { std: "docker" "rm" "-f" "3e3407486d8d685543b9bdf4818ecb4ddb9a462f3cf1ef4a8734ce60ff224bd8", kill_on_drop: false }`
[INFO] [stdout] 3e3407486d8d685543b9bdf4818ecb4ddb9a462f3cf1ef4a8734ce60ff224bd8
[INFO] running `Command { std: "docker" "create" "-v" "/var/lib/crater-agent-workspace/builds/worker-0-tc2/target:/opt/rustwide/target:rw,Z" "-v" "/var/lib/crater-agent-workspace/builds/worker-0-tc2/source:/opt/rustwide/workdir:ro,Z" "-v" "/var/lib/crater-agent-workspace/cargo-home:/opt/rustwide/cargo-home:ro,Z" "-v" "/var/lib/crater-agent-workspace/rustup-home:/opt/rustwide/rustup-home:ro,Z" "-e" "SOURCE_DIR=/opt/rustwide/workdir" "-e" "CARGO_TARGET_DIR=/opt/rustwide/target" "-e" "CARGO_INCREMENTAL=0" "-e" "RUST_BACKTRACE=full" "-e" "RUSTFLAGS=--cap-lints=warn" "-e" "RUSTDOCFLAGS=--cap-lints=warn" "-e" "CARGO_HOME=/opt/rustwide/cargo-home" "-e" "RUSTUP_HOME=/opt/rustwide/rustup-home" "-w" "/opt/rustwide/workdir" "-m" "1610612736" "--user" "0:0" "--network" "none" "ghcr.io/rust-lang/crates-build-env/linux@sha256:2788e3201cd34a07e3172128adcd8b3090168a8e3bcc40d7c032b9dda1df7d1c" "/opt/rustwide/cargo-home/bin/cargo" "+beta-2023-12-22" "build" "--frozen" "--message-format=json", kill_on_drop: false }`
[INFO] [stdout] 10bb2a092f3ce0ded7a171b32c7275d027e079f1c31b99c3f45634af62aa965d
[INFO] running `Command { std: "docker" "start" "-a" "10bb2a092f3ce0ded7a171b32c7275d027e079f1c31b99c3f45634af62aa965d", kill_on_drop: false }`
[INFO] [stderr]    Compiling autocfg v1.1.0
[INFO] [stderr]    Compiling cfg-if v1.0.0
[INFO] [stderr]    Compiling proc-macro2 v1.0.69
[INFO] [stderr]    Compiling libc v0.2.149
[INFO] [stderr]    Compiling crossbeam-utils v0.8.16
[INFO] [stderr]    Compiling unicode-ident v1.0.12
[INFO] [stderr]    Compiling siphasher v0.3.11
[INFO] [stderr]    Compiling rand_core v0.6.4
[INFO] [stderr]    Compiling scopeguard v1.2.0
[INFO] [stderr]    Compiling rustix v0.38.21
[INFO] [stderr]    Compiling serde v1.0.190
[INFO] [stderr]    Compiling linux-raw-sys v0.4.10
[INFO] [stderr]    Compiling either v1.9.0
[INFO] [stderr]    Compiling rayon-core v1.12.0
[INFO] [stderr]    Compiling version_check v0.9.4
[INFO] [stderr]    Compiling bitflags v2.4.1
[INFO] [stderr]    Compiling serde_json v1.0.107
[INFO] [stderr]    Compiling equivalent v1.0.1
[INFO] [stderr]    Compiling hashbrown v0.14.2
[INFO] [stderr]    Compiling rand v0.8.5
[INFO] [stderr]    Compiling phf_shared v0.11.2
[INFO] [stderr]    Compiling itertools v0.10.5
[INFO] [stderr]    Compiling fixedbitset v0.4.2
[INFO] [stderr]    Compiling ryu v1.0.15
[INFO] [stderr]    Compiling humantime v2.1.0
[INFO] [stderr]    Compiling memoffset v0.9.0
[INFO] [stderr]    Compiling crossbeam-epoch v0.9.15
[INFO] [stderr]    Compiling num-traits v0.2.17
[INFO] [stderr]    Compiling num-integer v0.1.45
[INFO] [stderr]    Compiling ahash v0.8.6
[INFO] [stderr]    Compiling log v0.4.20
[INFO] [stderr]    Compiling compare v0.1.0
[INFO] [stderr]    Compiling once_cell v1.18.0
[INFO] [stderr]    Compiling itoa v1.0.9
[INFO] [stderr]    Compiling quote v1.0.33
[INFO] [stderr]    Compiling phf_generator v0.11.2
[INFO] [stderr]    Compiling zerocopy v0.7.15
[INFO] [stderr]    Compiling termcolor v1.3.0
[INFO] [stderr]    Compiling binary-heap-plus v0.5.0
[INFO] [stderr]    Compiling arrayvec v0.7.4
[INFO] [stderr]    Compiling syn v2.0.38
[INFO] [stderr]    Compiling cc v1.0.83
[INFO] [stderr]    Compiling getrandom v0.2.10
[INFO] [stderr]    Compiling crossbeam-deque v0.8.3
[INFO] [stderr]    Compiling indexmap v2.0.2
[INFO] [stderr]    Compiling is-terminal v0.4.9
[INFO] [stderr]    Compiling env_logger v0.10.0
[INFO] [stderr]    Compiling rayon v1.8.0
[INFO] [stderr]    Compiling petgraph v0.6.4
[INFO] [stderr]    Compiling aoc-2022 v0.1.0 (/opt/rustwide/workdir)
[INFO] [stderr]    Compiling aoc-lib v0.1.0 (https://github.com/michaeladler/aoc-lib.git#aa6dc941)
[INFO] [stderr]    Compiling phf_macros v0.11.2
[INFO] [stderr]    Compiling phf v0.11.2
[INFO] [stderr]    Compiling advent-of-code-ocr v0.1.1
[INFO] [stderr]     Finished dev [unoptimized + debuginfo] target(s) in 10.75s
[INFO] running `Command { std: "docker" "inspect" "10bb2a092f3ce0ded7a171b32c7275d027e079f1c31b99c3f45634af62aa965d", kill_on_drop: false }`
[INFO] running `Command { std: "docker" "rm" "-f" "10bb2a092f3ce0ded7a171b32c7275d027e079f1c31b99c3f45634af62aa965d", kill_on_drop: false }`
[INFO] [stdout] 10bb2a092f3ce0ded7a171b32c7275d027e079f1c31b99c3f45634af62aa965d
[INFO] running `Command { std: "docker" "create" "-v" "/var/lib/crater-agent-workspace/builds/worker-0-tc2/target:/opt/rustwide/target:rw,Z" "-v" "/var/lib/crater-agent-workspace/builds/worker-0-tc2/source:/opt/rustwide/workdir:ro,Z" "-v" "/var/lib/crater-agent-workspace/cargo-home:/opt/rustwide/cargo-home:ro,Z" "-v" "/var/lib/crater-agent-workspace/rustup-home:/opt/rustwide/rustup-home:ro,Z" "-e" "SOURCE_DIR=/opt/rustwide/workdir" "-e" "CARGO_TARGET_DIR=/opt/rustwide/target" "-e" "CARGO_INCREMENTAL=0" "-e" "RUST_BACKTRACE=full" "-e" "RUSTFLAGS=--cap-lints=warn" "-e" "RUSTDOCFLAGS=--cap-lints=warn" "-e" "CARGO_HOME=/opt/rustwide/cargo-home" "-e" "RUSTUP_HOME=/opt/rustwide/rustup-home" "-w" "/opt/rustwide/workdir" "-m" "1610612736" "--user" "0:0" "--network" "none" "ghcr.io/rust-lang/crates-build-env/linux@sha256:2788e3201cd34a07e3172128adcd8b3090168a8e3bcc40d7c032b9dda1df7d1c" "/opt/rustwide/cargo-home/bin/cargo" "+beta-2023-12-22" "test" "--frozen" "--no-run" "--message-format=json", kill_on_drop: false }`
[INFO] [stdout] bdddc05400eedb2d2de3811a911b0134e34fd4f01cdb54befe9d27cd4b457d1a
[INFO] running `Command { std: "docker" "start" "-a" "bdddc05400eedb2d2de3811a911b0134e34fd4f01cdb54befe9d27cd4b457d1a", kill_on_drop: false }`
[INFO] [stderr]    Compiling serde v1.0.190
[INFO] [stderr]    Compiling serde_derive v1.0.190
[INFO] [stderr]    Compiling plotters-backend v0.3.5
[INFO] [stderr]    Compiling ciborium-io v0.2.1
[INFO] [stderr]    Compiling clap_lex v0.6.0
[INFO] [stderr]    Compiling once_cell v1.18.0
[INFO] [stderr]    Compiling half v1.8.2
[INFO] [stderr]    Compiling anstyle v1.0.4
[INFO] [stderr]    Compiling regex-syntax v0.8.2
[INFO] [stderr]    Compiling same-file v1.0.6
[INFO] [stderr]    Compiling cast v0.3.0
[INFO] [stderr]    Compiling anes v0.1.6
[INFO] [stderr]    Compiling oorandom v11.1.3
[INFO] [stderr]    Compiling walkdir v2.4.0
[INFO] [stderr]    Compiling ciborium-ll v0.2.1
[INFO] [stderr]    Compiling plotters-svg v0.3.5
[INFO] [stderr]    Compiling ahash v0.8.6
[INFO] [stderr]    Compiling criterion-plot v0.5.0
[INFO] [stderr]    Compiling clap_builder v4.4.7
[INFO] [stderr]    Compiling plotters v0.3.5
[INFO] [stderr]    Compiling regex-automata v0.4.3
[INFO] [stderr]    Compiling clap v4.4.7
[INFO] [stderr]    Compiling regex v1.10.2
[INFO] [stderr]    Compiling serde_json v1.0.107
[INFO] [stderr]    Compiling ciborium v0.2.1
[INFO] [stderr]    Compiling tinytemplate v1.2.1
[INFO] [stderr]    Compiling aoc-2022 v0.1.0 (/opt/rustwide/workdir)
[INFO] [stderr]    Compiling criterion v0.5.1
[INFO] [stderr]     Finished test [unoptimized + debuginfo] target(s) in 15.35s
[INFO] running `Command { std: "docker" "inspect" "bdddc05400eedb2d2de3811a911b0134e34fd4f01cdb54befe9d27cd4b457d1a", kill_on_drop: false }`
[INFO] running `Command { std: "docker" "rm" "-f" "bdddc05400eedb2d2de3811a911b0134e34fd4f01cdb54befe9d27cd4b457d1a", kill_on_drop: false }`
[INFO] [stdout] bdddc05400eedb2d2de3811a911b0134e34fd4f01cdb54befe9d27cd4b457d1a
[INFO] running `Command { std: "docker" "create" "-v" "/var/lib/crater-agent-workspace/builds/worker-0-tc2/target:/opt/rustwide/target:rw,Z" "-v" "/var/lib/crater-agent-workspace/builds/worker-0-tc2/source:/opt/rustwide/workdir:ro,Z" "-v" "/var/lib/crater-agent-workspace/cargo-home:/opt/rustwide/cargo-home:ro,Z" "-v" "/var/lib/crater-agent-workspace/rustup-home:/opt/rustwide/rustup-home:ro,Z" "-e" "SOURCE_DIR=/opt/rustwide/workdir" "-e" "CARGO_TARGET_DIR=/opt/rustwide/target" "-e" "CARGO_INCREMENTAL=0" "-e" "RUST_BACKTRACE=full" "-e" "RUSTFLAGS=--cap-lints=warn" "-e" "RUSTDOCFLAGS=--cap-lints=warn" "-e" "CARGO_HOME=/opt/rustwide/cargo-home" "-e" "RUSTUP_HOME=/opt/rustwide/rustup-home" "-w" "/opt/rustwide/workdir" "-m" "1610612736" "--user" "0:0" "--network" "none" "ghcr.io/rust-lang/crates-build-env/linux@sha256:2788e3201cd34a07e3172128adcd8b3090168a8e3bcc40d7c032b9dda1df7d1c" "/opt/rustwide/cargo-home/bin/cargo" "+beta-2023-12-22" "test" "--frozen", kill_on_drop: false }`
[INFO] [stdout] 9d2f5c98158f0d6355416aae20b863eab2ec73aa023f0ac584f376064542a8dd
[INFO] running `Command { std: "docker" "start" "-a" "9d2f5c98158f0d6355416aae20b863eab2ec73aa023f0ac584f376064542a8dd", kill_on_drop: false }`
[INFO] [stderr]     Finished test [unoptimized + debuginfo] target(s) in 0.06s
[INFO] [stderr]      Running unittests src/lib.rs (/opt/rustwide/target/debug/deps/aoc-b89b2a77b9b2ef47)
[INFO] [stdout] 
[INFO] [stdout] running 57 tests
[INFO] [stdout] test day02::tests::example ... ok
[INFO] [stdout] test day03::tests::part1_example ... ok
[INFO] [stdout] test day04::tests::example ... ok
[INFO] [stdout] test day05::tests::example ... ok
[INFO] [stdout] test day06::tests::examples ... ok
[INFO] [stdout] test day07::tests::example ... ok
[INFO] [stdout] test day08::tests::example ... ok
[INFO] [stdout] test day10::tests::example ... ok
[INFO] [stdout] test day10::tests::test_cycle_to_coords ... ok
[INFO] [stdout] test day09::tests::part1_example ... ok
[INFO] [stdout] test day12::tests::example ... ok
[INFO] [stdout] test day13::tests::example ... ok
[INFO] [stdout] test day09::tests::part2_example ... ok
[INFO] [stdout] test day14::tests::example ... ok
[INFO] [stdout] test day01::tests::part1_and_part2 ... FAILED
[INFO] [stdout] test day15::tests::part1_example ... ok
[INFO] [stdout] test day15::tests::part2_example ... ok
[INFO] [stdout] test day02::tests::part1_and_part2 ... FAILED
[INFO] [stdout] test day03::tests::part1_and_part2 ... FAILED
[INFO] [stderr] 
[INFO] [stderr] thread 'day16::tests::example' has overflowed its stack
[INFO] [stderr] fatal runtime error: stack overflow
[INFO] [stderr] error: test failed, to rerun pass `--lib`
[INFO] [stderr] 
[INFO] [stderr] Caused by:
[INFO] [stderr]   process didn't exit successfully: `/opt/rustwide/target/debug/deps/aoc-b89b2a77b9b2ef47` (signal: 6, SIGABRT: process abort signal)
[INFO] running `Command { std: "docker" "inspect" "9d2f5c98158f0d6355416aae20b863eab2ec73aa023f0ac584f376064542a8dd", kill_on_drop: false }`
[INFO] running `Command { std: "docker" "rm" "-f" "9d2f5c98158f0d6355416aae20b863eab2ec73aa023f0ac584f376064542a8dd", kill_on_drop: false }`
[INFO] [stdout] 9d2f5c98158f0d6355416aae20b863eab2ec73aa023f0ac584f376064542a8dd
