[INFO] cloning repository https://github.com/mel-project/gibbername
[INFO] running `Command { std: "git" "-c" "credential.helper=" "-c" "credential.helper=/workspace/cargo-home/bin/git-credential-null" "clone" "--bare" "https://github.com/mel-project/gibbername" "/workspace/cache/git-repos/https%3A%2F%2Fgithub.com%2Fmel-project%2Fgibbername", kill_on_drop: false }`
[INFO] [stderr] Cloning into bare repository '/workspace/cache/git-repos/https%3A%2F%2Fgithub.com%2Fmel-project%2Fgibbername'...
[INFO] running `Command { std: "git" "rev-parse" "HEAD", kill_on_drop: false }`
[INFO] [stdout] 35adf747f30681f36d5debbe9bf56781aa564d9b
[INFO] testing mel-project/gibbername against 1.75.0 for beta-1.76-1
[INFO] running `Command { std: "git" "clone" "/workspace/cache/git-repos/https%3A%2F%2Fgithub.com%2Fmel-project%2Fgibbername" "/workspace/builds/worker-4-tc1/source", kill_on_drop: false }`
[INFO] [stderr] Cloning into '/workspace/builds/worker-4-tc1/source'...
[INFO] [stderr] done.
[INFO] validating manifest of git repo https://github.com/mel-project/gibbername on toolchain 1.75.0
[INFO] running `Command { std: CARGO_HOME="/workspace/cargo-home" RUSTUP_HOME="/workspace/rustup-home" "/workspace/cargo-home/bin/cargo" "+1.75.0" "metadata" "--manifest-path" "Cargo.toml" "--no-deps", kill_on_drop: false }`
[INFO] started tweaking git repo https://github.com/mel-project/gibbername
[INFO] finished tweaking git repo https://github.com/mel-project/gibbername
[INFO] tweaked toml for git repo https://github.com/mel-project/gibbername written to /workspace/builds/worker-4-tc1/source/Cargo.toml
[INFO] crate git repo https://github.com/mel-project/gibbername already has a lockfile, it will not be regenerated
[INFO] running `Command { std: CARGO_HOME="/workspace/cargo-home" RUSTUP_HOME="/workspace/rustup-home" "/workspace/cargo-home/bin/cargo" "+1.75.0" "fetch" "--manifest-path" "Cargo.toml", kill_on_drop: false }`
[INFO] [stderr]     Updating crates.io index
[INFO] [stderr]  Downloading crates ...
[INFO] [stderr]   Downloaded structmeta v0.1.5
[INFO] [stderr]   Downloaded parse-display-derive v0.5.5
[INFO] [stderr]   Downloaded genawaiter v0.99.1
[INFO] [stderr]   Downloaded genawaiter-macro v0.99.1
[INFO] [stderr]   Downloaded structmeta-derive v0.1.5
[INFO] [stderr]   Downloaded smol-timeout v0.6.0
[INFO] [stderr]   Downloaded genawaiter-proc-macro v0.99.1
[INFO] [stderr]   Downloaded parse-display v0.5.5
[INFO] [stderr]   Downloaded nanorpc v0.1.12
[INFO] [stderr]   Downloaded honggfuzz v0.5.55
[INFO] [stderr]   Downloaded stdcode v0.1.14
[INFO] [stderr]   Downloaded nanorpc-http v0.1.1
[INFO] [stderr]   Downloaded novasmt v0.2.20
[INFO] [stderr]   Downloaded melbootstrap v0.8.3
[INFO] [stderr]   Downloaded reusable-box-future v0.2.0
[INFO] [stderr]   Downloaded nanorpc-derive v0.1.5
[INFO] [stderr]   Downloaded melstructs v0.3.2
[INFO] [stderr]   Downloaded melnet2 v0.3.1
[INFO] [stderr]   Downloaded gibbercode v0.1.0
[INFO] [stderr]   Downloaded tmelcrypt v0.2.7
[INFO] [stderr]   Downloaded melprot v0.13.4
[INFO] [stderr]   Downloaded smolscale v0.3.52
[INFO] running `Command { std: "docker" "create" "-v" "/var/lib/crater-agent-workspace/builds/worker-4-tc1/target:/opt/rustwide/target:rw,Z" "-v" "/var/lib/crater-agent-workspace/builds/worker-4-tc1/source:/opt/rustwide/workdir:ro,Z" "-v" "/var/lib/crater-agent-workspace/cargo-home:/opt/rustwide/cargo-home:ro,Z" "-v" "/var/lib/crater-agent-workspace/rustup-home:/opt/rustwide/rustup-home:ro,Z" "-e" "SOURCE_DIR=/opt/rustwide/workdir" "-e" "CARGO_TARGET_DIR=/opt/rustwide/target" "-e" "CARGO_HOME=/opt/rustwide/cargo-home" "-e" "RUSTUP_HOME=/opt/rustwide/rustup-home" "-w" "/opt/rustwide/workdir" "-m" "1610612736" "--user" "0:0" "--network" "none" "ghcr.io/rust-lang/crates-build-env/linux@sha256:2788e3201cd34a07e3172128adcd8b3090168a8e3bcc40d7c032b9dda1df7d1c" "/opt/rustwide/cargo-home/bin/cargo" "+1.75.0" "metadata" "--no-deps" "--format-version=1", kill_on_drop: false }`
[INFO] [stdout] 85e3ba9d633cb98cb61564753a859b02a70efd30274e4760d8b3ed8678922d30
[INFO] running `Command { std: "docker" "start" "-a" "85e3ba9d633cb98cb61564753a859b02a70efd30274e4760d8b3ed8678922d30", kill_on_drop: false }`
[INFO] running `Command { std: "docker" "inspect" "85e3ba9d633cb98cb61564753a859b02a70efd30274e4760d8b3ed8678922d30", kill_on_drop: false }`
[INFO] running `Command { std: "docker" "rm" "-f" "85e3ba9d633cb98cb61564753a859b02a70efd30274e4760d8b3ed8678922d30", kill_on_drop: false }`
[INFO] [stdout] 85e3ba9d633cb98cb61564753a859b02a70efd30274e4760d8b3ed8678922d30
[INFO] running `Command { std: "docker" "create" "-v" "/var/lib/crater-agent-workspace/builds/worker-4-tc1/target:/opt/rustwide/target:rw,Z" "-v" "/var/lib/crater-agent-workspace/builds/worker-4-tc1/source:/opt/rustwide/workdir:ro,Z" "-v" "/var/lib/crater-agent-workspace/cargo-home:/opt/rustwide/cargo-home:ro,Z" "-v" "/var/lib/crater-agent-workspace/rustup-home:/opt/rustwide/rustup-home:ro,Z" "-e" "SOURCE_DIR=/opt/rustwide/workdir" "-e" "CARGO_TARGET_DIR=/opt/rustwide/target" "-e" "CARGO_INCREMENTAL=0" "-e" "RUST_BACKTRACE=full" "-e" "RUSTFLAGS=--cap-lints=warn" "-e" "RUSTDOCFLAGS=--cap-lints=warn" "-e" "CARGO_HOME=/opt/rustwide/cargo-home" "-e" "RUSTUP_HOME=/opt/rustwide/rustup-home" "-w" "/opt/rustwide/workdir" "-m" "1610612736" "--user" "0:0" "--network" "none" "ghcr.io/rust-lang/crates-build-env/linux@sha256:2788e3201cd34a07e3172128adcd8b3090168a8e3bcc40d7c032b9dda1df7d1c" "/opt/rustwide/cargo-home/bin/cargo" "+1.75.0" "build" "--frozen" "--message-format=json", kill_on_drop: false }`
[INFO] [stdout] 1d5558e92d0b7c07c82fe10b48ae2a4ed025c7f5d72cf6761a5922345ec640bd
[INFO] running `Command { std: "docker" "start" "-a" "1d5558e92d0b7c07c82fe10b48ae2a4ed025c7f5d72cf6761a5922345ec640bd", kill_on_drop: false }`
[INFO] [stderr]    Compiling autocfg v1.1.0
[INFO] [stderr]    Compiling cfg-if v1.0.0
[INFO] [stderr]    Compiling proc-macro2 v1.0.51
[INFO] [stderr]    Compiling quote v1.0.23
[INFO] [stderr]    Compiling unicode-ident v1.0.8
[INFO] [stderr]    Compiling syn v1.0.109
[INFO] [stderr]    Compiling libc v0.2.139
[INFO] [stderr]    Compiling version_check v0.9.4
[INFO] [stderr]    Compiling crossbeam-utils v0.8.15
[INFO] [stderr]    Compiling memchr v2.5.0
[INFO] [stderr]    Compiling futures-core v0.3.26
[INFO] [stderr]    Compiling once_cell v1.17.1
[INFO] [stderr]    Compiling serde_derive v1.0.154
[INFO] [stderr]    Compiling serde v1.0.154
[INFO] [stderr]    Compiling log v0.4.17
[INFO] [stderr]    Compiling pin-project-lite v0.2.9
[INFO] [stderr]    Compiling typenum v1.16.0
[INFO] [stderr]    Compiling scopeguard v1.1.0
[INFO] [stderr]    Compiling slab v0.4.8
[INFO] [stderr]    Compiling generic-array v0.14.6
[INFO] [stderr]    Compiling fnv v1.0.7
[INFO] [stderr]    Compiling futures-io v0.3.26
[INFO] [stderr]    Compiling parking v2.0.0
[INFO] [stderr]    Compiling event-listener v2.5.3
[INFO] [stderr]    Compiling waker-fn v1.1.0
[INFO] [stderr]    Compiling fastrand v1.9.0
[INFO] [stderr]    Compiling concurrent-queue v2.1.0
[INFO] [stderr]    Compiling async-lock v2.7.0
[INFO] [stderr]    Compiling lock_api v0.4.9
[INFO] [stderr]    Compiling cc v1.0.79
[INFO] [stderr]    Compiling futures-lite v1.12.0
[INFO] [stderr]    Compiling polling v2.6.0
[INFO] [stderr]    Compiling memoffset v0.8.0
[INFO] [stderr]    Compiling getrandom v0.2.8
[INFO] [stderr]    Compiling num-traits v0.2.15
[INFO] [stderr]    Compiling async-io v1.12.0
[INFO] [stderr]    Compiling thiserror v1.0.39
[INFO] [stderr]    Compiling smallvec v1.10.0
[INFO] [stderr]    Compiling socket2 v0.4.9
[INFO] [stderr]    Compiling crossbeam-epoch v0.9.14
[INFO] [stderr]    Compiling ident_case v1.0.1
[INFO] [stderr]    Compiling async-task v4.3.0
[INFO] [stderr]    Compiling strsim v0.10.0
[INFO] [stderr]    Compiling async-channel v1.8.0
[INFO] [stderr]    Compiling indexmap v1.9.2
[INFO] [stderr]    Compiling num-integer v0.1.45
[INFO] [stderr]    Compiling ahash v0.7.6
[INFO] [stderr]    Compiling itoa v1.0.6
[INFO] [stderr]    Compiling atomic-waker v1.1.0
[INFO] [stderr]    Compiling futures-task v0.3.26
[INFO] [stderr]    Compiling parking_lot_core v0.9.7
[INFO] [stderr]    Compiling blocking v1.3.0
[INFO] [stderr]    Compiling rand_core v0.6.4
[INFO] [stderr]    Compiling num_cpus v1.15.0
[INFO] [stderr]    Compiling bitflags v1.3.2
[INFO] [stderr]    Compiling hashbrown v0.12.3
[INFO] [stderr]    Compiling futures-util v0.3.26
[INFO] [stderr]    Compiling block-buffer v0.10.3
[INFO] [stderr]    Compiling digest v0.9.0
[INFO] [stderr]    Compiling crypto-common v0.1.6
[INFO] [stderr]    Compiling blake3 v1.3.3
[INFO] [stderr]    Compiling aho-corasick v0.7.20
[INFO] [stderr]    Compiling num-bigint v0.4.3
[INFO] [stderr]    Compiling tokio v1.26.0
[INFO] [stderr]    Compiling proc-macro-error-attr v0.4.12
[INFO] [stderr]    Compiling pin-utils v0.1.0
[INFO] [stderr]    Compiling toml_datetime v0.6.1
[INFO] [stderr]    Compiling anyhow v1.0.69
[INFO] [stderr]    Compiling parking_lot_core v0.8.6
[INFO] [stderr]    Compiling winnow v0.3.5
[INFO] [stderr]    Compiling signal-hook v0.3.15
[INFO] [stderr]    Compiling regex-syntax v0.6.28
[INFO] [stderr]    Compiling hex v0.4.3
[INFO] [stderr]    Compiling subtle v2.4.1
[INFO] [stderr]    Compiling digest v0.10.6
[INFO] [stderr]    Compiling crossbeam-deque v0.8.3
[INFO] [stderr]    Compiling block-buffer v0.9.0
[INFO] [stderr]    Compiling async-executor v1.5.0
[INFO] [stderr]    Compiling signal-hook-registry v1.4.1
[INFO] [stderr]    Compiling crossbeam-channel v0.5.7
[INFO] [stderr]    Compiling async-process v1.6.0
[INFO] [stderr]    Compiling async-net v1.7.0
[INFO] [stderr]    Compiling async-fs v1.6.0
[INFO] [stderr]    Compiling num-iter v0.1.43
[INFO] [stderr]    Compiling darling_core v0.13.4
[INFO] [stderr]    Compiling syn-mid v0.5.3
[INFO] [stderr]    Compiling num-rational v0.4.1
[INFO] [stderr]    Compiling proc-macro-error v0.4.12
[INFO] [stderr]    Compiling instant v0.1.12
[INFO] [stderr]    Compiling httparse v1.8.0
[INFO] [stderr]    Compiling async-trait v0.1.66
[INFO] [stderr]    Compiling arrayvec v0.7.2
[INFO] [stderr]    Compiling zeroize v1.5.7
[INFO] [stderr]    Compiling constant_time_eq v0.2.4
[INFO] [stderr]    Compiling opaque-debug v0.3.0
[INFO] [stderr]    Compiling ppv-lite86 v0.2.17
[INFO] [stderr]    Compiling arrayref v0.3.6
[INFO] [stderr]    Compiling serde_json v1.0.94
[INFO] [stderr]    Compiling either v1.8.1
[INFO] [stderr]    Compiling proc-macro-hack v0.5.20+deprecated
[INFO] [stderr]    Compiling regex v1.7.1
[INFO] [stderr]    Compiling cpufeatures v0.2.5
[INFO] [stderr]    Compiling byteorder v1.4.3
[INFO] [stderr]    Compiling subtle-ng v2.5.0
[INFO] [stderr]    Compiling futures-channel v0.3.26
[INFO] [stderr]    Compiling rand_chacha v0.3.1
[INFO] [stderr]    Compiling toml_edit v0.19.4
[INFO] [stderr]    Compiling curve25519-dalek-ng v4.1.1
[INFO] [stderr]    Compiling sha2 v0.9.9
[INFO] [stderr]    Compiling proc-macro-crate v1.3.1
[INFO] [stderr]    Compiling parking_lot v0.12.1
[INFO] [stderr]    Compiling backtrace v0.3.67
[INFO] [stderr]    Compiling thiserror-impl v1.0.39
[INFO] [stderr]    Compiling darling_macro v0.13.4
[INFO] [stderr]    Compiling futures-macro v0.3.26
[INFO] [stderr]    Compiling darling v0.13.4
[INFO] [stderr]    Compiling serde_with_macros v1.5.2
[INFO] [stderr]    Compiling structmeta-derive v0.1.5
[INFO] [stderr]    Compiling derive_arbitrary v1.2.3
[INFO] [stderr]    Compiling pin-project-internal v1.0.12
[INFO] [stderr]    Compiling tracing-core v0.1.30
[INFO] [stderr]    Compiling rayon-core v1.11.0
[INFO] [stderr]    Compiling ryu v1.0.13
[INFO] [stderr]    Compiling radium v0.6.2
[INFO] [stderr]    Compiling crossbeam-queue v0.3.8
[INFO] [stderr]    Compiling try-lock v0.2.4
[INFO] [stderr]    Compiling io-lifetimes v1.0.6
[INFO] [stderr]    Compiling gimli v0.27.2
[INFO] [stderr]    Compiling structmeta v0.1.5
[INFO] [stderr]    Compiling tap v1.0.1
[INFO] [stderr]    Compiling adler v1.0.2
[INFO] [stderr]    Compiling parse-display-derive v0.5.5
[INFO] [stderr]    Compiling miniz_oxide v0.6.2
[INFO] [stderr]    Compiling want v0.3.0
[INFO] [stderr]    Compiling tracing v0.1.37
[INFO] [stderr]    Compiling arbitrary v1.2.3
[INFO] [stderr]    Compiling num_enum_derive v0.5.11
[INFO] [stderr]    Compiling pin-project v1.0.12
[INFO] [stderr]    Compiling nanorpc-derive v0.1.5
[INFO] [stderr]    Compiling parking_lot v0.11.2
[INFO] [stderr]    Compiling addr2line v0.19.0
[INFO] [stderr]    Compiling rand v0.8.5
[INFO] [stderr]    Compiling itertools v0.10.5
[INFO] [stderr]    Compiling num-complex v0.4.3
[INFO] [stderr]    Compiling raw-cpuid v10.7.0
[INFO] [stderr]    Compiling nanorand v0.7.0
[INFO] [stderr]    Compiling spin v0.9.5
[INFO] [stderr]    Compiling object v0.30.3
[INFO] [stderr]    Compiling cache-padded v1.2.0
[INFO] [stderr]    Compiling rustc-demangle v0.1.21
[INFO] [stderr]    Compiling base32 v0.4.0
[INFO] [stderr]    Compiling rustc-hash v1.1.0
[INFO] [stderr]    Compiling futures-sink v0.3.26
[INFO] [stderr]    Compiling convert_case v0.4.0
[INFO] [stderr]    Compiling rustix v0.36.9
[INFO] [stderr]    Compiling moka v0.9.7
[INFO] [stderr]    Compiling httpdate v1.0.2
[INFO] [stderr]    Compiling unicode-width v0.1.10
[INFO] [stderr]    Compiling static_assertions v1.1.0
[INFO] [stderr]    Compiling twox-hash v1.6.3
[INFO] [stderr]    Compiling derive_more v0.99.17
[INFO] [stderr]    Compiling tabwriter v1.2.1
[INFO] [stderr]    Compiling quanta v0.10.1
[INFO] [stderr]    Compiling genawaiter-proc-macro v0.99.1
[INFO] [stderr]    Compiling flume v0.10.14
[INFO] [stderr]    Compiling num v0.4.0
[INFO] [stderr]    Compiling parse-display v0.5.5
[INFO] [stderr]    Compiling futures-intrusive v0.4.2
[INFO] [stderr]    Compiling num_enum v0.5.11
[INFO] [stderr]    Compiling smol v1.3.0
[INFO] [stderr]    Compiling async-compat v0.2.1
[INFO] [stderr]    Compiling bytes v1.4.0
[INFO] [stderr]    Compiling serde_with v1.14.0
[INFO] [stderr]    Compiling bincode v1.3.3
[INFO] [stderr]    Compiling ed25519-consensus v1.2.1
[INFO] [stderr]    Compiling serde-big-array v0.3.3
[INFO] [stderr]    Compiling http v0.2.9
[INFO] [stderr]    Compiling scheduled-thread-pool v0.2.7
[INFO] [stderr]    Compiling serde_repr v0.1.11
[INFO] [stderr]    Compiling derivative v2.2.0
[INFO] [stderr]    Compiling http-body v1.0.0-rc.2
[INFO] [stderr]    Compiling nanorpc v0.1.12
[INFO] [stderr]    Compiling http-body-util v0.1.0-rc.2
[INFO] [stderr]    Compiling hyper v1.0.0-rc.3
[INFO] [stderr]    Compiling stdcode v0.1.14
[INFO] [stderr]    Compiling dashmap v5.4.0
[INFO] [stderr]    Compiling async-global-executor v2.3.1
[INFO] [stderr]    Compiling tmelcrypt v0.2.7
[INFO] [stderr]    Compiling uuid v1.3.0
[INFO] [stderr]    Compiling st3 v0.4.1
[INFO] [stderr]    Compiling thread_local v1.1.7
[INFO] [stderr]    Compiling linux-raw-sys v0.1.4
[INFO] [stderr]    Compiling tagptr v0.2.0
[INFO] [stderr]    Compiling genawaiter-macro v0.99.1
[INFO] [stderr]    Compiling triomphe v0.1.8
[INFO] [stderr]    Compiling wyz v0.2.0
[INFO] [stderr]    Compiling pin-project-lite v0.1.12
[INFO] [stderr]    Compiling funty v1.1.0
[INFO] [stderr]    Compiling smol-timeout v0.6.0
[INFO] [stderr]    Compiling nanorpc-http v0.1.1
[INFO] [stderr]    Compiling bitvec v0.20.4
[INFO] [stderr]    Compiling genawaiter v0.99.1
[INFO] [stderr]    Compiling melstructs v0.3.2
[INFO] [stderr]    Compiling smolscale v0.3.52
[INFO] [stderr]    Compiling rayon v1.7.0
[INFO] [stderr]    Compiling smol_str v0.1.24
[INFO] [stderr]    Compiling lz4_flex v0.9.5
[INFO] [stderr]    Compiling concurrent-queue v1.2.4
[INFO] [stderr]    Compiling lru v0.7.8
[INFO] [stderr]    Compiling dashmap v4.0.2
[INFO] [stderr]    Compiling reusable-box-future v0.2.0
[INFO] [stderr]    Compiling ethnum v1.3.2
[INFO] [stderr]    Compiling replace_with v0.1.7
[INFO] [stderr]    Compiling melbootstrap v0.8.3
[INFO] [stderr]    Compiling melnet2 v0.3.1
[INFO] [stderr]    Compiling is-terminal v0.4.4
[INFO] [stderr]    Compiling async-recursion v1.0.2
[INFO] [stderr]    Compiling humantime v2.1.0
[INFO] [stderr]    Compiling termcolor v1.2.0
[INFO] [stderr]    Compiling gibbercode v0.1.0
[INFO] [stderr]    Compiling env_logger v0.10.0
[INFO] [stderr]    Compiling novasmt v0.2.20
[INFO] [stderr]    Compiling melprot v0.13.4
[INFO] [stderr]    Compiling gibbername v0.1.1 (/opt/rustwide/workdir)
[INFO] [stdout] warning: unused variable: `coin`
[INFO] [stdout]    --> src/lib.rs:294:21
[INFO] [stdout]     |
[INFO] [stdout] 294 |         if let Some(coin) = &transaction
[INFO] [stdout]     |                     ^^^^ help: if this is intentional, prefix it with an underscore: `_coin`
[INFO] [stdout]     |
[INFO] [stdout]     = note: `#[warn(unused_variables)]` on by default
[INFO] [stdout] 
[INFO] [stdout] 
[INFO] [stdout] warning: function `get_owner` is never used
[INFO] [stdout]    --> src/lib.rs:106:10
[INFO] [stdout]     |
[INFO] [stdout] 106 | async fn get_owner(
[INFO] [stdout]     |          ^^^^^^^^^
[INFO] [stdout]     |
[INFO] [stdout]     = note: `#[warn(dead_code)]` on by default
[INFO] [stdout] 
[INFO] [stdout] 
[INFO] [stdout] warning: 2 warnings emitted
[INFO] [stdout] 
[INFO] [stdout] 
[INFO] [stderr]     Finished dev [unoptimized + debuginfo] target(s) in 24.69s
[INFO] running `Command { std: "docker" "inspect" "1d5558e92d0b7c07c82fe10b48ae2a4ed025c7f5d72cf6761a5922345ec640bd", kill_on_drop: false }`
[INFO] running `Command { std: "docker" "rm" "-f" "1d5558e92d0b7c07c82fe10b48ae2a4ed025c7f5d72cf6761a5922345ec640bd", kill_on_drop: false }`
[INFO] [stdout] 1d5558e92d0b7c07c82fe10b48ae2a4ed025c7f5d72cf6761a5922345ec640bd
[INFO] running `Command { std: "docker" "create" "-v" "/var/lib/crater-agent-workspace/builds/worker-4-tc1/target:/opt/rustwide/target:rw,Z" "-v" "/var/lib/crater-agent-workspace/builds/worker-4-tc1/source:/opt/rustwide/workdir:ro,Z" "-v" "/var/lib/crater-agent-workspace/cargo-home:/opt/rustwide/cargo-home:ro,Z" "-v" "/var/lib/crater-agent-workspace/rustup-home:/opt/rustwide/rustup-home:ro,Z" "-e" "SOURCE_DIR=/opt/rustwide/workdir" "-e" "CARGO_TARGET_DIR=/opt/rustwide/target" "-e" "CARGO_INCREMENTAL=0" "-e" "RUST_BACKTRACE=full" "-e" "RUSTFLAGS=--cap-lints=warn" "-e" "RUSTDOCFLAGS=--cap-lints=warn" "-e" "CARGO_HOME=/opt/rustwide/cargo-home" "-e" "RUSTUP_HOME=/opt/rustwide/rustup-home" "-w" "/opt/rustwide/workdir" "-m" "1610612736" "--user" "0:0" "--network" "none" "ghcr.io/rust-lang/crates-build-env/linux@sha256:2788e3201cd34a07e3172128adcd8b3090168a8e3bcc40d7c032b9dda1df7d1c" "/opt/rustwide/cargo-home/bin/cargo" "+1.75.0" "test" "--frozen" "--no-run" "--message-format=json", kill_on_drop: false }`
[INFO] [stdout] a91ddd6d7cc2438a0e0c9059819426f0e41ff618dce7ba5ab191df379cba5c45
[INFO] running `Command { std: "docker" "start" "-a" "a91ddd6d7cc2438a0e0c9059819426f0e41ff618dce7ba5ab191df379cba5c45", kill_on_drop: false }`
[INFO] [stdout] warning: unused variable: `coin`
[INFO] [stdout]    --> src/lib.rs:294:21
[INFO] [stdout]     |
[INFO] [stdout] 294 |         if let Some(coin) = &transaction
[INFO] [stdout]     |                     ^^^^ help: if this is intentional, prefix it with an underscore: `_coin`
[INFO] [stdout]     |
[INFO] [stdout]     = note: `#[warn(unused_variables)]` on by default
[INFO] [stdout] 
[INFO] [stdout] 
[INFO] [stderr]    Compiling gibbername v0.1.1 (/opt/rustwide/workdir)
[INFO] [stdout] warning: function `get_owner` is never used
[INFO] [stdout]    --> src/lib.rs:106:10
[INFO] [stdout]     |
[INFO] [stdout] 106 | async fn get_owner(
[INFO] [stdout]     |          ^^^^^^^^^
[INFO] [stdout]     |
[INFO] [stdout]     = note: `#[warn(dead_code)]` on by default
[INFO] [stdout] 
[INFO] [stdout] 
[INFO] [stdout] warning: 2 warnings emitted
[INFO] [stdout] 
[INFO] [stdout] 
[INFO] [stdout] warning: unused variable: `coin`
[INFO] [stdout]    --> src/lib.rs:294:21
[INFO] [stdout]     |
[INFO] [stdout] 294 |         if let Some(coin) = &transaction
[INFO] [stdout]     |                     ^^^^ help: if this is intentional, prefix it with an underscore: `_coin`
[INFO] [stdout]     |
[INFO] [stdout]     = note: `#[warn(unused_variables)]` on by default
[INFO] [stdout] 
[INFO] [stdout] 
[INFO] [stdout] warning: 1 warning emitted
[INFO] [stdout] 
[INFO] [stdout] 
[INFO] [stderr]     Finished test [unoptimized + debuginfo] target(s) in 3.01s
[INFO] running `Command { std: "docker" "inspect" "a91ddd6d7cc2438a0e0c9059819426f0e41ff618dce7ba5ab191df379cba5c45", kill_on_drop: false }`
[INFO] running `Command { std: "docker" "rm" "-f" "a91ddd6d7cc2438a0e0c9059819426f0e41ff618dce7ba5ab191df379cba5c45", kill_on_drop: false }`
[INFO] [stdout] a91ddd6d7cc2438a0e0c9059819426f0e41ff618dce7ba5ab191df379cba5c45
[INFO] running `Command { std: "docker" "create" "-v" "/var/lib/crater-agent-workspace/builds/worker-4-tc1/target:/opt/rustwide/target:rw,Z" "-v" "/var/lib/crater-agent-workspace/builds/worker-4-tc1/source:/opt/rustwide/workdir:ro,Z" "-v" "/var/lib/crater-agent-workspace/cargo-home:/opt/rustwide/cargo-home:ro,Z" "-v" "/var/lib/crater-agent-workspace/rustup-home:/opt/rustwide/rustup-home:ro,Z" "-e" "SOURCE_DIR=/opt/rustwide/workdir" "-e" "CARGO_TARGET_DIR=/opt/rustwide/target" "-e" "CARGO_INCREMENTAL=0" "-e" "RUST_BACKTRACE=full" "-e" "RUSTFLAGS=--cap-lints=warn" "-e" "RUSTDOCFLAGS=--cap-lints=warn" "-e" "CARGO_HOME=/opt/rustwide/cargo-home" "-e" "RUSTUP_HOME=/opt/rustwide/rustup-home" "-w" "/opt/rustwide/workdir" "-m" "1610612736" "--user" "0:0" "--network" "none" "ghcr.io/rust-lang/crates-build-env/linux@sha256:2788e3201cd34a07e3172128adcd8b3090168a8e3bcc40d7c032b9dda1df7d1c" "/opt/rustwide/cargo-home/bin/cargo" "+1.75.0" "test" "--frozen", kill_on_drop: false }`
[INFO] [stdout] 38b6db4b620b2fec935d3199d448094a84a7dbb0fb2cde37e36bfb83c9f0fca9
[INFO] running `Command { std: "docker" "start" "-a" "38b6db4b620b2fec935d3199d448094a84a7dbb0fb2cde37e36bfb83c9f0fca9", kill_on_drop: false }`
[INFO] [stderr] warning: unused variable: `coin`
[INFO] [stderr]    --> src/lib.rs:294:21
[INFO] [stderr]     |
[INFO] [stderr] 294 |         if let Some(coin) = &transaction
[INFO] [stderr]     |                     ^^^^ help: if this is intentional, prefix it with an underscore: `_coin`
[INFO] [stderr]     |
[INFO] [stderr]     = note: `#[warn(unused_variables)]` on by default
[INFO] [stderr] 
[INFO] [stderr] warning: function `get_owner` is never used
[INFO] [stderr]    --> src/lib.rs:106:10
[INFO] [stderr]     |
[INFO] [stderr] 106 | async fn get_owner(
[INFO] [stderr]     |          ^^^^^^^^^
[INFO] [stderr]     |
[INFO] [stderr]     = note: `#[warn(dead_code)]` on by default
[INFO] [stderr] 
[INFO] [stderr] warning: `gibbername` (lib) generated 2 warnings (run `cargo fix --lib -p gibbername` to apply 1 suggestion)
[INFO] [stderr] warning: `gibbername` (lib test) generated 1 warning (1 duplicate)
[INFO] [stderr]     Finished test [unoptimized + debuginfo] target(s) in 0.19s
[INFO] [stderr]      Running unittests src/lib.rs (/opt/rustwide/target/debug/deps/gibbername-10b9b03fed7d3c8d)
[INFO] [stdout] 
[INFO] [stdout] running 5 tests
[INFO] [stdout] test test::encodes_gibbername ... ok
[INFO] [stdout] test test::decodes_gibbername ... ok
[INFO] [stdout] test test::make_new_gibbername ... ok
[INFO] [stdout] test test::end2end ... FAILED
[INFO] [stdout] test test::gets_owner ... FAILED
[INFO] [stdout] 
[INFO] [stdout] failures:
[INFO] [stdout] 
[INFO] [stdout] ---- test::end2end stdout ----
[INFO] [stdout] thread 'sscale-wkr-c' panicked at src/lib.rs:320:77:
[INFO] [stdout] called `Result::unwrap()` on an `Err` value: Error retreiving bootstrap routes
[INFO] [stdout] stack backtrace:
[INFO] [stdout]    0:     0x560f0cc740ec - std::backtrace_rs::backtrace::libunwind::trace::ha637c64ce894333a
[INFO] [stdout]                                at /rustc/82e1608dfa6e0b5569232559e3d385fea5a93112/library/std/src/../../backtrace/src/backtrace/libunwind.rs:104:5
[INFO] [stdout]    1:     0x560f0cc740ec - std::backtrace_rs::backtrace::trace_unsynchronized::h47f62dea28e0c88d
[INFO] [stdout]                                at /rustc/82e1608dfa6e0b5569232559e3d385fea5a93112/library/std/src/../../backtrace/src/backtrace/mod.rs:66:5
[INFO] [stdout]    2:     0x560f0cc740ec - std::sys_common::backtrace::_print_fmt::h9eef0abe20ede486
[INFO] [stdout]                                at /rustc/82e1608dfa6e0b5569232559e3d385fea5a93112/library/std/src/sys_common/backtrace.rs:67:5
[INFO] [stdout]    3:     0x560f0cc740ec - <std::sys_common::backtrace::_print::DisplayBacktrace as core::fmt::Display>::fmt::hed7f999df88cc644
[INFO] [stdout]                                at /rustc/82e1608dfa6e0b5569232559e3d385fea5a93112/library/std/src/sys_common/backtrace.rs:44:22
[INFO] [stdout]    4:     0x560f0cca0cc0 - core::fmt::rt::Argument::fmt::h1539a9308b8d058d
[INFO] [stdout]                                at /rustc/82e1608dfa6e0b5569232559e3d385fea5a93112/library/core/src/fmt/rt.rs:142:9
[INFO] [stdout]    5:     0x560f0cca0cc0 - core::fmt::write::h3a39390d8560d9c9
[INFO] [stdout]                                at /rustc/82e1608dfa6e0b5569232559e3d385fea5a93112/library/core/src/fmt/mod.rs:1120:17
[INFO] [stdout]    6:     0x560f0cc7120f - std::io::Write::write_fmt::h040b369f3a0f9cbc
[INFO] [stdout]                                at /rustc/82e1608dfa6e0b5569232559e3d385fea5a93112/library/std/src/io/mod.rs:1762:15
[INFO] [stdout]    7:     0x560f0cc73ed4 - std::sys_common::backtrace::_print::h894006fb5c6f3d45
[INFO] [stdout]                                at /rustc/82e1608dfa6e0b5569232559e3d385fea5a93112/library/std/src/sys_common/backtrace.rs:47:5
[INFO] [stdout]    8:     0x560f0cc73ed4 - std::sys_common::backtrace::print::h23a2d212c6fff936
[INFO] [stdout]                                at /rustc/82e1608dfa6e0b5569232559e3d385fea5a93112/library/std/src/sys_common/backtrace.rs:34:9
[INFO] [stdout]    9:     0x560f0cc75b97 - std::panicking::default_hook::{{closure}}::h8a1d2ee00185001a
[INFO] [stdout]   10:     0x560f0cc75883 - std::panicking::default_hook::h6038f2eba384e475
[INFO] [stdout]                                at /rustc/82e1608dfa6e0b5569232559e3d385fea5a93112/library/std/src/panicking.rs:289:9
[INFO] [stdout]   11:     0x560f0ca4baa7 - <alloc::boxed::Box<F,A> as core::ops::function::Fn<Args>>::call::h0ad024c9bdc6d768
[INFO] [stdout]                                at /rustc/82e1608dfa6e0b5569232559e3d385fea5a93112/library/alloc/src/boxed.rs:2021:9
[INFO] [stdout]   12:     0x560f0ca4baa7 - test::test_main::{{closure}}::h7500b54257359db6
[INFO] [stdout]                                at /rustc/82e1608dfa6e0b5569232559e3d385fea5a93112/library/test/src/lib.rs:138:21
[INFO] [stdout]   13:     0x560f0cc761a8 - <alloc::boxed::Box<F,A> as core::ops::function::Fn<Args>>::call::h1f8f335eaa9cfaee
[INFO] [stdout]                                at /rustc/82e1608dfa6e0b5569232559e3d385fea5a93112/library/alloc/src/boxed.rs:2021:9
[INFO] [stdout]   14:     0x560f0cc761a8 - std::panicking::rust_panic_with_hook::h2b5517d590cab22e
[INFO] [stdout]                                at /rustc/82e1608dfa6e0b5569232559e3d385fea5a93112/library/std/src/panicking.rs:783:13
[INFO] [stdout]   15:     0x560f0cc75efe - std::panicking::begin_panic_handler::{{closure}}::h233112c06e0ef43e
[INFO] [stdout]                                at /rustc/82e1608dfa6e0b5569232559e3d385fea5a93112/library/std/src/panicking.rs:657:13
[INFO] [stdout]   16:     0x560f0cc745b6 - std::sys_common::backtrace::__rust_end_short_backtrace::h6e893f24d7ebbff8
[INFO] [stdout]                                at /rustc/82e1608dfa6e0b5569232559e3d385fea5a93112/library/std/src/sys_common/backtrace.rs:170:18
[INFO] [stdout]   17:     0x560f0cc75c62 - rust_begin_unwind
[INFO] [stdout]                                at /rustc/82e1608dfa6e0b5569232559e3d385fea5a93112/library/std/src/panicking.rs:645:5
[INFO] [stdout]   18:     0x560f0c506445 - core::panicking::panic_fmt::hbf0e066aabfa482c
[INFO] [stdout]                                at /rustc/82e1608dfa6e0b5569232559e3d385fea5a93112/library/core/src/panicking.rs:72:14
[INFO] [stdout]   19:     0x560f0c506a13 - core::result::unwrap_failed::hddb4fea594200c52
[INFO] [stdout]                                at /rustc/82e1608dfa6e0b5569232559e3d385fea5a93112/library/core/src/result.rs:1653:5
[INFO] [stdout]   20:     0x560f0c597c90 - core::result::Result<T,E>::unwrap::h0de0e955d5120ae3
[INFO] [stdout]                                at /rustc/82e1608dfa6e0b5569232559e3d385fea5a93112/library/core/src/result.rs:1077:23
[INFO] [stdout]   21:     0x560f0c567c0c - gibbername::test::end2end::{{closure}}::hf5697655c4b32a49
[INFO] [stdout]                                at /opt/rustwide/workdir/src/lib.rs:320:26
[INFO] [stdout]   22:     0x560f0c55a0c7 - <smolscale::WrappedFuture<T,F> as core::future::future::Future>::poll::h5259b6e73d78e236
[INFO] [stdout]                                at /opt/rustwide/cargo-home/registry/src/index.crates.io-6f17d22bba15001f/smolscale-0.3.52/src/lib.rs:223:13
[INFO] [stdout]   23:     0x560f0c58ea3b - <core::pin::Pin<P> as core::future::future::Future>::poll::h90b8f5261d2860de
[INFO] [stdout]                                at /rustc/82e1608dfa6e0b5569232559e3d385fea5a93112/library/core/src/future/future.rs:125:9
[INFO] [stdout]   24:     0x560f0c517644 - async_task::raw::RawTask<F,T,S>::run::hfd3c58c088c6f05b
[INFO] [stdout]                                at /opt/rustwide/cargo-home/registry/src/index.crates.io-6f17d22bba15001f/async-task-4.3.0/src/raw.rs:511:20
[INFO] [stdout]   25:     0x560f0c9b209f - async_task::runnable::Runnable::run::h498935fa3b4432b2
[INFO] [stdout]                                at /opt/rustwide/cargo-home/registry/src/index.crates.io-6f17d22bba15001f/async-task-4.3.0/src/runnable.rs:309:18
[INFO] [stdout]   26:     0x560f0c70e86c - smolscale::new_executor::run_local_queue::{{closure}}::hebf9ef30e9272d56
[INFO] [stdout]                                at /opt/rustwide/cargo-home/registry/src/index.crates.io-6f17d22bba15001f/smolscale-0.3.52/src/new_executor.rs:40:17
[INFO] [stdout]   27:     0x560f0c70b186 - smolscale::monitor_loop::start_thread::{{closure}}::{{closure}}::hbfe83419e1b78845
[INFO] [stdout]                                at /opt/rustwide/cargo-home/registry/src/index.crates.io-6f17d22bba15001f/smolscale-0.3.52/src/lib.rs:102:57
[INFO] [stdout]   28:     0x560f0c70885c - async_io::driver::block_on::h8076f98b58674388
[INFO] [stdout]                                at /opt/rustwide/cargo-home/registry/src/index.crates.io-6f17d22bba15001f/async-io-1.12.0/src/driver.rs:146:33
[INFO] [stdout]   29:     0x560f0c70ae48 - smolscale::monitor_loop::start_thread::{{closure}}::h2fae2fa4c9713e4a
[INFO] [stdout]                                at /opt/rustwide/cargo-home/registry/src/index.crates.io-6f17d22bba15001f/smolscale-0.3.52/src/lib.rs:106:21
[INFO] [stdout]   30:     0x560f0c6fd99a - std::sys_common::backtrace::__rust_begin_short_backtrace::hbafe0d497cee082a
[INFO] [stdout]                                at /rustc/82e1608dfa6e0b5569232559e3d385fea5a93112/library/std/src/sys_common/backtrace.rs:154:18
[INFO] [stdout]   31:     0x560f0c71ddee - std::thread::Builder::spawn_unchecked_::{{closure}}::{{closure}}::h41806c5c1de72ede
[INFO] [stdout]                                at /rustc/82e1608dfa6e0b5569232559e3d385fea5a93112/library/std/src/thread/mod.rs:529:17
[INFO] [stdout]   32:     0x560f0c705cee - <core::panic::unwind_safe::AssertUnwindSafe<F> as core::ops::function::FnOnce<()>>::call_once::h587bd5bb078f1e31
[INFO] [stdout]                                at /rustc/82e1608dfa6e0b5569232559e3d385fea5a93112/library/core/src/panic/unwind_safe.rs:272:9
[INFO] [stdout]   33:     0x560f0c718934 - std::panicking::try::do_call::h50ca802f5d383af3
[INFO] [stdout]                                at /rustc/82e1608dfa6e0b5569232559e3d385fea5a93112/library/std/src/panicking.rs:552:40
[INFO] [stdout]   34:     0x560f0c71a80b - __rust_try
[INFO] [stdout]   35:     0x560f0c7187c0 - std::panicking::try::h9666c5e3b931d6b7
[INFO] [stdout]                                at /rustc/82e1608dfa6e0b5569232559e3d385fea5a93112/library/std/src/panicking.rs:516:19
[INFO] [stdout]   36:     0x560f0c71d59f - std::panic::catch_unwind::h39d41bb1137b45cd
[INFO] [stdout]                                at /rustc/82e1608dfa6e0b5569232559e3d385fea5a93112/library/std/src/panic.rs:142:14
[INFO] [stdout]   37:     0x560f0c71d59f - std::thread::Builder::spawn_unchecked_::{{closure}}::h583668ca506cd684
[INFO] [stdout]                                at /rustc/82e1608dfa6e0b5569232559e3d385fea5a93112/library/std/src/thread/mod.rs:528:30
[INFO] [stdout]   38:     0x560f0c6f772f - core::ops::function::FnOnce::call_once{{vtable.shim}}::h65c8cf562454d302
[INFO] [stdout]                                at /rustc/82e1608dfa6e0b5569232559e3d385fea5a93112/library/core/src/ops/function.rs:250:5
[INFO] [stdout]   39:     0x560f0cc7add5 - <alloc::boxed::Box<F,A> as core::ops::function::FnOnce<Args>>::call_once::hc7eafaff61e32df9
[INFO] [stdout]                                at /rustc/82e1608dfa6e0b5569232559e3d385fea5a93112/library/alloc/src/boxed.rs:2007:9
[INFO] [stdout]   40:     0x560f0cc7add5 - <alloc::boxed::Box<F,A> as core::ops::function::FnOnce<Args>>::call_once::h6ba4a5de48dd2304
[INFO] [stdout]                                at /rustc/82e1608dfa6e0b5569232559e3d385fea5a93112/library/alloc/src/boxed.rs:2007:9
[INFO] [stdout]   41:     0x560f0cc7add5 - std::sys::unix::thread::Thread::new::thread_start::he469335aef763e45
[INFO] [stdout]                                at /rustc/82e1608dfa6e0b5569232559e3d385fea5a93112/library/std/src/sys/unix/thread.rs:108:17
[INFO] [stdout]   42:     0x7f3d506f2ac3 - <unknown>
[INFO] [stdout]   43:     0x7f3d50783bf4 - __clone
[INFO] [stdout]   44:                0x0 - <unknown>
[INFO] [stdout] thread 'sscale-wkr-c' panicked at src/lib.rs:381:77:
[INFO] [stdout] called `Result::unwrap()` on an `Err` value: Error retreiving bootstrap routes
[INFO] [stdout] stack backtrace:
[INFO] [stdout]    0:     0x560f0cc740ec - std::backtrace_rs::backtrace::libunwind::trace::ha637c64ce894333a
[INFO] [stdout]                                at /rustc/82e1608dfa6e0b5569232559e3d385fea5a93112/library/std/src/../../backtrace/src/backtrace/libunwind.rs:104:5
[INFO] [stdout]    1:     0x560f0cc740ec - std::backtrace_rs::backtrace::trace_unsynchronized::h47f62dea28e0c88d
[INFO] [stdout]                                at /rustc/82e1608dfa6e0b5569232559e3d385fea5a93112/library/std/src/../../backtrace/src/backtrace/mod.rs:66:5
[INFO] [stdout]    2:     0x560f0cc740ec - std::sys_common::backtrace::_print_fmt::h9eef0abe20ede486
[INFO] [stdout]                                at /rustc/82e1608dfa6e0b5569232559e3d385fea5a93112/library/std/src/sys_common/backtrace.rs:67:5
[INFO] [stdout]    3:     0x560f0cc740ec - <std::sys_common::backtrace::_print::DisplayBacktrace as core::fmt::Display>::fmt::hed7f999df88cc644
[INFO] [stdout]                                at /rustc/82e1608dfa6e0b5569232559e3d385fea5a93112/library/std/src/sys_common/backtrace.rs:44:22
[INFO] [stdout]    4:     0x560f0cca0cc0 - core::fmt::rt::Argument::fmt::h1539a9308b8d058d
[INFO] [stdout]                                at /rustc/82e1608dfa6e0b5569232559e3d385fea5a93112/library/core/src/fmt/rt.rs:142:9
[INFO] [stdout]    5:     0x560f0cca0cc0 - core::fmt::write::h3a39390d8560d9c9
[INFO] [stdout]                                at /rustc/82e1608dfa6e0b5569232559e3d385fea5a93112/library/core/src/fmt/mod.rs:1120:17
[INFO] [stdout]    6:     0x560f0cc7120f - std::io::Write::write_fmt::h040b369f3a0f9cbc
[INFO] [stdout]                                at /rustc/82e1608dfa6e0b5569232559e3d385fea5a93112/library/std/src/io/mod.rs:1762:15
[INFO] [stdout]    7:     0x560f0cc73ed4 - std::sys_common::backtrace::_print::h894006fb5c6f3d45
[INFO] [stdout]                                at /rustc/82e1608dfa6e0b5569232559e3d385fea5a93112/library/std/src/sys_common/backtrace.rs:47:5
[INFO] [stdout]    8:     0x560f0cc73ed4 - std::sys_common::backtrace::print::h23a2d212c6fff936
[INFO] [stdout]                                at /rustc/82e1608dfa6e0b5569232559e3d385fea5a93112/library/std/src/sys_common/backtrace.rs:34:9
[INFO] [stdout]    9:     0x560f0cc75b97 - std::panicking::default_hook::{{closure}}::h8a1d2ee00185001a
[INFO] [stdout]   10:     0x560f0cc75883 - std::panicking::default_hook::h6038f2eba384e475
[INFO] [stdout]                                at /rustc/82e1608dfa6e0b5569232559e3d385fea5a93112/library/std/src/panicking.rs:289:9
[INFO] [stdout]   11:     0x560f0ca4baa7 - <alloc::boxed::Box<F,A> as core::ops::function::Fn<Args>>::call::h0ad024c9bdc6d768
[INFO] [stdout]                                at /rustc/82e1608dfa6e0b5569232559e3d385fea5a93112/library/alloc/src/boxed.rs:2021:9
[INFO] [stdout]   12:     0x560f0ca4baa7 - test::test_main::{{closure}}::h7500b54257359db6
[INFO] [stdout]                                at /rustc/82e1608dfa6e0b5569232559e3d385fea5a93112/library/test/src/lib.rs:138:21
[INFO] [stdout]   13:     0x560f0cc761a8 - <alloc::boxed::Box<F,A> as core::ops::function::Fn<Args>>::call::h1f8f335eaa9cfaee
[INFO] [stdout]                                at /rustc/82e1608dfa6e0b5569232559e3d385fea5a93112/library/alloc/src/boxed.rs:2021:9
[INFO] [stdout]   14:     0x560f0cc761a8 - std::panicking::rust_panic_with_hook::h2b5517d590cab22e
[INFO] [stdout]                                at /rustc/82e1608dfa6e0b5569232559e3d385fea5a93112/library/std/src/panicking.rs:783:13
[INFO] [stdout]   15:     0x560f0cc75efe - std::panicking::begin_panic_handler::{{closure}}::h233112c06e0ef43e
[INFO] [stdout]                                at /rustc/82e1608dfa6e0b5569232559e3d385fea5a93112/library/std/src/panicking.rs:657:13
[INFO] [stdout]   16:     0x560f0cc745b6 - std::sys_common::backtrace::__rust_end_short_backtrace::h6e893f24d7ebbff8
[INFO] [stdout]                                at /rustc/82e1608dfa6e0b5569232559e3d385fea5a93112/library/std/src/sys_common/backtrace.rs:170:18
[INFO] [stdout]   17:     0x560f0cc75c62 - rust_begin_unwind
[INFO] [stdout]                                at /rustc/82e1608dfa6e0b5569232559e3d385fea5a93112/library/std/src/panicking.rs:645:5
[INFO] [stdout]   18:     0x560f0c506445 - core::panicking::panic_fmt::hbf0e066aabfa482c
[INFO] [stdout]                                at /rustc/82e1608dfa6e0b5569232559e3d385fea5a93112/library/core/src/panicking.rs:72:14
[INFO] [stdout]   19:     0x560f0c506a13 - core::result::unwrap_failed::hddb4fea594200c52
[INFO] [stdout]                                at /rustc/82e1608dfa6e0b5569232559e3d385fea5a93112/library/core/src/result.rs:1653:5
[INFO] [stdout]   20:     0x560f0c597c90 - core::result::Result<T,E>::unwrap::h0de0e955d5120ae3
[INFO] [stdout]                                at /rustc/82e1608dfa6e0b5569232559e3d385fea5a93112/library/core/src/result.rs:1077:23
[INFO] [stdout]   21:     0x560f0c569161 - gibbername::test::gets_owner::{{closure}}::h8579928a28d41f65
[INFO] [stdout]                                at /opt/rustwide/workdir/src/lib.rs:381:26
[INFO] [stdout]   22:     0x560f0c55a4a3 - <smolscale::WrappedFuture<T,F> as core::future::future::Future>::poll::he8744c9a19dc2a30
[INFO] [stdout]                                at /opt/rustwide/cargo-home/registry/src/index.crates.io-6f17d22bba15001f/smolscale-0.3.52/src/lib.rs:223:13
[INFO] [stdout]   23:     0x560f0c58ea8b - <core::pin::Pin<P> as core::future::future::Future>::poll::h9bd70f4a3f97de79
[INFO] [stdout]                                at /rustc/82e1608dfa6e0b5569232559e3d385fea5a93112/library/core/src/future/future.rs:125:9
[INFO] [stdout]   24:     0x560f0c5168d4 - async_task::raw::RawTask<F,T,S>::run::hd6433d74b8d9137c
[INFO] [stdout]                                at /opt/rustwide/cargo-home/registry/src/index.crates.io-6f17d22bba15001f/async-task-4.3.0/src/raw.rs:511:20
[INFO] [stdout]   25:     0x560f0c9b209f - async_task::runnable::Runnable::run::h498935fa3b4432b2
[INFO] [stdout]                                at /opt/rustwide/cargo-home/registry/src/index.crates.io-6f17d22bba15001f/async-task-4.3.0/src/runnable.rs:309:18
[INFO] [stdout]   26:     0x560f0c70e86c - smolscale::new_executor::run_local_queue::{{closure}}::hebf9ef30e9272d56
[INFO] [stdout]                                at /opt/rustwide/cargo-home/registry/src/index.crates.io-6f17d22bba15001f/smolscale-0.3.52/src/new_executor.rs:40:17
[INFO] [stdout]   27:     0x560f0c70b186 - smolscale::monitor_loop::start_thread::{{closure}}::{{closure}}::hbfe83419e1b78845
[INFO] [stdout]                                at /opt/rustwide/cargo-home/registry/src/index.crates.io-6f17d22bba15001f/smolscale-0.3.52/src/lib.rs:102:57
[INFO] [stdout]   28:     0x560f0c70885c - async_io::driver::block_on::h8076f98b58674388
[INFO] [stdout]                                at /opt/rustwide/cargo-home/registry/src/index.crates.io-6f17d22bba15001f/async-io-1.12.0/src/driver.rs:146:33
[INFO] [stdout]   29:     0x560f0c70ae48 - smolscale::monitor_loop::start_thread::{{closure}}::h2fae2fa4c9713e4a
[INFO] [stdout]                                at /opt/rustwide/cargo-home/registry/src/index.crates.io-6f17d22bba15001f/smolscale-0.3.52/src/lib.rs:106:21
[INFO] [stdout]   30:     0x560f0c6fd99a - std::sys_common::backtrace::__rust_begin_short_backtrace::hbafe0d497cee082a
[INFO] [stdout]                                at /rustc/82e1608dfa6e0b5569232559e3d385fea5a93112/library/std/src/sys_common/backtrace.rs:154:18
[INFO] [stdout]   31:     0x560f0c71ddee - std::thread::Builder::spawn_unchecked_::{{closure}}::{{closure}}::h41806c5c1de72ede
[INFO] [stdout]                                at /rustc/82e1608dfa6e0b5569232559e3d385fea5a93112/library/std/src/thread/mod.rs:529:17
[INFO] [stdout]   32:     0x560f0c705cee - <core::panic::unwind_safe::AssertUnwindSafe<F> as core::ops::function::FnOnce<()>>::call_once::h587bd5bb078f1e31
[INFO] [stdout]                                at /rustc/82e1608dfa6e0b5569232559e3d385fea5a93112/library/core/src/panic/unwind_safe.rs:272:9
[INFO] [stdout]   33:     0x560f0c718934 - std::panicking::try::do_call::h50ca802f5d383af3
[INFO] [stdout]                                at /rustc/82e1608dfa6e0b5569232559e3d385fea5a93112/library/std/src/panicking.rs:552:40
[INFO] [stdout]   34:     0x560f0c71a80b - __rust_try
[INFO] [stdout]   35:     0x560f0c7187c0 - std::panicking::try::h9666c5e3b931d6b7
[INFO] [stdout]                                at /rustc/82e1608dfa6e0b5569232559e3d385fea5a93112/library/std/src/panicking.rs:516:19
[INFO] [stdout]   36:     0x560f0c71d59f - std::panic::catch_unwind::h39d41bb1137b45cd
[INFO] [stdout]                                at /rustc/82e1608dfa6e0b5569232559e3d385fea5a93112/library/std/src/panic.rs:142:14
[INFO] [stdout]   37:     0x560f0c71d59f - std::thread::Builder::spawn_unchecked_::{{closure}}::h583668ca506cd684
[INFO] [stdout]                                at /rustc/82e1608dfa6e0b5569232559e3d385fea5a93112/library/std/src/thread/mod.rs:528:30
[INFO] [stdout]   38:     0x560f0c6f772f - core::ops::function::FnOnce::call_once{{vtable.shim}}::h65c8cf562454d302
[INFO] [stdout]                                at /rustc/82e1608dfa6e0b5569232559e3d385fea5a93112/library/core/src/ops/function.rs:250:5
[INFO] [stdout]   39:     0x560f0cc7add5 - <alloc::boxed::Box<F,A> as core::ops::function::FnOnce<Args>>::call_once::hc7eafaff61e32df9
[INFO] [stdout]                                at /rustc/82e1608dfa6e0b5569232559e3d385fea5a93112/library/alloc/src/boxed.rs:2007:9
[INFO] [stdout]   40:     0x560f0cc7add5 - <alloc::boxed::Box<F,A> as core::ops::function::FnOnce<Args>>::call_once::h6ba4a5de48dd2304
[INFO] [stdout]                                at /rustc/82e1608dfa6e0b5569232559e3d385fea5a93112/library/alloc/src/boxed.rs:2007:9
[INFO] [stdout]   41:     0x560f0cc7add5 - std::sys::unix::thread::Thread::new::thread_start::he469335aef763e45
[INFO] [stdout]                                at /rustc/82e1608dfa6e0b5569232559e3d385fea5a93112/library/std/src/sys/unix/thread.rs:108:17
[INFO] [stdout]   42:     0x7f3d506f2ac3 - <unknown>
[INFO] [stdout]   43:     0x7f3d50783bf4 - __clone
[INFO] [stdout]   44:                0x0 - <unknown>
[INFO] [stdout] thread 'test::end2end' panicked at /opt/rustwide/cargo-home/registry/src/index.crates.io-6f17d22bba15001f/async-task-4.3.0/src/task.rs:426:45:
[INFO] [stdout] task has failed
[INFO] [stdout] stack backtrace:
[INFO] [stdout]    0:     0x560f0cc740ec - std::backtrace_rs::backtrace::libunwind::trace::ha637c64ce894333a
[INFO] [stdout]                                at /rustc/82e1608dfa6e0b5569232559e3d385fea5a93112/library/std/src/../../backtrace/src/backtrace/libunwind.rs:104:5
[INFO] [stdout]    1:     0x560f0cc740ec - std::backtrace_rs::backtrace::trace_unsynchronized::h47f62dea28e0c88d
[INFO] [stdout]                                at /rustc/82e1608dfa6e0b5569232559e3d385fea5a93112/library/std/src/../../backtrace/src/backtrace/mod.rs:66:5
[INFO] [stdout]    2:     0x560f0cc740ec - std::sys_common::backtrace::_print_fmt::h9eef0abe20ede486
[INFO] [stdout]                                at /rustc/82e1608dfa6e0b5569232559e3d385fea5a93112/library/std/src/sys_common/backtrace.rs:67:5
[INFO] [stdout]    3:     0x560f0cc740ec - <std::sys_common::backtrace::_print::DisplayBacktrace as core::fmt::Display>::fmt::hed7f999df88cc644
[INFO] [stdout]                                at /rustc/82e1608dfa6e0b5569232559e3d385fea5a93112/library/std/src/sys_common/backtrace.rs:44:22
[INFO] [stdout]    4:     0x560f0cca0cc0 - core::fmt::rt::Argument::fmt::h1539a9308b8d058d
[INFO] [stdout]                                at /rustc/82e1608dfa6e0b5569232559e3d385fea5a93112/library/core/src/fmt/rt.rs:142:9
[INFO] [stdout]    5:     0x560f0cca0cc0 - core::fmt::write::h3a39390d8560d9c9
[INFO] [stdout]                                at /rustc/82e1608dfa6e0b5569232559e3d385fea5a93112/library/core/src/fmt/mod.rs:1120:17
[INFO] [stdout]    6:     0x560f0cc7120f - std::io::Write::write_fmt::h040b369f3a0f9cbc
[INFO] [stdout]                                at /rustc/82e1608dfa6e0b5569232559e3d385fea5a93112/library/std/src/io/mod.rs:1762:15
[INFO] [stdout]    7:     0x560f0cc73ed4 - std::sys_common::backtrace::_print::h894006fb5c6f3d45
[INFO] [stdout]                                at /rustc/82e1608dfa6e0b5569232559e3d385fea5a93112/library/std/src/sys_common/backtrace.rs:47:5
[INFO] [stdout]    8:     0x560f0cc73ed4 - std::sys_common::backtrace::print::h23a2d212c6fff936
[INFO] [stdout]                                at /rustc/82e1608dfa6e0b5569232559e3d385fea5a93112/library/std/src/sys_common/backtrace.rs:34:9
[INFO] [stdout]    9:     0x560f0cc75b97 - std::panicking::default_hook::{{closure}}::h8a1d2ee00185001a
[INFO] [stdout]   10:     0x560f0cc75883 - std::panicking::default_hook::h6038f2eba384e475
[INFO] [stdout]                                at /rustc/82e1608dfa6e0b5569232559e3d385fea5a93112/library/std/src/panicking.rs:289:9
[INFO] [stdout]   11:     0x560f0ca4baa7 - <alloc::boxed::Box<F,A> as core::ops::function::Fn<Args>>::call::h0ad024c9bdc6d768
[INFO] [stdout]                                at /rustc/82e1608dfa6e0b5569232559e3d385fea5a93112/library/alloc/src/boxed.rs:2021:9
[INFO] [stdout]   12:     0x560f0ca4baa7 - test::test_main::{{closure}}::h7500b54257359db6
[INFO] [stdout]                                at /rustc/82e1608dfa6e0b5569232559e3d385fea5a93112/library/test/src/lib.rs:138:21
[INFO] [stdout]   13:     0x560f0cc761a8 - <alloc::boxed::Box<F,A> as core::ops::function::Fn<Args>>::call::h1f8f335eaa9cfaee
[INFO] [stdout]                                at /rustc/82e1608dfa6e0b5569232559e3d385fea5a93112/library/alloc/src/boxed.rs:2021:9
[INFO] [stdout]   14:     0x560f0cc761a8 - std::panicking::rust_panic_with_hook::h2b5517d590cab22e
[INFO] [stdout]                                at /rustc/82e1608dfa6e0b5569232559e3d385fea5a93112/library/std/src/panicking.rs:783:13
[INFO] [stdout]   15:     0x560f0cc75efe - std::panicking::begin_panic_handler::{{closure}}::h233112c06e0ef43e
[INFO] [stdout]                                at /rustc/82e1608dfa6e0b5569232559e3d385fea5a93112/library/std/src/panicking.rs:657:13
[INFO] [stdout]   16:     0x560f0cc745b6 - std::sys_common::backtrace::__rust_end_short_backtrace::h6e893f24d7ebbff8
[INFO] [stdout]                                at /rustc/82e1608dfa6e0b5569232559e3d385fea5a93112/library/std/src/sys_common/backtrace.rs:170:18
[INFO] [stdout]   17:     0x560f0cc75c62 - rust_begin_unwind
[INFO] [stdout]                                at /rustc/82e1608dfa6e0b5569232559e3d385fea5a93112/library/std/src/panicking.rs:645:5
[INFO] [stdout]   18:     0x560f0c506445 - core::panicking::panic_fmt::hbf0e066aabfa482c
[INFO] [stdout]                                at /rustc/82e1608dfa6e0b5569232559e3d385fea5a93112/library/core/src/panicking.rs:72:14
[INFO] [stdout]   19:     0x560f0c506403 - core::panicking::panic_display::h68e6012a1c287ca5
[INFO] [stdout]                                at /rustc/82e1608dfa6e0b5569232559e3d385fea5a93112/library/core/src/panicking.rs:178:5
[INFO] [stdout]   20:     0x560f0c506403 - core::panicking::panic_str::h1ca8e3b0d2d70f80
[INFO] [stdout]                                at /rustc/82e1608dfa6e0b5569232559e3d385fea5a93112/library/core/src/panicking.rs:152:5
[INFO] [stdout]   21:     0x560f0c506403 - core::option::expect_failed::h1ae4bac6b7606972
[INFO] [stdout]                                at /rustc/82e1608dfa6e0b5569232559e3d385fea5a93112/library/core/src/option.rs:1985:5
[INFO] [stdout]   22:     0x560f0c5828bd - core::option::Option<T>::expect::h1ea7ef44512b4cb3
[INFO] [stdout]                                at /rustc/82e1608dfa6e0b5569232559e3d385fea5a93112/library/core/src/option.rs:894:21
[INFO] [stdout]   23:     0x560f0c54ac7d - <async_task::task::Task<T> as core::future::future::Future>::poll::hbdcfce8574f13afe
[INFO] [stdout]                                at /opt/rustwide/cargo-home/registry/src/index.crates.io-6f17d22bba15001f/async-task-4.3.0/src/task.rs:426:43
[INFO] [stdout]   24:     0x560f0c54353c - futures_lite::future::block_on::{{closure}}::h94ee30d025e74f42
[INFO] [stdout]                                at /opt/rustwide/cargo-home/registry/src/index.crates.io-6f17d22bba15001f/futures-lite-1.12.0/src/future.rs:89:27
[INFO] [stdout]   25:     0x560f0c5aa4b7 - std::thread::local::LocalKey<T>::try_with::h38040b9792f47585
[INFO] [stdout]                                at /rustc/82e1608dfa6e0b5569232559e3d385fea5a93112/library/std/src/thread/local.rs:270:16
[INFO] [stdout]   26:     0x560f0c5aa023 - std::thread::local::LocalKey<T>::with::h72a7b071cc0c0619
[INFO] [stdout]                                at /rustc/82e1608dfa6e0b5569232559e3d385fea5a93112/library/std/src/thread/local.rs:246:9
[INFO] [stdout]   27:     0x560f0c542f51 - futures_lite::future::block_on::h3336afe5de9f5892
[INFO] [stdout]                                at /opt/rustwide/cargo-home/registry/src/index.crates.io-6f17d22bba15001f/futures-lite-1.12.0/src/future.rs:79:5
[INFO] [stdout]   28:     0x560f0c55c25e - smolscale::block_on::h63f1244420bd54c9
[INFO] [stdout]                                at /opt/rustwide/cargo-home/registry/src/index.crates.io-6f17d22bba15001f/smolscale-0.3.52/src/lib.rs:158:5
[INFO] [stdout]   29:     0x560f0c56788f - gibbername::test::end2end::hbfdec7e9eff0a2c5
[INFO] [stdout]                                at /opt/rustwide/workdir/src/lib.rs:319:9
[INFO] [stdout]   30:     0x560f0c567857 - gibbername::test::end2end::{{closure}}::hebaf329426300215
[INFO] [stdout]                                at /opt/rustwide/workdir/src/lib.rs:317:21
[INFO] [stdout]   31:     0x560f0c51f4f6 - core::ops::function::FnOnce::call_once::h7ffa38c5d3a1a84d
[INFO] [stdout]                                at /rustc/82e1608dfa6e0b5569232559e3d385fea5a93112/library/core/src/ops/function.rs:250:5
[INFO] [stdout]   32:     0x560f0ca510ff - core::ops::function::FnOnce::call_once::h2b5d431d5046312d
[INFO] [stdout]                                at /rustc/82e1608dfa6e0b5569232559e3d385fea5a93112/library/core/src/ops/function.rs:250:5
[INFO] [stdout]   33:     0x560f0ca510ff - test::__rust_begin_short_backtrace::h7714669af176e207
[INFO] [stdout]                                at /rustc/82e1608dfa6e0b5569232559e3d385fea5a93112/library/test/src/lib.rs:628:18
[INFO] [stdout]   34:     0x560f0ca50115 - test::run_test_in_process::{{closure}}::h85218797dcbcec12
[INFO] [stdout]                                at /rustc/82e1608dfa6e0b5569232559e3d385fea5a93112/library/test/src/lib.rs:651:60
[INFO] [stdout]   35:     0x560f0ca50115 - <core::panic::unwind_safe::AssertUnwindSafe<F> as core::ops::function::FnOnce<()>>::call_once::h76c106ea31c14d7b
[INFO] [stdout]                                at /rustc/82e1608dfa6e0b5569232559e3d385fea5a93112/library/core/src/panic/unwind_safe.rs:272:9
[INFO] [stdout]   36:     0x560f0ca50115 - std::panicking::try::do_call::h3bd5d0f6620ee946
[INFO] [stdout]                                at /rustc/82e1608dfa6e0b5569232559e3d385fea5a93112/library/std/src/panicking.rs:552:40
[INFO] [stdout]   37:     0x560f0ca50115 - std::panicking::try::h232e535e4744fe31
[INFO] [stdout]                                at /rustc/82e1608dfa6e0b5569232559e3d385fea5a93112/library/std/src/panicking.rs:516:19
[INFO] [stdout]   38:     0x560f0ca50115 - std::panic::catch_unwind::h3ce3bd6ca8dbac68
[INFO] [stdout]                                at /rustc/82e1608dfa6e0b5569232559e3d385fea5a93112/library/std/src/panic.rs:142:14
[INFO] [stdout]   39:     0x560f0ca50115 - test::run_test_in_process::hc97b257c9621286a
[INFO] [stdout]                                at /rustc/82e1608dfa6e0b5569232559e3d385fea5a93112/library/test/src/lib.rs:651:27
[INFO] [stdout]   40:     0x560f0ca50115 - test::run_test::{{closure}}::h2aa798823a438d38
[INFO] [stdout]                                at /rustc/82e1608dfa6e0b5569232559e3d385fea5a93112/library/test/src/lib.rs:574:43
[INFO] [stdout]   41:     0x560f0ca183d6 - test::run_test::{{closure}}::h87d231c78fb59832
[INFO] [stdout]                                at /rustc/82e1608dfa6e0b5569232559e3d385fea5a93112/library/test/src/lib.rs:602:41
[INFO] [stdout]   42:     0x560f0ca183d6 - std::sys_common::backtrace::__rust_begin_short_backtrace::he6df152596625789
[INFO] [stdout]                                at /rustc/82e1608dfa6e0b5569232559e3d385fea5a93112/library/std/src/sys_common/backtrace.rs:154:18
[INFO] [stdout]   43:     0x560f0ca1d487 - std::thread::Builder::spawn_unchecked_::{{closure}}::{{closure}}::ha94be15d1e0acf36
[INFO] [stdout]                                at /rustc/82e1608dfa6e0b5569232559e3d385fea5a93112/library/std/src/thread/mod.rs:529:17
[INFO] [stdout]   44:     0x560f0ca1d487 - <core::panic::unwind_safe::AssertUnwindSafe<F> as core::ops::function::FnOnce<()>>::call_once::h9dc6bd6372f16606
[INFO] [stdout]                                at /rustc/82e1608dfa6e0b5569232559e3d385fea5a93112/library/core/src/panic/unwind_safe.rs:272:9
[INFO] [stdout]   45:     0x560f0ca1d487 - std::panicking::try::do_call::h9057517f80303cd4
[INFO] [stdout]                                at /rustc/82e1608dfa6e0b5569232559e3d385fea5a93112/library/std/src/panicking.rs:552:40
[INFO] [stdout]   46:     0x560f0ca1d487 - std::panicking::try::he3a30b11ee45340c
[INFO] [stdout]                                at /rustc/82e1608dfa6e0b5569232559e3d385fea5a93112/library/std/src/panicking.rs:516:19
[INFO] [stdout]   47:     0x560f0ca1d487 - std::panic::catch_unwind::h410458cfd3528b8b
[INFO] [stdout]                                at /rustc/82e1608dfa6e0b5569232559e3d385fea5a93112/library/std/src/panic.rs:142:14
[INFO] [stdout]   48:     0x560f0ca1d487 - std::thread::Builder::spawn_unchecked_::{{closure}}::h72ac3bdb567b737b
[INFO] [stdout]                                at /rustc/82e1608dfa6e0b5569232559e3d385fea5a93112/library/std/src/thread/mod.rs:528:30
[INFO] [stdout]   49:     0x560f0ca1d487 - core::ops::function::FnOnce::call_once{{vtable.shim}}::h38f34da3654a8344
[INFO] [stdout]                                at /rustc/82e1608dfa6e0b5569232559e3d385fea5a93112/library/core/src/ops/function.rs:250:5
[INFO] [stdout]   50:     0x560f0cc7add5 - <alloc::boxed::Box<F,A> as core::ops::function::FnOnce<Args>>::call_once::hc7eafaff61e32df9
[INFO] [stdout]                                at /rustc/82e1608dfa6e0b5569232559e3d385fea5a93112/library/alloc/src/boxed.rs:2007:9
[INFO] [stdout]   51:     0x560f0cc7add5 - <alloc::boxed::Box<F,A> as core::ops::function::FnOnce<Args>>::call_once::h6ba4a5de48dd2304
[INFO] [stdout]                                at /rustc/82e1608dfa6e0b5569232559e3d385fea5a93112/library/alloc/src/boxed.rs:2007:9
[INFO] [stdout]   52:     0x560f0cc7add5 - std::sys::unix::thread::Thread::new::thread_start::he469335aef763e45
[INFO] [stdout]                                at /rustc/82e1608dfa6e0b5569232559e3d385fea5a93112/library/std/src/sys/unix/thread.rs:108:17
[INFO] [stdout]   53:     0x7f3d506f2ac3 - <unknown>
[INFO] [stdout]   54:     0x7f3d50783bf4 - __clone
[INFO] [stdout]   55:                0x0 - <unknown>
[INFO] [stdout] 
[INFO] [stdout] ---- test::gets_owner stdout ----
[INFO] [stdout] thread 'test::gets_owner' panicked at /opt/rustwide/cargo-home/registry/src/index.crates.io-6f17d22bba15001f/async-task-4.3.0/src/task.rs:426:45:
[INFO] [stdout] task has failed
[INFO] [stdout] stack backtrace:
[INFO] [stdout]    0:     0x560f0cc740ec - std::backtrace_rs::backtrace::libunwind::trace::ha637c64ce894333a
[INFO] [stdout]                                at /rustc/82e1608dfa6e0b5569232559e3d385fea5a93112/library/std/src/../../backtrace/src/backtrace/libunwind.rs:104:5
[INFO] [stdout]    1:     0x560f0cc740ec - std::backtrace_rs::backtrace::trace_unsynchronized::h47f62dea28e0c88d
[INFO] [stdout]                                at /rustc/82e1608dfa6e0b5569232559e3d385fea5a93112/library/std/src/../../backtrace/src/backtrace/mod.rs:66:5
[INFO] [stdout]    2:     0x560f0cc740ec - std::sys_common::backtrace::_print_fmt::h9eef0abe20ede486
[INFO] [stdout]                                at /rustc/82e1608dfa6e0b5569232559e3d385fea5a93112/library/std/src/sys_common/backtrace.rs:67:5
[INFO] [stdout]    3:     0x560f0cc740ec - <std::sys_common::backtrace::_print::DisplayBacktrace as core::fmt::Display>::fmt::hed7f999df88cc644
[INFO] [stdout]                                at /rustc/82e1608dfa6e0b5569232559e3d385fea5a93112/library/std/src/sys_common/backtrace.rs:44:22
[INFO] [stdout]    4:     0x560f0cca0cc0 - core::fmt::rt::Argument::fmt::h1539a9308b8d058d
[INFO] [stdout]                                at /rustc/82e1608dfa6e0b5569232559e3d385fea5a93112/library/core/src/fmt/rt.rs:142:9
[INFO] [stdout]    5:     0x560f0cca0cc0 - core::fmt::write::h3a39390d8560d9c9
[INFO] [stdout]                                at /rustc/82e1608dfa6e0b5569232559e3d385fea5a93112/library/core/src/fmt/mod.rs:1120:17
[INFO] [stdout]    6:     0x560f0cc7120f - std::io::Write::write_fmt::h040b369f3a0f9cbc
[INFO] [stdout]                                at /rustc/82e1608dfa6e0b5569232559e3d385fea5a93112/library/std/src/io/mod.rs:1762:15
[INFO] [stdout]    7:     0x560f0cc73ed4 - std::sys_common::backtrace::_print::h894006fb5c6f3d45
[INFO] [stdout]                                at /rustc/82e1608dfa6e0b5569232559e3d385fea5a93112/library/std/src/sys_common/backtrace.rs:47:5
[INFO] [stdout]    8:     0x560f0cc73ed4 - std::sys_common::backtrace::print::h23a2d212c6fff936
[INFO] [stdout]                                at /rustc/82e1608dfa6e0b5569232559e3d385fea5a93112/library/std/src/sys_common/backtrace.rs:34:9
[INFO] [stdout]    9:     0x560f0cc75b97 - std::panicking::default_hook::{{closure}}::h8a1d2ee00185001a
[INFO] [stdout]   10:     0x560f0cc75883 - std::panicking::default_hook::h6038f2eba384e475
[INFO] [stdout]                                at /rustc/82e1608dfa6e0b5569232559e3d385fea5a93112/library/std/src/panicking.rs:289:9
[INFO] [stdout]   11:     0x560f0ca4baa7 - <alloc::boxed::Box<F,A> as core::ops::function::Fn<Args>>::call::h0ad024c9bdc6d768
[INFO] [stdout]                                at /rustc/82e1608dfa6e0b5569232559e3d385fea5a93112/library/alloc/src/boxed.rs:2021:9
[INFO] [stdout]   12:     0x560f0ca4baa7 - test::test_main::{{closure}}::h7500b54257359db6
[INFO] [stdout]                                at /rustc/82e1608dfa6e0b5569232559e3d385fea5a93112/library/test/src/lib.rs:138:21
[INFO] [stdout]   13:     0x560f0cc761a8 - <alloc::boxed::Box<F,A> as core::ops::function::Fn<Args>>::call::h1f8f335eaa9cfaee
[INFO] [stdout]                                at /rustc/82e1608dfa6e0b5569232559e3d385fea5a93112/library/alloc/src/boxed.rs:2021:9
[INFO] [stdout]   14:     0x560f0cc761a8 - std::panicking::rust_panic_with_hook::h2b5517d590cab22e
[INFO] [stdout]                                at /rustc/82e1608dfa6e0b5569232559e3d385fea5a93112/library/std/src/panicking.rs:783:13
[INFO] [stdout]   15:     0x560f0cc75efe - std::panicking::begin_panic_handler::{{closure}}::h233112c06e0ef43e
[INFO] [stdout]                                at /rustc/82e1608dfa6e0b5569232559e3d385fea5a93112/library/std/src/panicking.rs:657:13
[INFO] [stdout]   16:     0x560f0cc745b6 - std::sys_common::backtrace::__rust_end_short_backtrace::h6e893f24d7ebbff8
[INFO] [stdout]                                at /rustc/82e1608dfa6e0b5569232559e3d385fea5a93112/library/std/src/sys_common/backtrace.rs:170:18
[INFO] [stdout]   17:     0x560f0cc75c62 - rust_begin_unwind
[INFO] [stdout]                                at /rustc/82e1608dfa6e0b5569232559e3d385fea5a93112/library/std/src/panicking.rs:645:5
[INFO] [stdout]   18:     0x560f0c506445 - core::panicking::panic_fmt::hbf0e066aabfa482c
[INFO] [stdout]                                at /rustc/82e1608dfa6e0b5569232559e3d385fea5a93112/library/core/src/panicking.rs:72:14
[INFO] [stdout]   19:     0x560f0c506403 - core::panicking::panic_display::h68e6012a1c287ca5
[INFO] [stdout]                                at /rustc/82e1608dfa6e0b5569232559e3d385fea5a93112/library/core/src/panicking.rs:178:5
[INFO] [stdout]   20:     0x560f0c506403 - core::panicking::panic_str::h1ca8e3b0d2d70f80
[INFO] [stdout]                                at /rustc/82e1608dfa6e0b5569232559e3d385fea5a93112/library/core/src/panicking.rs:152:5
[INFO] [stdout]   21:     0x560f0c506403 - core::option::expect_failed::h1ae4bac6b7606972
[INFO] [stdout]                                at /rustc/82e1608dfa6e0b5569232559e3d385fea5a93112/library/core/src/option.rs:1985:5
[INFO] [stdout]   22:     0x560f0c582a87 - core::option::Option<T>::expect::h74ad3a84481f3afe
[INFO] [stdout]                                at /rustc/82e1608dfa6e0b5569232559e3d385fea5a93112/library/core/src/option.rs:894:21
[INFO] [stdout]   23:     0x560f0c54abe5 - <async_task::task::Task<T> as core::future::future::Future>::poll::h59a75eb0f9ff6d37
[INFO] [stdout]                                at /opt/rustwide/cargo-home/registry/src/index.crates.io-6f17d22bba15001f/async-task-4.3.0/src/task.rs:426:43
[INFO] [stdout]   24:     0x560f0c5431ce - futures_lite::future::block_on::{{closure}}::h4ecb51abf5e7b59a
[INFO] [stdout]                                at /opt/rustwide/cargo-home/registry/src/index.crates.io-6f17d22bba15001f/futures-lite-1.12.0/src/future.rs:89:27
[INFO] [stdout]   25:     0x560f0c5aaa9d - std::thread::local::LocalKey<T>::try_with::hcae1cad0bc452632
[INFO] [stdout]                                at /rustc/82e1608dfa6e0b5569232559e3d385fea5a93112/library/std/src/thread/local.rs:270:16
[INFO] [stdout]   26:     0x560f0c5aa063 - std::thread::local::LocalKey<T>::with::hb9a5fc323abc3d33
[INFO] [stdout]                                at /rustc/82e1608dfa6e0b5569232559e3d385fea5a93112/library/std/src/thread/local.rs:246:9
[INFO] [stdout]   27:     0x560f0c542fef - futures_lite::future::block_on::hd7f7f5a266d0449d
[INFO] [stdout]                                at /opt/rustwide/cargo-home/registry/src/index.crates.io-6f17d22bba15001f/futures-lite-1.12.0/src/future.rs:79:5
[INFO] [stdout]   28:     0x560f0c55c26e - smolscale::block_on::h6f27288894ffe303
[INFO] [stdout]                                at /opt/rustwide/cargo-home/registry/src/index.crates.io-6f17d22bba15001f/smolscale-0.3.52/src/lib.rs:158:5
[INFO] [stdout]   29:     0x560f0c568ecc - gibbername::test::gets_owner::hbc2967a1a982461c
[INFO] [stdout]                                at /opt/rustwide/workdir/src/lib.rs:380:9
[INFO] [stdout]   30:     0x560f0c568e97 - gibbername::test::gets_owner::{{closure}}::h3c61d5159e1f1655
[INFO] [stdout]                                at /opt/rustwide/workdir/src/lib.rs:378:24
[INFO] [stdout]   31:     0x560f0c51f236 - core::ops::function::FnOnce::call_once::h6a2803bf7869f360
[INFO] [stdout]                                at /rustc/82e1608dfa6e0b5569232559e3d385fea5a93112/library/core/src/ops/function.rs:250:5
[INFO] [stdout]   32:     0x560f0ca510ff - core::ops::function::FnOnce::call_once::h2b5d431d5046312d
[INFO] [stdout]                                at /rustc/82e1608dfa6e0b5569232559e3d385fea5a93112/library/core/src/ops/function.rs:250:5
[INFO] [stdout]   33:     0x560f0ca510ff - test::__rust_begin_short_backtrace::h7714669af176e207
[INFO] [stdout]                                at /rustc/82e1608dfa6e0b5569232559e3d385fea5a93112/library/test/src/lib.rs:628:18
[INFO] [stdout]   34:     0x560f0ca50115 - test::run_test_in_process::{{closure}}::h85218797dcbcec12
[INFO] [stdout]                                at /rustc/82e1608dfa6e0b5569232559e3d385fea5a93112/library/test/src/lib.rs:651:60
[INFO] [stdout]   35:     0x560f0ca50115 - <core::panic::unwind_safe::AssertUnwindSafe<F> as core::ops::function::FnOnce<()>>::call_once::h76c106ea31c14d7b
[INFO] [stdout]                                at /rustc/82e1608dfa6e0b5569232559e3d385fea5a93112/library/core/src/panic/unwind_safe.rs:272:9
[INFO] [stdout]   36:     0x560f0ca50115 - std::panicking::try::do_call::h3bd5d0f6620ee946
[INFO] [stdout]                                at /rustc/82e1608dfa6e0b5569232559e3d385fea5a93112/library/std/src/panicking.rs:552:40
[INFO] [stdout]   37:     0x560f0ca50115 - std::panicking::try::h232e535e4744fe31
[INFO] [stdout]                                at /rustc/82e1608dfa6e0b5569232559e3d385fea5a93112/library/std/src/panicking.rs:516:19
[INFO] [stdout]   38:     0x560f0ca50115 - std::panic::catch_unwind::h3ce3bd6ca8dbac68
[INFO] [stdout]                                at /rustc/82e1608dfa6e0b5569232559e3d385fea5a93112/library/std/src/panic.rs:142:14
[INFO] [stdout]   39:     0x560f0ca50115 - test::run_test_in_process::hc97b257c9621286a
[INFO] [stdout]                                at /rustc/82e1608dfa6e0b5569232559e3d385fea5a93112/library/test/src/lib.rs:651:27
[INFO] [stdout]   40:     0x560f0ca50115 - test::run_test::{{closure}}::h2aa798823a438d38
[INFO] [stdout]                                at /rustc/82e1608dfa6e0b5569232559e3d385fea5a93112/library/test/src/lib.rs:574:43
[INFO] [stdout]   41:     0x560f0ca183d6 - test::run_test::{{closure}}::h87d231c78fb59832
[INFO] [stdout]                                at /rustc/82e1608dfa6e0b5569232559e3d385fea5a93112/library/test/src/lib.rs:602:41
[INFO] [stdout]   42:     0x560f0ca183d6 - std::sys_common::backtrace::__rust_begin_short_backtrace::he6df152596625789
[INFO] [stdout]                                at /rustc/82e1608dfa6e0b5569232559e3d385fea5a93112/library/std/src/sys_common/backtrace.rs:154:18
[INFO] [stdout]   43:     0x560f0ca1d487 - std::thread::Builder::spawn_unchecked_::{{closure}}::{{closure}}::ha94be15d1e0acf36
[INFO] [stdout]                                at /rustc/82e1608dfa6e0b5569232559e3d385fea5a93112/library/std/src/thread/mod.rs:529:17
[INFO] [stdout]   44:     0x560f0ca1d487 - <core::panic::unwind_safe::AssertUnwindSafe<F> as core::ops::function::FnOnce<()>>::call_once::h9dc6bd6372f16606
[INFO] [stdout]                                at /rustc/82e1608dfa6e0b5569232559e3d385fea5a93112/library/core/src/panic/unwind_safe.rs:272:9
[INFO] [stdout]   45:     0x560f0ca1d487 - std::panicking::try::do_call::h9057517f80303cd4
[INFO] [stdout]                                at /rustc/82e1608dfa6e0b5569232559e3d385fea5a93112/library/std/src/panicking.rs:552:40
[INFO] [stdout]   46:     0x560f0ca1d487 - std::panicking::try::he3a30b11ee45340c
[INFO] [stdout]                                at /rustc/82e1608dfa6e0b5569232559e3d385fea5a93112/library/std/src/panicking.rs:516:19
[INFO] [stdout]   47:     0x560f0ca1d487 - std::panic::catch_unwind::h410458cfd3528b8b
[INFO] [stdout]                                at /rustc/82e1608dfa6e0b5569232559e3d385fea5a93112/library/std/src/panic.rs:142:14
[INFO] [stdout]   48:     0x560f0ca1d487 - std::thread::Builder::spawn_unchecked_::{{closure}}::h72ac3bdb567b737b
[INFO] [stdout]                                at /rustc/82e1608dfa6e0b5569232559e3d385fea5a93112/library/std/src/thread/mod.rs:528:30
[INFO] [stdout]   49:     0x560f0ca1d487 - core::ops::function::FnOnce::call_once{{vtable.shim}}::h38f34da3654a8344
[INFO] [stdout]                                at /rustc/82e1608dfa6e0b5569232559e3d385fea5a93112/library/core/src/ops/function.rs:250:5
[INFO] [stdout]   50:     0x560f0cc7add5 - <alloc::boxed::Box<F,A> as core::ops::function::FnOnce<Args>>::call_once::hc7eafaff61e32df9
[INFO] [stdout]                                at /rustc/82e1608dfa6e0b5569232559e3d385fea5a93112/library/alloc/src/boxed.rs:2007:9
[INFO] [stdout]   51:     0x560f0cc7add5 - <alloc::boxed::Box<F,A> as core::ops::function::FnOnce<Args>>::call_once::h6ba4a5de48dd2304
[INFO] [stdout]                                at /rustc/82e1608dfa6e0b5569232559e3d385fea5a93112/library/alloc/src/boxed.rs:2007:9
[INFO] [stdout]   52:     0x560f0cc7add5 - std::sys::unix::thread::Thread::new::thread_start::he469335aef763e45
[INFO] [stdout]                                at /rustc/82e1608dfa6e0b5569232559e3d385fea5a93112/library/std/src/sys/unix/thread.rs:108:17
[INFO] [stdout]   53:     0x7f3d506f2ac3 - <unknown>
[INFO] [stdout]   54:     0x7f3d50783bf4 - __clone
[INFO] [stdout]   55:                0x0 - <unknown>
[INFO] [stdout] 
[INFO] [stdout] 
[INFO] [stdout] failures:
[INFO] [stdout]     test::end2end
[INFO] [stdout]     test::gets_owner
[INFO] [stdout] 
[INFO] [stdout] test result: FAILED. 3 passed; 2 failed; 0 ignored; 0 measured; 0 filtered out; finished in 0.04s
[INFO] [stdout] 
[INFO] [stderr] error: test failed, to rerun pass `--lib`
[INFO] running `Command { std: "docker" "inspect" "38b6db4b620b2fec935d3199d448094a84a7dbb0fb2cde37e36bfb83c9f0fca9", kill_on_drop: false }`
[INFO] running `Command { std: "docker" "rm" "-f" "38b6db4b620b2fec935d3199d448094a84a7dbb0fb2cde37e36bfb83c9f0fca9", kill_on_drop: false }`
[INFO] [stdout] 38b6db4b620b2fec935d3199d448094a84a7dbb0fb2cde37e36bfb83c9f0fca9
[INFO] testing mel-project/gibbername against beta-2023-12-22 for beta-1.76-1
[INFO] running `Command { std: "git" "clone" "/workspace/cache/git-repos/https%3A%2F%2Fgithub.com%2Fmel-project%2Fgibbername" "/workspace/builds/worker-4-tc2/source", kill_on_drop: false }`
[INFO] [stderr] Cloning into '/workspace/builds/worker-4-tc2/source'...
[INFO] [stderr] done.
[INFO] validating manifest of git repo https://github.com/mel-project/gibbername on toolchain beta-2023-12-22
[INFO] running `Command { std: CARGO_HOME="/workspace/cargo-home" RUSTUP_HOME="/workspace/rustup-home" "/workspace/cargo-home/bin/cargo" "+beta-2023-12-22" "metadata" "--manifest-path" "Cargo.toml" "--no-deps", kill_on_drop: false }`
[INFO] started tweaking git repo https://github.com/mel-project/gibbername
[INFO] finished tweaking git repo https://github.com/mel-project/gibbername
[INFO] tweaked toml for git repo https://github.com/mel-project/gibbername written to /workspace/builds/worker-4-tc2/source/Cargo.toml
[INFO] crate git repo https://github.com/mel-project/gibbername already has a lockfile, it will not be regenerated
[INFO] running `Command { std: CARGO_HOME="/workspace/cargo-home" RUSTUP_HOME="/workspace/rustup-home" "/workspace/cargo-home/bin/cargo" "+beta-2023-12-22" "fetch" "--manifest-path" "Cargo.toml", kill_on_drop: false }`
[INFO] running `Command { std: "docker" "create" "-v" "/var/lib/crater-agent-workspace/builds/worker-4-tc2/target:/opt/rustwide/target:rw,Z" "-v" "/var/lib/crater-agent-workspace/builds/worker-4-tc2/source:/opt/rustwide/workdir:ro,Z" "-v" "/var/lib/crater-agent-workspace/cargo-home:/opt/rustwide/cargo-home:ro,Z" "-v" "/var/lib/crater-agent-workspace/rustup-home:/opt/rustwide/rustup-home:ro,Z" "-e" "SOURCE_DIR=/opt/rustwide/workdir" "-e" "CARGO_TARGET_DIR=/opt/rustwide/target" "-e" "CARGO_HOME=/opt/rustwide/cargo-home" "-e" "RUSTUP_HOME=/opt/rustwide/rustup-home" "-w" "/opt/rustwide/workdir" "-m" "1610612736" "--user" "0:0" "--network" "none" "ghcr.io/rust-lang/crates-build-env/linux@sha256:2788e3201cd34a07e3172128adcd8b3090168a8e3bcc40d7c032b9dda1df7d1c" "/opt/rustwide/cargo-home/bin/cargo" "+beta-2023-12-22" "metadata" "--no-deps" "--format-version=1", kill_on_drop: false }`
[INFO] [stdout] 0c32227847880ec1cd4729b80da5ab40adc0bb2887c29b3448da229fe69a695a
[INFO] running `Command { std: "docker" "start" "-a" "0c32227847880ec1cd4729b80da5ab40adc0bb2887c29b3448da229fe69a695a", kill_on_drop: false }`
[INFO] running `Command { std: "docker" "inspect" "0c32227847880ec1cd4729b80da5ab40adc0bb2887c29b3448da229fe69a695a", kill_on_drop: false }`
[INFO] running `Command { std: "docker" "rm" "-f" "0c32227847880ec1cd4729b80da5ab40adc0bb2887c29b3448da229fe69a695a", kill_on_drop: false }`
[INFO] [stdout] 0c32227847880ec1cd4729b80da5ab40adc0bb2887c29b3448da229fe69a695a
[INFO] running `Command { std: "docker" "create" "-v" "/var/lib/crater-agent-workspace/builds/worker-4-tc2/target:/opt/rustwide/target:rw,Z" "-v" "/var/lib/crater-agent-workspace/builds/worker-4-tc2/source:/opt/rustwide/workdir:ro,Z" "-v" "/var/lib/crater-agent-workspace/cargo-home:/opt/rustwide/cargo-home:ro,Z" "-v" "/var/lib/crater-agent-workspace/rustup-home:/opt/rustwide/rustup-home:ro,Z" "-e" "SOURCE_DIR=/opt/rustwide/workdir" "-e" "CARGO_TARGET_DIR=/opt/rustwide/target" "-e" "CARGO_INCREMENTAL=0" "-e" "RUST_BACKTRACE=full" "-e" "RUSTFLAGS=--cap-lints=warn" "-e" "RUSTDOCFLAGS=--cap-lints=warn" "-e" "CARGO_HOME=/opt/rustwide/cargo-home" "-e" "RUSTUP_HOME=/opt/rustwide/rustup-home" "-w" "/opt/rustwide/workdir" "-m" "1610612736" "--user" "0:0" "--network" "none" "ghcr.io/rust-lang/crates-build-env/linux@sha256:2788e3201cd34a07e3172128adcd8b3090168a8e3bcc40d7c032b9dda1df7d1c" "/opt/rustwide/cargo-home/bin/cargo" "+beta-2023-12-22" "build" "--frozen" "--message-format=json", kill_on_drop: false }`
[INFO] [stdout] 2ada896b9a4e892ef515960e43e2f2ecccfc6e34afcb6fa97b8707286abc196f
[INFO] running `Command { std: "docker" "start" "-a" "2ada896b9a4e892ef515960e43e2f2ecccfc6e34afcb6fa97b8707286abc196f", kill_on_drop: false }`
[INFO] [stderr]    Compiling autocfg v1.1.0
[INFO] [stderr]    Compiling cfg-if v1.0.0
[INFO] [stderr]    Compiling proc-macro2 v1.0.51
[INFO] [stderr]    Compiling quote v1.0.23
[INFO] [stderr]    Compiling unicode-ident v1.0.8
[INFO] [stderr]    Compiling syn v1.0.109
[INFO] [stderr]    Compiling libc v0.2.139
[INFO] [stderr]    Compiling version_check v0.9.4
[INFO] [stderr]    Compiling crossbeam-utils v0.8.15
[INFO] [stderr]    Compiling memchr v2.5.0
[INFO] [stderr]    Compiling futures-core v0.3.26
[INFO] [stderr]    Compiling once_cell v1.17.1
[INFO] [stderr]    Compiling serde_derive v1.0.154
[INFO] [stderr]    Compiling serde v1.0.154
[INFO] [stderr]    Compiling pin-project-lite v0.2.9
[INFO] [stderr]    Compiling log v0.4.17
[INFO] [stderr]    Compiling scopeguard v1.1.0
[INFO] [stderr]    Compiling typenum v1.16.0
[INFO] [stderr]    Compiling slab v0.4.8
[INFO] [stderr]    Compiling generic-array v0.14.6
[INFO] [stderr]    Compiling fnv v1.0.7
[INFO] [stderr]    Compiling futures-io v0.3.26
[INFO] [stderr]    Compiling fastrand v1.9.0
[INFO] [stderr]    Compiling event-listener v2.5.3
[INFO] [stderr]    Compiling waker-fn v1.1.0
[INFO] [stderr]    Compiling parking v2.0.0
[INFO] [stderr]    Compiling concurrent-queue v2.1.0
[INFO] [stderr]    Compiling futures-lite v1.12.0
[INFO] [stderr]    Compiling async-lock v2.7.0
[INFO] [stderr]    Compiling lock_api v0.4.9
[INFO] [stderr]    Compiling cc v1.0.79
[INFO] [stderr]    Compiling polling v2.6.0
[INFO] [stderr]    Compiling async-io v1.12.0
[INFO] [stderr]    Compiling getrandom v0.2.8
[INFO] [stderr]    Compiling num-traits v0.2.15
[INFO] [stderr]    Compiling memoffset v0.8.0
[INFO] [stderr]    Compiling smallvec v1.10.0
[INFO] [stderr]    Compiling thiserror v1.0.39
[INFO] [stderr]    Compiling socket2 v0.4.9
[INFO] [stderr]    Compiling crossbeam-epoch v0.9.14
[INFO] [stderr]    Compiling async-task v4.3.0
[INFO] [stderr]    Compiling strsim v0.10.0
[INFO] [stderr]    Compiling ident_case v1.0.1
[INFO] [stderr]    Compiling async-channel v1.8.0
[INFO] [stderr]    Compiling indexmap v1.9.2
[INFO] [stderr]    Compiling num-integer v0.1.45
[INFO] [stderr]    Compiling ahash v0.7.6
[INFO] [stderr]    Compiling atomic-waker v1.1.0
[INFO] [stderr]    Compiling parking_lot_core v0.9.7
[INFO] [stderr]    Compiling futures-task v0.3.26
[INFO] [stderr]    Compiling itoa v1.0.6
[INFO] [stderr]    Compiling blocking v1.3.0
[INFO] [stderr]    Compiling rand_core v0.6.4
[INFO] [stderr]    Compiling num_cpus v1.15.0
[INFO] [stderr]    Compiling bitflags v1.3.2
[INFO] [stderr]    Compiling futures-util v0.3.26
[INFO] [stderr]    Compiling hashbrown v0.12.3
[INFO] [stderr]    Compiling crypto-common v0.1.6
[INFO] [stderr]    Compiling block-buffer v0.10.3
[INFO] [stderr]    Compiling digest v0.9.0
[INFO] [stderr]    Compiling blake3 v1.3.3
[INFO] [stderr]    Compiling aho-corasick v0.7.20
[INFO] [stderr]    Compiling num-bigint v0.4.3
[INFO] [stderr]    Compiling tokio v1.26.0
[INFO] [stderr]    Compiling proc-macro-error-attr v0.4.12
[INFO] [stderr]    Compiling regex-syntax v0.6.28
[INFO] [stderr]    Compiling pin-utils v0.1.0
[INFO] [stderr]    Compiling subtle v2.4.1
[INFO] [stderr]    Compiling toml_datetime v0.6.1
[INFO] [stderr]    Compiling signal-hook v0.3.15
[INFO] [stderr]    Compiling winnow v0.3.5
[INFO] [stderr]    Compiling anyhow v1.0.69
[INFO] [stderr]    Compiling parking_lot_core v0.8.6
[INFO] [stderr]    Compiling hex v0.4.3
[INFO] [stderr]    Compiling digest v0.10.6
[INFO] [stderr]    Compiling crossbeam-deque v0.8.3
[INFO] [stderr]    Compiling block-buffer v0.9.0
[INFO] [stderr]    Compiling async-executor v1.5.0
[INFO] [stderr]    Compiling signal-hook-registry v1.4.1
[INFO] [stderr]    Compiling darling_core v0.13.4
[INFO] [stderr]    Compiling syn-mid v0.5.3
[INFO] [stderr]    Compiling crossbeam-channel v0.5.7
[INFO] [stderr]    Compiling async-net v1.7.0
[INFO] [stderr]    Compiling async-process v1.6.0
[INFO] [stderr]    Compiling num-rational v0.4.1
[INFO] [stderr]    Compiling num-iter v0.1.43
[INFO] [stderr]    Compiling regex v1.7.1
[INFO] [stderr]    Compiling async-fs v1.6.0
[INFO] [stderr]    Compiling proc-macro-error v0.4.12
[INFO] [stderr]    Compiling instant v0.1.12
[INFO] [stderr]    Compiling either v1.8.1
[INFO] [stderr]    Compiling serde_json v1.0.94
[INFO] [stderr]    Compiling futures-channel v0.3.26
[INFO] [stderr]    Compiling async-trait v0.1.66
[INFO] [stderr]    Compiling cpufeatures v0.2.5
[INFO] [stderr]    Compiling byteorder v1.4.3
[INFO] [stderr]    Compiling proc-macro-hack v0.5.20+deprecated
[INFO] [stderr]    Compiling constant_time_eq v0.2.4
[INFO] [stderr]    Compiling arrayref v0.3.6
[INFO] [stderr]    Compiling subtle-ng v2.5.0
[INFO] [stderr]    Compiling toml_edit v0.19.4
[INFO] [stderr]    Compiling arrayvec v0.7.2
[INFO] [stderr]    Compiling httparse v1.8.0
[INFO] [stderr]    Compiling zeroize v1.5.7
[INFO] [stderr]    Compiling ppv-lite86 v0.2.17
[INFO] [stderr]    Compiling opaque-debug v0.3.0
[INFO] [stderr]    Compiling sha2 v0.9.9
[INFO] [stderr]    Compiling rand_chacha v0.3.1
[INFO] [stderr]    Compiling curve25519-dalek-ng v4.1.1
[INFO] [stderr]    Compiling proc-macro-crate v1.3.1
[INFO] [stderr]    Compiling thiserror-impl v1.0.39
[INFO] [stderr]    Compiling darling_macro v0.13.4
[INFO] [stderr]    Compiling futures-macro v0.3.26
[INFO] [stderr]    Compiling structmeta-derive v0.1.5
[INFO] [stderr]    Compiling pin-project-internal v1.0.12
[INFO] [stderr]    Compiling darling v0.13.4
[INFO] [stderr]    Compiling serde_with_macros v1.5.2
[INFO] [stderr]    Compiling derive_arbitrary v1.2.3
[INFO] [stderr]    Compiling structmeta v0.1.5
[INFO] [stderr]    Compiling parking_lot v0.12.1
[INFO] [stderr]    Compiling backtrace v0.3.67
[INFO] [stderr]    Compiling tracing-core v0.1.30
[INFO] [stderr]    Compiling adler v1.0.2
[INFO] [stderr]    Compiling crossbeam-queue v0.3.8
[INFO] [stderr]    Compiling ryu v1.0.13
[INFO] [stderr]    Compiling rayon-core v1.11.0
[INFO] [stderr]    Compiling tap v1.0.1
[INFO] [stderr]    Compiling radium v0.6.2
[INFO] [stderr]    Compiling io-lifetimes v1.0.6
[INFO] [stderr]    Compiling try-lock v0.2.4
[INFO] [stderr]    Compiling gimli v0.27.2
[INFO] [stderr]    Compiling want v0.3.0
[INFO] [stderr]    Compiling tracing v0.1.37
[INFO] [stderr]    Compiling miniz_oxide v0.6.2
[INFO] [stderr]    Compiling arbitrary v1.2.3
[INFO] [stderr]    Compiling pin-project v1.0.12
[INFO] [stderr]    Compiling parse-display-derive v0.5.5
[INFO] [stderr]    Compiling num_enum_derive v0.5.11
[INFO] [stderr]    Compiling nanorpc-derive v0.1.5
[INFO] [stderr]    Compiling parking_lot v0.11.2
[INFO] [stderr]    Compiling addr2line v0.19.0
[INFO] [stderr]    Compiling rand v0.8.5
[INFO] [stderr]    Compiling itertools v0.10.5
[INFO] [stderr]    Compiling num-complex v0.4.3
[INFO] [stderr]    Compiling raw-cpuid v10.7.0
[INFO] [stderr]    Compiling spin v0.9.5
[INFO] [stderr]    Compiling nanorand v0.7.0
[INFO] [stderr]    Compiling object v0.30.3
[INFO] [stderr]    Compiling cache-padded v1.2.0
[INFO] [stderr]    Compiling rustix v0.36.9
[INFO] [stderr]    Compiling httpdate v1.0.2
[INFO] [stderr]    Compiling base32 v0.4.0
[INFO] [stderr]    Compiling unicode-width v0.1.10
[INFO] [stderr]    Compiling moka v0.9.7
[INFO] [stderr]    Compiling convert_case v0.4.0
[INFO] [stderr]    Compiling rustc-hash v1.1.0
[INFO] [stderr]    Compiling futures-sink v0.3.26
[INFO] [stderr]    Compiling static_assertions v1.1.0
[INFO] [stderr]    Compiling rustc-demangle v0.1.21
[INFO] [stderr]    Compiling quanta v0.10.1
[INFO] [stderr]    Compiling twox-hash v1.6.3
[INFO] [stderr]    Compiling bytes v1.4.0
[INFO] [stderr]    Compiling bincode v1.3.3
[INFO] [stderr]    Compiling serde_with v1.14.0
[INFO] [stderr]    Compiling ed25519-consensus v1.2.1
[INFO] [stderr]    Compiling serde-big-array v0.3.3
[INFO] [stderr]    Compiling derive_more v0.99.17
[INFO] [stderr]    Compiling flume v0.10.14
[INFO] [stderr]    Compiling http v0.2.9
[INFO] [stderr]    Compiling tabwriter v1.2.1
[INFO] [stderr]    Compiling genawaiter-proc-macro v0.99.1
[INFO] [stderr]    Compiling num v0.4.0
[INFO] [stderr]    Compiling parse-display v0.5.5
[INFO] [stderr]    Compiling nanorpc v0.1.12
[INFO] [stderr]    Compiling num_enum v0.5.11
[INFO] [stderr]    Compiling smol v1.3.0
[INFO] [stderr]    Compiling futures-intrusive v0.4.2
[INFO] [stderr]    Compiling async-compat v0.2.1
[INFO] [stderr]    Compiling http-body v1.0.0-rc.2
[INFO] [stderr]    Compiling http-body-util v0.1.0-rc.2
[INFO] [stderr]    Compiling hyper v1.0.0-rc.3
[INFO] [stderr]    Compiling stdcode v0.1.14
[INFO] [stderr]    Compiling tmelcrypt v0.2.7
[INFO] [stderr]    Compiling scheduled-thread-pool v0.2.7
[INFO] [stderr]    Compiling derivative v2.2.0
[INFO] [stderr]    Compiling serde_repr v0.1.11
[INFO] [stderr]    Compiling dashmap v5.4.0
[INFO] [stderr]    Compiling async-global-executor v2.3.1
[INFO] [stderr]    Compiling uuid v1.3.0
[INFO] [stderr]    Compiling st3 v0.4.1
[INFO] [stderr]    Compiling thread_local v1.1.7
[INFO] [stderr]    Compiling wyz v0.2.0
[INFO] [stderr]    Compiling tagptr v0.2.0
[INFO] [stderr]    Compiling linux-raw-sys v0.1.4
[INFO] [stderr]    Compiling triomphe v0.1.8
[INFO] [stderr]    Compiling funty v1.1.0
[INFO] [stderr]    Compiling pin-project-lite v0.1.12
[INFO] [stderr]    Compiling genawaiter-macro v0.99.1
[INFO] [stderr]    Compiling genawaiter v0.99.1
[INFO] [stderr]    Compiling smol-timeout v0.6.0
[INFO] [stderr]    Compiling bitvec v0.20.4
[INFO] [stderr]    Compiling smolscale v0.3.52
[INFO] [stderr]    Compiling nanorpc-http v0.1.1
[INFO] [stderr]    Compiling melstructs v0.3.2
[INFO] [stderr]    Compiling rayon v1.7.0
[INFO] [stderr]    Compiling lz4_flex v0.9.5
[INFO] [stderr]    Compiling smol_str v0.1.24
[INFO] [stderr]    Compiling concurrent-queue v1.2.4
[INFO] [stderr]    Compiling lru v0.7.8
[INFO] [stderr]    Compiling dashmap v4.0.2
[INFO] [stderr]    Compiling reusable-box-future v0.2.0
[INFO] [stderr]    Compiling replace_with v0.1.7
[INFO] [stderr]    Compiling ethnum v1.3.2
[INFO] [stderr]    Compiling melnet2 v0.3.1
[INFO] [stderr]    Compiling is-terminal v0.4.4
[INFO] [stderr]    Compiling melbootstrap v0.8.3
[INFO] [stderr]    Compiling async-recursion v1.0.2
[INFO] [stderr]    Compiling termcolor v1.2.0
[INFO] [stderr]    Compiling humantime v2.1.0
[INFO] [stderr]    Compiling gibbercode v0.1.0
[INFO] [stderr]    Compiling env_logger v0.10.0
[INFO] [stderr]    Compiling novasmt v0.2.20
[INFO] [stderr]    Compiling melprot v0.13.4
[INFO] [stderr]    Compiling gibbername v0.1.1 (/opt/rustwide/workdir)
[INFO] [stdout] warning: unused variable: `coin`
[INFO] [stdout]    --> src/lib.rs:294:21
[INFO] [stdout]     |
[INFO] [stdout] 294 |         if let Some(coin) = &transaction
[INFO] [stdout]     |                     ^^^^ help: if this is intentional, prefix it with an underscore: `_coin`
[INFO] [stdout]     |
[INFO] [stdout]     = note: `#[warn(unused_variables)]` on by default
[INFO] [stdout] 
[INFO] [stdout] 
[INFO] [stdout] warning: function `get_owner` is never used
[INFO] [stdout]    --> src/lib.rs:106:10
[INFO] [stdout]     |
[INFO] [stdout] 106 | async fn get_owner(
[INFO] [stdout]     |          ^^^^^^^^^
[INFO] [stdout]     |
[INFO] [stdout]     = note: `#[warn(dead_code)]` on by default
[INFO] [stdout] 
[INFO] [stdout] 
[INFO] [stdout] warning: 2 warnings emitted
[INFO] [stdout] 
[INFO] [stdout] 
[INFO] [stderr]     Finished dev [unoptimized + debuginfo] target(s) in 25.19s
[INFO] running `Command { std: "docker" "inspect" "2ada896b9a4e892ef515960e43e2f2ecccfc6e34afcb6fa97b8707286abc196f", kill_on_drop: false }`
[INFO] running `Command { std: "docker" "rm" "-f" "2ada896b9a4e892ef515960e43e2f2ecccfc6e34afcb6fa97b8707286abc196f", kill_on_drop: false }`
[INFO] [stdout] 2ada896b9a4e892ef515960e43e2f2ecccfc6e34afcb6fa97b8707286abc196f
[INFO] running `Command { std: "docker" "create" "-v" "/var/lib/crater-agent-workspace/builds/worker-4-tc2/target:/opt/rustwide/target:rw,Z" "-v" "/var/lib/crater-agent-workspace/builds/worker-4-tc2/source:/opt/rustwide/workdir:ro,Z" "-v" "/var/lib/crater-agent-workspace/cargo-home:/opt/rustwide/cargo-home:ro,Z" "-v" "/var/lib/crater-agent-workspace/rustup-home:/opt/rustwide/rustup-home:ro,Z" "-e" "SOURCE_DIR=/opt/rustwide/workdir" "-e" "CARGO_TARGET_DIR=/opt/rustwide/target" "-e" "CARGO_INCREMENTAL=0" "-e" "RUST_BACKTRACE=full" "-e" "RUSTFLAGS=--cap-lints=warn" "-e" "RUSTDOCFLAGS=--cap-lints=warn" "-e" "CARGO_HOME=/opt/rustwide/cargo-home" "-e" "RUSTUP_HOME=/opt/rustwide/rustup-home" "-w" "/opt/rustwide/workdir" "-m" "1610612736" "--user" "0:0" "--network" "none" "ghcr.io/rust-lang/crates-build-env/linux@sha256:2788e3201cd34a07e3172128adcd8b3090168a8e3bcc40d7c032b9dda1df7d1c" "/opt/rustwide/cargo-home/bin/cargo" "+beta-2023-12-22" "test" "--frozen" "--no-run" "--message-format=json", kill_on_drop: false }`
[INFO] [stdout] 51ecd80b91695aa4c0e13c01dd35a797c6d1735387519cd833d24be1772f9935
[INFO] running `Command { std: "docker" "start" "-a" "51ecd80b91695aa4c0e13c01dd35a797c6d1735387519cd833d24be1772f9935", kill_on_drop: false }`
[INFO] [stdout] warning: unused variable: `coin`
[INFO] [stdout]    --> src/lib.rs:294:21
[INFO] [stdout]     |
[INFO] [stdout] 294 |         if let Some(coin) = &transaction
[INFO] [stdout]     |                     ^^^^ help: if this is intentional, prefix it with an underscore: `_coin`
[INFO] [stdout]     |
[INFO] [stdout]     = note: `#[warn(unused_variables)]` on by default
[INFO] [stdout] 
[INFO] [stdout] 
[INFO] [stdout] warning: function `get_owner` is never used
[INFO] [stdout]    --> src/lib.rs:106:10
[INFO] [stdout]     |
[INFO] [stdout] 106 | async fn get_owner(
[INFO] [stdout]     |          ^^^^^^^^^
[INFO] [stdout]     |
[INFO] [stdout]     = note: `#[warn(dead_code)]` on by default
[INFO] [stdout] 
[INFO] [stdout] 
[INFO] [stdout] warning: 2 warnings emitted
[INFO] [stdout] 
[INFO] [stdout] 
[INFO] [stderr]    Compiling gibbername v0.1.1 (/opt/rustwide/workdir)
[INFO] [stdout] warning: unused variable: `coin`
[INFO] [stdout]    --> src/lib.rs:294:21
[INFO] [stdout]     |
[INFO] [stdout] 294 |         if let Some(coin) = &transaction
[INFO] [stdout]     |                     ^^^^ help: if this is intentional, prefix it with an underscore: `_coin`
[INFO] [stdout]     |
[INFO] [stdout]     = note: `#[warn(unused_variables)]` on by default
[INFO] [stdout] 
[INFO] [stdout] 
[INFO] [stdout] warning: 1 warning emitted
[INFO] [stdout] 
[INFO] [stdout] 
[INFO] [stderr]     Finished test [unoptimized + debuginfo] target(s) in 4.51s
[INFO] running `Command { std: "docker" "inspect" "51ecd80b91695aa4c0e13c01dd35a797c6d1735387519cd833d24be1772f9935", kill_on_drop: false }`
[INFO] running `Command { std: "docker" "rm" "-f" "51ecd80b91695aa4c0e13c01dd35a797c6d1735387519cd833d24be1772f9935", kill_on_drop: false }`
[INFO] [stdout] 51ecd80b91695aa4c0e13c01dd35a797c6d1735387519cd833d24be1772f9935
[INFO] running `Command { std: "docker" "create" "-v" "/var/lib/crater-agent-workspace/builds/worker-4-tc2/target:/opt/rustwide/target:rw,Z" "-v" "/var/lib/crater-agent-workspace/builds/worker-4-tc2/source:/opt/rustwide/workdir:ro,Z" "-v" "/var/lib/crater-agent-workspace/cargo-home:/opt/rustwide/cargo-home:ro,Z" "-v" "/var/lib/crater-agent-workspace/rustup-home:/opt/rustwide/rustup-home:ro,Z" "-e" "SOURCE_DIR=/opt/rustwide/workdir" "-e" "CARGO_TARGET_DIR=/opt/rustwide/target" "-e" "CARGO_INCREMENTAL=0" "-e" "RUST_BACKTRACE=full" "-e" "RUSTFLAGS=--cap-lints=warn" "-e" "RUSTDOCFLAGS=--cap-lints=warn" "-e" "CARGO_HOME=/opt/rustwide/cargo-home" "-e" "RUSTUP_HOME=/opt/rustwide/rustup-home" "-w" "/opt/rustwide/workdir" "-m" "1610612736" "--user" "0:0" "--network" "none" "ghcr.io/rust-lang/crates-build-env/linux@sha256:2788e3201cd34a07e3172128adcd8b3090168a8e3bcc40d7c032b9dda1df7d1c" "/opt/rustwide/cargo-home/bin/cargo" "+beta-2023-12-22" "test" "--frozen", kill_on_drop: false }`
[INFO] [stdout] a3fd7eff62b768ba9b01ef9ceea70162db6d54cebc658f0e50cd9ca9eecd1a6c
[INFO] running `Command { std: "docker" "start" "-a" "a3fd7eff62b768ba9b01ef9ceea70162db6d54cebc658f0e50cd9ca9eecd1a6c", kill_on_drop: false }`
[INFO] [stderr] warning: unused variable: `coin`
[INFO] [stderr]    --> src/lib.rs:294:21
[INFO] [stderr]     |
[INFO] [stderr] 294 |         if let Some(coin) = &transaction
[INFO] [stderr]     |                     ^^^^ help: if this is intentional, prefix it with an underscore: `_coin`
[INFO] [stderr]     |
[INFO] [stderr]     = note: `#[warn(unused_variables)]` on by default
[INFO] [stderr] 
[INFO] [stderr] warning: function `get_owner` is never used
[INFO] [stderr]    --> src/lib.rs:106:10
[INFO] [stderr]     |
[INFO] [stderr] 106 | async fn get_owner(
[INFO] [stderr]     |          ^^^^^^^^^
[INFO] [stderr]     |
[INFO] [stderr]     = note: `#[warn(dead_code)]` on by default
[INFO] [stderr] 
[INFO] [stderr] warning: `gibbername` (lib) generated 2 warnings (run `cargo fix --lib -p gibbername` to apply 1 suggestion)
[INFO] [stderr] warning: `gibbername` (lib test) generated 1 warning (1 duplicate)
[INFO] [stderr]     Finished test [unoptimized + debuginfo] target(s) in 0.13s
[INFO] [stderr]      Running unittests src/lib.rs (/opt/rustwide/target/debug/deps/gibbername-257e1a74df778245)
[INFO] [stdout] 
[INFO] [stdout] running 5 tests
[INFO] [stdout] test test::decodes_gibbername ... ok
[INFO] [stdout] test test::encodes_gibbername ... ok
[INFO] [stdout] test test::make_new_gibbername ... ok
[INFO] [stdout] test test::gets_owner ... FAILED
[INFO] [stdout] test test::end2end ... FAILED
[INFO] [stdout] 
[INFO] [stdout] failures:
[INFO] [stdout] 
[INFO] [stdout] ---- test::gets_owner stdout ----
[INFO] [stdout] thread 'test::gets_owner' panicked at /opt/rustwide/cargo-home/registry/src/index.crates.io-6f17d22bba15001f/async-task-4.3.0/src/task.rs:426:45:
[INFO] [stdout] task has failed
[INFO] [stdout] stack backtrace:
[INFO] [stdout]    0:     0x5654be10ff76 - std::backtrace_rs::backtrace::libunwind::trace::h261606ad26a499c1
[INFO] [stdout]                                at /rustc/0e09125c6c3c2fd70d7de961bcf0e51575235fad/library/std/src/../../backtrace/src/backtrace/libunwind.rs:104:5
[INFO] [stdout]    1:     0x5654be10ff76 - std::backtrace_rs::backtrace::trace_unsynchronized::hd183f0625477fb28
[INFO] [stdout]                                at /rustc/0e09125c6c3c2fd70d7de961bcf0e51575235fad/library/std/src/../../backtrace/src/backtrace/mod.rs:66:5
[INFO] [stdout]    2:     0x5654be10ff76 - std::sys_common::backtrace::_print_fmt::hd7f8fef21b4eda67
[INFO] [stdout]                                at /rustc/0e09125c6c3c2fd70d7de961bcf0e51575235fad/library/std/src/sys_common/backtrace.rs:68:5
[INFO] [stdout]    3:     0x5654be10ff76 - <std::sys_common::backtrace::_print::DisplayBacktrace as core::fmt::Display>::fmt::h623d9b51f2f453f1
[INFO] [stdout]                                at /rustc/0e09125c6c3c2fd70d7de961bcf0e51575235fad/library/std/src/sys_common/backtrace.rs:44:22
[INFO] [stdout]    4:     0x5654be13be10 - core::fmt::rt::Argument::fmt::h9f417ac76a86f368
[INFO] [stdout]                                at /rustc/0e09125c6c3c2fd70d7de961bcf0e51575235fad/library/core/src/fmt/rt.rs:142:9
[INFO] [stdout]    5:     0x5654be13be10 - core::fmt::write::hc9b6faf4ac2aeff7
[INFO] [stdout]                                at /rustc/0e09125c6c3c2fd70d7de961bcf0e51575235fad/library/core/src/fmt/mod.rs:1120:17
[INFO] [stdout]    6:     0x5654be10d15f - std::io::Write::write_fmt::he04625a3a989fec3
[INFO] [stdout]                                at /rustc/0e09125c6c3c2fd70d7de961bcf0e51575235fad/library/std/src/io/mod.rs:1810:15
[INFO] [stdout]    7:     0x5654be10fd54 - std::sys_common::backtrace::_print::hd5d66399c7df88a2
[INFO] [stdout]                                at /rustc/0e09125c6c3c2fd70d7de961bcf0e51575235fad/library/std/src/sys_common/backtrace.rs:47:5
[INFO] [stdout]    8:     0x5654be10fd54 - std::sys_common::backtrace::print::he81ed2da642d37e5
[INFO] [stdout]                                at /rustc/0e09125c6c3c2fd70d7de961bcf0e51575235fad/library/std/src/sys_common/backtrace.rs:34:9
[INFO] [stdout]    9:     0x5654be111ac7 - std::panicking::default_hook::{{closure}}::h85773f4fa117163d
[INFO] [stdout]   10:     0x5654be1117ad - std::panicking::default_hook::h6a1694a91d09b278
[INFO] [stdout]                                at /rustc/0e09125c6c3c2fd70d7de961bcf0e51575235fad/library/std/src/panicking.rs:289:9
[INFO] [stdout]   11:     0x5654bdee4ba7 - <alloc::boxed::Box<F,A> as core::ops::function::Fn<Args>>::call::h616ac37fa3cd6c8f
[INFO] [stdout]                                at /rustc/0e09125c6c3c2fd70d7de961bcf0e51575235fad/library/alloc/src/boxed.rs:2029:9
[INFO] [stdout]   12:     0x5654bdee4ba7 - test::test_main::{{closure}}::h00d84697cefdcbb6
[INFO] [stdout]                                at /rustc/0e09125c6c3c2fd70d7de961bcf0e51575235fad/library/test/src/lib.rs:138:21
[INFO] [stdout]   13:     0x5654be1120e6 - <alloc::boxed::Box<F,A> as core::ops::function::Fn<Args>>::call::hcb3fe3b9bb537ba8
[INFO] [stdout]                                at /rustc/0e09125c6c3c2fd70d7de961bcf0e51575235fad/library/alloc/src/boxed.rs:2029:9
[INFO] [stdout]   14:     0x5654be1120e6 - std::panicking::rust_panic_with_hook::h0a7ad96e90f7145b
[INFO] [stdout]                                at /rustc/0e09125c6c3c2fd70d7de961bcf0e51575235fad/library/std/src/panicking.rs:783:13
[INFO] [stdout]   15:     0x5654be111e32 - std::panicking::begin_panic_handler::{{closure}}::h7919090525c6485e
[INFO] [stdout]                                at /rustc/0e09125c6c3c2fd70d7de961bcf0e51575235fad/library/std/src/panicking.rs:657:13
[INFO] [stdout]   16:     0x5654be110476 - std::sys_common::backtrace::__rust_end_short_backtrace::hf3289479464f7dfe
[INFO] [stdout]                                at /rustc/0e09125c6c3c2fd70d7de961bcf0e51575235fad/library/std/src/sys_common/backtrace.rs:171:18
[INFO] [stdout]   17:     0x5654be111b90 - rust_begin_unwind
[INFO] [stdout]                                at /rustc/0e09125c6c3c2fd70d7de961bcf0e51575235fad/library/std/src/panicking.rs:645:5
[INFO] [stdout]   18:     0x5654bd995425 - core::panicking::panic_fmt::hcc9f77c5c132af55
[INFO] [stdout]                                at /rustc/0e09125c6c3c2fd70d7de961bcf0e51575235fad/library/core/src/panicking.rs:72:14
[INFO] [stdout]   19:     0x5654bd9953e3 - core::panicking::panic_display::h0204da5f51c86759
[INFO] [stdout]                                at /rustc/0e09125c6c3c2fd70d7de961bcf0e51575235fad/library/core/src/panicking.rs:196:5
[INFO] [stdout]   20:     0x5654bd9953e3 - core::panicking::panic_str::h384c8d5de2012701
[INFO] [stdout]                                at /rustc/0e09125c6c3c2fd70d7de961bcf0e51575235fad/library/core/src/panicking.rs:171:5
[INFO] [stdout]   21:     0x5654bd9953e3 - core::option::expect_failed::h6b23844cf3a4e381
[INFO] [stdout]                                at /rustc/0e09125c6c3c2fd70d7de961bcf0e51575235fad/library/core/src/option.rs:1980:5
[INFO] [stdout]   22:     0x5654bda03807 - core::option::Option<T>::expect::h21f0c89721eeaec7
[INFO] [stdout]                                at /rustc/0e09125c6c3c2fd70d7de961bcf0e51575235fad/library/core/src/option.rs:894:21
[INFO] [stdout]   23:     0x5654bd9ca665 - <async_task::task::Task<T> as core::future::future::Future>::poll::h7b64d91dfc7161a4
[INFO] [stdout]                                at /opt/rustwide/cargo-home/registry/src/index.crates.io-6f17d22bba15001f/async-task-4.3.0/src/task.rs:426:43
[INFO] [stdout]   24:     0x5654bd9d624e - futures_lite::future::block_on::{{closure}}::h82d47bca2a78f0f6
[INFO] [stdout]                                at /opt/rustwide/cargo-home/registry/src/index.crates.io-6f17d22bba15001f/futures-lite-1.12.0/src/future.rs:89:27
[INFO] [stdout]   25:     0x5654bda38dbd - std::thread::local::LocalKey<T>::try_with::h9d6cff9a41951fb1
[INFO] [stdout]                                at /rustc/0e09125c6c3c2fd70d7de961bcf0e51575235fad/library/std/src/thread/local.rs:270:16
[INFO] [stdout]   26:     0x5654bda38563 - std::thread::local::LocalKey<T>::with::h4ad27375cf698d81
[INFO] [stdout]                                at /rustc/0e09125c6c3c2fd70d7de961bcf0e51575235fad/library/std/src/thread/local.rs:246:9
[INFO] [stdout]   27:     0x5654bd9d607f - futures_lite::future::block_on::h60f42c2d7b531c50
[INFO] [stdout]                                at /opt/rustwide/cargo-home/registry/src/index.crates.io-6f17d22bba15001f/futures-lite-1.12.0/src/future.rs:79:5
[INFO] [stdout]   28:     0x5654bd9c424e - smolscale::block_on::h9b8b9c3f7f96a810
[INFO] [stdout]                                at /opt/rustwide/cargo-home/registry/src/index.crates.io-6f17d22bba15001f/smolscale-0.3.52/src/lib.rs:158:5
[INFO] [stdout]   29:     0x5654bd9d3e2c - gibbername::test::gets_owner::hd47e8d493d8689e8
[INFO] [stdout]                                at /opt/rustwide/workdir/src/lib.rs:380:9
[INFO] [stdout]   30:     0x5654bd9d3df7 - gibbername::test::gets_owner::{{closure}}::h943b0fd7f86f7075
[INFO] [stdout]                                at /opt/rustwide/workdir/src/lib.rs:378:24
[INFO] [stdout]   31:     0x5654bd9ae606 - core::ops::function::FnOnce::call_once::hb50c4d99fe3797b1
[INFO] [stdout]                                at /rustc/0e09125c6c3c2fd70d7de961bcf0e51575235fad/library/core/src/ops/function.rs:250:5
[INFO] [stdout]   32:     0x5654bdeea47f - core::ops::function::FnOnce::call_once::hd64d26f405258157
[INFO] [stdout]                                at /rustc/0e09125c6c3c2fd70d7de961bcf0e51575235fad/library/core/src/ops/function.rs:250:5
[INFO] [stdout]   33:     0x5654bdeea47f - test::__rust_begin_short_backtrace::he21b0b7a6d731bf9
[INFO] [stdout]                                at /rustc/0e09125c6c3c2fd70d7de961bcf0e51575235fad/library/test/src/lib.rs:627:18
[INFO] [stdout]   34:     0x5654bdee9201 - test::run_test_in_process::{{closure}}::hf5c73986d7bdfde2
[INFO] [stdout]                                at /rustc/0e09125c6c3c2fd70d7de961bcf0e51575235fad/library/test/src/lib.rs:650:60
[INFO] [stdout]   35:     0x5654bdee9201 - <core::panic::unwind_safe::AssertUnwindSafe<F> as core::ops::function::FnOnce<()>>::call_once::h330011ad032aadc0
[INFO] [stdout]                                at /rustc/0e09125c6c3c2fd70d7de961bcf0e51575235fad/library/core/src/panic/unwind_safe.rs:272:9
[INFO] [stdout]   36:     0x5654bdee9201 - std::panicking::try::do_call::he61b0a958b795a41
[INFO] [stdout]                                at /rustc/0e09125c6c3c2fd70d7de961bcf0e51575235fad/library/std/src/panicking.rs:552:40
[INFO] [stdout]   37:     0x5654bdee9201 - std::panicking::try::h7309da130f906eb7
[INFO] [stdout]                                at /rustc/0e09125c6c3c2fd70d7de961bcf0e51575235fad/library/std/src/panicking.rs:516:19
[INFO] [stdout]   38:     0x5654bdee9201 - std::panic::catch_unwind::hc5c3a06fdaf0a92a
[INFO] [stdout]                                at /rustc/0e09125c6c3c2fd70d7de961bcf0e51575235fad/library/std/src/panic.rs:142:14
[INFO] [stdout]   39:     0x5654bdee9201 - test::run_test_in_process::h7e7b7c71c3324e0f
[INFO] [stdout]                                at /rustc/0e09125c6c3c2fd70d7de961bcf0e51575235fad/library/test/src/lib.rs:650:27
[INFO] [stdout]   40:     0x5654bdee9201 - test::run_test::{{closure}}::h1f509f28f5cf20b1
[INFO] [stdout]                                at /rustc/0e09125c6c3c2fd70d7de961bcf0e51575235fad/library/test/src/lib.rs:573:43
[INFO] [stdout]   41:     0x5654bdeb0536 - test::run_test::{{closure}}::h1754218abf443f6d
[INFO] [stdout]                                at /rustc/0e09125c6c3c2fd70d7de961bcf0e51575235fad/library/test/src/lib.rs:601:41
[INFO] [stdout]   42:     0x5654bdeb0536 - std::sys_common::backtrace::__rust_begin_short_backtrace::h2ee174b9d5954948
[INFO] [stdout]                                at /rustc/0e09125c6c3c2fd70d7de961bcf0e51575235fad/library/std/src/sys_common/backtrace.rs:155:18
[INFO] [stdout]   43:     0x5654bdeb5597 - std::thread::Builder::spawn_unchecked_::{{closure}}::{{closure}}::hf60bee9c1a17ef09
[INFO] [stdout]                                at /rustc/0e09125c6c3c2fd70d7de961bcf0e51575235fad/library/std/src/thread/mod.rs:529:17
[INFO] [stdout]   44:     0x5654bdeb5597 - <core::panic::unwind_safe::AssertUnwindSafe<F> as core::ops::function::FnOnce<()>>::call_once::h33d0dddec5216160
[INFO] [stdout]                                at /rustc/0e09125c6c3c2fd70d7de961bcf0e51575235fad/library/core/src/panic/unwind_safe.rs:272:9
[INFO] [stdout]   45:     0x5654bdeb5597 - std::panicking::try::do_call::h144b3048b546f835
[INFO] [stdout]                                at /rustc/0e09125c6c3c2fd70d7de961bcf0e51575235fad/library/std/src/panicking.rs:552:40
[INFO] [stdout]   46:     0x5654bdeb5597 - std::panicking::try::h978244d04646189f
[INFO] [stdout]                                at /rustc/0e09125c6c3c2fd70d7de961bcf0e51575235fad/library/std/src/panicking.rs:516:19
[INFO] [stdout]   47:     0x5654bdeb5597 - std::panic::catch_unwind::hdf436369d188fe86
[INFO] [stdout]                                at /rustc/0e09125c6c3c2fd70d7de961bcf0e51575235fad/library/std/src/panic.rs:142:14
[INFO] [stdout]   48:     0x5654bdeb5597 - std::thread::Builder::spawn_unchecked_::{{closure}}::h87329cbdd33c79ec
[INFO] [stdout]                                at /rustc/0e09125c6c3c2fd70d7de961bcf0e51575235fad/library/std/src/thread/mod.rs:528:30
[INFO] [stdout]   49:     0x5654bdeb5597 - core::ops::function::FnOnce::call_once{{vtable.shim}}::h401abbe67897d450
[INFO] [stdout]                                at /rustc/0e09125c6c3c2fd70d7de961bcf0e51575235fad/library/core/src/ops/function.rs:250:5
[INFO] [stdout]   50:     0x5654be116d35 - <alloc::boxed::Box<F,A> as core::ops::function::FnOnce<Args>>::call_once::h5d7c8f150ab9c84c
[INFO] [stdout]                                at /rustc/0e09125c6c3c2fd70d7de961bcf0e51575235fad/library/alloc/src/boxed.rs:2015:9
[INFO] [stdout]   51:     0x5654be116d35 - <alloc::boxed::Box<F,A> as core::ops::function::FnOnce<Args>>::call_once::h570d5b005c242c15
[INFO] [stdout]                                at /rustc/0e09125c6c3c2fd70d7de961bcf0e51575235fad/library/alloc/src/boxed.rs:2015:9
[INFO] [stdout]   52:     0x5654be116d35 - std::sys::unix::thread::Thread::new::thread_start::h36b0a20c0b2361ad
[INFO] [stdout]                                at /rustc/0e09125c6c3c2fd70d7de961bcf0e51575235fad/library/std/src/sys/unix/thread.rs:108:17
[INFO] [stdout]   53:     0x7f0b4929aac3 - <unknown>
[INFO] [stdout]   54:     0x7f0b4932bbf4 - __clone
[INFO] [stdout]   55:                0x0 - <unknown>
[INFO] [stdout] 
[INFO] [stdout] ---- test::end2end stdout ----
[INFO] [stdout] thread 'sscale-wkr-c' panicked at src/lib.rs:381:77:
[INFO] [stdout] called `Result::unwrap()` on an `Err` value: Error retreiving bootstrap routes
[INFO] [stdout] stack backtrace:
[INFO] [stdout]    0:     0x5654be10ff76 - std::backtrace_rs::backtrace::libunwind::trace::h261606ad26a499c1
[INFO] [stdout]                                at /rustc/0e09125c6c3c2fd70d7de961bcf0e51575235fad/library/std/src/../../backtrace/src/backtrace/libunwind.rs:104:5
[INFO] [stdout]    1:     0x5654be10ff76 - std::backtrace_rs::backtrace::trace_unsynchronized::hd183f0625477fb28
[INFO] [stdout]                                at /rustc/0e09125c6c3c2fd70d7de961bcf0e51575235fad/library/std/src/../../backtrace/src/backtrace/mod.rs:66:5
[INFO] [stdout]    2:     0x5654be10ff76 - std::sys_common::backtrace::_print_fmt::hd7f8fef21b4eda67
[INFO] [stdout]                                at /rustc/0e09125c6c3c2fd70d7de961bcf0e51575235fad/library/std/src/sys_common/backtrace.rs:68:5
[INFO] [stdout]    3:     0x5654be10ff76 - <std::sys_common::backtrace::_print::DisplayBacktrace as core::fmt::Display>::fmt::h623d9b51f2f453f1
[INFO] [stdout]                                at /rustc/0e09125c6c3c2fd70d7de961bcf0e51575235fad/library/std/src/sys_common/backtrace.rs:44:22
[INFO] [stdout]    4:     0x5654be13be10 - core::fmt::rt::Argument::fmt::h9f417ac76a86f368
[INFO] [stdout]                                at /rustc/0e09125c6c3c2fd70d7de961bcf0e51575235fad/library/core/src/fmt/rt.rs:142:9
[INFO] [stdout]    5:     0x5654be13be10 - core::fmt::write::hc9b6faf4ac2aeff7
[INFO] [stdout]                                at /rustc/0e09125c6c3c2fd70d7de961bcf0e51575235fad/library/core/src/fmt/mod.rs:1120:17
[INFO] [stdout]    6:     0x5654be10d15f - std::io::Write::write_fmt::he04625a3a989fec3
[INFO] [stdout]                                at /rustc/0e09125c6c3c2fd70d7de961bcf0e51575235fad/library/std/src/io/mod.rs:1810:15
[INFO] [stdout]    7:     0x5654be10fd54 - std::sys_common::backtrace::_print::hd5d66399c7df88a2
[INFO] [stdout]                                at /rustc/0e09125c6c3c2fd70d7de961bcf0e51575235fad/library/std/src/sys_common/backtrace.rs:47:5
[INFO] [stdout]    8:     0x5654be10fd54 - std::sys_common::backtrace::print::he81ed2da642d37e5
[INFO] [stdout]                                at /rustc/0e09125c6c3c2fd70d7de961bcf0e51575235fad/library/std/src/sys_common/backtrace.rs:34:9
[INFO] [stdout]    9:     0x5654be111ac7 - std::panicking::default_hook::{{closure}}::h85773f4fa117163d
[INFO] [stdout]   10:     0x5654be1117ad - std::panicking::default_hook::h6a1694a91d09b278
[INFO] [stdout]                                at /rustc/0e09125c6c3c2fd70d7de961bcf0e51575235fad/library/std/src/panicking.rs:289:9
[INFO] [stdout]   11:     0x5654bdee4ba7 - <alloc::boxed::Box<F,A> as core::ops::function::Fn<Args>>::call::h616ac37fa3cd6c8f
[INFO] [stdout]                                at /rustc/0e09125c6c3c2fd70d7de961bcf0e51575235fad/library/alloc/src/boxed.rs:2029:9
[INFO] [stdout]   12:     0x5654bdee4ba7 - test::test_main::{{closure}}::h00d84697cefdcbb6
[INFO] [stdout]                                at /rustc/0e09125c6c3c2fd70d7de961bcf0e51575235fad/library/test/src/lib.rs:138:21
[INFO] [stdout]   13:     0x5654be1120e6 - <alloc::boxed::Box<F,A> as core::ops::function::Fn<Args>>::call::hcb3fe3b9bb537ba8
[INFO] [stdout]                                at /rustc/0e09125c6c3c2fd70d7de961bcf0e51575235fad/library/alloc/src/boxed.rs:2029:9
[INFO] [stdout]   14:     0x5654be1120e6 - std::panicking::rust_panic_with_hook::h0a7ad96e90f7145b
[INFO] [stdout]                                at /rustc/0e09125c6c3c2fd70d7de961bcf0e51575235fad/library/std/src/panicking.rs:783:13
[INFO] [stdout]   15:     0x5654be111e32 - std::panicking::begin_panic_handler::{{closure}}::h7919090525c6485e
[INFO] [stdout]                                at /rustc/0e09125c6c3c2fd70d7de961bcf0e51575235fad/library/std/src/panicking.rs:657:13
[INFO] [stdout]   16:     0x5654be110476 - std::sys_common::backtrace::__rust_end_short_backtrace::hf3289479464f7dfe
[INFO] [stdout]                                at /rustc/0e09125c6c3c2fd70d7de961bcf0e51575235fad/library/std/src/sys_common/backtrace.rs:171:18
[INFO] [stdout]   17:     0x5654be111b90 - rust_begin_unwind
[INFO] [stdout]                                at /rustc/0e09125c6c3c2fd70d7de961bcf0e51575235fad/library/std/src/panicking.rs:645:5
[INFO] [stdout]   18:     0x5654bd995425 - core::panicking::panic_fmt::hcc9f77c5c132af55
[INFO] [stdout]                                at /rustc/0e09125c6c3c2fd70d7de961bcf0e51575235fad/library/core/src/panicking.rs:72:14
[INFO] [stdout]   19:     0x5654bd995a03 - core::result::unwrap_failed::hbe14f498be1452f9
[INFO] [stdout]                                at /rustc/0e09125c6c3c2fd70d7de961bcf0e51575235fad/library/core/src/result.rs:1649:5
[INFO] [stdout]   20:     0x5654bda42a40 - core::result::Result<T,E>::unwrap::hda6534d8d3cc87db
[INFO] [stdout]                                at /rustc/0e09125c6c3c2fd70d7de961bcf0e51575235fad/library/core/src/result.rs:1073:23
[INFO] [stdout]   21:     0x5654bd9d40bb - gibbername::test::gets_owner::{{closure}}::hd697d17e471ce181
[INFO] [stdout]                                at /opt/rustwide/workdir/src/lib.rs:381:26
[INFO] [stdout]   22:     0x5654bd9c1473 - <smolscale::WrappedFuture<T,F> as core::future::future::Future>::poll::h0fbdef2eee2e0c38
[INFO] [stdout]                                at /opt/rustwide/cargo-home/registry/src/index.crates.io-6f17d22bba15001f/smolscale-0.3.52/src/lib.rs:223:13
[INFO] [stdout]   23:     0x5654bd9e7c5b - <core::pin::Pin<P> as core::future::future::Future>::poll::hc4e23df04e0825d1
[INFO] [stdout]                                at /rustc/0e09125c6c3c2fd70d7de961bcf0e51575235fad/library/core/src/future/future.rs:124:9
[INFO] [stdout]   24:     0x5654bd9a1694 - async_task::raw::RawTask<F,T,S>::run::h4af42749af9e659d
[INFO] [stdout]                                at /opt/rustwide/cargo-home/registry/src/index.crates.io-6f17d22bba15001f/async-task-4.3.0/src/raw.rs:511:20
[INFO] [stdout]   25:     0x5654bde48b5f - async_task::runnable::Runnable::run::h23f58898c3e45e8d
[INFO] [stdout]                                at /opt/rustwide/cargo-home/registry/src/index.crates.io-6f17d22bba15001f/async-task-4.3.0/src/runnable.rs:309:18
[INFO] [stdout]   26:     0x5654bdb9cc68 - smolscale::new_executor::run_local_queue::{{closure}}::habe6fcca7baaa32d
[INFO] [stdout]                                at /opt/rustwide/cargo-home/registry/src/index.crates.io-6f17d22bba15001f/smolscale-0.3.52/src/new_executor.rs:40:17
[INFO] [stdout]   27:     0x5654bdb8d75e - smolscale::monitor_loop::start_thread::{{closure}}::{{closure}}::h834779a64e93a843
[INFO] [stdout]                                at /opt/rustwide/cargo-home/registry/src/index.crates.io-6f17d22bba15001f/smolscale-0.3.52/src/lib.rs:102:57
[INFO] [stdout]   28:     0x5654bdb8b72c - async_io::driver::block_on::h1f5a20ce08cd620d
[INFO] [stdout]                                at /opt/rustwide/cargo-home/registry/src/index.crates.io-6f17d22bba15001f/async-io-1.12.0/src/driver.rs:146:33
[INFO] [stdout]   29:     0x5654bdb8d428 - smolscale::monitor_loop::start_thread::{{closure}}::h91ad36a5728f0244
[INFO] [stdout]                                at /opt/rustwide/cargo-home/registry/src/index.crates.io-6f17d22bba15001f/smolscale-0.3.52/src/lib.rs:106:21
[INFO] [stdout]   30:     0x5654bdba4e0a - std::sys_common::backtrace::__rust_begin_short_backtrace::h9c90b4eaee96d4f5
[INFO] [stdout]                                at /rustc/0e09125c6c3c2fd70d7de961bcf0e51575235fad/library/std/src/sys_common/backtrace.rs:155:18
[INFO] [stdout]   31:     0x5654bdb996ce - std::thread::Builder::spawn_unchecked_::{{closure}}::{{closure}}::ha7a21d01c01c85c9
[INFO] [stdout]                                at /rustc/0e09125c6c3c2fd70d7de961bcf0e51575235fad/library/std/src/thread/mod.rs:529:17
[INFO] [stdout]   32:     0x5654bdba47be - <core::panic::unwind_safe::AssertUnwindSafe<F> as core::ops::function::FnOnce<()>>::call_once::h27b3815bcc8badab
[INFO] [stdout]                                at /rustc/0e09125c6c3c2fd70d7de961bcf0e51575235fad/library/core/src/panic/unwind_safe.rs:272:9
[INFO] [stdout]   33:     0x5654bdba9104 - std::panicking::try::do_call::hcb695b9e23f9ad19
[INFO] [stdout]                                at /rustc/0e09125c6c3c2fd70d7de961bcf0e51575235fad/library/std/src/panicking.rs:552:40
[INFO] [stdout]   34:     0x5654bdbaaa5b - __rust_try
[INFO] [stdout]   35:     0x5654bdba8de0 - std::panicking::try::h5cbaf41e126650df
[INFO] [stdout]                                at /rustc/0e09125c6c3c2fd70d7de961bcf0e51575235fad/library/std/src/panicking.rs:516:19
[INFO] [stdout]   36:     0x5654bdb991af - std::panic::catch_unwind::h8192672c0b66b3c4
[INFO] [stdout]                                at /rustc/0e09125c6c3c2fd70d7de961bcf0e51575235fad/library/std/src/panic.rs:142:14
[INFO] [stdout]   37:     0x5654bdb991af - std::thread::Builder::spawn_unchecked_::{{closure}}::h8c977d454bb8c0b0
[INFO] [stdout]                                at /rustc/0e09125c6c3c2fd70d7de961bcf0e51575235fad/library/std/src/thread/mod.rs:528:30
[INFO] [stdout]   38:     0x5654bdb8f93f - core::ops::function::FnOnce::call_once{{vtable.shim}}::h6c4bbcabedc16ab1
[INFO] [stdout]                                at /rustc/0e09125c6c3c2fd70d7de961bcf0e51575235fad/library/core/src/ops/function.rs:250:5
[INFO] [stdout]   39:     0x5654be116d35 - <alloc::boxed::Box<F,A> as core::ops::function::FnOnce<Args>>::call_once::h5d7c8f150ab9c84c
[INFO] [stdout]                                at /rustc/0e09125c6c3c2fd70d7de961bcf0e51575235fad/library/alloc/src/boxed.rs:2015:9
[INFO] [stdout]   40:     0x5654be116d35 - <alloc::boxed::Box<F,A> as core::ops::function::FnOnce<Args>>::call_once::h570d5b005c242c15
[INFO] [stdout]                                at /rustc/0e09125c6c3c2fd70d7de961bcf0e51575235fad/library/alloc/src/boxed.rs:2015:9
[INFO] [stdout]   41:     0x5654be116d35 - std::sys::unix::thread::Thread::new::thread_start::h36b0a20c0b2361ad
[INFO] [stdout]                                at /rustc/0e09125c6c3c2fd70d7de961bcf0e51575235fad/library/std/src/sys/unix/thread.rs:108:17
[INFO] [stdout]   42:     0x7f0b4929aac3 - <unknown>
[INFO] [stdout]   43:     0x7f0b4932bbf4 - __clone
[INFO] [stdout]   44:                0x0 - <unknown>
[INFO] [stdout] thread 'sscale-wkr-c' panicked at src/lib.rs:320:77:
[INFO] [stdout] called `Result::unwrap()` on an `Err` value: Error retreiving bootstrap routes
[INFO] [stdout] stack backtrace:
[INFO] [stdout]    0:     0x5654be10ff76 - std::backtrace_rs::backtrace::libunwind::trace::h261606ad26a499c1
[INFO] [stdout]                                at /rustc/0e09125c6c3c2fd70d7de961bcf0e51575235fad/library/std/src/../../backtrace/src/backtrace/libunwind.rs:104:5
[INFO] [stdout]    1:     0x5654be10ff76 - std::backtrace_rs::backtrace::trace_unsynchronized::hd183f0625477fb28
[INFO] [stdout]                                at /rustc/0e09125c6c3c2fd70d7de961bcf0e51575235fad/library/std/src/../../backtrace/src/backtrace/mod.rs:66:5
[INFO] [stdout]    2:     0x5654be10ff76 - std::sys_common::backtrace::_print_fmt::hd7f8fef21b4eda67
[INFO] [stdout]                                at /rustc/0e09125c6c3c2fd70d7de961bcf0e51575235fad/library/std/src/sys_common/backtrace.rs:68:5
[INFO] [stdout]    3:     0x5654be10ff76 - <std::sys_common::backtrace::_print::DisplayBacktrace as core::fmt::Display>::fmt::h623d9b51f2f453f1
[INFO] [stdout]                                at /rustc/0e09125c6c3c2fd70d7de961bcf0e51575235fad/library/std/src/sys_common/backtrace.rs:44:22
[INFO] [stdout]    4:     0x5654be13be10 - core::fmt::rt::Argument::fmt::h9f417ac76a86f368
[INFO] [stdout]                                at /rustc/0e09125c6c3c2fd70d7de961bcf0e51575235fad/library/core/src/fmt/rt.rs:142:9
[INFO] [stdout]    5:     0x5654be13be10 - core::fmt::write::hc9b6faf4ac2aeff7
[INFO] [stdout]                                at /rustc/0e09125c6c3c2fd70d7de961bcf0e51575235fad/library/core/src/fmt/mod.rs:1120:17
[INFO] [stdout]    6:     0x5654be10d15f - std::io::Write::write_fmt::he04625a3a989fec3
[INFO] [stdout]                                at /rustc/0e09125c6c3c2fd70d7de961bcf0e51575235fad/library/std/src/io/mod.rs:1810:15
[INFO] [stdout]    7:     0x5654be10fd54 - std::sys_common::backtrace::_print::hd5d66399c7df88a2
[INFO] [stdout]                                at /rustc/0e09125c6c3c2fd70d7de961bcf0e51575235fad/library/std/src/sys_common/backtrace.rs:47:5
[INFO] [stdout]    8:     0x5654be10fd54 - std::sys_common::backtrace::print::he81ed2da642d37e5
[INFO] [stdout]                                at /rustc/0e09125c6c3c2fd70d7de961bcf0e51575235fad/library/std/src/sys_common/backtrace.rs:34:9
[INFO] [stdout]    9:     0x5654be111ac7 - std::panicking::default_hook::{{closure}}::h85773f4fa117163d
[INFO] [stdout]   10:     0x5654be1117ad - std::panicking::default_hook::h6a1694a91d09b278
[INFO] [stdout]                                at /rustc/0e09125c6c3c2fd70d7de961bcf0e51575235fad/library/std/src/panicking.rs:289:9
[INFO] [stdout]   11:     0x5654bdee4ba7 - <alloc::boxed::Box<F,A> as core::ops::function::Fn<Args>>::call::h616ac37fa3cd6c8f
[INFO] [stdout]                                at /rustc/0e09125c6c3c2fd70d7de961bcf0e51575235fad/library/alloc/src/boxed.rs:2029:9
[INFO] [stdout]   12:     0x5654bdee4ba7 - test::test_main::{{closure}}::h00d84697cefdcbb6
[INFO] [stdout]                                at /rustc/0e09125c6c3c2fd70d7de961bcf0e51575235fad/library/test/src/lib.rs:138:21
[INFO] [stdout]   13:     0x5654be1120e6 - <alloc::boxed::Box<F,A> as core::ops::function::Fn<Args>>::call::hcb3fe3b9bb537ba8
[INFO] [stdout]                                at /rustc/0e09125c6c3c2fd70d7de961bcf0e51575235fad/library/alloc/src/boxed.rs:2029:9
[INFO] [stdout]   14:     0x5654be1120e6 - std::panicking::rust_panic_with_hook::h0a7ad96e90f7145b
[INFO] [stdout]                                at /rustc/0e09125c6c3c2fd70d7de961bcf0e51575235fad/library/std/src/panicking.rs:783:13
[INFO] [stdout]   15:     0x5654be111e32 - std::panicking::begin_panic_handler::{{closure}}::h7919090525c6485e
[INFO] [stdout]                                at /rustc/0e09125c6c3c2fd70d7de961bcf0e51575235fad/library/std/src/panicking.rs:657:13
[INFO] [stdout]   16:     0x5654be110476 - std::sys_common::backtrace::__rust_end_short_backtrace::hf3289479464f7dfe
[INFO] [stdout]                                at /rustc/0e09125c6c3c2fd70d7de961bcf0e51575235fad/library/std/src/sys_common/backtrace.rs:171:18
[INFO] [stdout]   17:     0x5654be111b90 - rust_begin_unwind
[INFO] [stdout]                                at /rustc/0e09125c6c3c2fd70d7de961bcf0e51575235fad/library/std/src/panicking.rs:645:5
[INFO] [stdout]   18:     0x5654bd995425 - core::panicking::panic_fmt::hcc9f77c5c132af55
[INFO] [stdout]                                at /rustc/0e09125c6c3c2fd70d7de961bcf0e51575235fad/library/core/src/panicking.rs:72:14
[INFO] [stdout]   19:     0x5654bd995a03 - core::result::unwrap_failed::hbe14f498be1452f9
[INFO] [stdout]                                at /rustc/0e09125c6c3c2fd70d7de961bcf0e51575235fad/library/core/src/result.rs:1649:5
[INFO] [stdout]   20:     0x5654bda42a40 - core::result::Result<T,E>::unwrap::hda6534d8d3cc87db
[INFO] [stdout]                                at /rustc/0e09125c6c3c2fd70d7de961bcf0e51575235fad/library/core/src/result.rs:1073:23
[INFO] [stdout]   21:     0x5654bd9d2b26 - gibbername::test::end2end::{{closure}}::h37eb5bbc5207b76d
[INFO] [stdout]                                at /opt/rustwide/workdir/src/lib.rs:320:26
[INFO] [stdout]   22:     0x5654bd9c1887 - <smolscale::WrappedFuture<T,F> as core::future::future::Future>::poll::h2c9acdb4a36fda9f
[INFO] [stdout]                                at /opt/rustwide/cargo-home/registry/src/index.crates.io-6f17d22bba15001f/smolscale-0.3.52/src/lib.rs:223:13
[INFO] [stdout]   23:     0x5654bd9e7ceb - <core::pin::Pin<P> as core::future::future::Future>::poll::hd8d9cb003dd85f9e
[INFO] [stdout]                                at /rustc/0e09125c6c3c2fd70d7de961bcf0e51575235fad/library/core/src/future/future.rs:124:9
[INFO] [stdout]   24:     0x5654bd9a4bb4 - async_task::raw::RawTask<F,T,S>::run::h9ad2ee9dd4fdd3d0
[INFO] [stdout]                                at /opt/rustwide/cargo-home/registry/src/index.crates.io-6f17d22bba15001f/async-task-4.3.0/src/raw.rs:511:20
[INFO] [stdout]   25:     0x5654bde48b5f - async_task::runnable::Runnable::run::h23f58898c3e45e8d
[INFO] [stdout]                                at /opt/rustwide/cargo-home/registry/src/index.crates.io-6f17d22bba15001f/async-task-4.3.0/src/runnable.rs:309:18
[INFO] [stdout]   26:     0x5654bdb9cc68 - smolscale::new_executor::run_local_queue::{{closure}}::habe6fcca7baaa32d
[INFO] [stdout]                                at /opt/rustwide/cargo-home/registry/src/index.crates.io-6f17d22bba15001f/smolscale-0.3.52/src/new_executor.rs:40:17
[INFO] [stdout]   27:     0x5654bdb8d75e - smolscale::monitor_loop::start_thread::{{closure}}::{{closure}}::h834779a64e93a843
[INFO] [stdout]                                at /opt/rustwide/cargo-home/registry/src/index.crates.io-6f17d22bba15001f/smolscale-0.3.52/src/lib.rs:102:57
[INFO] [stdout]   28:     0x5654bdb8b72c - async_io::driver::block_on::h1f5a20ce08cd620d
[INFO] [stdout]                                at /opt/rustwide/cargo-home/registry/src/index.crates.io-6f17d22bba15001f/async-io-1.12.0/src/driver.rs:146:33
[INFO] [stdout]   29:     0x5654bdb8d428 - smolscale::monitor_loop::start_thread::{{closure}}::h91ad36a5728f0244
[INFO] [stdout]                                at /opt/rustwide/cargo-home/registry/src/index.crates.io-6f17d22bba15001f/smolscale-0.3.52/src/lib.rs:106:21
[INFO] [stdout]   30:     0x5654bdba4e0a - std::sys_common::backtrace::__rust_begin_short_backtrace::h9c90b4eaee96d4f5
[INFO] [stdout]                                at /rustc/0e09125c6c3c2fd70d7de961bcf0e51575235fad/library/std/src/sys_common/backtrace.rs:155:18
[INFO] [stdout]   31:     0x5654bdb996ce - std::thread::Builder::spawn_unchecked_::{{closure}}::{{closure}}::ha7a21d01c01c85c9
[INFO] [stdout]                                at /rustc/0e09125c6c3c2fd70d7de961bcf0e51575235fad/library/std/src/thread/mod.rs:529:17
[INFO] [stdout]   32:     0x5654bdba47be - <core::panic::unwind_safe::AssertUnwindSafe<F> as core::ops::function::FnOnce<()>>::call_once::h27b3815bcc8badab
[INFO] [stdout]                                at /rustc/0e09125c6c3c2fd70d7de961bcf0e51575235fad/library/core/src/panic/unwind_safe.rs:272:9
[INFO] [stdout]   33:     0x5654bdba9104 - std::panicking::try::do_call::hcb695b9e23f9ad19
[INFO] [stdout]                                at /rustc/0e09125c6c3c2fd70d7de961bcf0e51575235fad/library/std/src/panicking.rs:552:40
[INFO] [stdout]   34:     0x5654bdbaaa5b - __rust_try
[INFO] [stdout]   35:     0x5654bdba8de0 - std::panicking::try::h5cbaf41e126650df
[INFO] [stdout]                                at /rustc/0e09125c6c3c2fd70d7de961bcf0e51575235fad/library/std/src/panicking.rs:516:19
[INFO] [stdout]   36:     0x5654bdb991af - std::panic::catch_unwind::h8192672c0b66b3c4
[INFO] [stdout]                                at /rustc/0e09125c6c3c2fd70d7de961bcf0e51575235fad/library/std/src/panic.rs:142:14
[INFO] [stdout]   37:     0x5654bdb991af - std::thread::Builder::spawn_unchecked_::{{closure}}::h8c977d454bb8c0b0
[INFO] [stdout]                                at /rustc/0e09125c6c3c2fd70d7de961bcf0e51575235fad/library/std/src/thread/mod.rs:528:30
[INFO] [stdout]   38:     0x5654bdb8f93f - core::ops::function::FnOnce::call_once{{vtable.shim}}::h6c4bbcabedc16ab1
[INFO] [stdout]                                at /rustc/0e09125c6c3c2fd70d7de961bcf0e51575235fad/library/core/src/ops/function.rs:250:5
[INFO] [stdout]   39:     0x5654be116d35 - <alloc::boxed::Box<F,A> as core::ops::function::FnOnce<Args>>::call_once::h5d7c8f150ab9c84c
[INFO] [stdout]                                at /rustc/0e09125c6c3c2fd70d7de961bcf0e51575235fad/library/alloc/src/boxed.rs:2015:9
[INFO] [stdout]   40:     0x5654be116d35 - <alloc::boxed::Box<F,A> as core::ops::function::FnOnce<Args>>::call_once::h570d5b005c242c15
[INFO] [stdout]                                at /rustc/0e09125c6c3c2fd70d7de961bcf0e51575235fad/library/alloc/src/boxed.rs:2015:9
[INFO] [stdout]   41:     0x5654be116d35 - std::sys::unix::thread::Thread::new::thread_start::h36b0a20c0b2361ad
[INFO] [stdout]                                at /rustc/0e09125c6c3c2fd70d7de961bcf0e51575235fad/library/std/src/sys/unix/thread.rs:108:17
[INFO] [stdout]   42:     0x7f0b4929aac3 - <unknown>
[INFO] [stdout]   43:     0x7f0b4932bbf4 - __clone
[INFO] [stdout]   44:                0x0 - <unknown>
[INFO] [stdout] thread 'test::end2end' panicked at /opt/rustwide/cargo-home/registry/src/index.crates.io-6f17d22bba15001f/async-task-4.3.0/src/task.rs:426:45:
[INFO] [stdout] task has failed
[INFO] [stdout] stack backtrace:
[INFO] [stdout]    0:     0x5654be10ff76 - std::backtrace_rs::backtrace::libunwind::trace::h261606ad26a499c1
[INFO] [stdout]                                at /rustc/0e09125c6c3c2fd70d7de961bcf0e51575235fad/library/std/src/../../backtrace/src/backtrace/libunwind.rs:104:5
[INFO] [stdout]    1:     0x5654be10ff76 - std::backtrace_rs::backtrace::trace_unsynchronized::hd183f0625477fb28
[INFO] [stdout]                                at /rustc/0e09125c6c3c2fd70d7de961bcf0e51575235fad/library/std/src/../../backtrace/src/backtrace/mod.rs:66:5
[INFO] [stdout]    2:     0x5654be10ff76 - std::sys_common::backtrace::_print_fmt::hd7f8fef21b4eda67
[INFO] [stdout]                                at /rustc/0e09125c6c3c2fd70d7de961bcf0e51575235fad/library/std/src/sys_common/backtrace.rs:68:5
[INFO] [stdout]    3:     0x5654be10ff76 - <std::sys_common::backtrace::_print::DisplayBacktrace as core::fmt::Display>::fmt::h623d9b51f2f453f1
[INFO] [stdout]                                at /rustc/0e09125c6c3c2fd70d7de961bcf0e51575235fad/library/std/src/sys_common/backtrace.rs:44:22
[INFO] [stdout]    4:     0x5654be13be10 - core::fmt::rt::Argument::fmt::h9f417ac76a86f368
[INFO] [stdout]                                at /rustc/0e09125c6c3c2fd70d7de961bcf0e51575235fad/library/core/src/fmt/rt.rs:142:9
[INFO] [stdout]    5:     0x5654be13be10 - core::fmt::write::hc9b6faf4ac2aeff7
[INFO] [stdout]                                at /rustc/0e09125c6c3c2fd70d7de961bcf0e51575235fad/library/core/src/fmt/mod.rs:1120:17
[INFO] [stdout]    6:     0x5654be10d15f - std::io::Write::write_fmt::he04625a3a989fec3
[INFO] [stdout]                                at /rustc/0e09125c6c3c2fd70d7de961bcf0e51575235fad/library/std/src/io/mod.rs:1810:15
[INFO] [stdout]    7:     0x5654be10fd54 - std::sys_common::backtrace::_print::hd5d66399c7df88a2
[INFO] [stdout]                                at /rustc/0e09125c6c3c2fd70d7de961bcf0e51575235fad/library/std/src/sys_common/backtrace.rs:47:5
[INFO] [stdout]    8:     0x5654be10fd54 - std::sys_common::backtrace::print::he81ed2da642d37e5
[INFO] [stdout]                                at /rustc/0e09125c6c3c2fd70d7de961bcf0e51575235fad/library/std/src/sys_common/backtrace.rs:34:9
[INFO] [stdout]    9:     0x5654be111ac7 - std::panicking::default_hook::{{closure}}::h85773f4fa117163d
[INFO] [stdout]   10:     0x5654be1117ad - std::panicking::default_hook::h6a1694a91d09b278
[INFO] [stdout]                                at /rustc/0e09125c6c3c2fd70d7de961bcf0e51575235fad/library/std/src/panicking.rs:289:9
[INFO] [stdout]   11:     0x5654bdee4ba7 - <alloc::boxed::Box<F,A> as core::ops::function::Fn<Args>>::call::h616ac37fa3cd6c8f
[INFO] [stdout]                                at /rustc/0e09125c6c3c2fd70d7de961bcf0e51575235fad/library/alloc/src/boxed.rs:2029:9
[INFO] [stdout]   12:     0x5654bdee4ba7 - test::test_main::{{closure}}::h00d84697cefdcbb6
[INFO] [stdout]                                at /rustc/0e09125c6c3c2fd70d7de961bcf0e51575235fad/library/test/src/lib.rs:138:21
[INFO] [stdout]   13:     0x5654be1120e6 - <alloc::boxed::Box<F,A> as core::ops::function::Fn<Args>>::call::hcb3fe3b9bb537ba8
[INFO] [stdout]                                at /rustc/0e09125c6c3c2fd70d7de961bcf0e51575235fad/library/alloc/src/boxed.rs:2029:9
[INFO] [stdout]   14:     0x5654be1120e6 - std::panicking::rust_panic_with_hook::h0a7ad96e90f7145b
[INFO] [stdout]                                at /rustc/0e09125c6c3c2fd70d7de961bcf0e51575235fad/library/std/src/panicking.rs:783:13
[INFO] [stdout]   15:     0x5654be111e32 - std::panicking::begin_panic_handler::{{closure}}::h7919090525c6485e
[INFO] [stdout]                                at /rustc/0e09125c6c3c2fd70d7de961bcf0e51575235fad/library/std/src/panicking.rs:657:13
[INFO] [stdout]   16:     0x5654be110476 - std::sys_common::backtrace::__rust_end_short_backtrace::hf3289479464f7dfe
[INFO] [stdout]                                at /rustc/0e09125c6c3c2fd70d7de961bcf0e51575235fad/library/std/src/sys_common/backtrace.rs:171:18
[INFO] [stdout]   17:     0x5654be111b90 - rust_begin_unwind
[INFO] [stdout]                                at /rustc/0e09125c6c3c2fd70d7de961bcf0e51575235fad/library/std/src/panicking.rs:645:5
[INFO] [stdout]   18:     0x5654bd995425 - core::panicking::panic_fmt::hcc9f77c5c132af55
[INFO] [stdout]                                at /rustc/0e09125c6c3c2fd70d7de961bcf0e51575235fad/library/core/src/panicking.rs:72:14
[INFO] [stdout]   19:     0x5654bd9953e3 - core::panicking::panic_display::h0204da5f51c86759
[INFO] [stdout]                                at /rustc/0e09125c6c3c2fd70d7de961bcf0e51575235fad/library/core/src/panicking.rs:196:5
[INFO] [stdout]   20:     0x5654bd9953e3 - core::panicking::panic_str::h384c8d5de2012701
[INFO] [stdout]                                at /rustc/0e09125c6c3c2fd70d7de961bcf0e51575235fad/library/core/src/panicking.rs:171:5
[INFO] [stdout]   21:     0x5654bd9953e3 - core::option::expect_failed::h6b23844cf3a4e381
[INFO] [stdout]                                at /rustc/0e09125c6c3c2fd70d7de961bcf0e51575235fad/library/core/src/option.rs:1980:5
[INFO] [stdout]   22:     0x5654bda038dd - core::option::Option<T>::expect::h6fa599544686a31c
[INFO] [stdout]                                at /rustc/0e09125c6c3c2fd70d7de961bcf0e51575235fad/library/core/src/option.rs:894:21
[INFO] [stdout]   23:     0x5654bd9ca5cd - <async_task::task::Task<T> as core::future::future::Future>::poll::h60ae8f4205e78a36
[INFO] [stdout]                                at /opt/rustwide/cargo-home/registry/src/index.crates.io-6f17d22bba15001f/async-task-4.3.0/src/task.rs:426:43
[INFO] [stdout]   24:     0x5654bd9d65ac - futures_lite::future::block_on::{{closure}}::hfce470ad9856d158
[INFO] [stdout]                                at /opt/rustwide/cargo-home/registry/src/index.crates.io-6f17d22bba15001f/futures-lite-1.12.0/src/future.rs:89:27
[INFO] [stdout]   25:     0x5654bda39027 - std::thread::local::LocalKey<T>::try_with::hedceb9da704740b7
[INFO] [stdout]                                at /rustc/0e09125c6c3c2fd70d7de961bcf0e51575235fad/library/std/src/thread/local.rs:270:16
[INFO] [stdout]   26:     0x5654bda385a3 - std::thread::local::LocalKey<T>::with::h84be736ebaf8261e
[INFO] [stdout]                                at /rustc/0e09125c6c3c2fd70d7de961bcf0e51575235fad/library/std/src/thread/local.rs:246:9
[INFO] [stdout]   27:     0x5654bd9d5fe1 - futures_lite::future::block_on::h27d2777214c44e74
[INFO] [stdout]                                at /opt/rustwide/cargo-home/registry/src/index.crates.io-6f17d22bba15001f/futures-lite-1.12.0/src/future.rs:79:5
[INFO] [stdout]   28:     0x5654bd9c425e - smolscale::block_on::h9c0e1f145498a371
[INFO] [stdout]                                at /opt/rustwide/cargo-home/registry/src/index.crates.io-6f17d22bba15001f/smolscale-0.3.52/src/lib.rs:158:5
[INFO] [stdout]   29:     0x5654bd9d27af - gibbername::test::end2end::hf0f4f21b937df71f
[INFO] [stdout]                                at /opt/rustwide/workdir/src/lib.rs:319:9
[INFO] [stdout]   30:     0x5654bd9d2777 - gibbername::test::end2end::{{closure}}::h7c5a54ed916179ff
[INFO] [stdout]                                at /opt/rustwide/workdir/src/lib.rs:317:21
[INFO] [stdout]   31:     0x5654bd9aea66 - core::ops::function::FnOnce::call_once::hf6f535df0dd277bf
[INFO] [stdout]                                at /rustc/0e09125c6c3c2fd70d7de961bcf0e51575235fad/library/core/src/ops/function.rs:250:5
[INFO] [stdout]   32:     0x5654bdeea47f - core::ops::function::FnOnce::call_once::hd64d26f405258157
[INFO] [stdout]                                at /rustc/0e09125c6c3c2fd70d7de961bcf0e51575235fad/library/core/src/ops/function.rs:250:5
[INFO] [stdout]   33:     0x5654bdeea47f - test::__rust_begin_short_backtrace::he21b0b7a6d731bf9
[INFO] [stdout]                                at /rustc/0e09125c6c3c2fd70d7de961bcf0e51575235fad/library/test/src/lib.rs:627:18
[INFO] [stdout]   34:     0x5654bdee9201 - test::run_test_in_process::{{closure}}::hf5c73986d7bdfde2
[INFO] [stdout]                                at /rustc/0e09125c6c3c2fd70d7de961bcf0e51575235fad/library/test/src/lib.rs:650:60
[INFO] [stdout]   35:     0x5654bdee9201 - <core::panic::unwind_safe::AssertUnwindSafe<F> as core::ops::function::FnOnce<()>>::call_once::h330011ad032aadc0
[INFO] [stdout]                                at /rustc/0e09125c6c3c2fd70d7de961bcf0e51575235fad/library/core/src/panic/unwind_safe.rs:272:9
[INFO] [stdout]   36:     0x5654bdee9201 - std::panicking::try::do_call::he61b0a958b795a41
[INFO] [stdout]                                at /rustc/0e09125c6c3c2fd70d7de961bcf0e51575235fad/library/std/src/panicking.rs:552:40
[INFO] [stdout]   37:     0x5654bdee9201 - std::panicking::try::h7309da130f906eb7
[INFO] [stdout]                                at /rustc/0e09125c6c3c2fd70d7de961bcf0e51575235fad/library/std/src/panicking.rs:516:19
[INFO] [stdout]   38:     0x5654bdee9201 - std::panic::catch_unwind::hc5c3a06fdaf0a92a
[INFO] [stdout]                                at /rustc/0e09125c6c3c2fd70d7de961bcf0e51575235fad/library/std/src/panic.rs:142:14
[INFO] [stdout]   39:     0x5654bdee9201 - test::run_test_in_process::h7e7b7c71c3324e0f
[INFO] [stdout]                                at /rustc/0e09125c6c3c2fd70d7de961bcf0e51575235fad/library/test/src/lib.rs:650:27
[INFO] [stdout]   40:     0x5654bdee9201 - test::run_test::{{closure}}::h1f509f28f5cf20b1
[INFO] [stdout]                                at /rustc/0e09125c6c3c2fd70d7de961bcf0e51575235fad/library/test/src/lib.rs:573:43
[INFO] [stdout]   41:     0x5654bdeb0536 - test::run_test::{{closure}}::h1754218abf443f6d
[INFO] [stdout]                                at /rustc/0e09125c6c3c2fd70d7de961bcf0e51575235fad/library/test/src/lib.rs:601:41
[INFO] [stdout]   42:     0x5654bdeb0536 - std::sys_common::backtrace::__rust_begin_short_backtrace::h2ee174b9d5954948
[INFO] [stdout]                                at /rustc/0e09125c6c3c2fd70d7de961bcf0e51575235fad/library/std/src/sys_common/backtrace.rs:155:18
[INFO] [stdout]   43:     0x5654bdeb5597 - std::thread::Builder::spawn_unchecked_::{{closure}}::{{closure}}::hf60bee9c1a17ef09
[INFO] [stdout]                                at /rustc/0e09125c6c3c2fd70d7de961bcf0e51575235fad/library/std/src/thread/mod.rs:529:17
[INFO] [stdout]   44:     0x5654bdeb5597 - <core::panic::unwind_safe::AssertUnwindSafe<F> as core::ops::function::FnOnce<()>>::call_once::h33d0dddec5216160
[INFO] [stdout]                                at /rustc/0e09125c6c3c2fd70d7de961bcf0e51575235fad/library/core/src/panic/unwind_safe.rs:272:9
[INFO] [stdout]   45:     0x5654bdeb5597 - std::panicking::try::do_call::h144b3048b546f835
[INFO] [stdout]                                at /rustc/0e09125c6c3c2fd70d7de961bcf0e51575235fad/library/std/src/panicking.rs:552:40
[INFO] [stdout]   46:     0x5654bdeb5597 - std::panicking::try::h978244d04646189f
[INFO] [stdout]                                at /rustc/0e09125c6c3c2fd70d7de961bcf0e51575235fad/library/std/src/panicking.rs:516:19
[INFO] [stdout]   47:     0x5654bdeb5597 - std::panic::catch_unwind::hdf436369d188fe86
[INFO] [stdout]                                at /rustc/0e09125c6c3c2fd70d7de961bcf0e51575235fad/library/std/src/panic.rs:142:14
[INFO] [stdout]   48:     0x5654bdeb5597 - std::thread::Builder::spawn_unchecked_::{{closure}}::h87329cbdd33c79ec
[INFO] [stdout]                                at /rustc/0e09125c6c3c2fd70d7de961bcf0e51575235fad/library/std/src/thread/mod.rs:528:30
[INFO] [stdout]   49:     0x5654bdeb5597 - core::ops::function::FnOnce::call_once{{vtable.shim}}::h401abbe67897d450
[INFO] [stdout]                                at /rustc/0e09125c6c3c2fd70d7de961bcf0e51575235fad/library/core/src/ops/function.rs:250:5
[INFO] [stdout]   50:     0x5654be116d35 - <alloc::boxed::Box<F,A> as core::ops::function::FnOnce<Args>>::call_once::h5d7c8f150ab9c84c
[INFO] [stdout]                                at /rustc/0e09125c6c3c2fd70d7de961bcf0e51575235fad/library/alloc/src/boxed.rs:2015:9
[INFO] [stdout]   51:     0x5654be116d35 - <alloc::boxed::Box<F,A> as core::ops::function::FnOnce<Args>>::call_once::h570d5b005c242c15
[INFO] [stdout]                                at /rustc/0e09125c6c3c2fd70d7de961bcf0e51575235fad/library/alloc/src/boxed.rs:2015:9
[INFO] [stdout]   52:     0x5654be116d35 - std::sys::unix::thread::Thread::new::thread_start::h36b0a20c0b2361ad
[INFO] [stdout]                                at /rustc/0e09125c6c3c2fd70d7de961bcf0e51575235fad/library/std/src/sys/unix/thread.rs:108:17
[INFO] [stdout]   53:     0x7f0b4929aac3 - <unknown>
[INFO] [stdout]   54:     0x7f0b4932bbf4 - __clone
[INFO] [stdout]   55:                0x0 - <unknown>
[INFO] [stdout] 
[INFO] [stdout] 
[INFO] [stdout] failures:
[INFO] [stdout]     test::end2end
[INFO] [stdout]     test::gets_owner
[INFO] [stdout] 
[INFO] [stdout] test result: FAILED. 3 passed; 2 failed; 0 ignored; 0 measured; 0 filtered out; finished in 0.04s
[INFO] [stdout] 
[INFO] [stderr] error: test failed, to rerun pass `--lib`
[INFO] running `Command { std: "docker" "inspect" "a3fd7eff62b768ba9b01ef9ceea70162db6d54cebc658f0e50cd9ca9eecd1a6c", kill_on_drop: false }`
[INFO] running `Command { std: "docker" "rm" "-f" "a3fd7eff62b768ba9b01ef9ceea70162db6d54cebc658f0e50cd9ca9eecd1a6c", kill_on_drop: false }`
[INFO] [stdout] a3fd7eff62b768ba9b01ef9ceea70162db6d54cebc658f0e50cd9ca9eecd1a6c
