[INFO] cloning repository https://github.com/megrogan/AdventOfCode2020
[INFO] running `Command { std: "git" "-c" "credential.helper=" "-c" "credential.helper=/workspace/cargo-home/bin/git-credential-null" "clone" "--bare" "https://github.com/megrogan/AdventOfCode2020" "/workspace/cache/git-repos/https%3A%2F%2Fgithub.com%2Fmegrogan%2FAdventOfCode2020", kill_on_drop: false }`
[INFO] [stderr] Cloning into bare repository '/workspace/cache/git-repos/https%3A%2F%2Fgithub.com%2Fmegrogan%2FAdventOfCode2020'...
[INFO] running `Command { std: "git" "rev-parse" "HEAD", kill_on_drop: false }`
[INFO] [stdout] 69c4d15b5fdd34eb116e60f1c68d713ae01ca374
[INFO] testing megrogan/AdventOfCode2020 against 1.75.0 for beta-1.76-1
[INFO] running `Command { std: "git" "clone" "/workspace/cache/git-repos/https%3A%2F%2Fgithub.com%2Fmegrogan%2FAdventOfCode2020" "/workspace/builds/worker-3-tc1/source", kill_on_drop: false }`
[INFO] [stderr] Cloning into '/workspace/builds/worker-3-tc1/source'...
[INFO] [stderr] done.
[INFO] validating manifest of git repo https://github.com/megrogan/AdventOfCode2020 on toolchain 1.75.0
[INFO] running `Command { std: CARGO_HOME="/workspace/cargo-home" RUSTUP_HOME="/workspace/rustup-home" "/workspace/cargo-home/bin/cargo" "+1.75.0" "metadata" "--manifest-path" "Cargo.toml" "--no-deps", kill_on_drop: false }`
[INFO] started tweaking git repo https://github.com/megrogan/AdventOfCode2020
[INFO] finished tweaking git repo https://github.com/megrogan/AdventOfCode2020
[INFO] tweaked toml for git repo https://github.com/megrogan/AdventOfCode2020 written to /workspace/builds/worker-3-tc1/source/Cargo.toml
[INFO] crate git repo https://github.com/megrogan/AdventOfCode2020 already has a lockfile, it will not be regenerated
[INFO] running `Command { std: CARGO_HOME="/workspace/cargo-home" RUSTUP_HOME="/workspace/rustup-home" "/workspace/cargo-home/bin/cargo" "+1.75.0" "fetch" "--manifest-path" "Cargo.toml", kill_on_drop: false }`
[INFO] [stderr]     Updating crates.io index
[INFO] [stderr]  Downloading crates ...
[INFO] [stderr]   Downloaded single v1.0.0
[INFO] running `Command { std: "docker" "create" "-v" "/var/lib/crater-agent-workspace/builds/worker-3-tc1/target:/opt/rustwide/target:rw,Z" "-v" "/var/lib/crater-agent-workspace/builds/worker-3-tc1/source:/opt/rustwide/workdir:ro,Z" "-v" "/var/lib/crater-agent-workspace/cargo-home:/opt/rustwide/cargo-home:ro,Z" "-v" "/var/lib/crater-agent-workspace/rustup-home:/opt/rustwide/rustup-home:ro,Z" "-e" "SOURCE_DIR=/opt/rustwide/workdir" "-e" "CARGO_TARGET_DIR=/opt/rustwide/target" "-e" "CARGO_HOME=/opt/rustwide/cargo-home" "-e" "RUSTUP_HOME=/opt/rustwide/rustup-home" "-w" "/opt/rustwide/workdir" "-m" "1610612736" "--user" "0:0" "--network" "none" "ghcr.io/rust-lang/crates-build-env/linux@sha256:2788e3201cd34a07e3172128adcd8b3090168a8e3bcc40d7c032b9dda1df7d1c" "/opt/rustwide/cargo-home/bin/cargo" "+1.75.0" "metadata" "--no-deps" "--format-version=1", kill_on_drop: false }`
[INFO] [stdout] 62661cad7a814bbaf62ffd3ada03b3fde11e84acf23304496d8ce1a499f72b61
[INFO] running `Command { std: "docker" "start" "-a" "62661cad7a814bbaf62ffd3ada03b3fde11e84acf23304496d8ce1a499f72b61", kill_on_drop: false }`
[INFO] running `Command { std: "docker" "inspect" "62661cad7a814bbaf62ffd3ada03b3fde11e84acf23304496d8ce1a499f72b61", kill_on_drop: false }`
[INFO] running `Command { std: "docker" "rm" "-f" "62661cad7a814bbaf62ffd3ada03b3fde11e84acf23304496d8ce1a499f72b61", kill_on_drop: false }`
[INFO] [stdout] 62661cad7a814bbaf62ffd3ada03b3fde11e84acf23304496d8ce1a499f72b61
[INFO] running `Command { std: "docker" "create" "-v" "/var/lib/crater-agent-workspace/builds/worker-3-tc1/target:/opt/rustwide/target:rw,Z" "-v" "/var/lib/crater-agent-workspace/builds/worker-3-tc1/source:/opt/rustwide/workdir:ro,Z" "-v" "/var/lib/crater-agent-workspace/cargo-home:/opt/rustwide/cargo-home:ro,Z" "-v" "/var/lib/crater-agent-workspace/rustup-home:/opt/rustwide/rustup-home:ro,Z" "-e" "SOURCE_DIR=/opt/rustwide/workdir" "-e" "CARGO_TARGET_DIR=/opt/rustwide/target" "-e" "CARGO_INCREMENTAL=0" "-e" "RUST_BACKTRACE=full" "-e" "RUSTFLAGS=--cap-lints=warn" "-e" "RUSTDOCFLAGS=--cap-lints=warn" "-e" "CARGO_HOME=/opt/rustwide/cargo-home" "-e" "RUSTUP_HOME=/opt/rustwide/rustup-home" "-w" "/opt/rustwide/workdir" "-m" "1610612736" "--user" "0:0" "--network" "none" "ghcr.io/rust-lang/crates-build-env/linux@sha256:2788e3201cd34a07e3172128adcd8b3090168a8e3bcc40d7c032b9dda1df7d1c" "/opt/rustwide/cargo-home/bin/cargo" "+1.75.0" "build" "--frozen" "--message-format=json", kill_on_drop: false }`
[INFO] [stdout] 22319def46022e71779b54de0479cab3346098c19ff8bde5b9a3d89381dfc691
[INFO] running `Command { std: "docker" "start" "-a" "22319def46022e71779b54de0479cab3346098c19ff8bde5b9a3d89381dfc691", kill_on_drop: false }`
[INFO] [stderr]    Compiling proc-macro2 v1.0.24
[INFO] [stderr]    Compiling unicode-xid v0.2.1
[INFO] [stderr]    Compiling libc v0.2.80
[INFO] [stderr]    Compiling syn v1.0.53
[INFO] [stderr]    Compiling autocfg v1.0.1
[INFO] [stderr]    Compiling memchr v2.3.4
[INFO] [stderr]    Compiling failure_derive v0.1.8
[INFO] [stderr]    Compiling adler v0.2.3
[INFO] [stderr]    Compiling gimli v0.23.0
[INFO] [stderr]    Compiling rustc-demangle v0.1.18
[INFO] [stderr]    Compiling log v0.4.11
[INFO] [stderr]    Compiling lazy_static v1.4.0
[INFO] [stderr]    Compiling object v0.22.0
[INFO] [stderr]    Compiling cfg-if v1.0.0
[INFO] [stderr]    Compiling regex-syntax v0.6.21
[INFO] [stderr]    Compiling cfg-if v0.1.10
[INFO] [stderr]    Compiling termcolor v1.1.2
[INFO] [stderr]    Compiling either v1.6.1
[INFO] [stderr]    Compiling thread_local v1.0.1
[INFO] [stderr]    Compiling humantime v2.0.1
[INFO] [stderr]    Compiling itertools v0.7.11
[INFO] [stderr]    Compiling bimap v0.5.3
[INFO] [stderr]    Compiling miniz_oxide v0.4.3
[INFO] [stderr]    Compiling aho-corasick v0.7.15
[INFO] [stderr]    Compiling quote v1.0.7
[INFO] [stderr]    Compiling atty v0.2.14
[INFO] [stderr]    Compiling addr2line v0.14.0
[INFO] [stderr]    Compiling backtrace v0.3.55
[INFO] [stderr]    Compiling regex v1.4.2
[INFO] [stderr]    Compiling synstructure v0.12.4
[INFO] [stderr]    Compiling env_logger v0.8.2
[INFO] [stderr]    Compiling failure v0.1.8
[INFO] [stderr]    Compiling single v1.0.0
[INFO] [stderr]    Compiling aoc v0.1.0 (/opt/rustwide/workdir)
[INFO] [stdout] warning: variable does not need to be mutable
[INFO] [stdout]    --> src/day08.rs:136:17
[INFO] [stdout]     |
[INFO] [stdout] 136 |             let mut instruction = &mut self.instructions[self.counter as usize];
[INFO] [stdout]     |                 ----^^^^^^^^^^^
[INFO] [stdout]     |                 |
[INFO] [stdout]     |                 help: remove this `mut`
[INFO] [stdout]     |
[INFO] [stdout]     = note: `#[warn(unused_mut)]` on by default
[INFO] [stdout] 
[INFO] [stdout] 
[INFO] [stdout] warning: field `origin` is never read
[INFO] [stdout]   --> src/day17.rs:62:9
[INFO] [stdout]    |
[INFO] [stdout] 61 |     pub struct Space {
[INFO] [stdout]    |                ----- field in this struct
[INFO] [stdout] 62 |         origin: Point,
[INFO] [stdout]    |         ^^^^^^
[INFO] [stdout]    |
[INFO] [stdout]    = note: `Space` has a derived impl for the trait `Debug`, but this is intentionally ignored during dead code analysis
[INFO] [stdout]    = note: `#[warn(dead_code)]` on by default
[INFO] [stdout] 
[INFO] [stdout] 
[INFO] [stdout] warning: field `origin` is never read
[INFO] [stdout]    --> src/day17.rs:185:9
[INFO] [stdout]     |
[INFO] [stdout] 184 |     pub struct Space {
[INFO] [stdout]     |                ----- field in this struct
[INFO] [stdout] 185 |         origin: Point,
[INFO] [stdout]     |         ^^^^^^
[INFO] [stdout]     |
[INFO] [stdout]     = note: `Space` has a derived impl for the trait `Debug`, but this is intentionally ignored during dead code analysis
[INFO] [stdout] 
[INFO] [stdout] 
[INFO] [stdout] warning: fields `tile_id` and `edge` are never read
[INFO] [stdout]   --> src/day20.rs:77:9
[INFO] [stdout]    |
[INFO] [stdout] 76 |     pub struct Neighbour {
[INFO] [stdout]    |                --------- fields in this struct
[INFO] [stdout] 77 |         tile_id: usize,
[INFO] [stdout]    |         ^^^^^^^
[INFO] [stdout] 78 |         edge: u32, // 0-7 4 edges * 2 flips
[INFO] [stdout]    |         ^^^^
[INFO] [stdout]    |
[INFO] [stdout]    = note: `Neighbour` has a derived impl for the trait `Debug`, but this is intentionally ignored during dead code analysis
[INFO] [stdout] 
[INFO] [stdout] 
[INFO] [stdout] warning: field `image` is never read
[INFO] [stdout]   --> src/day20.rs:93:9
[INFO] [stdout]    |
[INFO] [stdout] 91 |     pub struct Tile {
[INFO] [stdout]    |                ---- field in this struct
[INFO] [stdout] 92 |         id: usize,
[INFO] [stdout] 93 |         image: Vec<Vec<bool>>,
[INFO] [stdout]    |         ^^^^^
[INFO] [stdout]    |
[INFO] [stdout]    = note: `Tile` has a derived impl for the trait `Debug`, but this is intentionally ignored during dead code analysis
[INFO] [stdout] 
[INFO] [stdout] 
[INFO] [stdout] warning: methods `print_edges`, `print_title`, and `print_row` are never used
[INFO] [stdout]    --> src/day20.rs:164:16
[INFO] [stdout]     |
[INFO] [stdout] 97  |     impl Tile {
[INFO] [stdout]     |     --------- methods in this implementation
[INFO] [stdout] ...
[INFO] [stdout] 164 |         pub fn print_edges(&self) {
[INFO] [stdout]     |                ^^^^^^^^^^^
[INFO] [stdout] ...
[INFO] [stdout] 168 |         pub fn print_title(&self) {
[INFO] [stdout]     |                ^^^^^^^^^^^
[INFO] [stdout] ...
[INFO] [stdout] 172 |         fn print_row(&self, r: usize) {
[INFO] [stdout]     |            ^^^^^^^^^
[INFO] [stdout] 
[INFO] [stdout] 
[INFO] [stdout] warning: 6 warnings emitted
[INFO] [stdout] 
[INFO] [stdout] 
[INFO] [stderr]     Finished dev [unoptimized + debuginfo] target(s) in 5.85s
[INFO] running `Command { std: "docker" "inspect" "22319def46022e71779b54de0479cab3346098c19ff8bde5b9a3d89381dfc691", kill_on_drop: false }`
[INFO] running `Command { std: "docker" "rm" "-f" "22319def46022e71779b54de0479cab3346098c19ff8bde5b9a3d89381dfc691", kill_on_drop: false }`
[INFO] [stdout] 22319def46022e71779b54de0479cab3346098c19ff8bde5b9a3d89381dfc691
[INFO] running `Command { std: "docker" "create" "-v" "/var/lib/crater-agent-workspace/builds/worker-3-tc1/target:/opt/rustwide/target:rw,Z" "-v" "/var/lib/crater-agent-workspace/builds/worker-3-tc1/source:/opt/rustwide/workdir:ro,Z" "-v" "/var/lib/crater-agent-workspace/cargo-home:/opt/rustwide/cargo-home:ro,Z" "-v" "/var/lib/crater-agent-workspace/rustup-home:/opt/rustwide/rustup-home:ro,Z" "-e" "SOURCE_DIR=/opt/rustwide/workdir" "-e" "CARGO_TARGET_DIR=/opt/rustwide/target" "-e" "CARGO_INCREMENTAL=0" "-e" "RUST_BACKTRACE=full" "-e" "RUSTFLAGS=--cap-lints=warn" "-e" "RUSTDOCFLAGS=--cap-lints=warn" "-e" "CARGO_HOME=/opt/rustwide/cargo-home" "-e" "RUSTUP_HOME=/opt/rustwide/rustup-home" "-w" "/opt/rustwide/workdir" "-m" "1610612736" "--user" "0:0" "--network" "none" "ghcr.io/rust-lang/crates-build-env/linux@sha256:2788e3201cd34a07e3172128adcd8b3090168a8e3bcc40d7c032b9dda1df7d1c" "/opt/rustwide/cargo-home/bin/cargo" "+1.75.0" "test" "--frozen" "--no-run" "--message-format=json", kill_on_drop: false }`
[INFO] [stdout] 9e3c35e50e88047525e90fa84db72c8c6ff72baa0bde47407e04ab617dfa32a3
[INFO] running `Command { std: "docker" "start" "-a" "9e3c35e50e88047525e90fa84db72c8c6ff72baa0bde47407e04ab617dfa32a3", kill_on_drop: false }`
[INFO] [stderr]    Compiling aoc v0.1.0 (/opt/rustwide/workdir)
[INFO] [stdout] warning: variable does not need to be mutable
[INFO] [stdout]    --> src/day08.rs:136:17
[INFO] [stdout]     |
[INFO] [stdout] 136 |             let mut instruction = &mut self.instructions[self.counter as usize];
[INFO] [stdout]     |                 ----^^^^^^^^^^^
[INFO] [stdout]     |                 |
[INFO] [stdout]     |                 help: remove this `mut`
[INFO] [stdout]     |
[INFO] [stdout]     = note: `#[warn(unused_mut)]` on by default
[INFO] [stdout] 
[INFO] [stdout] 
[INFO] [stdout] warning: field `origin` is never read
[INFO] [stdout]   --> src/day17.rs:62:9
[INFO] [stdout]    |
[INFO] [stdout] 61 |     pub struct Space {
[INFO] [stdout]    |                ----- field in this struct
[INFO] [stdout] 62 |         origin: Point,
[INFO] [stdout]    |         ^^^^^^
[INFO] [stdout]    |
[INFO] [stdout]    = note: `Space` has a derived impl for the trait `Debug`, but this is intentionally ignored during dead code analysis
[INFO] [stdout]    = note: `#[warn(dead_code)]` on by default
[INFO] [stdout] 
[INFO] [stdout] 
[INFO] [stdout] warning: field `origin` is never read
[INFO] [stdout]    --> src/day17.rs:185:9
[INFO] [stdout]     |
[INFO] [stdout] 184 |     pub struct Space {
[INFO] [stdout]     |                ----- field in this struct
[INFO] [stdout] 185 |         origin: Point,
[INFO] [stdout]     |         ^^^^^^
[INFO] [stdout]     |
[INFO] [stdout]     = note: `Space` has a derived impl for the trait `Debug`, but this is intentionally ignored during dead code analysis
[INFO] [stdout] 
[INFO] [stdout] 
[INFO] [stdout] warning: fields `tile_id` and `edge` are never read
[INFO] [stdout]   --> src/day20.rs:77:9
[INFO] [stdout]    |
[INFO] [stdout] 76 |     pub struct Neighbour {
[INFO] [stdout]    |                --------- fields in this struct
[INFO] [stdout] 77 |         tile_id: usize,
[INFO] [stdout]    |         ^^^^^^^
[INFO] [stdout] 78 |         edge: u32, // 0-7 4 edges * 2 flips
[INFO] [stdout]    |         ^^^^
[INFO] [stdout]    |
[INFO] [stdout]    = note: `Neighbour` has a derived impl for the trait `Debug`, but this is intentionally ignored during dead code analysis
[INFO] [stdout] 
[INFO] [stdout] 
[INFO] [stdout] warning: field `image` is never read
[INFO] [stdout]   --> src/day20.rs:93:9
[INFO] [stdout]    |
[INFO] [stdout] 91 |     pub struct Tile {
[INFO] [stdout]    |                ---- field in this struct
[INFO] [stdout] 92 |         id: usize,
[INFO] [stdout] 93 |         image: Vec<Vec<bool>>,
[INFO] [stdout]    |         ^^^^^
[INFO] [stdout]    |
[INFO] [stdout]    = note: `Tile` has a derived impl for the trait `Debug`, but this is intentionally ignored during dead code analysis
[INFO] [stdout] 
[INFO] [stdout] 
[INFO] [stdout] warning: methods `print_edges`, `print_title`, and `print_row` are never used
[INFO] [stdout]    --> src/day20.rs:164:16
[INFO] [stdout]     |
[INFO] [stdout] 97  |     impl Tile {
[INFO] [stdout]     |     --------- methods in this implementation
[INFO] [stdout] ...
[INFO] [stdout] 164 |         pub fn print_edges(&self) {
[INFO] [stdout]     |                ^^^^^^^^^^^
[INFO] [stdout] ...
[INFO] [stdout] 168 |         pub fn print_title(&self) {
[INFO] [stdout]     |                ^^^^^^^^^^^
[INFO] [stdout] ...
[INFO] [stdout] 172 |         fn print_row(&self, r: usize) {
[INFO] [stdout]     |            ^^^^^^^^^
[INFO] [stdout] 
[INFO] [stdout] 
[INFO] [stdout] warning: 6 warnings emitted
[INFO] [stdout] 
[INFO] [stdout] 
[INFO] [stderr]     Finished test [unoptimized + debuginfo] target(s) in 1.04s
[INFO] running `Command { std: "docker" "inspect" "9e3c35e50e88047525e90fa84db72c8c6ff72baa0bde47407e04ab617dfa32a3", kill_on_drop: false }`
[INFO] running `Command { std: "docker" "rm" "-f" "9e3c35e50e88047525e90fa84db72c8c6ff72baa0bde47407e04ab617dfa32a3", kill_on_drop: false }`
[INFO] [stdout] 9e3c35e50e88047525e90fa84db72c8c6ff72baa0bde47407e04ab617dfa32a3
[INFO] running `Command { std: "docker" "create" "-v" "/var/lib/crater-agent-workspace/builds/worker-3-tc1/target:/opt/rustwide/target:rw,Z" "-v" "/var/lib/crater-agent-workspace/builds/worker-3-tc1/source:/opt/rustwide/workdir:ro,Z" "-v" "/var/lib/crater-agent-workspace/cargo-home:/opt/rustwide/cargo-home:ro,Z" "-v" "/var/lib/crater-agent-workspace/rustup-home:/opt/rustwide/rustup-home:ro,Z" "-e" "SOURCE_DIR=/opt/rustwide/workdir" "-e" "CARGO_TARGET_DIR=/opt/rustwide/target" "-e" "CARGO_INCREMENTAL=0" "-e" "RUST_BACKTRACE=full" "-e" "RUSTFLAGS=--cap-lints=warn" "-e" "RUSTDOCFLAGS=--cap-lints=warn" "-e" "CARGO_HOME=/opt/rustwide/cargo-home" "-e" "RUSTUP_HOME=/opt/rustwide/rustup-home" "-w" "/opt/rustwide/workdir" "-m" "1610612736" "--user" "0:0" "--network" "none" "ghcr.io/rust-lang/crates-build-env/linux@sha256:2788e3201cd34a07e3172128adcd8b3090168a8e3bcc40d7c032b9dda1df7d1c" "/opt/rustwide/cargo-home/bin/cargo" "+1.75.0" "test" "--frozen", kill_on_drop: false }`
[INFO] [stdout] e15754828e10158f921692d2eb64634770edba1bce035c9f3cbb9d81ef64c7d7
[INFO] running `Command { std: "docker" "start" "-a" "e15754828e10158f921692d2eb64634770edba1bce035c9f3cbb9d81ef64c7d7", kill_on_drop: false }`
[INFO] [stderr] warning: variable does not need to be mutable
[INFO] [stderr]    --> src/day08.rs:136:17
[INFO] [stderr]     |
[INFO] [stderr] 136 |             let mut instruction = &mut self.instructions[self.counter as usize];
[INFO] [stderr]     |                 ----^^^^^^^^^^^
[INFO] [stderr]     |                 |
[INFO] [stderr]     |                 help: remove this `mut`
[INFO] [stderr]     |
[INFO] [stderr]     = note: `#[warn(unused_mut)]` on by default
[INFO] [stderr] 
[INFO] [stderr] warning: field `origin` is never read
[INFO] [stderr]   --> src/day17.rs:62:9
[INFO] [stderr]    |
[INFO] [stderr] 61 |     pub struct Space {
[INFO] [stderr]    |                ----- field in this struct
[INFO] [stderr] 62 |         origin: Point,
[INFO] [stderr]    |         ^^^^^^
[INFO] [stderr]    |
[INFO] [stderr]    = note: `Space` has a derived impl for the trait `Debug`, but this is intentionally ignored during dead code analysis
[INFO] [stderr]    = note: `#[warn(dead_code)]` on by default
[INFO] [stderr] 
[INFO] [stderr] warning: field `origin` is never read
[INFO] [stderr]    --> src/day17.rs:185:9
[INFO] [stderr]     |
[INFO] [stderr] 184 |     pub struct Space {
[INFO] [stderr]     |                ----- field in this struct
[INFO] [stderr] 185 |         origin: Point,
[INFO] [stderr]     |         ^^^^^^
[INFO] [stderr]     |
[INFO] [stderr]     = note: `Space` has a derived impl for the trait `Debug`, but this is intentionally ignored during dead code analysis
[INFO] [stderr] 
[INFO] [stderr] warning: fields `tile_id` and `edge` are never read
[INFO] [stderr]   --> src/day20.rs:77:9
[INFO] [stderr]    |
[INFO] [stderr] 76 |     pub struct Neighbour {
[INFO] [stderr]    |                --------- fields in this struct
[INFO] [stderr] 77 |         tile_id: usize,
[INFO] [stderr]    |         ^^^^^^^
[INFO] [stderr] 78 |         edge: u32, // 0-7 4 edges * 2 flips
[INFO] [stderr]    |         ^^^^
[INFO] [stderr]    |
[INFO] [stderr]    = note: `Neighbour` has a derived impl for the trait `Debug`, but this is intentionally ignored during dead code analysis
[INFO] [stderr] 
[INFO] [stderr] warning: field `image` is never read
[INFO] [stderr]   --> src/day20.rs:93:9
[INFO] [stderr]    |
[INFO] [stderr] 91 |     pub struct Tile {
[INFO] [stderr]    |                ---- field in this struct
[INFO] [stderr] 92 |         id: usize,
[INFO] [stderr] 93 |         image: Vec<Vec<bool>>,
[INFO] [stderr]    |         ^^^^^
[INFO] [stderr]    |
[INFO] [stderr]    = note: `Tile` has a derived impl for the trait `Debug`, but this is intentionally ignored during dead code analysis
[INFO] [stderr] 
[INFO] [stderr] warning: methods `print_edges`, `print_title`, and `print_row` are never used
[INFO] [stderr]    --> src/day20.rs:164:16
[INFO] [stderr]     |
[INFO] [stderr] 97  |     impl Tile {
[INFO] [stderr]     |     --------- methods in this implementation
[INFO] [stderr] ...
[INFO] [stderr] 164 |         pub fn print_edges(&self) {
[INFO] [stderr]     |                ^^^^^^^^^^^
[INFO] [stderr] ...
[INFO] [stderr] 168 |         pub fn print_title(&self) {
[INFO] [stderr]     |                ^^^^^^^^^^^
[INFO] [stderr] ...
[INFO] [stderr] 172 |         fn print_row(&self, r: usize) {
[INFO] [stderr]     |            ^^^^^^^^^
[INFO] [stderr] 
[INFO] [stderr] warning: `aoc` (bin "aoc" test) generated 6 warnings (run `cargo fix --bin "aoc" --tests` to apply 1 suggestion)
[INFO] [stderr]     Finished test [unoptimized + debuginfo] target(s) in 0.02s
[INFO] [stderr]      Running unittests src/main.rs (/opt/rustwide/target/debug/deps/aoc-51776cd67ff75a9b)
[INFO] [stdout] 
[INFO] [stdout] running 31 tests
[INFO] [stdout] test day03::tests::is_tree_at_position_expected ... ok
[INFO] [stdout] test day05::tests::test1 ... ok
[INFO] [stdout] test day05::tests::test2 ... ok
[INFO] [stdout] test day05::tests::test3 ... ok
[INFO] [stdout] test day05::tests::test_find_my_seat_1 ... ok
[INFO] [stdout] test day05::tests::test_find_my_seat_2 ... ok
[INFO] [stdout] test day08::tests::test_fix_program ... ok
[INFO] [stdout] test day07::tests::test1 ... ok
[INFO] [stdout] test day08::tests::test_program ... ok
[INFO] [stdout] test day09::tests::test_find_encryption_weakness ... ok
[INFO] [stdout] test day09::tests::test_find_xmas_anomaly ... ok
[INFO] [stdout] test day10::tests::test_count_differences ... ok
[INFO] [stdout] test day10::tests::test_count_differences_long ... ok
[INFO] [stdout] test day10::tests::test_count_valid_combinations ... ok
[INFO] [stdout] test day10::tests::test_count_valid_combinations_long ... ok
[INFO] [stdout] test day11::tests::test_floor_plan ... ok
[INFO] [stdout] test day11::tests::test_number_occupied_seen ... ok
[INFO] [stdout] test day11::tests::test_number_occupied_seen_2 ... ok
[INFO] [stdout] test day11::tests::test_count_occupied_in_steady_state ... ok
[INFO] [stdout] test day14::part1::tests::test_program_1 ... ok
[INFO] [stdout] test day12::tests::test_navigate_part2 ... ok
[INFO] [stdout] test day13::part2::tests::test_find_earliest_matching_timestamp ... ok
[INFO] [stdout] test day11::tests::test_count_occupied_in_steady_state_with_visibilty_policy ... ok
[INFO] [stdout] test day12::tests::test_navigate_part1 ... ok
[INFO] [stdout] test day14::part2::tests::test_program_2 ... ok
[INFO] [stdout] test day18::tests::test_evaluate_expressions ... ok
[INFO] [stdout] test day18::tests::test_evaluate_expressions_with_precedence ... ok
[INFO] [stdout] test day19::tests::test_rules_match ... ok
[INFO] [stdout] test day14::part2::tests::test_generate_combos ... ok
[INFO] [stdout] test day19::tests::test_rules_2 ... ok
[INFO] [stdout] test day19::tests::test_rules_3 ... FAILED
[INFO] [stdout] 
[INFO] [stdout] failures:
[INFO] [stdout] 
[INFO] [stdout] ---- day19::tests::test_rules_3 stdout ----
[INFO] [stdout] thread 'day19::tests::test_rules_3' panicked at src/day19.rs:293:9:
[INFO] [stdout] assertion `left == right` failed
[INFO] [stdout]   left: 12
[INFO] [stdout]  right: 13
[INFO] [stdout] stack backtrace:
[INFO] [stdout]    0:     0x5585ad435dcc - std::backtrace_rs::backtrace::libunwind::trace::ha637c64ce894333a
[INFO] [stdout]                                at /rustc/82e1608dfa6e0b5569232559e3d385fea5a93112/library/std/src/../../backtrace/src/backtrace/libunwind.rs:104:5
[INFO] [stdout]    1:     0x5585ad435dcc - std::backtrace_rs::backtrace::trace_unsynchronized::h47f62dea28e0c88d
[INFO] [stdout]                                at /rustc/82e1608dfa6e0b5569232559e3d385fea5a93112/library/std/src/../../backtrace/src/backtrace/mod.rs:66:5
[INFO] [stdout]    2:     0x5585ad435dcc - std::sys_common::backtrace::_print_fmt::h9eef0abe20ede486
[INFO] [stdout]                                at /rustc/82e1608dfa6e0b5569232559e3d385fea5a93112/library/std/src/sys_common/backtrace.rs:67:5
[INFO] [stdout]    3:     0x5585ad435dcc - <std::sys_common::backtrace::_print::DisplayBacktrace as core::fmt::Display>::fmt::hed7f999df88cc644
[INFO] [stdout]                                at /rustc/82e1608dfa6e0b5569232559e3d385fea5a93112/library/std/src/sys_common/backtrace.rs:44:22
[INFO] [stdout]    4:     0x5585ad45fc50 - core::fmt::rt::Argument::fmt::h1539a9308b8d058d
[INFO] [stdout]                                at /rustc/82e1608dfa6e0b5569232559e3d385fea5a93112/library/core/src/fmt/rt.rs:142:9
[INFO] [stdout]    5:     0x5585ad45fc50 - core::fmt::write::h3a39390d8560d9c9
[INFO] [stdout]                                at /rustc/82e1608dfa6e0b5569232559e3d385fea5a93112/library/core/src/fmt/mod.rs:1120:17
[INFO] [stdout]    6:     0x5585ad43377f - std::io::Write::write_fmt::h040b369f3a0f9cbc
[INFO] [stdout]                                at /rustc/82e1608dfa6e0b5569232559e3d385fea5a93112/library/std/src/io/mod.rs:1762:15
[INFO] [stdout]    7:     0x5585ad435bb4 - std::sys_common::backtrace::_print::h894006fb5c6f3d45
[INFO] [stdout]                                at /rustc/82e1608dfa6e0b5569232559e3d385fea5a93112/library/std/src/sys_common/backtrace.rs:47:5
[INFO] [stdout]    8:     0x5585ad435bb4 - std::sys_common::backtrace::print::h23a2d212c6fff936
[INFO] [stdout]                                at /rustc/82e1608dfa6e0b5569232559e3d385fea5a93112/library/std/src/sys_common/backtrace.rs:34:9
[INFO] [stdout]    9:     0x5585ad437877 - std::panicking::default_hook::{{closure}}::h8a1d2ee00185001a
[INFO] [stdout]   10:     0x5585ad437563 - std::panicking::default_hook::h6038f2eba384e475
[INFO] [stdout]                                at /rustc/82e1608dfa6e0b5569232559e3d385fea5a93112/library/std/src/panicking.rs:289:9
[INFO] [stdout]   11:     0x5585ad3f8217 - <alloc::boxed::Box<F,A> as core::ops::function::Fn<Args>>::call::h0ad024c9bdc6d768
[INFO] [stdout]                                at /rustc/82e1608dfa6e0b5569232559e3d385fea5a93112/library/alloc/src/boxed.rs:2021:9
[INFO] [stdout]   12:     0x5585ad3f8217 - test::test_main::{{closure}}::h7500b54257359db6
[INFO] [stdout]                                at /rustc/82e1608dfa6e0b5569232559e3d385fea5a93112/library/test/src/lib.rs:138:21
[INFO] [stdout]   13:     0x5585ad437e88 - <alloc::boxed::Box<F,A> as core::ops::function::Fn<Args>>::call::h1f8f335eaa9cfaee
[INFO] [stdout]                                at /rustc/82e1608dfa6e0b5569232559e3d385fea5a93112/library/alloc/src/boxed.rs:2021:9
[INFO] [stdout]   14:     0x5585ad437e88 - std::panicking::rust_panic_with_hook::h2b5517d590cab22e
[INFO] [stdout]                                at /rustc/82e1608dfa6e0b5569232559e3d385fea5a93112/library/std/src/panicking.rs:783:13
[INFO] [stdout]   15:     0x5585ad437bde - std::panicking::begin_panic_handler::{{closure}}::h233112c06e0ef43e
[INFO] [stdout]                                at /rustc/82e1608dfa6e0b5569232559e3d385fea5a93112/library/std/src/panicking.rs:657:13
[INFO] [stdout]   16:     0x5585ad436296 - std::sys_common::backtrace::__rust_end_short_backtrace::h6e893f24d7ebbff8
[INFO] [stdout]                                at /rustc/82e1608dfa6e0b5569232559e3d385fea5a93112/library/std/src/sys_common/backtrace.rs:170:18
[INFO] [stdout]   17:     0x5585ad437942 - rust_begin_unwind
[INFO] [stdout]                                at /rustc/82e1608dfa6e0b5569232559e3d385fea5a93112/library/std/src/panicking.rs:645:5
[INFO] [stdout]   18:     0x5585ad37dd75 - core::panicking::panic_fmt::hbf0e066aabfa482c
[INFO] [stdout]                                at /rustc/82e1608dfa6e0b5569232559e3d385fea5a93112/library/core/src/panicking.rs:72:14
[INFO] [stdout]   19:     0x5585ad37e18b - core::panicking::assert_failed_inner::h0bba8b7c26ee4492
[INFO] [stdout]   20:     0x5585ad411d0e - core::panicking::assert_failed::ha8c5ef1b1a3696d4
[INFO] [stdout]                                at /rustc/82e1608dfa6e0b5569232559e3d385fea5a93112/library/core/src/panicking.rs:279:5
[INFO] [stdout]   21:     0x5585ad3a02a0 - aoc::day19::tests::test_rules_3::hed70f252abda2bde
[INFO] [stdout]                                at /opt/rustwide/workdir/src/day19.rs:293:9
[INFO] [stdout]   22:     0x5585ad3a0127 - aoc::day19::tests::test_rules_3::{{closure}}::h550a217b0a56dc67
[INFO] [stdout]                                at /opt/rustwide/workdir/src/day19.rs:240:22
[INFO] [stdout]   23:     0x5585ad396576 - core::ops::function::FnOnce::call_once::h1f72e519543fe51d
[INFO] [stdout]                                at /rustc/82e1608dfa6e0b5569232559e3d385fea5a93112/library/core/src/ops/function.rs:250:5
[INFO] [stdout]   24:     0x5585ad3fd86f - core::ops::function::FnOnce::call_once::h2b5d431d5046312d
[INFO] [stdout]                                at /rustc/82e1608dfa6e0b5569232559e3d385fea5a93112/library/core/src/ops/function.rs:250:5
[INFO] [stdout]   25:     0x5585ad3fd86f - test::__rust_begin_short_backtrace::h7714669af176e207
[INFO] [stdout]                                at /rustc/82e1608dfa6e0b5569232559e3d385fea5a93112/library/test/src/lib.rs:628:18
[INFO] [stdout]   26:     0x5585ad3fc885 - test::run_test_in_process::{{closure}}::h85218797dcbcec12
[INFO] [stdout]                                at /rustc/82e1608dfa6e0b5569232559e3d385fea5a93112/library/test/src/lib.rs:651:60
[INFO] [stdout]   27:     0x5585ad3fc885 - <core::panic::unwind_safe::AssertUnwindSafe<F> as core::ops::function::FnOnce<()>>::call_once::h76c106ea31c14d7b
[INFO] [stdout]                                at /rustc/82e1608dfa6e0b5569232559e3d385fea5a93112/library/core/src/panic/unwind_safe.rs:272:9
[INFO] [stdout]   28:     0x5585ad3fc885 - std::panicking::try::do_call::h3bd5d0f6620ee946
[INFO] [stdout]                                at /rustc/82e1608dfa6e0b5569232559e3d385fea5a93112/library/std/src/panicking.rs:552:40
[INFO] [stdout]   29:     0x5585ad3fc885 - std::panicking::try::h232e535e4744fe31
[INFO] [stdout]                                at /rustc/82e1608dfa6e0b5569232559e3d385fea5a93112/library/std/src/panicking.rs:516:19
[INFO] [stdout]   30:     0x5585ad3fc885 - std::panic::catch_unwind::h3ce3bd6ca8dbac68
[INFO] [stdout]                                at /rustc/82e1608dfa6e0b5569232559e3d385fea5a93112/library/std/src/panic.rs:142:14
[INFO] [stdout]   31:     0x5585ad3fc885 - test::run_test_in_process::hc97b257c9621286a
[INFO] [stdout]                                at /rustc/82e1608dfa6e0b5569232559e3d385fea5a93112/library/test/src/lib.rs:651:27
[INFO] [stdout]   32:     0x5585ad3fc885 - test::run_test::{{closure}}::h2aa798823a438d38
[INFO] [stdout]                                at /rustc/82e1608dfa6e0b5569232559e3d385fea5a93112/library/test/src/lib.rs:574:43
[INFO] [stdout]   33:     0x5585ad3c4b46 - test::run_test::{{closure}}::h87d231c78fb59832
[INFO] [stdout]                                at /rustc/82e1608dfa6e0b5569232559e3d385fea5a93112/library/test/src/lib.rs:602:41
[INFO] [stdout]   34:     0x5585ad3c4b46 - std::sys_common::backtrace::__rust_begin_short_backtrace::he6df152596625789
[INFO] [stdout]                                at /rustc/82e1608dfa6e0b5569232559e3d385fea5a93112/library/std/src/sys_common/backtrace.rs:154:18
[INFO] [stdout]   35:     0x5585ad3c9bf7 - std::thread::Builder::spawn_unchecked_::{{closure}}::{{closure}}::ha94be15d1e0acf36
[INFO] [stdout]                                at /rustc/82e1608dfa6e0b5569232559e3d385fea5a93112/library/std/src/thread/mod.rs:529:17
[INFO] [stdout]   36:     0x5585ad3c9bf7 - <core::panic::unwind_safe::AssertUnwindSafe<F> as core::ops::function::FnOnce<()>>::call_once::h9dc6bd6372f16606
[INFO] [stdout]                                at /rustc/82e1608dfa6e0b5569232559e3d385fea5a93112/library/core/src/panic/unwind_safe.rs:272:9
[INFO] [stdout]   37:     0x5585ad3c9bf7 - std::panicking::try::do_call::h9057517f80303cd4
[INFO] [stdout]                                at /rustc/82e1608dfa6e0b5569232559e3d385fea5a93112/library/std/src/panicking.rs:552:40
[INFO] [stdout]   38:     0x5585ad3c9bf7 - std::panicking::try::he3a30b11ee45340c
[INFO] [stdout]                                at /rustc/82e1608dfa6e0b5569232559e3d385fea5a93112/library/std/src/panicking.rs:516:19
[INFO] [stdout]   39:     0x5585ad3c9bf7 - std::panic::catch_unwind::h410458cfd3528b8b
[INFO] [stdout]                                at /rustc/82e1608dfa6e0b5569232559e3d385fea5a93112/library/std/src/panic.rs:142:14
[INFO] [stdout]   40:     0x5585ad3c9bf7 - std::thread::Builder::spawn_unchecked_::{{closure}}::h72ac3bdb567b737b
[INFO] [stdout]                                at /rustc/82e1608dfa6e0b5569232559e3d385fea5a93112/library/std/src/thread/mod.rs:528:30
[INFO] [stdout]   41:     0x5585ad3c9bf7 - core::ops::function::FnOnce::call_once{{vtable.shim}}::h38f34da3654a8344
[INFO] [stdout]                                at /rustc/82e1608dfa6e0b5569232559e3d385fea5a93112/library/core/src/ops/function.rs:250:5
[INFO] [stdout]   42:     0x5585ad43c915 - <alloc::boxed::Box<F,A> as core::ops::function::FnOnce<Args>>::call_once::hc7eafaff61e32df9
[INFO] [stdout]                                at /rustc/82e1608dfa6e0b5569232559e3d385fea5a93112/library/alloc/src/boxed.rs:2007:9
[INFO] [stdout]   43:     0x5585ad43c915 - <alloc::boxed::Box<F,A> as core::ops::function::FnOnce<Args>>::call_once::h6ba4a5de48dd2304
[INFO] [stdout]                                at /rustc/82e1608dfa6e0b5569232559e3d385fea5a93112/library/alloc/src/boxed.rs:2007:9
[INFO] [stdout]   44:     0x5585ad43c915 - std::sys::unix::thread::Thread::new::thread_start::he469335aef763e45
[INFO] [stdout]                                at /rustc/82e1608dfa6e0b5569232559e3d385fea5a93112/library/std/src/sys/unix/thread.rs:108:17
[INFO] [stdout]   45:     0x7f23ef54eac3 - <unknown>
[INFO] [stdout]   46:     0x7f23ef5dfbf4 - __clone
[INFO] [stdout]   47:                0x0 - <unknown>
[INFO] [stdout] 
[INFO] [stdout] 
[INFO] [stdout] failures:
[INFO] [stdout]     day19::tests::test_rules_3
[INFO] [stdout] 
[INFO] [stdout] test result: FAILED. 30 passed; 1 failed; 0 ignored; 0 measured; 0 filtered out; finished in 0.02s
[INFO] [stdout] 
[INFO] [stderr] error: test failed, to rerun pass `--bin aoc`
[INFO] running `Command { std: "docker" "inspect" "e15754828e10158f921692d2eb64634770edba1bce035c9f3cbb9d81ef64c7d7", kill_on_drop: false }`
[INFO] running `Command { std: "docker" "rm" "-f" "e15754828e10158f921692d2eb64634770edba1bce035c9f3cbb9d81ef64c7d7", kill_on_drop: false }`
[INFO] [stdout] e15754828e10158f921692d2eb64634770edba1bce035c9f3cbb9d81ef64c7d7
[INFO] testing megrogan/AdventOfCode2020 against beta-2023-12-22 for beta-1.76-1
[INFO] running `Command { std: "git" "clone" "/workspace/cache/git-repos/https%3A%2F%2Fgithub.com%2Fmegrogan%2FAdventOfCode2020" "/workspace/builds/worker-3-tc2/source", kill_on_drop: false }`
[INFO] [stderr] Cloning into '/workspace/builds/worker-3-tc2/source'...
[INFO] [stderr] done.
[INFO] validating manifest of git repo https://github.com/megrogan/AdventOfCode2020 on toolchain beta-2023-12-22
[INFO] running `Command { std: CARGO_HOME="/workspace/cargo-home" RUSTUP_HOME="/workspace/rustup-home" "/workspace/cargo-home/bin/cargo" "+beta-2023-12-22" "metadata" "--manifest-path" "Cargo.toml" "--no-deps", kill_on_drop: false }`
[INFO] started tweaking git repo https://github.com/megrogan/AdventOfCode2020
[INFO] finished tweaking git repo https://github.com/megrogan/AdventOfCode2020
[INFO] tweaked toml for git repo https://github.com/megrogan/AdventOfCode2020 written to /workspace/builds/worker-3-tc2/source/Cargo.toml
[INFO] crate git repo https://github.com/megrogan/AdventOfCode2020 already has a lockfile, it will not be regenerated
[INFO] running `Command { std: CARGO_HOME="/workspace/cargo-home" RUSTUP_HOME="/workspace/rustup-home" "/workspace/cargo-home/bin/cargo" "+beta-2023-12-22" "fetch" "--manifest-path" "Cargo.toml", kill_on_drop: false }`
[INFO] running `Command { std: "docker" "create" "-v" "/var/lib/crater-agent-workspace/builds/worker-3-tc2/target:/opt/rustwide/target:rw,Z" "-v" "/var/lib/crater-agent-workspace/builds/worker-3-tc2/source:/opt/rustwide/workdir:ro,Z" "-v" "/var/lib/crater-agent-workspace/cargo-home:/opt/rustwide/cargo-home:ro,Z" "-v" "/var/lib/crater-agent-workspace/rustup-home:/opt/rustwide/rustup-home:ro,Z" "-e" "SOURCE_DIR=/opt/rustwide/workdir" "-e" "CARGO_TARGET_DIR=/opt/rustwide/target" "-e" "CARGO_HOME=/opt/rustwide/cargo-home" "-e" "RUSTUP_HOME=/opt/rustwide/rustup-home" "-w" "/opt/rustwide/workdir" "-m" "1610612736" "--user" "0:0" "--network" "none" "ghcr.io/rust-lang/crates-build-env/linux@sha256:2788e3201cd34a07e3172128adcd8b3090168a8e3bcc40d7c032b9dda1df7d1c" "/opt/rustwide/cargo-home/bin/cargo" "+beta-2023-12-22" "metadata" "--no-deps" "--format-version=1", kill_on_drop: false }`
[INFO] [stdout] 2071d248a923b335c5c3d44bb13016014f610d4baa4a81cf2f9781c2f0378c20
[INFO] running `Command { std: "docker" "start" "-a" "2071d248a923b335c5c3d44bb13016014f610d4baa4a81cf2f9781c2f0378c20", kill_on_drop: false }`
[INFO] running `Command { std: "docker" "inspect" "2071d248a923b335c5c3d44bb13016014f610d4baa4a81cf2f9781c2f0378c20", kill_on_drop: false }`
[INFO] running `Command { std: "docker" "rm" "-f" "2071d248a923b335c5c3d44bb13016014f610d4baa4a81cf2f9781c2f0378c20", kill_on_drop: false }`
[INFO] [stdout] 2071d248a923b335c5c3d44bb13016014f610d4baa4a81cf2f9781c2f0378c20
[INFO] running `Command { std: "docker" "create" "-v" "/var/lib/crater-agent-workspace/builds/worker-3-tc2/target:/opt/rustwide/target:rw,Z" "-v" "/var/lib/crater-agent-workspace/builds/worker-3-tc2/source:/opt/rustwide/workdir:ro,Z" "-v" "/var/lib/crater-agent-workspace/cargo-home:/opt/rustwide/cargo-home:ro,Z" "-v" "/var/lib/crater-agent-workspace/rustup-home:/opt/rustwide/rustup-home:ro,Z" "-e" "SOURCE_DIR=/opt/rustwide/workdir" "-e" "CARGO_TARGET_DIR=/opt/rustwide/target" "-e" "CARGO_INCREMENTAL=0" "-e" "RUST_BACKTRACE=full" "-e" "RUSTFLAGS=--cap-lints=warn" "-e" "RUSTDOCFLAGS=--cap-lints=warn" "-e" "CARGO_HOME=/opt/rustwide/cargo-home" "-e" "RUSTUP_HOME=/opt/rustwide/rustup-home" "-w" "/opt/rustwide/workdir" "-m" "1610612736" "--user" "0:0" "--network" "none" "ghcr.io/rust-lang/crates-build-env/linux@sha256:2788e3201cd34a07e3172128adcd8b3090168a8e3bcc40d7c032b9dda1df7d1c" "/opt/rustwide/cargo-home/bin/cargo" "+beta-2023-12-22" "build" "--frozen" "--message-format=json", kill_on_drop: false }`
[INFO] [stdout] c43727b35a72ebfcc3052fef5fdd4472f4e037632868b5dfb6d43a22900b96ee
[INFO] running `Command { std: "docker" "start" "-a" "c43727b35a72ebfcc3052fef5fdd4472f4e037632868b5dfb6d43a22900b96ee", kill_on_drop: false }`
[INFO] [stderr]    Compiling proc-macro2 v1.0.24
[INFO] [stderr]    Compiling unicode-xid v0.2.1
[INFO] [stderr]    Compiling libc v0.2.80
[INFO] [stderr]    Compiling autocfg v1.0.1
[INFO] [stderr]    Compiling syn v1.0.53
[INFO] [stderr]    Compiling memchr v2.3.4
[INFO] [stderr]    Compiling adler v0.2.3
[INFO] [stderr]    Compiling gimli v0.23.0
[INFO] [stderr]    Compiling failure_derive v0.1.8
[INFO] [stderr]    Compiling object v0.22.0
[INFO] [stderr]    Compiling cfg-if v1.0.0
[INFO] [stderr]    Compiling log v0.4.11
[INFO] [stderr]    Compiling lazy_static v1.4.0
[INFO] [stderr]    Compiling rustc-demangle v0.1.18
[INFO] [stderr]    Compiling regex-syntax v0.6.21
[INFO] [stderr]    Compiling cfg-if v0.1.10
[INFO] [stderr]    Compiling thread_local v1.0.1
[INFO] [stderr]    Compiling humantime v2.0.1
[INFO] [stderr]    Compiling termcolor v1.1.2
[INFO] [stderr]    Compiling either v1.6.1
[INFO] [stderr]    Compiling bimap v0.5.3
[INFO] [stderr]    Compiling itertools v0.7.11
[INFO] [stderr]    Compiling miniz_oxide v0.4.3
[INFO] [stderr]    Compiling aho-corasick v0.7.15
[INFO] [stderr]    Compiling atty v0.2.14
[INFO] [stderr]    Compiling quote v1.0.7
[INFO] [stderr]    Compiling regex v1.4.2
[INFO] [stderr]    Compiling addr2line v0.14.0
[INFO] [stderr]    Compiling backtrace v0.3.55
[INFO] [stderr]    Compiling env_logger v0.8.2
[INFO] [stderr]    Compiling synstructure v0.12.4
[INFO] [stderr]    Compiling failure v0.1.8
[INFO] [stderr]    Compiling single v1.0.0
[INFO] [stderr]    Compiling aoc v0.1.0 (/opt/rustwide/workdir)
[INFO] [stdout] warning: variable does not need to be mutable
[INFO] [stdout]    --> src/day08.rs:136:17
[INFO] [stdout]     |
[INFO] [stdout] 136 |             let mut instruction = &mut self.instructions[self.counter as usize];
[INFO] [stdout]     |                 ----^^^^^^^^^^^
[INFO] [stdout]     |                 |
[INFO] [stdout]     |                 help: remove this `mut`
[INFO] [stdout]     |
[INFO] [stdout]     = note: `#[warn(unused_mut)]` on by default
[INFO] [stdout] 
[INFO] [stdout] 
[INFO] [stdout] warning: field `origin` is never read
[INFO] [stdout]   --> src/day17.rs:62:9
[INFO] [stdout]    |
[INFO] [stdout] 61 |     pub struct Space {
[INFO] [stdout]    |                ----- field in this struct
[INFO] [stdout] 62 |         origin: Point,
[INFO] [stdout]    |         ^^^^^^
[INFO] [stdout]    |
[INFO] [stdout]    = note: `Space` has a derived impl for the trait `Debug`, but this is intentionally ignored during dead code analysis
[INFO] [stdout]    = note: `#[warn(dead_code)]` on by default
[INFO] [stdout] 
[INFO] [stdout] 
[INFO] [stdout] warning: field `origin` is never read
[INFO] [stdout]    --> src/day17.rs:185:9
[INFO] [stdout]     |
[INFO] [stdout] 184 |     pub struct Space {
[INFO] [stdout]     |                ----- field in this struct
[INFO] [stdout] 185 |         origin: Point,
[INFO] [stdout]     |         ^^^^^^
[INFO] [stdout]     |
[INFO] [stdout]     = note: `Space` has a derived impl for the trait `Debug`, but this is intentionally ignored during dead code analysis
[INFO] [stdout] 
[INFO] [stdout] 
[INFO] [stdout] warning: fields `tile_id` and `edge` are never read
[INFO] [stdout]   --> src/day20.rs:77:9
[INFO] [stdout]    |
[INFO] [stdout] 76 |     pub struct Neighbour {
[INFO] [stdout]    |                --------- fields in this struct
[INFO] [stdout] 77 |         tile_id: usize,
[INFO] [stdout]    |         ^^^^^^^
[INFO] [stdout] 78 |         edge: u32, // 0-7 4 edges * 2 flips
[INFO] [stdout]    |         ^^^^
[INFO] [stdout]    |
[INFO] [stdout]    = note: `Neighbour` has a derived impl for the trait `Debug`, but this is intentionally ignored during dead code analysis
[INFO] [stdout] 
[INFO] [stdout] 
[INFO] [stdout] warning: field `image` is never read
[INFO] [stdout]   --> src/day20.rs:93:9
[INFO] [stdout]    |
[INFO] [stdout] 91 |     pub struct Tile {
[INFO] [stdout]    |                ---- field in this struct
[INFO] [stdout] 92 |         id: usize,
[INFO] [stdout] 93 |         image: Vec<Vec<bool>>,
[INFO] [stdout]    |         ^^^^^
[INFO] [stdout]    |
[INFO] [stdout]    = note: `Tile` has a derived impl for the trait `Debug`, but this is intentionally ignored during dead code analysis
[INFO] [stdout] 
[INFO] [stdout] 
[INFO] [stdout] warning: methods `print_edges`, `print_title`, and `print_row` are never used
[INFO] [stdout]    --> src/day20.rs:164:16
[INFO] [stdout]     |
[INFO] [stdout] 97  |     impl Tile {
[INFO] [stdout]     |     --------- methods in this implementation
[INFO] [stdout] ...
[INFO] [stdout] 164 |         pub fn print_edges(&self) {
[INFO] [stdout]     |                ^^^^^^^^^^^
[INFO] [stdout] ...
[INFO] [stdout] 168 |         pub fn print_title(&self) {
[INFO] [stdout]     |                ^^^^^^^^^^^
[INFO] [stdout] ...
[INFO] [stdout] 172 |         fn print_row(&self, r: usize) {
[INFO] [stdout]     |            ^^^^^^^^^
[INFO] [stdout] 
[INFO] [stdout] 
[INFO] [stdout] warning: 6 warnings emitted
[INFO] [stdout] 
[INFO] [stdout] 
[INFO] [stderr]     Finished dev [unoptimized + debuginfo] target(s) in 5.04s
[INFO] running `Command { std: "docker" "inspect" "c43727b35a72ebfcc3052fef5fdd4472f4e037632868b5dfb6d43a22900b96ee", kill_on_drop: false }`
[INFO] running `Command { std: "docker" "rm" "-f" "c43727b35a72ebfcc3052fef5fdd4472f4e037632868b5dfb6d43a22900b96ee", kill_on_drop: false }`
[INFO] [stdout] c43727b35a72ebfcc3052fef5fdd4472f4e037632868b5dfb6d43a22900b96ee
[INFO] running `Command { std: "docker" "create" "-v" "/var/lib/crater-agent-workspace/builds/worker-3-tc2/target:/opt/rustwide/target:rw,Z" "-v" "/var/lib/crater-agent-workspace/builds/worker-3-tc2/source:/opt/rustwide/workdir:ro,Z" "-v" "/var/lib/crater-agent-workspace/cargo-home:/opt/rustwide/cargo-home:ro,Z" "-v" "/var/lib/crater-agent-workspace/rustup-home:/opt/rustwide/rustup-home:ro,Z" "-e" "SOURCE_DIR=/opt/rustwide/workdir" "-e" "CARGO_TARGET_DIR=/opt/rustwide/target" "-e" "CARGO_INCREMENTAL=0" "-e" "RUST_BACKTRACE=full" "-e" "RUSTFLAGS=--cap-lints=warn" "-e" "RUSTDOCFLAGS=--cap-lints=warn" "-e" "CARGO_HOME=/opt/rustwide/cargo-home" "-e" "RUSTUP_HOME=/opt/rustwide/rustup-home" "-w" "/opt/rustwide/workdir" "-m" "1610612736" "--user" "0:0" "--network" "none" "ghcr.io/rust-lang/crates-build-env/linux@sha256:2788e3201cd34a07e3172128adcd8b3090168a8e3bcc40d7c032b9dda1df7d1c" "/opt/rustwide/cargo-home/bin/cargo" "+beta-2023-12-22" "test" "--frozen" "--no-run" "--message-format=json", kill_on_drop: false }`
[INFO] [stdout] a91f4ff1d6e8b4f81dd08c9b489a4eebf169906e4551c79b09909e27ca7440cd
[INFO] running `Command { std: "docker" "start" "-a" "a91f4ff1d6e8b4f81dd08c9b489a4eebf169906e4551c79b09909e27ca7440cd", kill_on_drop: false }`
[INFO] [stderr]    Compiling aoc v0.1.0 (/opt/rustwide/workdir)
[INFO] [stdout] warning: variable does not need to be mutable
[INFO] [stdout]    --> src/day08.rs:136:17
[INFO] [stdout]     |
[INFO] [stdout] 136 |             let mut instruction = &mut self.instructions[self.counter as usize];
[INFO] [stdout]     |                 ----^^^^^^^^^^^
[INFO] [stdout]     |                 |
[INFO] [stdout]     |                 help: remove this `mut`
[INFO] [stdout]     |
[INFO] [stdout]     = note: `#[warn(unused_mut)]` on by default
[INFO] [stdout] 
[INFO] [stdout] 
[INFO] [stdout] warning: field `origin` is never read
[INFO] [stdout]   --> src/day17.rs:62:9
[INFO] [stdout]    |
[INFO] [stdout] 61 |     pub struct Space {
[INFO] [stdout]    |                ----- field in this struct
[INFO] [stdout] 62 |         origin: Point,
[INFO] [stdout]    |         ^^^^^^
[INFO] [stdout]    |
[INFO] [stdout]    = note: `Space` has a derived impl for the trait `Debug`, but this is intentionally ignored during dead code analysis
[INFO] [stdout]    = note: `#[warn(dead_code)]` on by default
[INFO] [stdout] 
[INFO] [stdout] 
[INFO] [stdout] warning: field `origin` is never read
[INFO] [stdout]    --> src/day17.rs:185:9
[INFO] [stdout]     |
[INFO] [stdout] 184 |     pub struct Space {
[INFO] [stdout]     |                ----- field in this struct
[INFO] [stdout] 185 |         origin: Point,
[INFO] [stdout]     |         ^^^^^^
[INFO] [stdout]     |
[INFO] [stdout]     = note: `Space` has a derived impl for the trait `Debug`, but this is intentionally ignored during dead code analysis
[INFO] [stdout] 
[INFO] [stdout] 
[INFO] [stdout] warning: fields `tile_id` and `edge` are never read
[INFO] [stdout]   --> src/day20.rs:77:9
[INFO] [stdout]    |
[INFO] [stdout] 76 |     pub struct Neighbour {
[INFO] [stdout]    |                --------- fields in this struct
[INFO] [stdout] 77 |         tile_id: usize,
[INFO] [stdout]    |         ^^^^^^^
[INFO] [stdout] 78 |         edge: u32, // 0-7 4 edges * 2 flips
[INFO] [stdout]    |         ^^^^
[INFO] [stdout]    |
[INFO] [stdout]    = note: `Neighbour` has a derived impl for the trait `Debug`, but this is intentionally ignored during dead code analysis
[INFO] [stdout] 
[INFO] [stdout] 
[INFO] [stdout] warning: field `image` is never read
[INFO] [stdout]   --> src/day20.rs:93:9
[INFO] [stdout]    |
[INFO] [stdout] 91 |     pub struct Tile {
[INFO] [stdout]    |                ---- field in this struct
[INFO] [stdout] 92 |         id: usize,
[INFO] [stdout] 93 |         image: Vec<Vec<bool>>,
[INFO] [stdout]    |         ^^^^^
[INFO] [stdout]    |
[INFO] [stdout]    = note: `Tile` has a derived impl for the trait `Debug`, but this is intentionally ignored during dead code analysis
[INFO] [stdout] 
[INFO] [stdout] 
[INFO] [stdout] warning: methods `print_edges`, `print_title`, and `print_row` are never used
[INFO] [stdout]    --> src/day20.rs:164:16
[INFO] [stdout]     |
[INFO] [stdout] 97  |     impl Tile {
[INFO] [stdout]     |     --------- methods in this implementation
[INFO] [stdout] ...
[INFO] [stdout] 164 |         pub fn print_edges(&self) {
[INFO] [stdout]     |                ^^^^^^^^^^^
[INFO] [stdout] ...
[INFO] [stdout] 168 |         pub fn print_title(&self) {
[INFO] [stdout]     |                ^^^^^^^^^^^
[INFO] [stdout] ...
[INFO] [stdout] 172 |         fn print_row(&self, r: usize) {
[INFO] [stdout]     |            ^^^^^^^^^
[INFO] [stdout] 
[INFO] [stdout] 
[INFO] [stdout] warning: 6 warnings emitted
[INFO] [stdout] 
[INFO] [stdout] 
[INFO] [stderr]     Finished test [unoptimized + debuginfo] target(s) in 1.57s
[INFO] running `Command { std: "docker" "inspect" "a91f4ff1d6e8b4f81dd08c9b489a4eebf169906e4551c79b09909e27ca7440cd", kill_on_drop: false }`
[INFO] running `Command { std: "docker" "rm" "-f" "a91f4ff1d6e8b4f81dd08c9b489a4eebf169906e4551c79b09909e27ca7440cd", kill_on_drop: false }`
[INFO] [stdout] a91f4ff1d6e8b4f81dd08c9b489a4eebf169906e4551c79b09909e27ca7440cd
[INFO] running `Command { std: "docker" "create" "-v" "/var/lib/crater-agent-workspace/builds/worker-3-tc2/target:/opt/rustwide/target:rw,Z" "-v" "/var/lib/crater-agent-workspace/builds/worker-3-tc2/source:/opt/rustwide/workdir:ro,Z" "-v" "/var/lib/crater-agent-workspace/cargo-home:/opt/rustwide/cargo-home:ro,Z" "-v" "/var/lib/crater-agent-workspace/rustup-home:/opt/rustwide/rustup-home:ro,Z" "-e" "SOURCE_DIR=/opt/rustwide/workdir" "-e" "CARGO_TARGET_DIR=/opt/rustwide/target" "-e" "CARGO_INCREMENTAL=0" "-e" "RUST_BACKTRACE=full" "-e" "RUSTFLAGS=--cap-lints=warn" "-e" "RUSTDOCFLAGS=--cap-lints=warn" "-e" "CARGO_HOME=/opt/rustwide/cargo-home" "-e" "RUSTUP_HOME=/opt/rustwide/rustup-home" "-w" "/opt/rustwide/workdir" "-m" "1610612736" "--user" "0:0" "--network" "none" "ghcr.io/rust-lang/crates-build-env/linux@sha256:2788e3201cd34a07e3172128adcd8b3090168a8e3bcc40d7c032b9dda1df7d1c" "/opt/rustwide/cargo-home/bin/cargo" "+beta-2023-12-22" "test" "--frozen", kill_on_drop: false }`
[INFO] [stdout] 0dd4344aa09adc5090af98c08c1d11576817ebf7d5b2901446184e02206d563f
[INFO] running `Command { std: "docker" "start" "-a" "0dd4344aa09adc5090af98c08c1d11576817ebf7d5b2901446184e02206d563f", kill_on_drop: false }`
[INFO] [stderr] warning: variable does not need to be mutable
[INFO] [stderr]    --> src/day08.rs:136:17
[INFO] [stderr]     |
[INFO] [stderr] 136 |             let mut instruction = &mut self.instructions[self.counter as usize];
[INFO] [stderr]     |                 ----^^^^^^^^^^^
[INFO] [stderr]     |                 |
[INFO] [stderr]     |                 help: remove this `mut`
[INFO] [stderr]     |
[INFO] [stderr]     = note: `#[warn(unused_mut)]` on by default
[INFO] [stderr] 
[INFO] [stderr] warning: field `origin` is never read
[INFO] [stderr]   --> src/day17.rs:62:9
[INFO] [stderr]    |
[INFO] [stderr] 61 |     pub struct Space {
[INFO] [stderr]    |                ----- field in this struct
[INFO] [stderr] 62 |         origin: Point,
[INFO] [stderr]    |         ^^^^^^
[INFO] [stderr]    |
[INFO] [stderr]    = note: `Space` has a derived impl for the trait `Debug`, but this is intentionally ignored during dead code analysis
[INFO] [stderr]    = note: `#[warn(dead_code)]` on by default
[INFO] [stderr] 
[INFO] [stderr] warning: field `origin` is never read
[INFO] [stderr]    --> src/day17.rs:185:9
[INFO] [stderr]     |
[INFO] [stderr] 184 |     pub struct Space {
[INFO] [stderr]     |                ----- field in this struct
[INFO] [stderr] 185 |         origin: Point,
[INFO] [stderr]     |         ^^^^^^
[INFO] [stderr]     |
[INFO] [stderr]     = note: `Space` has a derived impl for the trait `Debug`, but this is intentionally ignored during dead code analysis
[INFO] [stderr] 
[INFO] [stderr] warning: fields `tile_id` and `edge` are never read
[INFO] [stderr]   --> src/day20.rs:77:9
[INFO] [stderr]    |
[INFO] [stderr] 76 |     pub struct Neighbour {
[INFO] [stderr]    |                --------- fields in this struct
[INFO] [stderr] 77 |         tile_id: usize,
[INFO] [stderr]    |         ^^^^^^^
[INFO] [stderr] 78 |         edge: u32, // 0-7 4 edges * 2 flips
[INFO] [stderr]    |         ^^^^
[INFO] [stderr]    |
[INFO] [stderr]    = note: `Neighbour` has a derived impl for the trait `Debug`, but this is intentionally ignored during dead code analysis
[INFO] [stderr] 
[INFO] [stderr] warning: field `image` is never read
[INFO] [stderr]   --> src/day20.rs:93:9
[INFO] [stderr]    |
[INFO] [stderr] 91 |     pub struct Tile {
[INFO] [stderr]    |                ---- field in this struct
[INFO] [stderr] 92 |         id: usize,
[INFO] [stderr] 93 |         image: Vec<Vec<bool>>,
[INFO] [stderr]    |         ^^^^^
[INFO] [stderr]    |
[INFO] [stderr]    = note: `Tile` has a derived impl for the trait `Debug`, but this is intentionally ignored during dead code analysis
[INFO] [stderr] 
[INFO] [stderr] warning: methods `print_edges`, `print_title`, and `print_row` are never used
[INFO] [stderr]    --> src/day20.rs:164:16
[INFO] [stderr]     |
[INFO] [stderr] 97  |     impl Tile {
[INFO] [stderr]     |     --------- methods in this implementation
[INFO] [stderr] ...
[INFO] [stderr] 164 |         pub fn print_edges(&self) {
[INFO] [stderr]     |                ^^^^^^^^^^^
[INFO] [stderr] ...
[INFO] [stderr] 168 |         pub fn print_title(&self) {
[INFO] [stderr]     |                ^^^^^^^^^^^
[INFO] [stderr] ...
[INFO] [stderr] 172 |         fn print_row(&self, r: usize) {
[INFO] [stderr]     |            ^^^^^^^^^
[INFO] [stderr] 
[INFO] [stderr] warning: `aoc` (bin "aoc" test) generated 6 warnings (run `cargo fix --bin "aoc" --tests` to apply 1 suggestion)
[INFO] [stderr]     Finished test [unoptimized + debuginfo] target(s) in 0.05s
[INFO] [stderr]      Running unittests src/main.rs (/opt/rustwide/target/debug/deps/aoc-35326aac38e5a53d)
[INFO] [stdout] 
[INFO] [stdout] running 31 tests
[INFO] [stdout] test day05::tests::test1 ... ok
[INFO] [stdout] test day03::tests::is_tree_at_position_expected ... ok
[INFO] [stdout] test day05::tests::test3 ... ok
[INFO] [stdout] test day05::tests::test_find_my_seat_1 ... ok
[INFO] [stdout] test day05::tests::test2 ... ok
[INFO] [stdout] test day05::tests::test_find_my_seat_2 ... ok
[INFO] [stdout] test day08::tests::test_program ... ok
[INFO] [stdout] test day09::tests::test_find_xmas_anomaly ... ok
[INFO] [stdout] test day09::tests::test_find_encryption_weakness ... ok
[INFO] [stdout] test day10::tests::test_count_differences ... ok
[INFO] [stdout] test day07::tests::test1 ... ok
[INFO] [stdout] test day10::tests::test_count_differences_long ... ok
[INFO] [stdout] test day08::tests::test_fix_program ... ok
[INFO] [stdout] test day12::tests::test_navigate_part1 ... ok
[INFO] [stdout] test day12::tests::test_navigate_part2 ... ok
[INFO] [stdout] test day11::tests::test_number_occupied_seen_2 ... ok
[INFO] [stdout] test day18::tests::test_evaluate_expressions_with_precedence ... ok
[INFO] [stdout] test day11::tests::test_count_occupied_in_steady_state_with_visibilty_policy ... ok
[INFO] [stdout] test day10::tests::test_count_valid_combinations ... ok
[INFO] [stdout] test day11::tests::test_number_occupied_seen ... ok
[INFO] [stdout] test day10::tests::test_count_valid_combinations_long ... ok
[INFO] [stdout] test day11::tests::test_floor_plan ... ok
[INFO] [stdout] test day19::tests::test_rules_match ... ok
[INFO] [stdout] test day11::tests::test_count_occupied_in_steady_state ... ok
[INFO] [stdout] test day19::tests::test_rules_2 ... ok
[INFO] [stdout] test day14::part1::tests::test_program_1 ... ok
[INFO] [stdout] test day14::part2::tests::test_generate_combos ... ok
[INFO] [stdout] test day18::tests::test_evaluate_expressions ... ok
[INFO] [stdout] test day13::part2::tests::test_find_earliest_matching_timestamp ... ok
[INFO] [stdout] test day14::part2::tests::test_program_2 ... ok
[INFO] [stdout] test day19::tests::test_rules_3 ... FAILED
[INFO] [stdout] 
[INFO] [stdout] failures:
[INFO] [stdout] 
[INFO] [stdout] ---- day19::tests::test_rules_3 stdout ----
[INFO] [stdout] thread 'day19::tests::test_rules_3' panicked at src/day19.rs:293:9:
[INFO] [stdout] assertion `left == right` failed
[INFO] [stdout]   left: 12
[INFO] [stdout]  right: 13
[INFO] [stdout] stack backtrace:
[INFO] [stdout]    0:     0x56003f443676 - std::backtrace_rs::backtrace::libunwind::trace::h261606ad26a499c1
[INFO] [stdout]                                at /rustc/0e09125c6c3c2fd70d7de961bcf0e51575235fad/library/std/src/../../backtrace/src/backtrace/libunwind.rs:104:5
[INFO] [stdout]    1:     0x56003f443676 - std::backtrace_rs::backtrace::trace_unsynchronized::hd183f0625477fb28
[INFO] [stdout]                                at /rustc/0e09125c6c3c2fd70d7de961bcf0e51575235fad/library/std/src/../../backtrace/src/backtrace/mod.rs:66:5
[INFO] [stdout]    2:     0x56003f443676 - std::sys_common::backtrace::_print_fmt::hd7f8fef21b4eda67
[INFO] [stdout]                                at /rustc/0e09125c6c3c2fd70d7de961bcf0e51575235fad/library/std/src/sys_common/backtrace.rs:68:5
[INFO] [stdout]    3:     0x56003f443676 - <std::sys_common::backtrace::_print::DisplayBacktrace as core::fmt::Display>::fmt::h623d9b51f2f453f1
[INFO] [stdout]                                at /rustc/0e09125c6c3c2fd70d7de961bcf0e51575235fad/library/std/src/sys_common/backtrace.rs:44:22
[INFO] [stdout]    4:     0x56003f46c800 - core::fmt::rt::Argument::fmt::h9f417ac76a86f368
[INFO] [stdout]                                at /rustc/0e09125c6c3c2fd70d7de961bcf0e51575235fad/library/core/src/fmt/rt.rs:142:9
[INFO] [stdout]    5:     0x56003f46c800 - core::fmt::write::hc9b6faf4ac2aeff7
[INFO] [stdout]                                at /rustc/0e09125c6c3c2fd70d7de961bcf0e51575235fad/library/core/src/fmt/mod.rs:1120:17
[INFO] [stdout]    6:     0x56003f4410df - std::io::Write::write_fmt::he04625a3a989fec3
[INFO] [stdout]                                at /rustc/0e09125c6c3c2fd70d7de961bcf0e51575235fad/library/std/src/io/mod.rs:1810:15
[INFO] [stdout]    7:     0x56003f443454 - std::sys_common::backtrace::_print::hd5d66399c7df88a2
[INFO] [stdout]                                at /rustc/0e09125c6c3c2fd70d7de961bcf0e51575235fad/library/std/src/sys_common/backtrace.rs:47:5
[INFO] [stdout]    8:     0x56003f443454 - std::sys_common::backtrace::print::he81ed2da642d37e5
[INFO] [stdout]                                at /rustc/0e09125c6c3c2fd70d7de961bcf0e51575235fad/library/std/src/sys_common/backtrace.rs:34:9
[INFO] [stdout]    9:     0x56003f4451c7 - std::panicking::default_hook::{{closure}}::h85773f4fa117163d
[INFO] [stdout]   10:     0x56003f444ead - std::panicking::default_hook::h6a1694a91d09b278
[INFO] [stdout]                                at /rustc/0e09125c6c3c2fd70d7de961bcf0e51575235fad/library/std/src/panicking.rs:289:9
[INFO] [stdout]   11:     0x56003f406f27 - <alloc::boxed::Box<F,A> as core::ops::function::Fn<Args>>::call::h616ac37fa3cd6c8f
[INFO] [stdout]                                at /rustc/0e09125c6c3c2fd70d7de961bcf0e51575235fad/library/alloc/src/boxed.rs:2029:9
[INFO] [stdout]   12:     0x56003f406f27 - test::test_main::{{closure}}::h00d84697cefdcbb6
[INFO] [stdout]                                at /rustc/0e09125c6c3c2fd70d7de961bcf0e51575235fad/library/test/src/lib.rs:138:21
[INFO] [stdout]   13:     0x56003f4457e6 - <alloc::boxed::Box<F,A> as core::ops::function::Fn<Args>>::call::hcb3fe3b9bb537ba8
[INFO] [stdout]                                at /rustc/0e09125c6c3c2fd70d7de961bcf0e51575235fad/library/alloc/src/boxed.rs:2029:9
[INFO] [stdout]   14:     0x56003f4457e6 - std::panicking::rust_panic_with_hook::h0a7ad96e90f7145b
[INFO] [stdout]                                at /rustc/0e09125c6c3c2fd70d7de961bcf0e51575235fad/library/std/src/panicking.rs:783:13
[INFO] [stdout]   15:     0x56003f445532 - std::panicking::begin_panic_handler::{{closure}}::h7919090525c6485e
[INFO] [stdout]                                at /rustc/0e09125c6c3c2fd70d7de961bcf0e51575235fad/library/std/src/panicking.rs:657:13
[INFO] [stdout]   16:     0x56003f443b76 - std::sys_common::backtrace::__rust_end_short_backtrace::hf3289479464f7dfe
[INFO] [stdout]                                at /rustc/0e09125c6c3c2fd70d7de961bcf0e51575235fad/library/std/src/sys_common/backtrace.rs:171:18
[INFO] [stdout]   17:     0x56003f445290 - rust_begin_unwind
[INFO] [stdout]                                at /rustc/0e09125c6c3c2fd70d7de961bcf0e51575235fad/library/std/src/panicking.rs:645:5
[INFO] [stdout]   18:     0x56003f389d55 - core::panicking::panic_fmt::hcc9f77c5c132af55
[INFO] [stdout]                                at /rustc/0e09125c6c3c2fd70d7de961bcf0e51575235fad/library/core/src/panicking.rs:72:14
[INFO] [stdout]   19:     0x56003f38a18b - core::panicking::assert_failed_inner::h9f13e27dd63c3a08
[INFO] [stdout]                                at /rustc/0e09125c6c3c2fd70d7de961bcf0e51575235fad/library/core/src/panicking.rs:342:17
[INFO] [stdout]   20:     0x56003f41db7e - core::panicking::assert_failed::h32668ae43992842c
[INFO] [stdout]                                at /rustc/0e09125c6c3c2fd70d7de961bcf0e51575235fad/library/core/src/panicking.rs:297:5
[INFO] [stdout]   21:     0x56003f3c2d20 - aoc::day19::tests::test_rules_3::he47bb4085f9a8a71
[INFO] [stdout]                                at /opt/rustwide/workdir/src/day19.rs:293:9
[INFO] [stdout]   22:     0x56003f3c2ba7 - aoc::day19::tests::test_rules_3::{{closure}}::h4453fd1e3d551c58
[INFO] [stdout]                                at /opt/rustwide/workdir/src/day19.rs:240:22
[INFO] [stdout]   23:     0x56003f3b8276 - core::ops::function::FnOnce::call_once::h901dfc93cefc4fe2
[INFO] [stdout]                                at /rustc/0e09125c6c3c2fd70d7de961bcf0e51575235fad/library/core/src/ops/function.rs:250:5
[INFO] [stdout]   24:     0x56003f40c7ff - core::ops::function::FnOnce::call_once::hd64d26f405258157
[INFO] [stdout]                                at /rustc/0e09125c6c3c2fd70d7de961bcf0e51575235fad/library/core/src/ops/function.rs:250:5
[INFO] [stdout]   25:     0x56003f40c7ff - test::__rust_begin_short_backtrace::he21b0b7a6d731bf9
[INFO] [stdout]                                at /rustc/0e09125c6c3c2fd70d7de961bcf0e51575235fad/library/test/src/lib.rs:627:18
[INFO] [stdout]   26:     0x56003f40b581 - test::run_test_in_process::{{closure}}::hf5c73986d7bdfde2
[INFO] [stdout]                                at /rustc/0e09125c6c3c2fd70d7de961bcf0e51575235fad/library/test/src/lib.rs:650:60
[INFO] [stdout]   27:     0x56003f40b581 - <core::panic::unwind_safe::AssertUnwindSafe<F> as core::ops::function::FnOnce<()>>::call_once::h330011ad032aadc0
[INFO] [stdout]                                at /rustc/0e09125c6c3c2fd70d7de961bcf0e51575235fad/library/core/src/panic/unwind_safe.rs:272:9
[INFO] [stdout]   28:     0x56003f40b581 - std::panicking::try::do_call::he61b0a958b795a41
[INFO] [stdout]                                at /rustc/0e09125c6c3c2fd70d7de961bcf0e51575235fad/library/std/src/panicking.rs:552:40
[INFO] [stdout]   29:     0x56003f40b581 - std::panicking::try::h7309da130f906eb7
[INFO] [stdout]                                at /rustc/0e09125c6c3c2fd70d7de961bcf0e51575235fad/library/std/src/panicking.rs:516:19
[INFO] [stdout]   30:     0x56003f40b581 - std::panic::catch_unwind::hc5c3a06fdaf0a92a
[INFO] [stdout]                                at /rustc/0e09125c6c3c2fd70d7de961bcf0e51575235fad/library/std/src/panic.rs:142:14
[INFO] [stdout]   31:     0x56003f40b581 - test::run_test_in_process::h7e7b7c71c3324e0f
[INFO] [stdout]                                at /rustc/0e09125c6c3c2fd70d7de961bcf0e51575235fad/library/test/src/lib.rs:650:27
[INFO] [stdout]   32:     0x56003f40b581 - test::run_test::{{closure}}::h1f509f28f5cf20b1
[INFO] [stdout]                                at /rustc/0e09125c6c3c2fd70d7de961bcf0e51575235fad/library/test/src/lib.rs:573:43
[INFO] [stdout]   33:     0x56003f3d28b6 - test::run_test::{{closure}}::h1754218abf443f6d
[INFO] [stdout]                                at /rustc/0e09125c6c3c2fd70d7de961bcf0e51575235fad/library/test/src/lib.rs:601:41
[INFO] [stdout]   34:     0x56003f3d28b6 - std::sys_common::backtrace::__rust_begin_short_backtrace::h2ee174b9d5954948
[INFO] [stdout]                                at /rustc/0e09125c6c3c2fd70d7de961bcf0e51575235fad/library/std/src/sys_common/backtrace.rs:155:18
[INFO] [stdout]   35:     0x56003f3d7917 - std::thread::Builder::spawn_unchecked_::{{closure}}::{{closure}}::hf60bee9c1a17ef09
[INFO] [stdout]                                at /rustc/0e09125c6c3c2fd70d7de961bcf0e51575235fad/library/std/src/thread/mod.rs:529:17
[INFO] [stdout]   36:     0x56003f3d7917 - <core::panic::unwind_safe::AssertUnwindSafe<F> as core::ops::function::FnOnce<()>>::call_once::h33d0dddec5216160
[INFO] [stdout]                                at /rustc/0e09125c6c3c2fd70d7de961bcf0e51575235fad/library/core/src/panic/unwind_safe.rs:272:9
[INFO] [stdout]   37:     0x56003f3d7917 - std::panicking::try::do_call::h144b3048b546f835
[INFO] [stdout]                                at /rustc/0e09125c6c3c2fd70d7de961bcf0e51575235fad/library/std/src/panicking.rs:552:40
[INFO] [stdout]   38:     0x56003f3d7917 - std::panicking::try::h978244d04646189f
[INFO] [stdout]                                at /rustc/0e09125c6c3c2fd70d7de961bcf0e51575235fad/library/std/src/panicking.rs:516:19
[INFO] [stdout]   39:     0x56003f3d7917 - std::panic::catch_unwind::hdf436369d188fe86
[INFO] [stdout]                                at /rustc/0e09125c6c3c2fd70d7de961bcf0e51575235fad/library/std/src/panic.rs:142:14
[INFO] [stdout]   40:     0x56003f3d7917 - std::thread::Builder::spawn_unchecked_::{{closure}}::h87329cbdd33c79ec
[INFO] [stdout]                                at /rustc/0e09125c6c3c2fd70d7de961bcf0e51575235fad/library/std/src/thread/mod.rs:528:30
[INFO] [stdout]   41:     0x56003f3d7917 - core::ops::function::FnOnce::call_once{{vtable.shim}}::h401abbe67897d450
[INFO] [stdout]                                at /rustc/0e09125c6c3c2fd70d7de961bcf0e51575235fad/library/core/src/ops/function.rs:250:5
[INFO] [stdout]   42:     0x56003f44a295 - <alloc::boxed::Box<F,A> as core::ops::function::FnOnce<Args>>::call_once::h5d7c8f150ab9c84c
[INFO] [stdout]                                at /rustc/0e09125c6c3c2fd70d7de961bcf0e51575235fad/library/alloc/src/boxed.rs:2015:9
[INFO] [stdout]   43:     0x56003f44a295 - <alloc::boxed::Box<F,A> as core::ops::function::FnOnce<Args>>::call_once::h570d5b005c242c15
[INFO] [stdout]                                at /rustc/0e09125c6c3c2fd70d7de961bcf0e51575235fad/library/alloc/src/boxed.rs:2015:9
[INFO] [stdout]   44:     0x56003f44a295 - std::sys::unix::thread::Thread::new::thread_start::h36b0a20c0b2361ad
[INFO] [stdout]                                at /rustc/0e09125c6c3c2fd70d7de961bcf0e51575235fad/library/std/src/sys/unix/thread.rs:108:17
[INFO] [stdout]   45:     0x7f2b3bae9ac3 - <unknown>
[INFO] [stdout]   46:     0x7f2b3bb7abf4 - __clone
[INFO] [stdout]   47:                0x0 - <unknown>
[INFO] [stdout] 
[INFO] [stdout] 
[INFO] [stdout] failures:
[INFO] [stdout]     day19::tests::test_rules_3
[INFO] [stdout] 
[INFO] [stdout] test result: FAILED. 30 passed; 1 failed; 0 ignored; 0 measured; 0 filtered out; finished in 0.03s
[INFO] [stdout] 
[INFO] [stderr] error: test failed, to rerun pass `--bin aoc`
[INFO] running `Command { std: "docker" "inspect" "0dd4344aa09adc5090af98c08c1d11576817ebf7d5b2901446184e02206d563f", kill_on_drop: false }`
[INFO] running `Command { std: "docker" "rm" "-f" "0dd4344aa09adc5090af98c08c1d11576817ebf7d5b2901446184e02206d563f", kill_on_drop: false }`
[INFO] [stdout] 0dd4344aa09adc5090af98c08c1d11576817ebf7d5b2901446184e02206d563f
