[INFO] cloning repository https://github.com/meQlause/HackVirtualMachineTranslator
[INFO] running `Command { std: "git" "-c" "credential.helper=" "-c" "credential.helper=/workspace/cargo-home/bin/git-credential-null" "clone" "--bare" "https://github.com/meQlause/HackVirtualMachineTranslator" "/workspace/cache/git-repos/https%3A%2F%2Fgithub.com%2FmeQlause%2FHackVirtualMachineTranslator", kill_on_drop: false }`
[INFO] [stderr] Cloning into bare repository '/workspace/cache/git-repos/https%3A%2F%2Fgithub.com%2FmeQlause%2FHackVirtualMachineTranslator'...
[INFO] running `Command { std: "git" "rev-parse" "HEAD", kill_on_drop: false }`
[INFO] [stdout] bb79223c6cd4df9736079ef8d7ed0794ba32c569
[INFO] testing meQlause/HackVirtualMachineTranslator against 1.75.0 for beta-1.76-1
[INFO] running `Command { std: "git" "clone" "/workspace/cache/git-repos/https%3A%2F%2Fgithub.com%2FmeQlause%2FHackVirtualMachineTranslator" "/workspace/builds/worker-0-tc1/source", kill_on_drop: false }`
[INFO] [stderr] Cloning into '/workspace/builds/worker-0-tc1/source'...
[INFO] [stderr] done.
[INFO] validating manifest of git repo https://github.com/meQlause/HackVirtualMachineTranslator on toolchain 1.75.0
[INFO] running `Command { std: CARGO_HOME="/workspace/cargo-home" RUSTUP_HOME="/workspace/rustup-home" "/workspace/cargo-home/bin/cargo" "+1.75.0" "metadata" "--manifest-path" "Cargo.toml" "--no-deps", kill_on_drop: false }`
[INFO] started tweaking git repo https://github.com/meQlause/HackVirtualMachineTranslator
[INFO] finished tweaking git repo https://github.com/meQlause/HackVirtualMachineTranslator
[INFO] tweaked toml for git repo https://github.com/meQlause/HackVirtualMachineTranslator written to /workspace/builds/worker-0-tc1/source/Cargo.toml
[INFO] crate git repo https://github.com/meQlause/HackVirtualMachineTranslator already has a lockfile, it will not be regenerated
[INFO] running `Command { std: CARGO_HOME="/workspace/cargo-home" RUSTUP_HOME="/workspace/rustup-home" "/workspace/cargo-home/bin/cargo" "+1.75.0" "fetch" "--manifest-path" "Cargo.toml", kill_on_drop: false }`
[INFO] running `Command { std: "docker" "create" "-v" "/var/lib/crater-agent-workspace/builds/worker-0-tc1/target:/opt/rustwide/target:rw,Z" "-v" "/var/lib/crater-agent-workspace/builds/worker-0-tc1/source:/opt/rustwide/workdir:ro,Z" "-v" "/var/lib/crater-agent-workspace/cargo-home:/opt/rustwide/cargo-home:ro,Z" "-v" "/var/lib/crater-agent-workspace/rustup-home:/opt/rustwide/rustup-home:ro,Z" "-e" "SOURCE_DIR=/opt/rustwide/workdir" "-e" "CARGO_TARGET_DIR=/opt/rustwide/target" "-e" "CARGO_HOME=/opt/rustwide/cargo-home" "-e" "RUSTUP_HOME=/opt/rustwide/rustup-home" "-w" "/opt/rustwide/workdir" "-m" "1610612736" "--user" "0:0" "--network" "none" "ghcr.io/rust-lang/crates-build-env/linux@sha256:2788e3201cd34a07e3172128adcd8b3090168a8e3bcc40d7c032b9dda1df7d1c" "/opt/rustwide/cargo-home/bin/cargo" "+1.75.0" "metadata" "--no-deps" "--format-version=1", kill_on_drop: false }`
[INFO] [stdout] 092eabe161076bad9c4b5cd021aacbf75fd58e33b562d80919e1cc60d819fea4
[INFO] running `Command { std: "docker" "start" "-a" "092eabe161076bad9c4b5cd021aacbf75fd58e33b562d80919e1cc60d819fea4", kill_on_drop: false }`
[INFO] running `Command { std: "docker" "inspect" "092eabe161076bad9c4b5cd021aacbf75fd58e33b562d80919e1cc60d819fea4", kill_on_drop: false }`
[INFO] running `Command { std: "docker" "rm" "-f" "092eabe161076bad9c4b5cd021aacbf75fd58e33b562d80919e1cc60d819fea4", kill_on_drop: false }`
[INFO] [stdout] 092eabe161076bad9c4b5cd021aacbf75fd58e33b562d80919e1cc60d819fea4
[INFO] running `Command { std: "docker" "create" "-v" "/var/lib/crater-agent-workspace/builds/worker-0-tc1/target:/opt/rustwide/target:rw,Z" "-v" "/var/lib/crater-agent-workspace/builds/worker-0-tc1/source:/opt/rustwide/workdir:ro,Z" "-v" "/var/lib/crater-agent-workspace/cargo-home:/opt/rustwide/cargo-home:ro,Z" "-v" "/var/lib/crater-agent-workspace/rustup-home:/opt/rustwide/rustup-home:ro,Z" "-e" "SOURCE_DIR=/opt/rustwide/workdir" "-e" "CARGO_TARGET_DIR=/opt/rustwide/target" "-e" "CARGO_INCREMENTAL=0" "-e" "RUST_BACKTRACE=full" "-e" "RUSTFLAGS=--cap-lints=warn" "-e" "RUSTDOCFLAGS=--cap-lints=warn" "-e" "CARGO_HOME=/opt/rustwide/cargo-home" "-e" "RUSTUP_HOME=/opt/rustwide/rustup-home" "-w" "/opt/rustwide/workdir" "-m" "1610612736" "--user" "0:0" "--network" "none" "ghcr.io/rust-lang/crates-build-env/linux@sha256:2788e3201cd34a07e3172128adcd8b3090168a8e3bcc40d7c032b9dda1df7d1c" "/opt/rustwide/cargo-home/bin/cargo" "+1.75.0" "build" "--frozen" "--message-format=json", kill_on_drop: false }`
[INFO] [stdout] 7eedfc3bee5566b90b514ba796d8152a17b6b40ffbea7852cc895c189aad2709
[INFO] running `Command { std: "docker" "start" "-a" "7eedfc3bee5566b90b514ba796d8152a17b6b40ffbea7852cc895c189aad2709", kill_on_drop: false }`
[INFO] [stderr]    Compiling virtual_machine_translator v0.1.0 (/opt/rustwide/workdir)
[INFO] [stderr]     Finished dev [unoptimized + debuginfo] target(s) in 0.19s
[INFO] running `Command { std: "docker" "inspect" "7eedfc3bee5566b90b514ba796d8152a17b6b40ffbea7852cc895c189aad2709", kill_on_drop: false }`
[INFO] running `Command { std: "docker" "rm" "-f" "7eedfc3bee5566b90b514ba796d8152a17b6b40ffbea7852cc895c189aad2709", kill_on_drop: false }`
[INFO] [stdout] 7eedfc3bee5566b90b514ba796d8152a17b6b40ffbea7852cc895c189aad2709
[INFO] running `Command { std: "docker" "create" "-v" "/var/lib/crater-agent-workspace/builds/worker-0-tc1/target:/opt/rustwide/target:rw,Z" "-v" "/var/lib/crater-agent-workspace/builds/worker-0-tc1/source:/opt/rustwide/workdir:ro,Z" "-v" "/var/lib/crater-agent-workspace/cargo-home:/opt/rustwide/cargo-home:ro,Z" "-v" "/var/lib/crater-agent-workspace/rustup-home:/opt/rustwide/rustup-home:ro,Z" "-e" "SOURCE_DIR=/opt/rustwide/workdir" "-e" "CARGO_TARGET_DIR=/opt/rustwide/target" "-e" "CARGO_INCREMENTAL=0" "-e" "RUST_BACKTRACE=full" "-e" "RUSTFLAGS=--cap-lints=warn" "-e" "RUSTDOCFLAGS=--cap-lints=warn" "-e" "CARGO_HOME=/opt/rustwide/cargo-home" "-e" "RUSTUP_HOME=/opt/rustwide/rustup-home" "-w" "/opt/rustwide/workdir" "-m" "1610612736" "--user" "0:0" "--network" "none" "ghcr.io/rust-lang/crates-build-env/linux@sha256:2788e3201cd34a07e3172128adcd8b3090168a8e3bcc40d7c032b9dda1df7d1c" "/opt/rustwide/cargo-home/bin/cargo" "+1.75.0" "test" "--frozen" "--no-run" "--message-format=json", kill_on_drop: false }`
[INFO] [stdout] db751681d1973c1c380ea546904b71a7e58122babf6e15844a05f42c1ad38dce
[INFO] running `Command { std: "docker" "start" "-a" "db751681d1973c1c380ea546904b71a7e58122babf6e15844a05f42c1ad38dce", kill_on_drop: false }`
[INFO] [stderr]    Compiling virtual_machine_translator v0.1.0 (/opt/rustwide/workdir)
[INFO] [stderr]     Finished test [unoptimized + debuginfo] target(s) in 0.19s
[INFO] running `Command { std: "docker" "inspect" "db751681d1973c1c380ea546904b71a7e58122babf6e15844a05f42c1ad38dce", kill_on_drop: false }`
[INFO] running `Command { std: "docker" "rm" "-f" "db751681d1973c1c380ea546904b71a7e58122babf6e15844a05f42c1ad38dce", kill_on_drop: false }`
[INFO] [stdout] db751681d1973c1c380ea546904b71a7e58122babf6e15844a05f42c1ad38dce
[INFO] running `Command { std: "docker" "create" "-v" "/var/lib/crater-agent-workspace/builds/worker-0-tc1/target:/opt/rustwide/target:rw,Z" "-v" "/var/lib/crater-agent-workspace/builds/worker-0-tc1/source:/opt/rustwide/workdir:ro,Z" "-v" "/var/lib/crater-agent-workspace/cargo-home:/opt/rustwide/cargo-home:ro,Z" "-v" "/var/lib/crater-agent-workspace/rustup-home:/opt/rustwide/rustup-home:ro,Z" "-e" "SOURCE_DIR=/opt/rustwide/workdir" "-e" "CARGO_TARGET_DIR=/opt/rustwide/target" "-e" "CARGO_INCREMENTAL=0" "-e" "RUST_BACKTRACE=full" "-e" "RUSTFLAGS=--cap-lints=warn" "-e" "RUSTDOCFLAGS=--cap-lints=warn" "-e" "CARGO_HOME=/opt/rustwide/cargo-home" "-e" "RUSTUP_HOME=/opt/rustwide/rustup-home" "-w" "/opt/rustwide/workdir" "-m" "1610612736" "--user" "0:0" "--network" "none" "ghcr.io/rust-lang/crates-build-env/linux@sha256:2788e3201cd34a07e3172128adcd8b3090168a8e3bcc40d7c032b9dda1df7d1c" "/opt/rustwide/cargo-home/bin/cargo" "+1.75.0" "test" "--frozen", kill_on_drop: false }`
[INFO] [stdout] 68b325c2361ee05b434808b9a3d978df7ce9a9d63b1d1af9a5e463fbc93a10e3
[INFO] running `Command { std: "docker" "start" "-a" "68b325c2361ee05b434808b9a3d978df7ce9a9d63b1d1af9a5e463fbc93a10e3", kill_on_drop: false }`
[INFO] [stderr]     Finished test [unoptimized + debuginfo] target(s) in 0.00s
[INFO] [stderr]      Running unittests src/lib.rs (/opt/rustwide/target/debug/deps/virtual_machine_translator-54b9817db914fd6a)
[INFO] [stdout] 
[INFO] [stdout] running 0 tests
[INFO] [stdout] 
[INFO] [stdout] test result: ok. 0 passed; 0 failed; 0 ignored; 0 measured; 0 filtered out; finished in 0.00s
[INFO] [stdout] 
[INFO] [stderr]    Doc-tests virtual_machine_translator
[INFO] [stdout] 
[INFO] [stdout] running 4 tests
[INFO] [stdout] test src/utils/code_writer.rs - utils::code_writer::CodeWriter::write_push_pop (line 50) - compile ... FAILED
[INFO] [stdout] test src/utils/code_writer.rs - utils::code_writer::CodeWriter::write_arithmetic (line 28) - compile ... FAILED
[INFO] [stdout] test src/utils/code_writer.rs - utils::code_writer::CodeWriter::write_function (line 93) - compile ... FAILED
[INFO] [stdout] test src/utils/code_writer.rs - utils::code_writer::CodeWriter::write_branch (line 72) - compile ... FAILED
[INFO] [stdout] 
[INFO] [stdout] failures:
[INFO] [stdout] 
[INFO] [stdout] ---- src/utils/code_writer.rs - utils::code_writer::CodeWriter::write_push_pop (line 50) stdout ----
[INFO] [stdout] error: expected expression, found `}`
[INFO] [stdout]  --> src/utils/code_writer.rs:56:1
[INFO] [stdout]   |
[INFO] [stdout] 7 |     _ => // your code
[INFO] [stdout]   |       -- while parsing the `match` arm starting here
[INFO] [stdout] 8 | }
[INFO] [stdout]   | ^ expected expression
[INFO] [stdout] 
[INFO] [stdout] error[E0425]: cannot find value `parser` in this scope
[INFO] [stdout]  --> src/utils/code_writer.rs:51:7
[INFO] [stdout]   |
[INFO] [stdout] 3 | match parser.command_type {
[INFO] [stdout]   |       ^^^^^^ not found in this scope
[INFO] [stdout] 
[INFO] [stdout] error[E0433]: failed to resolve: use of undeclared type `Command`
[INFO] [stdout]  --> src/utils/code_writer.rs:52:10
[INFO] [stdout]   |
[INFO] [stdout] 4 |     Some(Command::PushPop(_)) => {
[INFO] [stdout]   |          ^^^^^^^ use of undeclared type `Command`
[INFO] [stdout]   |
[INFO] [stdout] help: consider importing one of these items
[INFO] [stdout]   |
[INFO] [stdout] 2 + use std::process::Command;
[INFO] [stdout]   |
[INFO] [stdout] 2 + use virtual_machine_translator::prelude::Command;
[INFO] [stdout]   |
[INFO] [stdout] 
[INFO] [stdout] error[E0423]: expected value, found macro `write`
[INFO] [stdout]  --> src/utils/code_writer.rs:53:9
[INFO] [stdout]   |
[INFO] [stdout] 5 |         write.write_push_pop(&parser);
[INFO] [stdout]   |         ^^^^^ not a value
[INFO] [stdout]   |
[INFO] [stdout] help: consider importing one of these items instead
[INFO] [stdout]   |
[INFO] [stdout] 2 + use core::fmt::write;
[INFO] [stdout]   |
[INFO] [stdout] 2 + use core::ptr::write;
[INFO] [stdout]   |
[INFO] [stdout] 2 + use std::fmt::write;
[INFO] [stdout]   |
[INFO] [stdout] 2 + use std::fs::write;
[INFO] [stdout]   |
[INFO] [stdout]     and 1 other candidate
[INFO] [stdout] 
[INFO] [stdout] error[E0425]: cannot find value `parser` in this scope
[INFO] [stdout]  --> src/utils/code_writer.rs:53:31
[INFO] [stdout]   |
[INFO] [stdout] 5 |         write.write_push_pop(&parser);
[INFO] [stdout]   |                               ^^^^^^ not found in this scope
[INFO] [stdout] 
[INFO] [stdout] error: aborting due to 5 previous errors
[INFO] [stdout] 
[INFO] [stdout] Some errors have detailed explanations: E0423, E0425, E0433.
[INFO] [stdout] For more information about an error, try `rustc --explain E0423`.
[INFO] [stdout] Couldn't compile the test.
[INFO] [stdout] ---- src/utils/code_writer.rs - utils::code_writer::CodeWriter::write_arithmetic (line 28) stdout ----
[INFO] [stdout] error: expected expression, found `}`
[INFO] [stdout]  --> src/utils/code_writer.rs:34:1
[INFO] [stdout]   |
[INFO] [stdout] 7 |     _ => // your code
[INFO] [stdout]   |       -- while parsing the `match` arm starting here
[INFO] [stdout] 8 | }
[INFO] [stdout]   | ^ expected expression
[INFO] [stdout] 
[INFO] [stdout] error[E0425]: cannot find value `parser` in this scope
[INFO] [stdout]  --> src/utils/code_writer.rs:29:7
[INFO] [stdout]   |
[INFO] [stdout] 3 | match parser.command_type {
[INFO] [stdout]   |       ^^^^^^ not found in this scope
[INFO] [stdout] 
[INFO] [stdout] error[E0433]: failed to resolve: use of undeclared type `Command`
[INFO] [stdout]  --> src/utils/code_writer.rs:30:10
[INFO] [stdout]   |
[INFO] [stdout] 4 |     Some(Command::Arithmetic(_)) => {
[INFO] [stdout]   |          ^^^^^^^ use of undeclared type `Command`
[INFO] [stdout]   |
[INFO] [stdout] help: consider importing one of these items
[INFO] [stdout]   |
[INFO] [stdout] 2 + use std::process::Command;
[INFO] [stdout]   |
[INFO] [stdout] 2 + use virtual_machine_translator::prelude::Command;
[INFO] [stdout]   |
[INFO] [stdout] 
[INFO] [stdout] error[E0423]: expected value, found macro `write`
[INFO] [stdout]  --> src/utils/code_writer.rs:31:9
[INFO] [stdout]   |
[INFO] [stdout] 5 |         write.write_arithmetic(&parser);
[INFO] [stdout]   |         ^^^^^ not a value
[INFO] [stdout]   |
[INFO] [stdout] help: consider importing one of these items instead
[INFO] [stdout]   |
[INFO] [stdout] 2 + use core::fmt::write;
[INFO] [stdout]   |
[INFO] [stdout] 2 + use core::ptr::write;
[INFO] [stdout]   |
[INFO] [stdout] 2 + use std::fmt::write;
[INFO] [stdout]   |
[INFO] [stdout] 2 + use std::fs::write;
[INFO] [stdout]   |
[INFO] [stdout]     and 1 other candidate
[INFO] [stdout] 
[INFO] [stdout] error[E0425]: cannot find value `parser` in this scope
[INFO] [stdout]  --> src/utils/code_writer.rs:31:33
[INFO] [stdout]   |
[INFO] [stdout] 5 |         write.write_arithmetic(&parser);
[INFO] [stdout]   |                                 ^^^^^^ not found in this scope
[INFO] [stdout] 
[INFO] [stdout] error: aborting due to 5 previous errors
[INFO] [stdout] 
[INFO] [stdout] Some errors have detailed explanations: E0423, E0425, E0433.
[INFO] [stdout] For more information about an error, try `rustc --explain E0423`.
[INFO] [stdout] Couldn't compile the test.
[INFO] [stdout] ---- src/utils/code_writer.rs - utils::code_writer::CodeWriter::write_function (line 93) stdout ----
[INFO] [stdout] error: expected expression, found `}`
[INFO] [stdout]  --> src/utils/code_writer.rs:99:1
[INFO] [stdout]   |
[INFO] [stdout] 7 |     _ => // your code
[INFO] [stdout]   |       -- while parsing the `match` arm starting here
[INFO] [stdout] 8 | }
[INFO] [stdout]   | ^ expected expression
[INFO] [stdout] 
[INFO] [stdout] error[E0425]: cannot find value `parser` in this scope
[INFO] [stdout]  --> src/utils/code_writer.rs:94:7
[INFO] [stdout]   |
[INFO] [stdout] 3 | match parser.command_type {
[INFO] [stdout]   |       ^^^^^^ not found in this scope
[INFO] [stdout] 
[INFO] [stdout] error[E0433]: failed to resolve: use of undeclared type `Command`
[INFO] [stdout]  --> src/utils/code_writer.rs:95:10
[INFO] [stdout]   |
[INFO] [stdout] 4 |     Some(Command::Function(_)) => {
[INFO] [stdout]   |          ^^^^^^^ use of undeclared type `Command`
[INFO] [stdout]   |
[INFO] [stdout] help: consider importing one of these items
[INFO] [stdout]   |
[INFO] [stdout] 2 + use std::process::Command;
[INFO] [stdout]   |
[INFO] [stdout] 2 + use virtual_machine_translator::prelude::Command;
[INFO] [stdout]   |
[INFO] [stdout] 
[INFO] [stdout] error[E0423]: expected value, found macro `write`
[INFO] [stdout]  --> src/utils/code_writer.rs:96:9
[INFO] [stdout]   |
[INFO] [stdout] 5 |         write.write_function(&parser);
[INFO] [stdout]   |         ^^^^^ not a value
[INFO] [stdout]   |
[INFO] [stdout] help: consider importing one of these items instead
[INFO] [stdout]   |
[INFO] [stdout] 2 + use core::fmt::write;
[INFO] [stdout]   |
[INFO] [stdout] 2 + use core::ptr::write;
[INFO] [stdout]   |
[INFO] [stdout] 2 + use std::fmt::write;
[INFO] [stdout]   |
[INFO] [stdout] 2 + use std::fs::write;
[INFO] [stdout]   |
[INFO] [stdout]     and 1 other candidate
[INFO] [stdout] 
[INFO] [stdout] error[E0425]: cannot find value `parser` in this scope
[INFO] [stdout]  --> src/utils/code_writer.rs:96:31
[INFO] [stdout]   |
[INFO] [stdout] 5 |         write.write_function(&parser);
[INFO] [stdout]   |                               ^^^^^^ not found in this scope
[INFO] [stdout] 
[INFO] [stdout] error: aborting due to 5 previous errors
[INFO] [stdout] 
[INFO] [stdout] Some errors have detailed explanations: E0423, E0425, E0433.
[INFO] [stdout] For more information about an error, try `rustc --explain E0423`.
[INFO] [stdout] Couldn't compile the test.
[INFO] [stdout] ---- src/utils/code_writer.rs - utils::code_writer::CodeWriter::write_branch (line 72) stdout ----
[INFO] [stdout] error: expected expression, found `}`
[INFO] [stdout]  --> src/utils/code_writer.rs:78:1
[INFO] [stdout]   |
[INFO] [stdout] 7 |     _ => // your code
[INFO] [stdout]   |       -- while parsing the `match` arm starting here
[INFO] [stdout] 8 | }
[INFO] [stdout]   | ^ expected expression
[INFO] [stdout] 
[INFO] [stdout] error[E0425]: cannot find value `parser` in this scope
[INFO] [stdout]  --> src/utils/code_writer.rs:73:7
[INFO] [stdout]   |
[INFO] [stdout] 3 | match parser.command_type {
[INFO] [stdout]   |       ^^^^^^ not found in this scope
[INFO] [stdout] 
[INFO] [stdout] error[E0433]: failed to resolve: use of undeclared type `Command`
[INFO] [stdout]  --> src/utils/code_writer.rs:74:10
[INFO] [stdout]   |
[INFO] [stdout] 4 |     Some(Command::Branch(_)) => {
[INFO] [stdout]   |          ^^^^^^^ use of undeclared type `Command`
[INFO] [stdout]   |
[INFO] [stdout] help: consider importing one of these items
[INFO] [stdout]   |
[INFO] [stdout] 2 + use std::process::Command;
[INFO] [stdout]   |
[INFO] [stdout] 2 + use virtual_machine_translator::prelude::Command;
[INFO] [stdout]   |
[INFO] [stdout] 
[INFO] [stdout] error[E0423]: expected value, found macro `write`
[INFO] [stdout]  --> src/utils/code_writer.rs:75:9
[INFO] [stdout]   |
[INFO] [stdout] 5 |         write.write_branch(&parser);
[INFO] [stdout]   |         ^^^^^ not a value
[INFO] [stdout]   |
[INFO] [stdout] help: consider importing one of these items instead
[INFO] [stdout]   |
[INFO] [stdout] 2 + use core::fmt::write;
[INFO] [stdout]   |
[INFO] [stdout] 2 + use core::ptr::write;
[INFO] [stdout]   |
[INFO] [stdout] 2 + use std::fmt::write;
[INFO] [stdout]   |
[INFO] [stdout] 2 + use std::fs::write;
[INFO] [stdout]   |
[INFO] [stdout]     and 1 other candidate
[INFO] [stdout] 
[INFO] [stdout] error[E0425]: cannot find value `parser` in this scope
[INFO] [stdout]  --> src/utils/code_writer.rs:75:29
[INFO] [stdout]   |
[INFO] [stdout] 5 |         write.write_branch(&parser);
[INFO] [stdout]   |                             ^^^^^^ not found in this scope
[INFO] [stdout] 
[INFO] [stdout] error: aborting due to 5 previous errors
[INFO] [stdout] 
[INFO] [stdout] Some errors have detailed explanations: E0423, E0425, E0433.
[INFO] [stdout] For more information about an error, try `rustc --explain E0423`.
[INFO] [stdout] Couldn't compile the test.
[INFO] [stdout] 
[INFO] [stdout] failures:
[INFO] [stdout]     src/utils/code_writer.rs - utils::code_writer::CodeWriter::write_arithmetic (line 28)
[INFO] [stdout]     src/utils/code_writer.rs - utils::code_writer::CodeWriter::write_branch (line 72)
[INFO] [stdout]     src/utils/code_writer.rs - utils::code_writer::CodeWriter::write_function (line 93)
[INFO] [stdout]     src/utils/code_writer.rs - utils::code_writer::CodeWriter::write_push_pop (line 50)
[INFO] [stdout] 
[INFO] [stdout] test result: FAILED. 0 passed; 4 failed; 0 ignored; 0 measured; 0 filtered out; finished in 0.04s
[INFO] [stdout] 
[INFO] [stderr] error: doctest failed, to rerun pass `--doc`
[INFO] running `Command { std: "docker" "inspect" "68b325c2361ee05b434808b9a3d978df7ce9a9d63b1d1af9a5e463fbc93a10e3", kill_on_drop: false }`
[INFO] running `Command { std: "docker" "rm" "-f" "68b325c2361ee05b434808b9a3d978df7ce9a9d63b1d1af9a5e463fbc93a10e3", kill_on_drop: false }`
[INFO] [stdout] 68b325c2361ee05b434808b9a3d978df7ce9a9d63b1d1af9a5e463fbc93a10e3
[INFO] testing meQlause/HackVirtualMachineTranslator against beta-2023-12-22 for beta-1.76-1
[INFO] running `Command { std: "git" "clone" "/workspace/cache/git-repos/https%3A%2F%2Fgithub.com%2FmeQlause%2FHackVirtualMachineTranslator" "/workspace/builds/worker-0-tc2/source", kill_on_drop: false }`
[INFO] [stderr] Cloning into '/workspace/builds/worker-0-tc2/source'...
[INFO] [stderr] done.
[INFO] validating manifest of git repo https://github.com/meQlause/HackVirtualMachineTranslator on toolchain beta-2023-12-22
[INFO] running `Command { std: CARGO_HOME="/workspace/cargo-home" RUSTUP_HOME="/workspace/rustup-home" "/workspace/cargo-home/bin/cargo" "+beta-2023-12-22" "metadata" "--manifest-path" "Cargo.toml" "--no-deps", kill_on_drop: false }`
[INFO] started tweaking git repo https://github.com/meQlause/HackVirtualMachineTranslator
[INFO] finished tweaking git repo https://github.com/meQlause/HackVirtualMachineTranslator
[INFO] tweaked toml for git repo https://github.com/meQlause/HackVirtualMachineTranslator written to /workspace/builds/worker-0-tc2/source/Cargo.toml
[INFO] crate git repo https://github.com/meQlause/HackVirtualMachineTranslator already has a lockfile, it will not be regenerated
[INFO] running `Command { std: CARGO_HOME="/workspace/cargo-home" RUSTUP_HOME="/workspace/rustup-home" "/workspace/cargo-home/bin/cargo" "+beta-2023-12-22" "fetch" "--manifest-path" "Cargo.toml", kill_on_drop: false }`
[INFO] running `Command { std: "docker" "create" "-v" "/var/lib/crater-agent-workspace/builds/worker-0-tc2/target:/opt/rustwide/target:rw,Z" "-v" "/var/lib/crater-agent-workspace/builds/worker-0-tc2/source:/opt/rustwide/workdir:ro,Z" "-v" "/var/lib/crater-agent-workspace/cargo-home:/opt/rustwide/cargo-home:ro,Z" "-v" "/var/lib/crater-agent-workspace/rustup-home:/opt/rustwide/rustup-home:ro,Z" "-e" "SOURCE_DIR=/opt/rustwide/workdir" "-e" "CARGO_TARGET_DIR=/opt/rustwide/target" "-e" "CARGO_HOME=/opt/rustwide/cargo-home" "-e" "RUSTUP_HOME=/opt/rustwide/rustup-home" "-w" "/opt/rustwide/workdir" "-m" "1610612736" "--user" "0:0" "--network" "none" "ghcr.io/rust-lang/crates-build-env/linux@sha256:2788e3201cd34a07e3172128adcd8b3090168a8e3bcc40d7c032b9dda1df7d1c" "/opt/rustwide/cargo-home/bin/cargo" "+beta-2023-12-22" "metadata" "--no-deps" "--format-version=1", kill_on_drop: false }`
[INFO] [stdout] 138f4895d5500ee58afdd2ca276992f966522d9fe169427af823da64f7442015
[INFO] running `Command { std: "docker" "start" "-a" "138f4895d5500ee58afdd2ca276992f966522d9fe169427af823da64f7442015", kill_on_drop: false }`
[INFO] running `Command { std: "docker" "inspect" "138f4895d5500ee58afdd2ca276992f966522d9fe169427af823da64f7442015", kill_on_drop: false }`
[INFO] running `Command { std: "docker" "rm" "-f" "138f4895d5500ee58afdd2ca276992f966522d9fe169427af823da64f7442015", kill_on_drop: false }`
[INFO] [stdout] 138f4895d5500ee58afdd2ca276992f966522d9fe169427af823da64f7442015
[INFO] running `Command { std: "docker" "create" "-v" "/var/lib/crater-agent-workspace/builds/worker-0-tc2/target:/opt/rustwide/target:rw,Z" "-v" "/var/lib/crater-agent-workspace/builds/worker-0-tc2/source:/opt/rustwide/workdir:ro,Z" "-v" "/var/lib/crater-agent-workspace/cargo-home:/opt/rustwide/cargo-home:ro,Z" "-v" "/var/lib/crater-agent-workspace/rustup-home:/opt/rustwide/rustup-home:ro,Z" "-e" "SOURCE_DIR=/opt/rustwide/workdir" "-e" "CARGO_TARGET_DIR=/opt/rustwide/target" "-e" "CARGO_INCREMENTAL=0" "-e" "RUST_BACKTRACE=full" "-e" "RUSTFLAGS=--cap-lints=warn" "-e" "RUSTDOCFLAGS=--cap-lints=warn" "-e" "CARGO_HOME=/opt/rustwide/cargo-home" "-e" "RUSTUP_HOME=/opt/rustwide/rustup-home" "-w" "/opt/rustwide/workdir" "-m" "1610612736" "--user" "0:0" "--network" "none" "ghcr.io/rust-lang/crates-build-env/linux@sha256:2788e3201cd34a07e3172128adcd8b3090168a8e3bcc40d7c032b9dda1df7d1c" "/opt/rustwide/cargo-home/bin/cargo" "+beta-2023-12-22" "build" "--frozen" "--message-format=json", kill_on_drop: false }`
[INFO] [stdout] 13e9e8a8f682ea8d2df992066f3c44edade2a45f1971a9fea55807544cb4d245
[INFO] running `Command { std: "docker" "start" "-a" "13e9e8a8f682ea8d2df992066f3c44edade2a45f1971a9fea55807544cb4d245", kill_on_drop: false }`
[INFO] [stderr]    Compiling virtual_machine_translator v0.1.0 (/opt/rustwide/workdir)
[INFO] [stderr]     Finished dev [unoptimized + debuginfo] target(s) in 0.20s
[INFO] running `Command { std: "docker" "inspect" "13e9e8a8f682ea8d2df992066f3c44edade2a45f1971a9fea55807544cb4d245", kill_on_drop: false }`
[INFO] running `Command { std: "docker" "rm" "-f" "13e9e8a8f682ea8d2df992066f3c44edade2a45f1971a9fea55807544cb4d245", kill_on_drop: false }`
[INFO] [stdout] 13e9e8a8f682ea8d2df992066f3c44edade2a45f1971a9fea55807544cb4d245
[INFO] running `Command { std: "docker" "create" "-v" "/var/lib/crater-agent-workspace/builds/worker-0-tc2/target:/opt/rustwide/target:rw,Z" "-v" "/var/lib/crater-agent-workspace/builds/worker-0-tc2/source:/opt/rustwide/workdir:ro,Z" "-v" "/var/lib/crater-agent-workspace/cargo-home:/opt/rustwide/cargo-home:ro,Z" "-v" "/var/lib/crater-agent-workspace/rustup-home:/opt/rustwide/rustup-home:ro,Z" "-e" "SOURCE_DIR=/opt/rustwide/workdir" "-e" "CARGO_TARGET_DIR=/opt/rustwide/target" "-e" "CARGO_INCREMENTAL=0" "-e" "RUST_BACKTRACE=full" "-e" "RUSTFLAGS=--cap-lints=warn" "-e" "RUSTDOCFLAGS=--cap-lints=warn" "-e" "CARGO_HOME=/opt/rustwide/cargo-home" "-e" "RUSTUP_HOME=/opt/rustwide/rustup-home" "-w" "/opt/rustwide/workdir" "-m" "1610612736" "--user" "0:0" "--network" "none" "ghcr.io/rust-lang/crates-build-env/linux@sha256:2788e3201cd34a07e3172128adcd8b3090168a8e3bcc40d7c032b9dda1df7d1c" "/opt/rustwide/cargo-home/bin/cargo" "+beta-2023-12-22" "test" "--frozen" "--no-run" "--message-format=json", kill_on_drop: false }`
[INFO] [stdout] a1a46a1f21313c1175c2a36bf2247a1356c27d6b114e66671d31d4a3e3eb18ef
[INFO] running `Command { std: "docker" "start" "-a" "a1a46a1f21313c1175c2a36bf2247a1356c27d6b114e66671d31d4a3e3eb18ef", kill_on_drop: false }`
[INFO] [stderr]    Compiling virtual_machine_translator v0.1.0 (/opt/rustwide/workdir)
[INFO] [stderr]     Finished test [unoptimized + debuginfo] target(s) in 0.19s
[INFO] running `Command { std: "docker" "inspect" "a1a46a1f21313c1175c2a36bf2247a1356c27d6b114e66671d31d4a3e3eb18ef", kill_on_drop: false }`
[INFO] running `Command { std: "docker" "rm" "-f" "a1a46a1f21313c1175c2a36bf2247a1356c27d6b114e66671d31d4a3e3eb18ef", kill_on_drop: false }`
[INFO] [stdout] a1a46a1f21313c1175c2a36bf2247a1356c27d6b114e66671d31d4a3e3eb18ef
[INFO] running `Command { std: "docker" "create" "-v" "/var/lib/crater-agent-workspace/builds/worker-0-tc2/target:/opt/rustwide/target:rw,Z" "-v" "/var/lib/crater-agent-workspace/builds/worker-0-tc2/source:/opt/rustwide/workdir:ro,Z" "-v" "/var/lib/crater-agent-workspace/cargo-home:/opt/rustwide/cargo-home:ro,Z" "-v" "/var/lib/crater-agent-workspace/rustup-home:/opt/rustwide/rustup-home:ro,Z" "-e" "SOURCE_DIR=/opt/rustwide/workdir" "-e" "CARGO_TARGET_DIR=/opt/rustwide/target" "-e" "CARGO_INCREMENTAL=0" "-e" "RUST_BACKTRACE=full" "-e" "RUSTFLAGS=--cap-lints=warn" "-e" "RUSTDOCFLAGS=--cap-lints=warn" "-e" "CARGO_HOME=/opt/rustwide/cargo-home" "-e" "RUSTUP_HOME=/opt/rustwide/rustup-home" "-w" "/opt/rustwide/workdir" "-m" "1610612736" "--user" "0:0" "--network" "none" "ghcr.io/rust-lang/crates-build-env/linux@sha256:2788e3201cd34a07e3172128adcd8b3090168a8e3bcc40d7c032b9dda1df7d1c" "/opt/rustwide/cargo-home/bin/cargo" "+beta-2023-12-22" "test" "--frozen", kill_on_drop: false }`
[INFO] [stdout] 58093cf14d68e753b5cb1aff62d3a4b4acb0d57a2a050bfb4ca91ffaf14e7e6f
[INFO] running `Command { std: "docker" "start" "-a" "58093cf14d68e753b5cb1aff62d3a4b4acb0d57a2a050bfb4ca91ffaf14e7e6f", kill_on_drop: false }`
[INFO] [stderr]     Finished test [unoptimized + debuginfo] target(s) in 0.00s
[INFO] [stderr]      Running unittests src/lib.rs (/opt/rustwide/target/debug/deps/virtual_machine_translator-4650b60eaa5e86d7)
[INFO] [stdout] 
[INFO] [stdout] running 0 tests
[INFO] [stdout] 
[INFO] [stdout] test result: ok. 0 passed; 0 failed; 0 ignored; 0 measured; 0 filtered out; finished in 0.00s
[INFO] [stdout] 
[INFO] [stderr]    Doc-tests virtual_machine_translator
[INFO] [stdout] 
[INFO] [stdout] running 4 tests
[INFO] [stdout] test src/utils/code_writer.rs - utils::code_writer::CodeWriter::write_arithmetic (line 28) - compile ... FAILED
[INFO] [stdout] test src/utils/code_writer.rs - utils::code_writer::CodeWriter::write_function (line 93) - compile ... FAILED
[INFO] [stdout] test src/utils/code_writer.rs - utils::code_writer::CodeWriter::write_push_pop (line 50) - compile ... FAILED
[INFO] [stdout] test src/utils/code_writer.rs - utils::code_writer::CodeWriter::write_branch (line 72) - compile ... FAILED
[INFO] [stdout] 
[INFO] [stdout] failures:
[INFO] [stdout] 
[INFO] [stdout] ---- src/utils/code_writer.rs - utils::code_writer::CodeWriter::write_arithmetic (line 28) stdout ----
[INFO] [stdout] error: expected expression, found `}`
[INFO] [stdout]  --> src/utils/code_writer.rs:34:1
[INFO] [stdout]   |
[INFO] [stdout] 7 |     _ => // your code
[INFO] [stdout]   |       -- while parsing the `match` arm starting here
[INFO] [stdout] 8 | }
[INFO] [stdout]   | ^ expected expression
[INFO] [stdout] 
[INFO] [stdout] error[E0425]: cannot find value `parser` in this scope
[INFO] [stdout]  --> src/utils/code_writer.rs:29:7
[INFO] [stdout]   |
[INFO] [stdout] 3 | match parser.command_type {
[INFO] [stdout]   |       ^^^^^^ not found in this scope
[INFO] [stdout] 
[INFO] [stdout] error[E0433]: failed to resolve: use of undeclared type `Command`
[INFO] [stdout]  --> src/utils/code_writer.rs:30:10
[INFO] [stdout]   |
[INFO] [stdout] 4 |     Some(Command::Arithmetic(_)) => {
[INFO] [stdout]   |          ^^^^^^^ use of undeclared type `Command`
[INFO] [stdout]   |
[INFO] [stdout] help: consider importing one of these items
[INFO] [stdout]   |
[INFO] [stdout] 2 + use std::process::Command;
[INFO] [stdout]   |
[INFO] [stdout] 2 + use virtual_machine_translator::prelude::Command;
[INFO] [stdout]   |
[INFO] [stdout] 
[INFO] [stdout] error[E0423]: expected value, found macro `write`
[INFO] [stdout]  --> src/utils/code_writer.rs:31:9
[INFO] [stdout]   |
[INFO] [stdout] 5 |         write.write_arithmetic(&parser);
[INFO] [stdout]   |         ^^^^^ not a value
[INFO] [stdout]   |
[INFO] [stdout] help: consider importing one of these items instead
[INFO] [stdout]   |
[INFO] [stdout] 2 + use core::fmt::write;
[INFO] [stdout]   |
[INFO] [stdout] 2 + use core::ptr::write;
[INFO] [stdout]   |
[INFO] [stdout] 2 + use std::fmt::write;
[INFO] [stdout]   |
[INFO] [stdout] 2 + use std::fs::write;
[INFO] [stdout]   |
[INFO] [stdout]     and 1 other candidate
[INFO] [stdout] 
[INFO] [stdout] error[E0425]: cannot find value `parser` in this scope
[INFO] [stdout]  --> src/utils/code_writer.rs:31:33
[INFO] [stdout]   |
[INFO] [stdout] 5 |         write.write_arithmetic(&parser);
[INFO] [stdout]   |                                 ^^^^^^ not found in this scope
[INFO] [stdout] 
[INFO] [stdout] error: aborting due to 5 previous errors
[INFO] [stdout] 
[INFO] [stdout] Some errors have detailed explanations: E0423, E0425, E0433.
[INFO] [stdout] For more information about an error, try `rustc --explain E0423`.
[INFO] [stdout] Couldn't compile the test.
[INFO] [stdout] ---- src/utils/code_writer.rs - utils::code_writer::CodeWriter::write_function (line 93) stdout ----
[INFO] [stdout] error: expected expression, found `}`
[INFO] [stdout]  --> src/utils/code_writer.rs:99:1
[INFO] [stdout]   |
[INFO] [stdout] 7 |     _ => // your code
[INFO] [stdout]   |       -- while parsing the `match` arm starting here
[INFO] [stdout] 8 | }
[INFO] [stdout]   | ^ expected expression
[INFO] [stdout] 
[INFO] [stdout] error[E0425]: cannot find value `parser` in this scope
[INFO] [stdout]  --> src/utils/code_writer.rs:94:7
[INFO] [stdout]   |
[INFO] [stdout] 3 | match parser.command_type {
[INFO] [stdout]   |       ^^^^^^ not found in this scope
[INFO] [stdout] 
[INFO] [stdout] error[E0433]: failed to resolve: use of undeclared type `Command`
[INFO] [stdout]  --> src/utils/code_writer.rs:95:10
[INFO] [stdout]   |
[INFO] [stdout] 4 |     Some(Command::Function(_)) => {
[INFO] [stdout]   |          ^^^^^^^ use of undeclared type `Command`
[INFO] [stdout]   |
[INFO] [stdout] help: consider importing one of these items
[INFO] [stdout]   |
[INFO] [stdout] 2 + use std::process::Command;
[INFO] [stdout]   |
[INFO] [stdout] 2 + use virtual_machine_translator::prelude::Command;
[INFO] [stdout]   |
[INFO] [stdout] 
[INFO] [stdout] error[E0423]: expected value, found macro `write`
[INFO] [stdout]  --> src/utils/code_writer.rs:96:9
[INFO] [stdout]   |
[INFO] [stdout] 5 |         write.write_function(&parser);
[INFO] [stdout]   |         ^^^^^ not a value
[INFO] [stdout]   |
[INFO] [stdout] help: consider importing one of these items instead
[INFO] [stdout]   |
[INFO] [stdout] 2 + use core::fmt::write;
[INFO] [stdout]   |
[INFO] [stdout] 2 + use core::ptr::write;
[INFO] [stdout]   |
[INFO] [stdout] 2 + use std::fmt::write;
[INFO] [stdout]   |
[INFO] [stdout] 2 + use std::fs::write;
[INFO] [stdout]   |
[INFO] [stdout]     and 1 other candidate
[INFO] [stdout] 
[INFO] [stdout] error[E0425]: cannot find value `parser` in this scope
[INFO] [stdout]  --> src/utils/code_writer.rs:96:31
[INFO] [stdout]   |
[INFO] [stdout] 5 |         write.write_function(&parser);
[INFO] [stdout]   |                               ^^^^^^ not found in this scope
[INFO] [stdout] 
[INFO] [stdout] error: aborting due to 5 previous errors
[INFO] [stdout] 
[INFO] [stdout] Some errors have detailed explanations: E0423, E0425, E0433.
[INFO] [stdout] For more information about an error, try `rustc --explain E0423`.
[INFO] [stdout] Couldn't compile the test.
[INFO] [stdout] ---- src/utils/code_writer.rs - utils::code_writer::CodeWriter::write_push_pop (line 50) stdout ----
[INFO] [stdout] error: expected expression, found `}`
[INFO] [stdout]  --> src/utils/code_writer.rs:56:1
[INFO] [stdout]   |
[INFO] [stdout] 7 |     _ => // your code
[INFO] [stdout]   |       -- while parsing the `match` arm starting here
[INFO] [stdout] 8 | }
[INFO] [stdout]   | ^ expected expression
[INFO] [stdout] 
[INFO] [stdout] error[E0425]: cannot find value `parser` in this scope
[INFO] [stdout]  --> src/utils/code_writer.rs:51:7
[INFO] [stdout]   |
[INFO] [stdout] 3 | match parser.command_type {
[INFO] [stdout]   |       ^^^^^^ not found in this scope
[INFO] [stdout] 
[INFO] [stdout] error[E0433]: failed to resolve: use of undeclared type `Command`
[INFO] [stdout]  --> src/utils/code_writer.rs:52:10
[INFO] [stdout]   |
[INFO] [stdout] 4 |     Some(Command::PushPop(_)) => {
[INFO] [stdout]   |          ^^^^^^^ use of undeclared type `Command`
[INFO] [stdout]   |
[INFO] [stdout] help: consider importing one of these items
[INFO] [stdout]   |
[INFO] [stdout] 2 + use std::process::Command;
[INFO] [stdout]   |
[INFO] [stdout] 2 + use virtual_machine_translator::prelude::Command;
[INFO] [stdout]   |
[INFO] [stdout] 
[INFO] [stdout] error[E0423]: expected value, found macro `write`
[INFO] [stdout]  --> src/utils/code_writer.rs:53:9
[INFO] [stdout]   |
[INFO] [stdout] 5 |         write.write_push_pop(&parser);
[INFO] [stdout]   |         ^^^^^ not a value
[INFO] [stdout]   |
[INFO] [stdout] help: consider importing one of these items instead
[INFO] [stdout]   |
[INFO] [stdout] 2 + use core::fmt::write;
[INFO] [stdout]   |
[INFO] [stdout] 2 + use core::ptr::write;
[INFO] [stdout]   |
[INFO] [stdout] 2 + use std::fmt::write;
[INFO] [stdout]   |
[INFO] [stdout] 2 + use std::fs::write;
[INFO] [stdout]   |
[INFO] [stdout]     and 1 other candidate
[INFO] [stdout] 
[INFO] [stdout] error[E0425]: cannot find value `parser` in this scope
[INFO] [stdout]  --> src/utils/code_writer.rs:53:31
[INFO] [stdout]   |
[INFO] [stdout] 5 |         write.write_push_pop(&parser);
[INFO] [stdout]   |                               ^^^^^^ not found in this scope
[INFO] [stdout] 
[INFO] [stdout] error: aborting due to 5 previous errors
[INFO] [stdout] 
[INFO] [stdout] Some errors have detailed explanations: E0423, E0425, E0433.
[INFO] [stdout] For more information about an error, try `rustc --explain E0423`.
[INFO] [stdout] Couldn't compile the test.
[INFO] [stdout] ---- src/utils/code_writer.rs - utils::code_writer::CodeWriter::write_branch (line 72) stdout ----
[INFO] [stdout] error: expected expression, found `}`
[INFO] [stdout]  --> src/utils/code_writer.rs:78:1
[INFO] [stdout]   |
[INFO] [stdout] 7 |     _ => // your code
[INFO] [stdout]   |       -- while parsing the `match` arm starting here
[INFO] [stdout] 8 | }
[INFO] [stdout]   | ^ expected expression
[INFO] [stdout] 
[INFO] [stdout] error[E0425]: cannot find value `parser` in this scope
[INFO] [stdout]  --> src/utils/code_writer.rs:73:7
[INFO] [stdout]   |
[INFO] [stdout] 3 | match parser.command_type {
[INFO] [stdout]   |       ^^^^^^ not found in this scope
[INFO] [stdout] 
[INFO] [stdout] error[E0433]: failed to resolve: use of undeclared type `Command`
[INFO] [stdout]  --> src/utils/code_writer.rs:74:10
[INFO] [stdout]   |
[INFO] [stdout] 4 |     Some(Command::Branch(_)) => {
[INFO] [stdout]   |          ^^^^^^^ use of undeclared type `Command`
[INFO] [stdout]   |
[INFO] [stdout] help: consider importing one of these items
[INFO] [stdout]   |
[INFO] [stdout] 2 + use std::process::Command;
[INFO] [stdout]   |
[INFO] [stdout] 2 + use virtual_machine_translator::prelude::Command;
[INFO] [stdout]   |
[INFO] [stdout] 
[INFO] [stdout] error[E0423]: expected value, found macro `write`
[INFO] [stdout]  --> src/utils/code_writer.rs:75:9
[INFO] [stdout]   |
[INFO] [stdout] 5 |         write.write_branch(&parser);
[INFO] [stdout]   |         ^^^^^ not a value
[INFO] [stdout]   |
[INFO] [stdout] help: consider importing one of these items instead
[INFO] [stdout]   |
[INFO] [stdout] 2 + use core::fmt::write;
[INFO] [stdout]   |
[INFO] [stdout] 2 + use core::ptr::write;
[INFO] [stdout]   |
[INFO] [stdout] 2 + use std::fmt::write;
[INFO] [stdout]   |
[INFO] [stdout] 2 + use std::fs::write;
[INFO] [stdout]   |
[INFO] [stdout]     and 1 other candidate
[INFO] [stdout] 
[INFO] [stdout] error[E0425]: cannot find value `parser` in this scope
[INFO] [stdout]  --> src/utils/code_writer.rs:75:29
[INFO] [stdout]   |
[INFO] [stdout] 5 |         write.write_branch(&parser);
[INFO] [stdout]   |                             ^^^^^^ not found in this scope
[INFO] [stdout] 
[INFO] [stdout] error: aborting due to 5 previous errors
[INFO] [stdout] 
[INFO] [stdout] Some errors have detailed explanations: E0423, E0425, E0433.
[INFO] [stdout] For more information about an error, try `rustc --explain E0423`.
[INFO] [stdout] Couldn't compile the test.
[INFO] [stdout] 
[INFO] [stdout] failures:
[INFO] [stdout]     src/utils/code_writer.rs - utils::code_writer::CodeWriter::write_arithmetic (line 28)
[INFO] [stdout]     src/utils/code_writer.rs - utils::code_writer::CodeWriter::write_branch (line 72)
[INFO] [stdout]     src/utils/code_writer.rs - utils::code_writer::CodeWriter::write_function (line 93)
[INFO] [stdout]     src/utils/code_writer.rs - utils::code_writer::CodeWriter::write_push_pop (line 50)
[INFO] [stdout] 
[INFO] [stdout] test result: FAILED. 0 passed; 4 failed; 0 ignored; 0 measured; 0 filtered out; finished in 0.04s
[INFO] [stdout] 
[INFO] [stderr] error: doctest failed, to rerun pass `--doc`
[INFO] running `Command { std: "docker" "inspect" "58093cf14d68e753b5cb1aff62d3a4b4acb0d57a2a050bfb4ca91ffaf14e7e6f", kill_on_drop: false }`
[INFO] running `Command { std: "docker" "rm" "-f" "58093cf14d68e753b5cb1aff62d3a4b4acb0d57a2a050bfb4ca91ffaf14e7e6f", kill_on_drop: false }`
[INFO] [stdout] 58093cf14d68e753b5cb1aff62d3a4b4acb0d57a2a050bfb4ca91ffaf14e7e6f
