[INFO] cloning repository https://github.com/maxmouchet/caracat
[INFO] running `Command { std: "git" "-c" "credential.helper=" "-c" "credential.helper=/workspace/cargo-home/bin/git-credential-null" "clone" "--bare" "https://github.com/maxmouchet/caracat" "/workspace/cache/git-repos/https%3A%2F%2Fgithub.com%2Fmaxmouchet%2Fcaracat", kill_on_drop: false }`
[INFO] [stderr] Cloning into bare repository '/workspace/cache/git-repos/https%3A%2F%2Fgithub.com%2Fmaxmouchet%2Fcaracat'...
[INFO] running `Command { std: "git" "rev-parse" "HEAD", kill_on_drop: false }`
[INFO] [stdout] 0a6b14254a6b305e687aefd231a5e5078aa5f7d4
[INFO] testing maxmouchet/caracat against 1.75.0 for beta-1.76-1
[INFO] running `Command { std: "git" "clone" "/workspace/cache/git-repos/https%3A%2F%2Fgithub.com%2Fmaxmouchet%2Fcaracat" "/workspace/builds/worker-2-tc1/source", kill_on_drop: false }`
[INFO] [stderr] Cloning into '/workspace/builds/worker-2-tc1/source'...
[INFO] [stderr] done.
[INFO] validating manifest of git repo https://github.com/maxmouchet/caracat on toolchain 1.75.0
[INFO] running `Command { std: CARGO_HOME="/workspace/cargo-home" RUSTUP_HOME="/workspace/rustup-home" "/workspace/cargo-home/bin/cargo" "+1.75.0" "metadata" "--manifest-path" "Cargo.toml" "--no-deps", kill_on_drop: false }`
[INFO] started tweaking git repo https://github.com/maxmouchet/caracat
[INFO] finished tweaking git repo https://github.com/maxmouchet/caracat
[INFO] tweaked toml for git repo https://github.com/maxmouchet/caracat written to /workspace/builds/worker-2-tc1/source/Cargo.toml
[INFO] crate git repo https://github.com/maxmouchet/caracat already has a lockfile, it will not be regenerated
[INFO] running `Command { std: CARGO_HOME="/workspace/cargo-home" RUSTUP_HOME="/workspace/rustup-home" "/workspace/cargo-home/bin/cargo" "+1.75.0" "fetch" "--manifest-path" "Cargo.toml", kill_on_drop: false }`
[INFO] [stderr]     Updating crates.io index
[INFO] [stderr]  Downloading crates ...
[INFO] [stderr]   Downloaded dns-lookup v2.0.2
[INFO] [stderr]   Downloaded ip_network_table-deps-treebitmap v0.5.0
[INFO] [stderr]   Downloaded ip_network_table v0.2.0
[INFO] [stderr]   Downloaded permutation_iterator v0.1.2
[INFO] [stderr]   Downloaded irrc v0.1.0-rc.5
[INFO] [stderr]   Downloaded hyperloglog v1.0.2
[INFO] [stderr]   Downloaded rpsl v0.1.0-rc.1
[INFO] [stderr]   Downloaded generic-ip v0.1.0-rc.2
[INFO] running `Command { std: "docker" "create" "-v" "/var/lib/crater-agent-workspace/builds/worker-2-tc1/target:/opt/rustwide/target:rw,Z" "-v" "/var/lib/crater-agent-workspace/builds/worker-2-tc1/source:/opt/rustwide/workdir:ro,Z" "-v" "/var/lib/crater-agent-workspace/cargo-home:/opt/rustwide/cargo-home:ro,Z" "-v" "/var/lib/crater-agent-workspace/rustup-home:/opt/rustwide/rustup-home:ro,Z" "-e" "SOURCE_DIR=/opt/rustwide/workdir" "-e" "CARGO_TARGET_DIR=/opt/rustwide/target" "-e" "CARGO_HOME=/opt/rustwide/cargo-home" "-e" "RUSTUP_HOME=/opt/rustwide/rustup-home" "-w" "/opt/rustwide/workdir" "-m" "1610612736" "--user" "0:0" "--network" "none" "ghcr.io/rust-lang/crates-build-env/linux@sha256:2788e3201cd34a07e3172128adcd8b3090168a8e3bcc40d7c032b9dda1df7d1c" "/opt/rustwide/cargo-home/bin/cargo" "+1.75.0" "metadata" "--no-deps" "--format-version=1", kill_on_drop: false }`
[INFO] [stdout] 73fb702386161cb539a4b339528dc7e92e550ec336dd47e1d71261088f1c6fc8
[INFO] running `Command { std: "docker" "start" "-a" "73fb702386161cb539a4b339528dc7e92e550ec336dd47e1d71261088f1c6fc8", kill_on_drop: false }`
[INFO] running `Command { std: "docker" "inspect" "73fb702386161cb539a4b339528dc7e92e550ec336dd47e1d71261088f1c6fc8", kill_on_drop: false }`
[INFO] running `Command { std: "docker" "rm" "-f" "73fb702386161cb539a4b339528dc7e92e550ec336dd47e1d71261088f1c6fc8", kill_on_drop: false }`
[INFO] [stdout] 73fb702386161cb539a4b339528dc7e92e550ec336dd47e1d71261088f1c6fc8
[INFO] running `Command { std: "docker" "create" "-v" "/var/lib/crater-agent-workspace/builds/worker-2-tc1/target:/opt/rustwide/target:rw,Z" "-v" "/var/lib/crater-agent-workspace/builds/worker-2-tc1/source:/opt/rustwide/workdir:ro,Z" "-v" "/var/lib/crater-agent-workspace/cargo-home:/opt/rustwide/cargo-home:ro,Z" "-v" "/var/lib/crater-agent-workspace/rustup-home:/opt/rustwide/rustup-home:ro,Z" "-e" "SOURCE_DIR=/opt/rustwide/workdir" "-e" "CARGO_TARGET_DIR=/opt/rustwide/target" "-e" "CARGO_INCREMENTAL=0" "-e" "RUST_BACKTRACE=full" "-e" "RUSTFLAGS=--cap-lints=warn" "-e" "RUSTDOCFLAGS=--cap-lints=warn" "-e" "CARGO_HOME=/opt/rustwide/cargo-home" "-e" "RUSTUP_HOME=/opt/rustwide/rustup-home" "-w" "/opt/rustwide/workdir" "-m" "1610612736" "--user" "0:0" "--network" "none" "ghcr.io/rust-lang/crates-build-env/linux@sha256:2788e3201cd34a07e3172128adcd8b3090168a8e3bcc40d7c032b9dda1df7d1c" "/opt/rustwide/cargo-home/bin/cargo" "+1.75.0" "build" "--frozen" "--message-format=json", kill_on_drop: false }`
[INFO] [stdout] a8d539cf9b800b6b315946779ac735d51ea860354b21def18c80349bc5b0bb31
[INFO] running `Command { std: "docker" "start" "-a" "a8d539cf9b800b6b315946779ac735d51ea860354b21def18c80349bc5b0bb31", kill_on_drop: false }`
[INFO] [stderr]    Compiling libc v0.2.144
[INFO] [stderr]    Compiling proc-macro2 v1.0.59
[INFO] [stderr]    Compiling quote v1.0.28
[INFO] [stderr]    Compiling unicode-ident v1.0.9
[INFO] [stderr]    Compiling memchr v2.5.0
[INFO] [stderr]    Compiling cfg-if v1.0.0
[INFO] [stderr]    Compiling pkg-config v0.3.27
[INFO] [stderr]    Compiling syn v1.0.109
[INFO] [stderr]    Compiling regex-syntax v0.7.2
[INFO] [stderr]    Compiling autocfg v1.1.0
[INFO] [stderr]    Compiling serde v1.0.163
[INFO] [stderr]    Compiling no-std-net v0.6.0
[INFO] [stderr]    Compiling io-lifetimes v1.0.10
[INFO] [stderr]    Compiling bitflags v1.3.2
[INFO] [stderr]    Compiling rustix v0.37.7
[INFO] [stderr]    Compiling rustversion v1.0.11
[INFO] [stderr]    Compiling pnet_base v0.33.0
[INFO] [stderr]    Compiling libloading v0.6.7
[INFO] [stderr]    Compiling log v0.4.17
[INFO] [stderr]    Compiling pnet_macros_support v0.33.0
[INFO] [stderr]    Compiling zstd-safe v6.0.4+zstd.1.5.4
[INFO] [stderr]    Compiling version_check v0.9.4
[INFO] [stderr]    Compiling ppv-lite86 v0.2.17
[INFO] [stderr]    Compiling linux-raw-sys v0.3.1
[INFO] [stderr]    Compiling heck v0.4.1
[INFO] [stderr]    Compiling num-traits v0.2.15
[INFO] [stderr]    Compiling num-integer v0.1.45
[INFO] [stderr]    Compiling pnet v0.33.0
[INFO] [stderr]    Compiling anyhow v1.0.71
[INFO] [stderr]    Compiling ryu v1.0.13
[INFO] [stderr]    Compiling circular-queue v0.2.6
[INFO] [stderr]    Compiling iana-time-zone v0.1.56
[INFO] [stderr]    Compiling humantime v2.1.0
[INFO] [stderr]    Compiling aho-corasick v1.0.1
[INFO] [stderr]    Compiling csv-core v0.1.10
[INFO] [stderr]    Compiling siphasher v0.3.10
[INFO] [stderr]    Compiling ip_network v0.4.1
[INFO] [stderr]    Compiling termcolor v1.2.0
[INFO] [stderr]    Compiling bytecount v0.6.3
[INFO] [stderr]    Compiling syn v2.0.18
[INFO] [stderr]    Compiling ip_network_table-deps-treebitmap v0.5.0
[INFO] [stderr]    Compiling jobserver v0.1.26
[INFO] [stderr]    Compiling itoa v1.0.6
[INFO] [stderr]    Compiling hex v0.4.3
[INFO] [stderr]    Compiling cc v1.0.79
[INFO] [stderr]    Compiling ip_network_table v0.2.0
[INFO] [stderr]    Compiling getrandom v0.2.8
[INFO] [stderr]    Compiling pnet_sys v0.33.0
[INFO] [stderr]    Compiling errno v0.2.8
[INFO] [stderr]    Compiling time v0.1.45
[INFO] [stderr]    Compiling regex v1.8.3
[INFO] [stderr]    Compiling rand_core v0.6.4
[INFO] [stderr]    Compiling chrono v0.4.24
[INFO] [stderr]    Compiling rand_chacha v0.3.1
[INFO] [stderr]    Compiling zstd-sys v2.0.7+zstd.1.5.4
[INFO] [stderr]    Compiling rand v0.8.5
[INFO] [stderr]    Compiling is-terminal v0.4.7
[INFO] [stderr]    Compiling env_logger v0.10.0
[INFO] [stderr]    Compiling hyperloglog v1.0.2
[INFO] [stderr]    Compiling serde_derive v1.0.163
[INFO] [stderr]    Compiling pcap v1.1.0
[INFO] [stderr]    Compiling pnet_macros v0.33.0
[INFO] [stderr]    Compiling strum_macros v0.24.3
[INFO] [stderr]    Compiling zstd v0.12.3+zstd.1.5.2
[INFO] [stderr]    Compiling pnet_packet v0.33.0
[INFO] [stderr]    Compiling strum v0.24.1
[INFO] [stderr]    Compiling ipnetwork v0.20.0
[INFO] [stderr]    Compiling csv v1.2.1
[INFO] [stderr]    Compiling pnet_datalink v0.33.0
[INFO] [stderr]    Compiling pnet_transport v0.33.0
[INFO] [stderr]    Compiling caracat v1.0.0 (/opt/rustwide/workdir)
[INFO] [stderr]     Finished dev [unoptimized + debuginfo] target(s) in 7.67s
[INFO] running `Command { std: "docker" "inspect" "a8d539cf9b800b6b315946779ac735d51ea860354b21def18c80349bc5b0bb31", kill_on_drop: false }`
[INFO] running `Command { std: "docker" "rm" "-f" "a8d539cf9b800b6b315946779ac735d51ea860354b21def18c80349bc5b0bb31", kill_on_drop: false }`
[INFO] [stdout] a8d539cf9b800b6b315946779ac735d51ea860354b21def18c80349bc5b0bb31
[INFO] running `Command { std: "docker" "create" "-v" "/var/lib/crater-agent-workspace/builds/worker-2-tc1/target:/opt/rustwide/target:rw,Z" "-v" "/var/lib/crater-agent-workspace/builds/worker-2-tc1/source:/opt/rustwide/workdir:ro,Z" "-v" "/var/lib/crater-agent-workspace/cargo-home:/opt/rustwide/cargo-home:ro,Z" "-v" "/var/lib/crater-agent-workspace/rustup-home:/opt/rustwide/rustup-home:ro,Z" "-e" "SOURCE_DIR=/opt/rustwide/workdir" "-e" "CARGO_TARGET_DIR=/opt/rustwide/target" "-e" "CARGO_INCREMENTAL=0" "-e" "RUST_BACKTRACE=full" "-e" "RUSTFLAGS=--cap-lints=warn" "-e" "RUSTDOCFLAGS=--cap-lints=warn" "-e" "CARGO_HOME=/opt/rustwide/cargo-home" "-e" "RUSTUP_HOME=/opt/rustwide/rustup-home" "-w" "/opt/rustwide/workdir" "-m" "1610612736" "--user" "0:0" "--network" "none" "ghcr.io/rust-lang/crates-build-env/linux@sha256:2788e3201cd34a07e3172128adcd8b3090168a8e3bcc40d7c032b9dda1df7d1c" "/opt/rustwide/cargo-home/bin/cargo" "+1.75.0" "test" "--frozen" "--no-run" "--message-format=json", kill_on_drop: false }`
[INFO] [stdout] 7af54a116c7e018bb8fbd65cb6092997d7bdc20cc0316e9119dfca5188141981
[INFO] running `Command { std: "docker" "start" "-a" "7af54a116c7e018bb8fbd65cb6092997d7bdc20cc0316e9119dfca5188141981", kill_on_drop: false }`
[INFO] [stderr]    Compiling regex-syntax v0.7.2
[INFO] [stderr]    Compiling thiserror v1.0.40
[INFO] [stderr]    Compiling num-traits v0.2.15
[INFO] [stderr]    Compiling ucd-trie v0.1.5
[INFO] [stderr]    Compiling getrandom v0.1.16
[INFO] [stderr]    Compiling once_cell v1.17.1
[INFO] [stderr]    Compiling radium v0.7.0
[INFO] [stderr]    Compiling tap v1.0.1
[INFO] [stderr]    Compiling unicode-segmentation v1.10.1
[INFO] [stderr]    Compiling syn v2.0.18
[INFO] [stderr]    Compiling arrayvec v0.4.12
[INFO] [stderr]    Compiling funty v2.0.0
[INFO] [stderr]    Compiling time-core v0.1.0
[INFO] [stderr]    Compiling utf8parse v0.2.1
[INFO] [stderr]    Compiling colorchoice v1.0.0
[INFO] [stderr]    Compiling anstyle-query v1.0.0
[INFO] [stderr]    Compiling wyz v0.5.1
[INFO] [stderr]    Compiling time-macros v0.2.8
[INFO] [stderr]    Compiling anstyle-parse v0.2.0
[INFO] [stderr]    Compiling nodrop v0.1.14
[INFO] [stderr]    Compiling anstyle v1.0.0
[INFO] [stderr]    Compiling clap_lex v0.5.0
[INFO] [stderr]    Compiling constant_time_eq v0.1.5
[INFO] [stderr]    Compiling anstream v0.3.2
[INFO] [stderr]    Compiling strsim v0.10.0
[INFO] [stderr]    Compiling libm v0.2.7
[INFO] [stderr]    Compiling minimal-lexical v0.2.1
[INFO] [stderr]    Compiling socket2 v0.5.3
[INFO] [stderr]    Compiling heck v0.3.3
[INFO] [stderr]    Compiling rand_core v0.5.1
[INFO] [stderr]    Compiling clap_builder v4.3.0
[INFO] [stderr]    Compiling circular v0.3.0
[INFO] [stderr]    Compiling lazy_static v1.4.0
[INFO] [stderr]    Compiling rand_chacha v0.2.2
[INFO] [stderr]    Compiling strum_macros v0.21.1
[INFO] [stderr]    Compiling nom v7.1.3
[INFO] [stderr]    Compiling bitvec v1.0.1
[INFO] [stderr]    Compiling blake2-rfc v0.2.18
[INFO] [stderr]    Compiling dns-lookup v2.0.2
[INFO] [stderr]    Compiling rand v0.7.3
[INFO] [stderr]    Compiling num-integer v0.1.45
[INFO] [stderr]    Compiling time v0.3.20
[INFO] [stderr]    Compiling chrono v0.4.24
[INFO] [stderr]    Compiling permutation_iterator v0.1.2
[INFO] [stderr]    Compiling strum v0.21.0
[INFO] [stderr]    Compiling regex v1.8.3
[INFO] [stderr]    Compiling generic-ip v0.1.0-rc.2
[INFO] [stderr]    Compiling env_logger v0.10.0
[INFO] [stderr]    Compiling thiserror-impl v1.0.40
[INFO] [stderr]    Compiling serde_derive v1.0.163
[INFO] [stderr]    Compiling clap_derive v4.3.0
[INFO] [stderr]    Compiling pnet_macros v0.33.0
[INFO] [stderr]    Compiling pcap v1.1.0
[INFO] [stderr]    Compiling pest v2.6.0
[INFO] [stderr]    Compiling clap v4.3.0
[INFO] [stderr]    Compiling pnet_packet v0.33.0
[INFO] [stderr]    Compiling pest_meta v2.6.0
[INFO] [stderr]    Compiling pest_generator v2.6.0
[INFO] [stderr]    Compiling serde v1.0.163
[INFO] [stderr]    Compiling pest_derive v2.6.0
[INFO] [stderr]    Compiling rpsl v0.1.0-rc.1
[INFO] [stderr]    Compiling pnet_transport v0.33.0
[INFO] [stderr]    Compiling ipnetwork v0.20.0
[INFO] [stderr]    Compiling csv v1.2.1
[INFO] [stderr]    Compiling pnet_datalink v0.33.0
[INFO] [stderr]    Compiling pnet v0.33.0
[INFO] [stderr]    Compiling caracat v1.0.0 (/opt/rustwide/workdir)
[INFO] [stderr]    Compiling irrc v0.1.0-rc.5
[INFO] [stderr]     Finished test [unoptimized + debuginfo] target(s) in 13.18s
[INFO] running `Command { std: "docker" "inspect" "7af54a116c7e018bb8fbd65cb6092997d7bdc20cc0316e9119dfca5188141981", kill_on_drop: false }`
[INFO] running `Command { std: "docker" "rm" "-f" "7af54a116c7e018bb8fbd65cb6092997d7bdc20cc0316e9119dfca5188141981", kill_on_drop: false }`
[INFO] [stdout] 7af54a116c7e018bb8fbd65cb6092997d7bdc20cc0316e9119dfca5188141981
[INFO] running `Command { std: "docker" "create" "-v" "/var/lib/crater-agent-workspace/builds/worker-2-tc1/target:/opt/rustwide/target:rw,Z" "-v" "/var/lib/crater-agent-workspace/builds/worker-2-tc1/source:/opt/rustwide/workdir:ro,Z" "-v" "/var/lib/crater-agent-workspace/cargo-home:/opt/rustwide/cargo-home:ro,Z" "-v" "/var/lib/crater-agent-workspace/rustup-home:/opt/rustwide/rustup-home:ro,Z" "-e" "SOURCE_DIR=/opt/rustwide/workdir" "-e" "CARGO_TARGET_DIR=/opt/rustwide/target" "-e" "CARGO_INCREMENTAL=0" "-e" "RUST_BACKTRACE=full" "-e" "RUSTFLAGS=--cap-lints=warn" "-e" "RUSTDOCFLAGS=--cap-lints=warn" "-e" "CARGO_HOME=/opt/rustwide/cargo-home" "-e" "RUSTUP_HOME=/opt/rustwide/rustup-home" "-w" "/opt/rustwide/workdir" "-m" "1610612736" "--user" "0:0" "--network" "none" "ghcr.io/rust-lang/crates-build-env/linux@sha256:2788e3201cd34a07e3172128adcd8b3090168a8e3bcc40d7c032b9dda1df7d1c" "/opt/rustwide/cargo-home/bin/cargo" "+1.75.0" "test" "--frozen", kill_on_drop: false }`
[INFO] [stdout] dd3aa0f3cf21f37902cff9e73e2513bf20ee54c689bcdcb3d209f56bc29bd287
[INFO] running `Command { std: "docker" "start" "-a" "dd3aa0f3cf21f37902cff9e73e2513bf20ee54c689bcdcb3d209f56bc29bd287", kill_on_drop: false }`
[INFO] [stderr]     Finished test [unoptimized + debuginfo] target(s) in 0.07s
[INFO] [stderr]      Running unittests src/lib.rs (/opt/rustwide/target/debug/deps/caracat-b2062bac28788991)
[INFO] [stdout] 
[INFO] [stdout] running 8 tests
[INFO] [stdout] test rate_limiter::tests::test_100kpps_10step ... ignored
[INFO] [stdout] test rate_limiter::tests::test_100kpps_1step ... ignored
[INFO] [stdout] test rate_limiter::tests::test_500pps_10step ... ignored
[INFO] [stdout] test rate_limiter::tests::test_500pps_1step ... ignored
[INFO] [stdout] test models::probe::tests::test_ipv4_dotted ... ok
[INFO] [stdout] test checksum::tests::test_caracat_checksum ... ok
[INFO] [stdout] test timestamp::tests::test_timestamp_sleep ... ignored
[INFO] [stdout] test timestamp::tests::test_timestamp_round_trip ... ok
[INFO] [stdout] 
[INFO] [stdout] test result: ok. 3 passed; 0 failed; 5 ignored; 0 measured; 0 filtered out; finished in 0.00s
[INFO] [stdout] 
[INFO] [stderr]      Running tests/test_builder.rs (/opt/rustwide/target/debug/deps/test_builder-19956cd0e110b3c6)
[INFO] [stdout] 
[INFO] [stdout] running 4 tests
[INFO] [stdout] test test_build_ipv4_udp ... ok
[INFO] [stdout] test test_build_ipv6_udp ... ok
[INFO] [stdout] test test_build_ipv4_icmp ... ok
[INFO] [stdout] test test_build_ipv6_icmpv6 ... ok
[INFO] [stdout] 
[INFO] [stdout] test result: ok. 4 passed; 0 failed; 0 ignored; 0 measured; 0 filtered out; finished in 0.00s
[INFO] [stdout] 
[INFO] [stderr]      Running tests/test_parser.rs (/opt/rustwide/target/debug/deps/test_parser-2b7dc94f26e32cce)
[INFO] [stdout] 
[INFO] [stdout] running 8 tests
[INFO] [stdout] test test_icmp6_icmp6_ttl_exceeded ... ok
[INFO] [stdout] test test_icmp_icmp_echo_reply ... ok
[INFO] [stdout] test test_icmp6_icmp6_echo_reply ... ok
[INFO] [stdout] test test_icmp_icmp_ttl_exceeded ... ok
[INFO] [stdout] test test_icmp_icmp_ttl_exceeded_mpls ... ok
[INFO] [stdout] test test_udp_icmp6_ttl_exceeded ... ok
[INFO] [stdout] test test_non_ip ... ok
[INFO] [stdout] test test_udp_icmp_ttl_exceeded ... ok
[INFO] [stdout] 
[INFO] [stdout] test result: ok. 8 passed; 0 failed; 0 ignored; 0 measured; 0 filtered out; finished in 0.00s
[INFO] [stdout] 
[INFO] [stderr]    Doc-tests caracat
[INFO] [stdout] 
[INFO] [stdout] running 4 tests
[INFO] [stdout] test src/neighbors.rs - neighbors (line 5) - compile ... ok
[INFO] [stdout] test src/high_level/probe.rs - high_level::probe (line 3) - compile ... FAILED
[INFO] [stdout] test src/builder.rs - builder (line 10) ... ok
[INFO] [stdout] test src/builder/packet.rs - builder::packet::Packet (line 12) ... ok
[INFO] [stdout] 
[INFO] [stdout] failures:
[INFO] [stdout] 
[INFO] [stdout] ---- src/high_level/probe.rs - high_level::probe (line 3) stdout ----
[INFO] [stdout] error[E0432]: unresolved import `caracat::probe`
[INFO] [stdout]  --> src/high_level/probe.rs:7:14
[INFO] [stdout]   |
[INFO] [stdout] 7 | use caracat::probe::{Config, probe_from_csv};
[INFO] [stdout]   |              ^^^^^ could not find `probe` in `caracat`
[INFO] [stdout] 
[INFO] [stdout] error: aborting due to previous error
[INFO] [stdout] 
[INFO] [stdout] For more information about this error, try `rustc --explain E0432`.
[INFO] [stdout] Couldn't compile the test.
[INFO] [stdout] 
[INFO] [stdout] failures:
[INFO] [stdout]     src/high_level/probe.rs - high_level::probe (line 3)
[INFO] [stdout] 
[INFO] [stdout] test result: FAILED. 3 passed; 1 failed; 0 ignored; 0 measured; 0 filtered out; finished in 0.69s
[INFO] [stdout] 
[INFO] [stderr] error: doctest failed, to rerun pass `--doc`
[INFO] running `Command { std: "docker" "inspect" "dd3aa0f3cf21f37902cff9e73e2513bf20ee54c689bcdcb3d209f56bc29bd287", kill_on_drop: false }`
[INFO] running `Command { std: "docker" "rm" "-f" "dd3aa0f3cf21f37902cff9e73e2513bf20ee54c689bcdcb3d209f56bc29bd287", kill_on_drop: false }`
[INFO] [stdout] dd3aa0f3cf21f37902cff9e73e2513bf20ee54c689bcdcb3d209f56bc29bd287
[INFO] testing maxmouchet/caracat against beta-2023-12-22 for beta-1.76-1
[INFO] running `Command { std: "git" "clone" "/workspace/cache/git-repos/https%3A%2F%2Fgithub.com%2Fmaxmouchet%2Fcaracat" "/workspace/builds/worker-2-tc2/source", kill_on_drop: false }`
[INFO] [stderr] Cloning into '/workspace/builds/worker-2-tc2/source'...
[INFO] [stderr] done.
[INFO] validating manifest of git repo https://github.com/maxmouchet/caracat on toolchain beta-2023-12-22
[INFO] running `Command { std: CARGO_HOME="/workspace/cargo-home" RUSTUP_HOME="/workspace/rustup-home" "/workspace/cargo-home/bin/cargo" "+beta-2023-12-22" "metadata" "--manifest-path" "Cargo.toml" "--no-deps", kill_on_drop: false }`
[INFO] started tweaking git repo https://github.com/maxmouchet/caracat
[INFO] finished tweaking git repo https://github.com/maxmouchet/caracat
[INFO] tweaked toml for git repo https://github.com/maxmouchet/caracat written to /workspace/builds/worker-2-tc2/source/Cargo.toml
[INFO] crate git repo https://github.com/maxmouchet/caracat already has a lockfile, it will not be regenerated
[INFO] running `Command { std: CARGO_HOME="/workspace/cargo-home" RUSTUP_HOME="/workspace/rustup-home" "/workspace/cargo-home/bin/cargo" "+beta-2023-12-22" "fetch" "--manifest-path" "Cargo.toml", kill_on_drop: false }`
[INFO] running `Command { std: "docker" "create" "-v" "/var/lib/crater-agent-workspace/builds/worker-2-tc2/target:/opt/rustwide/target:rw,Z" "-v" "/var/lib/crater-agent-workspace/builds/worker-2-tc2/source:/opt/rustwide/workdir:ro,Z" "-v" "/var/lib/crater-agent-workspace/cargo-home:/opt/rustwide/cargo-home:ro,Z" "-v" "/var/lib/crater-agent-workspace/rustup-home:/opt/rustwide/rustup-home:ro,Z" "-e" "SOURCE_DIR=/opt/rustwide/workdir" "-e" "CARGO_TARGET_DIR=/opt/rustwide/target" "-e" "CARGO_HOME=/opt/rustwide/cargo-home" "-e" "RUSTUP_HOME=/opt/rustwide/rustup-home" "-w" "/opt/rustwide/workdir" "-m" "1610612736" "--user" "0:0" "--network" "none" "ghcr.io/rust-lang/crates-build-env/linux@sha256:2788e3201cd34a07e3172128adcd8b3090168a8e3bcc40d7c032b9dda1df7d1c" "/opt/rustwide/cargo-home/bin/cargo" "+beta-2023-12-22" "metadata" "--no-deps" "--format-version=1", kill_on_drop: false }`
[INFO] [stdout] 336336e5bdf55a2748b5a3f8a70a79829b88b1977ce1cbfa18819e7595f9bc46
[INFO] running `Command { std: "docker" "start" "-a" "336336e5bdf55a2748b5a3f8a70a79829b88b1977ce1cbfa18819e7595f9bc46", kill_on_drop: false }`
[INFO] running `Command { std: "docker" "inspect" "336336e5bdf55a2748b5a3f8a70a79829b88b1977ce1cbfa18819e7595f9bc46", kill_on_drop: false }`
[INFO] running `Command { std: "docker" "rm" "-f" "336336e5bdf55a2748b5a3f8a70a79829b88b1977ce1cbfa18819e7595f9bc46", kill_on_drop: false }`
[INFO] [stdout] 336336e5bdf55a2748b5a3f8a70a79829b88b1977ce1cbfa18819e7595f9bc46
[INFO] running `Command { std: "docker" "create" "-v" "/var/lib/crater-agent-workspace/builds/worker-2-tc2/target:/opt/rustwide/target:rw,Z" "-v" "/var/lib/crater-agent-workspace/builds/worker-2-tc2/source:/opt/rustwide/workdir:ro,Z" "-v" "/var/lib/crater-agent-workspace/cargo-home:/opt/rustwide/cargo-home:ro,Z" "-v" "/var/lib/crater-agent-workspace/rustup-home:/opt/rustwide/rustup-home:ro,Z" "-e" "SOURCE_DIR=/opt/rustwide/workdir" "-e" "CARGO_TARGET_DIR=/opt/rustwide/target" "-e" "CARGO_INCREMENTAL=0" "-e" "RUST_BACKTRACE=full" "-e" "RUSTFLAGS=--cap-lints=warn" "-e" "RUSTDOCFLAGS=--cap-lints=warn" "-e" "CARGO_HOME=/opt/rustwide/cargo-home" "-e" "RUSTUP_HOME=/opt/rustwide/rustup-home" "-w" "/opt/rustwide/workdir" "-m" "1610612736" "--user" "0:0" "--network" "none" "ghcr.io/rust-lang/crates-build-env/linux@sha256:2788e3201cd34a07e3172128adcd8b3090168a8e3bcc40d7c032b9dda1df7d1c" "/opt/rustwide/cargo-home/bin/cargo" "+beta-2023-12-22" "build" "--frozen" "--message-format=json", kill_on_drop: false }`
[INFO] [stdout] fa1cf65e8536863be3c2abc43d63d0fa04a83872a3c51b115b7c851f7adc557d
[INFO] running `Command { std: "docker" "start" "-a" "fa1cf65e8536863be3c2abc43d63d0fa04a83872a3c51b115b7c851f7adc557d", kill_on_drop: false }`
[INFO] [stderr]    Compiling libc v0.2.144
[INFO] [stderr]    Compiling proc-macro2 v1.0.59
[INFO] [stderr]    Compiling unicode-ident v1.0.9
[INFO] [stderr]    Compiling quote v1.0.28
[INFO] [stderr]    Compiling memchr v2.5.0
[INFO] [stderr]    Compiling cfg-if v1.0.0
[INFO] [stderr]    Compiling pkg-config v0.3.27
[INFO] [stderr]    Compiling regex-syntax v0.7.2
[INFO] [stderr]    Compiling syn v1.0.109
[INFO] [stderr]    Compiling autocfg v1.1.0
[INFO] [stderr]    Compiling serde v1.0.163
[INFO] [stderr]    Compiling no-std-net v0.6.0
[INFO] [stderr]    Compiling io-lifetimes v1.0.10
[INFO] [stderr]    Compiling bitflags v1.3.2
[INFO] [stderr]    Compiling rustix v0.37.7
[INFO] [stderr]    Compiling rustversion v1.0.11
[INFO] [stderr]    Compiling pnet_base v0.33.0
[INFO] [stderr]    Compiling libloading v0.6.7
[INFO] [stderr]    Compiling zstd-safe v6.0.4+zstd.1.5.4
[INFO] [stderr]    Compiling pnet_macros_support v0.33.0
[INFO] [stderr]    Compiling version_check v0.9.4
[INFO] [stderr]    Compiling log v0.4.17
[INFO] [stderr]    Compiling linux-raw-sys v0.3.1
[INFO] [stderr]    Compiling ppv-lite86 v0.2.17
[INFO] [stderr]    Compiling anyhow v1.0.71
[INFO] [stderr]    Compiling pnet v0.33.0
[INFO] [stderr]    Compiling num-traits v0.2.15
[INFO] [stderr]    Compiling num-integer v0.1.45
[INFO] [stderr]    Compiling heck v0.4.1
[INFO] [stderr]    Compiling circular-queue v0.2.6
[INFO] [stderr]    Compiling humantime v2.1.0
[INFO] [stderr]    Compiling bytecount v0.6.3
[INFO] [stderr]    Compiling siphasher v0.3.10
[INFO] [stderr]    Compiling ip_network_table-deps-treebitmap v0.5.0
[INFO] [stderr]    Compiling aho-corasick v1.0.1
[INFO] [stderr]    Compiling csv-core v0.1.10
[INFO] [stderr]    Compiling iana-time-zone v0.1.56
[INFO] [stderr]    Compiling ryu v1.0.13
[INFO] [stderr]    Compiling termcolor v1.2.0
[INFO] [stderr]    Compiling jobserver v0.1.26
[INFO] [stderr]    Compiling syn v2.0.18
[INFO] [stderr]    Compiling itoa v1.0.6
[INFO] [stderr]    Compiling ip_network v0.4.1
[INFO] [stderr]    Compiling hex v0.4.3
[INFO] [stderr]    Compiling cc v1.0.79
[INFO] [stderr]    Compiling ip_network_table v0.2.0
[INFO] [stderr]    Compiling getrandom v0.2.8
[INFO] [stderr]    Compiling pnet_sys v0.33.0
[INFO] [stderr]    Compiling time v0.1.45
[INFO] [stderr]    Compiling errno v0.2.8
[INFO] [stderr]    Compiling regex v1.8.3
[INFO] [stderr]    Compiling rand_core v0.6.4
[INFO] [stderr]    Compiling chrono v0.4.24
[INFO] [stderr]    Compiling zstd-sys v2.0.7+zstd.1.5.4
[INFO] [stderr]    Compiling rand_chacha v0.3.1
[INFO] [stderr]    Compiling rand v0.8.5
[INFO] [stderr]    Compiling is-terminal v0.4.7
[INFO] [stderr]    Compiling env_logger v0.10.0
[INFO] [stderr]    Compiling hyperloglog v1.0.2
[INFO] [stderr]    Compiling serde_derive v1.0.163
[INFO] [stderr]    Compiling pcap v1.1.0
[INFO] [stderr]    Compiling pnet_macros v0.33.0
[INFO] [stderr]    Compiling strum_macros v0.24.3
[INFO] [stderr]    Compiling zstd v0.12.3+zstd.1.5.2
[INFO] [stderr]    Compiling pnet_packet v0.33.0
[INFO] [stderr]    Compiling strum v0.24.1
[INFO] [stderr]    Compiling ipnetwork v0.20.0
[INFO] [stderr]    Compiling csv v1.2.1
[INFO] [stderr]    Compiling pnet_datalink v0.33.0
[INFO] [stderr]    Compiling pnet_transport v0.33.0
[INFO] [stderr]    Compiling caracat v1.0.0 (/opt/rustwide/workdir)
[INFO] [stderr]     Finished dev [unoptimized + debuginfo] target(s) in 7.84s
[INFO] running `Command { std: "docker" "inspect" "fa1cf65e8536863be3c2abc43d63d0fa04a83872a3c51b115b7c851f7adc557d", kill_on_drop: false }`
[INFO] running `Command { std: "docker" "rm" "-f" "fa1cf65e8536863be3c2abc43d63d0fa04a83872a3c51b115b7c851f7adc557d", kill_on_drop: false }`
[INFO] [stdout] fa1cf65e8536863be3c2abc43d63d0fa04a83872a3c51b115b7c851f7adc557d
[INFO] running `Command { std: "docker" "create" "-v" "/var/lib/crater-agent-workspace/builds/worker-2-tc2/target:/opt/rustwide/target:rw,Z" "-v" "/var/lib/crater-agent-workspace/builds/worker-2-tc2/source:/opt/rustwide/workdir:ro,Z" "-v" "/var/lib/crater-agent-workspace/cargo-home:/opt/rustwide/cargo-home:ro,Z" "-v" "/var/lib/crater-agent-workspace/rustup-home:/opt/rustwide/rustup-home:ro,Z" "-e" "SOURCE_DIR=/opt/rustwide/workdir" "-e" "CARGO_TARGET_DIR=/opt/rustwide/target" "-e" "CARGO_INCREMENTAL=0" "-e" "RUST_BACKTRACE=full" "-e" "RUSTFLAGS=--cap-lints=warn" "-e" "RUSTDOCFLAGS=--cap-lints=warn" "-e" "CARGO_HOME=/opt/rustwide/cargo-home" "-e" "RUSTUP_HOME=/opt/rustwide/rustup-home" "-w" "/opt/rustwide/workdir" "-m" "1610612736" "--user" "0:0" "--network" "none" "ghcr.io/rust-lang/crates-build-env/linux@sha256:2788e3201cd34a07e3172128adcd8b3090168a8e3bcc40d7c032b9dda1df7d1c" "/opt/rustwide/cargo-home/bin/cargo" "+beta-2023-12-22" "test" "--frozen" "--no-run" "--message-format=json", kill_on_drop: false }`
[INFO] [stdout] 29e7044af9383a1a795e5783f3678bfea4a1043007199f52ba253a1a2604100c
[INFO] running `Command { std: "docker" "start" "-a" "29e7044af9383a1a795e5783f3678bfea4a1043007199f52ba253a1a2604100c", kill_on_drop: false }`
[INFO] [stderr]    Compiling regex-syntax v0.7.2
[INFO] [stderr]    Compiling thiserror v1.0.40
[INFO] [stderr]    Compiling num-traits v0.2.15
[INFO] [stderr]    Compiling getrandom v0.1.16
[INFO] [stderr]    Compiling radium v0.7.0
[INFO] [stderr]    Compiling ucd-trie v0.1.5
[INFO] [stderr]    Compiling once_cell v1.17.1
[INFO] [stderr]    Compiling tap v1.0.1
[INFO] [stderr]    Compiling unicode-segmentation v1.10.1
[INFO] [stderr]    Compiling syn v2.0.18
[INFO] [stderr]    Compiling funty v2.0.0
[INFO] [stderr]    Compiling arrayvec v0.4.12
[INFO] [stderr]    Compiling utf8parse v0.2.1
[INFO] [stderr]    Compiling time-core v0.1.0
[INFO] [stderr]    Compiling nodrop v0.1.14
[INFO] [stderr]    Compiling colorchoice v1.0.0
[INFO] [stderr]    Compiling wyz v0.5.1
[INFO] [stderr]    Compiling anstyle-parse v0.2.0
[INFO] [stderr]    Compiling anstyle v1.0.0
[INFO] [stderr]    Compiling anstyle-query v1.0.0
[INFO] [stderr]    Compiling time-macros v0.2.8
[INFO] [stderr]    Compiling constant_time_eq v0.1.5
[INFO] [stderr]    Compiling libm v0.2.7
[INFO] [stderr]    Compiling clap_lex v0.5.0
[INFO] [stderr]    Compiling minimal-lexical v0.2.1
[INFO] [stderr]    Compiling strsim v0.10.0
[INFO] [stderr]    Compiling anstream v0.3.2
[INFO] [stderr]    Compiling socket2 v0.5.3
[INFO] [stderr]    Compiling heck v0.3.3
[INFO] [stderr]    Compiling rand_core v0.5.1
[INFO] [stderr]    Compiling nom v7.1.3
[INFO] [stderr]    Compiling circular v0.3.0
[INFO] [stderr]    Compiling clap_builder v4.3.0
[INFO] [stderr]    Compiling lazy_static v1.4.0
[INFO] [stderr]    Compiling bitvec v1.0.1
[INFO] [stderr]    Compiling strum_macros v0.21.1
[INFO] [stderr]    Compiling rand_chacha v0.2.2
[INFO] [stderr]    Compiling blake2-rfc v0.2.18
[INFO] [stderr]    Compiling dns-lookup v2.0.2
[INFO] [stderr]    Compiling rand v0.7.3
[INFO] [stderr]    Compiling num-integer v0.1.45
[INFO] [stderr]    Compiling time v0.3.20
[INFO] [stderr]    Compiling chrono v0.4.24
[INFO] [stderr]    Compiling permutation_iterator v0.1.2
[INFO] [stderr]    Compiling regex v1.8.3
[INFO] [stderr]    Compiling strum v0.21.0
[INFO] [stderr]    Compiling generic-ip v0.1.0-rc.2
[INFO] [stderr]    Compiling env_logger v0.10.0
[INFO] [stderr]    Compiling thiserror-impl v1.0.40
[INFO] [stderr]    Compiling serde_derive v1.0.163
[INFO] [stderr]    Compiling clap_derive v4.3.0
[INFO] [stderr]    Compiling pnet_macros v0.33.0
[INFO] [stderr]    Compiling pcap v1.1.0
[INFO] [stderr]    Compiling pest v2.6.0
[INFO] [stderr]    Compiling clap v4.3.0
[INFO] [stderr]    Compiling pest_meta v2.6.0
[INFO] [stderr]    Compiling pnet_packet v0.33.0
[INFO] [stderr]    Compiling pest_generator v2.6.0
[INFO] [stderr]    Compiling serde v1.0.163
[INFO] [stderr]    Compiling pest_derive v2.6.0
[INFO] [stderr]    Compiling rpsl v0.1.0-rc.1
[INFO] [stderr]    Compiling pnet_transport v0.33.0
[INFO] [stderr]    Compiling ipnetwork v0.20.0
[INFO] [stderr]    Compiling csv v1.2.1
[INFO] [stderr]    Compiling pnet_datalink v0.33.0
[INFO] [stderr]    Compiling pnet v0.33.0
[INFO] [stderr]    Compiling caracat v1.0.0 (/opt/rustwide/workdir)
[INFO] [stderr]    Compiling irrc v0.1.0-rc.5
[INFO] [stderr]     Finished test [unoptimized + debuginfo] target(s) in 14.50s
[INFO] running `Command { std: "docker" "inspect" "29e7044af9383a1a795e5783f3678bfea4a1043007199f52ba253a1a2604100c", kill_on_drop: false }`
[INFO] running `Command { std: "docker" "rm" "-f" "29e7044af9383a1a795e5783f3678bfea4a1043007199f52ba253a1a2604100c", kill_on_drop: false }`
[INFO] [stdout] 29e7044af9383a1a795e5783f3678bfea4a1043007199f52ba253a1a2604100c
[INFO] running `Command { std: "docker" "create" "-v" "/var/lib/crater-agent-workspace/builds/worker-2-tc2/target:/opt/rustwide/target:rw,Z" "-v" "/var/lib/crater-agent-workspace/builds/worker-2-tc2/source:/opt/rustwide/workdir:ro,Z" "-v" "/var/lib/crater-agent-workspace/cargo-home:/opt/rustwide/cargo-home:ro,Z" "-v" "/var/lib/crater-agent-workspace/rustup-home:/opt/rustwide/rustup-home:ro,Z" "-e" "SOURCE_DIR=/opt/rustwide/workdir" "-e" "CARGO_TARGET_DIR=/opt/rustwide/target" "-e" "CARGO_INCREMENTAL=0" "-e" "RUST_BACKTRACE=full" "-e" "RUSTFLAGS=--cap-lints=warn" "-e" "RUSTDOCFLAGS=--cap-lints=warn" "-e" "CARGO_HOME=/opt/rustwide/cargo-home" "-e" "RUSTUP_HOME=/opt/rustwide/rustup-home" "-w" "/opt/rustwide/workdir" "-m" "1610612736" "--user" "0:0" "--network" "none" "ghcr.io/rust-lang/crates-build-env/linux@sha256:2788e3201cd34a07e3172128adcd8b3090168a8e3bcc40d7c032b9dda1df7d1c" "/opt/rustwide/cargo-home/bin/cargo" "+beta-2023-12-22" "test" "--frozen", kill_on_drop: false }`
[INFO] [stdout] 939dc5b3ad043fd8f7bb6934e08532712680acda596236ca509a0d7d591f6dc7
[INFO] running `Command { std: "docker" "start" "-a" "939dc5b3ad043fd8f7bb6934e08532712680acda596236ca509a0d7d591f6dc7", kill_on_drop: false }`
[INFO] [stderr]     Finished test [unoptimized + debuginfo] target(s) in 0.07s
[INFO] [stderr]      Running unittests src/lib.rs (/opt/rustwide/target/debug/deps/caracat-8c284850bfa0d6a6)
[INFO] [stdout] 
[INFO] [stdout] running 8 tests
[INFO] [stdout] test rate_limiter::tests::test_100kpps_10step ... ignored
[INFO] [stdout] test rate_limiter::tests::test_100kpps_1step ... ignored
[INFO] [stdout] test rate_limiter::tests::test_500pps_10step ... ignored
[INFO] [stdout] test rate_limiter::tests::test_500pps_1step ... ignored
[INFO] [stdout] test models::probe::tests::test_ipv4_dotted ... ok
[INFO] [stdout] test checksum::tests::test_caracat_checksum ... ok
[INFO] [stdout] test timestamp::tests::test_timestamp_sleep ... ignored
[INFO] [stdout] test timestamp::tests::test_timestamp_round_trip ... ok
[INFO] [stdout] 
[INFO] [stdout] test result: ok. 3 passed; 0 failed; 5 ignored; 0 measured; 0 filtered out; finished in 0.00s
[INFO] [stdout] 
[INFO] [stderr]      Running tests/test_builder.rs (/opt/rustwide/target/debug/deps/test_builder-b7a1499259c4b274)
[INFO] [stdout] 
[INFO] [stdout] running 4 tests
[INFO] [stdout] test test_build_ipv4_icmp ... ok
[INFO] [stdout] test test_build_ipv4_udp ... ok
[INFO] [stdout] test test_build_ipv6_icmpv6 ... ok
[INFO] [stdout] test test_build_ipv6_udp ... ok
[INFO] [stdout] 
[INFO] [stdout] test result: ok. 4 passed; 0 failed; 0 ignored; 0 measured; 0 filtered out; finished in 0.00s
[INFO] [stdout] 
[INFO] [stderr]      Running tests/test_parser.rs (/opt/rustwide/target/debug/deps/test_parser-86f72ff7922dd0c8)
[INFO] [stdout] 
[INFO] [stdout] running 8 tests
[INFO] [stdout] test test_icmp6_icmp6_echo_reply ... ok
[INFO] [stdout] test test_icmp_icmp_echo_reply ... ok
[INFO] [stdout] test test_icmp_icmp_ttl_exceeded ... ok
[INFO] [stdout] test test_icmp6_icmp6_ttl_exceeded ... ok
[INFO] [stdout] test test_icmp_icmp_ttl_exceeded_mpls ... ok
[INFO] [stdout] test test_non_ip ... ok
[INFO] [stdout] test test_udp_icmp6_ttl_exceeded ... ok
[INFO] [stdout] test test_udp_icmp_ttl_exceeded ... ok
[INFO] [stdout] 
[INFO] [stdout] test result: ok. 8 passed; 0 failed; 0 ignored; 0 measured; 0 filtered out; finished in 0.00s
[INFO] [stdout] 
[INFO] [stderr]    Doc-tests caracat
[INFO] [stdout] 
[INFO] [stdout] running 4 tests
[INFO] [stdout] test src/neighbors.rs - neighbors (line 5) - compile ... ok
[INFO] [stdout] test src/high_level/probe.rs - high_level::probe (line 3) - compile ... FAILED
[INFO] [stdout] test src/builder/packet.rs - builder::packet::Packet (line 12) ... ok
[INFO] [stdout] test src/builder.rs - builder (line 10) ... ok
[INFO] [stdout] 
[INFO] [stdout] failures:
[INFO] [stdout] 
[INFO] [stdout] ---- src/high_level/probe.rs - high_level::probe (line 3) stdout ----
[INFO] [stdout] error[E0432]: unresolved import `caracat::probe`
[INFO] [stdout]  --> src/high_level/probe.rs:7:14
[INFO] [stdout]   |
[INFO] [stdout] 7 | use caracat::probe::{Config, probe_from_csv};
[INFO] [stdout]   |              ^^^^^ could not find `probe` in `caracat`
[INFO] [stdout] 
[INFO] [stdout] error: aborting due to 1 previous error
[INFO] [stdout] 
[INFO] [stdout] For more information about this error, try `rustc --explain E0432`.
[INFO] [stdout] Couldn't compile the test.
[INFO] [stdout] 
[INFO] [stdout] failures:
[INFO] [stdout]     src/high_level/probe.rs - high_level::probe (line 3)
[INFO] [stdout] 
[INFO] [stdout] test result: FAILED. 3 passed; 1 failed; 0 ignored; 0 measured; 0 filtered out; finished in 0.68s
[INFO] [stdout] 
[INFO] [stderr] error: doctest failed, to rerun pass `--doc`
[INFO] running `Command { std: "docker" "inspect" "939dc5b3ad043fd8f7bb6934e08532712680acda596236ca509a0d7d591f6dc7", kill_on_drop: false }`
[INFO] running `Command { std: "docker" "rm" "-f" "939dc5b3ad043fd8f7bb6934e08532712680acda596236ca509a0d7d591f6dc7", kill_on_drop: false }`
[INFO] [stdout] 939dc5b3ad043fd8f7bb6934e08532712680acda596236ca509a0d7d591f6dc7
