[INFO] cloning repository https://github.com/matklad/tom
[INFO] running `Command { std: "git" "-c" "credential.helper=" "-c" "credential.helper=/workspace/cargo-home/bin/git-credential-null" "clone" "--bare" "https://github.com/matklad/tom" "/workspace/cache/git-repos/https%3A%2F%2Fgithub.com%2Fmatklad%2Ftom", kill_on_drop: false }`
[INFO] [stderr] Cloning into bare repository '/workspace/cache/git-repos/https%3A%2F%2Fgithub.com%2Fmatklad%2Ftom'...
[INFO] running `Command { std: "git" "rev-parse" "HEAD", kill_on_drop: false }`
[INFO] [stdout] 7753d8aca79bbc166d5a28b81595dda2a5e24713
[INFO] testing matklad/tom against 1.75.0 for beta-1.76-1
[INFO] running `Command { std: "git" "clone" "/workspace/cache/git-repos/https%3A%2F%2Fgithub.com%2Fmatklad%2Ftom" "/workspace/builds/worker-4-tc1/source", kill_on_drop: false }`
[INFO] [stderr] Cloning into '/workspace/builds/worker-4-tc1/source'...
[INFO] [stderr] done.
[INFO] validating manifest of git repo https://github.com/matklad/tom on toolchain 1.75.0
[INFO] running `Command { std: CARGO_HOME="/workspace/cargo-home" RUSTUP_HOME="/workspace/rustup-home" "/workspace/cargo-home/bin/cargo" "+1.75.0" "metadata" "--manifest-path" "Cargo.toml" "--no-deps", kill_on_drop: false }`
[INFO] removed /workspace/builds/worker-4-tc1/source/.cargo/config
[INFO] started tweaking git repo https://github.com/matklad/tom
[INFO] finished tweaking git repo https://github.com/matklad/tom
[INFO] tweaked toml for git repo https://github.com/matklad/tom written to /workspace/builds/worker-4-tc1/source/Cargo.toml
[INFO] crate git repo https://github.com/matklad/tom already has a lockfile, it will not be regenerated
[INFO] running `Command { std: CARGO_HOME="/workspace/cargo-home" RUSTUP_HOME="/workspace/rustup-home" "/workspace/cargo-home/bin/cargo" "+1.75.0" "fetch" "--manifest-path" "Cargo.toml", kill_on_drop: false }`
[INFO] [stderr]     Updating crates.io index
[INFO] [stderr]  Downloading crates ...
[INFO] [stderr]   Downloaded smol_str v0.1.15
[INFO] [stderr]   Downloaded uncover v0.1.1
[INFO] [stderr]   Downloaded text_unit v0.1.10
[INFO] [stderr]   Downloaded superslice v0.1.0
[INFO] [stderr]   Downloaded m_lexer v0.0.4
[INFO] [stderr]   Downloaded drop_bomb v0.1.4
[INFO] [stderr]   Downloaded gen_lsp_server v0.1.0
[INFO] [stderr]   Downloaded rowan v0.1.4
[INFO] [stderr]   Downloaded pico-args v0.3.1
[INFO] [stderr]   Downloaded flexi_logger v0.10.7
[INFO] [stderr]   Downloaded languageserver-types v0.51.1
[INFO] running `Command { std: "docker" "create" "-v" "/var/lib/crater-agent-workspace/builds/worker-4-tc1/target:/opt/rustwide/target:rw,Z" "-v" "/var/lib/crater-agent-workspace/builds/worker-4-tc1/source:/opt/rustwide/workdir:ro,Z" "-v" "/var/lib/crater-agent-workspace/cargo-home:/opt/rustwide/cargo-home:ro,Z" "-v" "/var/lib/crater-agent-workspace/rustup-home:/opt/rustwide/rustup-home:ro,Z" "-e" "SOURCE_DIR=/opt/rustwide/workdir" "-e" "CARGO_TARGET_DIR=/opt/rustwide/target" "-e" "CARGO_HOME=/opt/rustwide/cargo-home" "-e" "RUSTUP_HOME=/opt/rustwide/rustup-home" "-w" "/opt/rustwide/workdir" "-m" "1610612736" "--user" "0:0" "--network" "none" "ghcr.io/rust-lang/crates-build-env/linux@sha256:2788e3201cd34a07e3172128adcd8b3090168a8e3bcc40d7c032b9dda1df7d1c" "/opt/rustwide/cargo-home/bin/cargo" "+1.75.0" "metadata" "--no-deps" "--format-version=1", kill_on_drop: false }`
[INFO] [stdout] ea1a1ae7242cf626c373ac997f66db1b9b74d1035d2937be6445bc59afc938d9
[INFO] running `Command { std: "docker" "start" "-a" "ea1a1ae7242cf626c373ac997f66db1b9b74d1035d2937be6445bc59afc938d9", kill_on_drop: false }`
[INFO] running `Command { std: "docker" "inspect" "ea1a1ae7242cf626c373ac997f66db1b9b74d1035d2937be6445bc59afc938d9", kill_on_drop: false }`
[INFO] running `Command { std: "docker" "rm" "-f" "ea1a1ae7242cf626c373ac997f66db1b9b74d1035d2937be6445bc59afc938d9", kill_on_drop: false }`
[INFO] [stdout] ea1a1ae7242cf626c373ac997f66db1b9b74d1035d2937be6445bc59afc938d9
[INFO] running `Command { std: "docker" "create" "-v" "/var/lib/crater-agent-workspace/builds/worker-4-tc1/target:/opt/rustwide/target:rw,Z" "-v" "/var/lib/crater-agent-workspace/builds/worker-4-tc1/source:/opt/rustwide/workdir:ro,Z" "-v" "/var/lib/crater-agent-workspace/cargo-home:/opt/rustwide/cargo-home:ro,Z" "-v" "/var/lib/crater-agent-workspace/rustup-home:/opt/rustwide/rustup-home:ro,Z" "-e" "SOURCE_DIR=/opt/rustwide/workdir" "-e" "CARGO_TARGET_DIR=/opt/rustwide/target" "-e" "CARGO_INCREMENTAL=0" "-e" "RUST_BACKTRACE=full" "-e" "RUSTFLAGS=--cap-lints=warn" "-e" "RUSTDOCFLAGS=--cap-lints=warn" "-e" "CARGO_HOME=/opt/rustwide/cargo-home" "-e" "RUSTUP_HOME=/opt/rustwide/rustup-home" "-w" "/opt/rustwide/workdir" "-m" "1610612736" "--user" "0:0" "--network" "none" "ghcr.io/rust-lang/crates-build-env/linux@sha256:2788e3201cd34a07e3172128adcd8b3090168a8e3bcc40d7c032b9dda1df7d1c" "/opt/rustwide/cargo-home/bin/cargo" "+1.75.0" "build" "--frozen" "--message-format=json", kill_on_drop: false }`
[INFO] [stdout] 24f19ec7ada6dcf881b5336ac0d018d1c7855e90d39c1934107d4fd7671c04aa
[INFO] running `Command { std: "docker" "start" "-a" "24f19ec7ada6dcf881b5336ac0d018d1c7855e90d39c1934107d4fd7671c04aa", kill_on_drop: false }`
[INFO] [stderr]    Compiling rand_core v0.4.2
[INFO] [stderr]    Compiling libc v0.2.71
[INFO] [stderr]    Compiling semver-parser v0.7.0
[INFO] [stderr]    Compiling autocfg v0.1.7
[INFO] [stderr]    Compiling proc-macro2 v1.0.17
[INFO] [stderr]    Compiling unicode-xid v0.2.0
[INFO] [stderr]    Compiling maybe-uninit v2.0.0
[INFO] [stderr]    Compiling syn v1.0.27
[INFO] [stderr]    Compiling lazy_static v1.4.0
[INFO] [stderr]    Compiling autocfg v1.0.0
[INFO] [stderr]    Compiling scopeguard v0.3.3
[INFO] [stderr]    Compiling cfg-if v0.1.10
[INFO] [stderr]    Compiling stable_deref_trait v1.1.1
[INFO] [stderr]    Compiling memchr v2.3.3
[INFO] [stderr]    Compiling proc-macro2 v0.4.30
[INFO] [stderr]    Compiling smallvec v1.4.0
[INFO] [stderr]    Compiling unicode-xid v0.1.0
[INFO] [stderr]    Compiling owning_ref v0.4.1
[INFO] [stderr]    Compiling matches v0.1.8
[INFO] [stderr]    Compiling serde v1.0.110
[INFO] [stderr]    Compiling unicode-bidi v0.3.4
[INFO] [stderr]    Compiling ryu v1.0.4
[INFO] [stderr]    Compiling rand_core v0.3.1
[INFO] [stderr]    Compiling semver v0.9.0
[INFO] [stderr]    Compiling lock_api v0.1.5
[INFO] [stderr]    Compiling rand_isaac v0.1.1
[INFO] [stderr]    Compiling unicode-normalization v0.1.12
[INFO] [stderr]    Compiling rand_hc v0.1.0
[INFO] [stderr]    Compiling rand_pcg v0.1.2
[INFO] [stderr]    Compiling rustc_version v0.2.3
[INFO] [stderr]    Compiling smallvec v0.6.13
[INFO] [stderr]    Compiling num-traits v0.2.11
[INFO] [stderr]    Compiling rand_chacha v0.1.1
[INFO] [stderr]    Compiling rand v0.6.5
[INFO] [stderr]    Compiling rand_xorshift v0.1.1
[INFO] [stderr]    Compiling rand_jitter v0.1.4
[INFO] [stderr]    Compiling syn v0.15.44
[INFO] [stderr]    Compiling arrayvec v0.4.12
[INFO] [stderr]    Compiling aho-corasick v0.7.10
[INFO] [stderr]    Compiling parking_lot_core v0.3.1
[INFO] [stderr]    Compiling parking_lot_core v0.4.0
[INFO] [stderr]    Compiling num-integer v0.1.42
[INFO] [stderr]    Compiling thread_local v1.0.1
[INFO] [stderr]    Compiling regex-syntax v0.6.17
[INFO] [stderr]    Compiling bitflags v1.2.1
[INFO] [stderr]    Compiling gimli v0.21.0
[INFO] [stderr]    Compiling quote v1.0.6
[INFO] [stderr]    Compiling percent-encoding v1.0.1
[INFO] [stderr]    Compiling rand_os v0.1.3
[INFO] [stderr]    Compiling quote v0.6.13
[INFO] [stderr]    Compiling rand v0.5.6
[INFO] [stderr]    Compiling log v0.4.8
[INFO] [stderr]    Compiling nodrop v0.1.14
[INFO] [stderr]    Compiling idna v0.1.5
[INFO] [stderr]    Compiling num-derive v0.2.5
[INFO] [stderr]    Compiling failure_derive v0.1.8
[INFO] [stderr]    Compiling crossbeam-utils v0.6.6
[INFO] [stderr]    Compiling anyhow v1.0.31
[INFO] [stderr]    Compiling memoffset v0.2.1
[INFO] [stderr]    Compiling object v0.19.0
[INFO] [stderr]    Compiling itoa v0.4.5
[INFO] [stderr]    Compiling rustc-demangle v0.1.16
[INFO] [stderr]    Compiling time v0.1.43
[INFO] [stderr]    Compiling text_unit v0.1.10
[INFO] [stderr]    Compiling url v1.7.2
[INFO] [stderr]    Compiling crossbeam-epoch v0.6.1
[INFO] [stderr]    Compiling unicode-segmentation v1.6.0
[INFO] [stderr]    Compiling either v1.5.3
[INFO] [stderr]    Compiling crossbeam-utils v0.5.0
[INFO] [stderr]    Compiling smol_str v0.1.15
[INFO] [stderr]    Compiling itertools v0.9.0
[INFO] [stderr]    Compiling chrono v0.4.11
[INFO] [stderr]    Compiling uncover v0.1.1
[INFO] [stderr]    Compiling heck v0.3.1
[INFO] [stderr]    Compiling parking_lot v0.6.4
[INFO] [stderr]    Compiling glob v0.2.11
[INFO] [stderr]    Compiling drop_bomb v0.1.4
[INFO] [stderr]    Compiling parking_lot v0.7.1
[INFO] [stderr]    Compiling pico-args v0.3.1
[INFO] [stderr]    Compiling superslice v0.1.0
[INFO] [stderr]    Compiling crossbeam-channel v0.2.6
[INFO] [stderr]    Compiling rowan v0.1.4
[INFO] [stderr]    Compiling regex v1.3.7
[INFO] [stderr]    Compiling xtask v0.0.0 (/opt/rustwide/workdir/xtask)
[INFO] [stderr]    Compiling addr2line v0.12.1
[INFO] [stderr]    Compiling backtrace v0.3.48
[INFO] [stderr]    Compiling synstructure v0.12.3
[INFO] [stderr]    Compiling m_lexer v0.0.4
[INFO] [stderr]    Compiling flexi_logger v0.10.7
[INFO] [stderr]    Compiling tom_syntax v0.0.1 (/opt/rustwide/workdir/crates/tom_syntax)
[INFO] [stderr]    Compiling serde_derive v1.0.110
[INFO] [stderr]    Compiling failure v0.1.8
[INFO] [stderr]    Compiling url_serde v0.2.0
[INFO] [stderr]    Compiling serde_json v1.0.53
[INFO] [stderr]    Compiling languageserver-types v0.51.1
[INFO] [stderr]    Compiling gen_lsp_server v0.1.0
[INFO] [stderr]    Compiling tom v0.1.0 (/opt/rustwide/workdir/crates/tom)
[INFO] [stderr]     Finished dev [unoptimized] target(s) in 11.94s
[INFO] running `Command { std: "docker" "inspect" "24f19ec7ada6dcf881b5336ac0d018d1c7855e90d39c1934107d4fd7671c04aa", kill_on_drop: false }`
[INFO] running `Command { std: "docker" "rm" "-f" "24f19ec7ada6dcf881b5336ac0d018d1c7855e90d39c1934107d4fd7671c04aa", kill_on_drop: false }`
[INFO] [stdout] 24f19ec7ada6dcf881b5336ac0d018d1c7855e90d39c1934107d4fd7671c04aa
[INFO] running `Command { std: "docker" "create" "-v" "/var/lib/crater-agent-workspace/builds/worker-4-tc1/target:/opt/rustwide/target:rw,Z" "-v" "/var/lib/crater-agent-workspace/builds/worker-4-tc1/source:/opt/rustwide/workdir:ro,Z" "-v" "/var/lib/crater-agent-workspace/cargo-home:/opt/rustwide/cargo-home:ro,Z" "-v" "/var/lib/crater-agent-workspace/rustup-home:/opt/rustwide/rustup-home:ro,Z" "-e" "SOURCE_DIR=/opt/rustwide/workdir" "-e" "CARGO_TARGET_DIR=/opt/rustwide/target" "-e" "CARGO_INCREMENTAL=0" "-e" "RUST_BACKTRACE=full" "-e" "RUSTFLAGS=--cap-lints=warn" "-e" "RUSTDOCFLAGS=--cap-lints=warn" "-e" "CARGO_HOME=/opt/rustwide/cargo-home" "-e" "RUSTUP_HOME=/opt/rustwide/rustup-home" "-w" "/opt/rustwide/workdir" "-m" "1610612736" "--user" "0:0" "--network" "none" "ghcr.io/rust-lang/crates-build-env/linux@sha256:2788e3201cd34a07e3172128adcd8b3090168a8e3bcc40d7c032b9dda1df7d1c" "/opt/rustwide/cargo-home/bin/cargo" "+1.75.0" "test" "--frozen" "--no-run" "--message-format=json", kill_on_drop: false }`
[INFO] [stdout] 7bad6aec0732675c309ce13f1b35ee1f529cf4a4c8ea85baf802667b3655f1aa
[INFO] running `Command { std: "docker" "start" "-a" "7bad6aec0732675c309ce13f1b35ee1f529cf4a4c8ea85baf802667b3655f1aa", kill_on_drop: false }`
[INFO] [stderr]    Compiling same-file v1.0.6
[INFO] [stderr]    Compiling difference v2.0.0
[INFO] [stderr]    Compiling tom v0.1.0 (/opt/rustwide/workdir/crates/tom)
[INFO] [stderr]    Compiling walkdir v2.3.1
[INFO] [stderr]    Compiling tom_syntax v0.0.1 (/opt/rustwide/workdir/crates/tom_syntax)
[INFO] [stderr]    Compiling xtask v0.0.0 (/opt/rustwide/workdir/xtask)
[INFO] [stderr]     Finished test [unoptimized] target(s) in 0.69s
[INFO] running `Command { std: "docker" "inspect" "7bad6aec0732675c309ce13f1b35ee1f529cf4a4c8ea85baf802667b3655f1aa", kill_on_drop: false }`
[INFO] running `Command { std: "docker" "rm" "-f" "7bad6aec0732675c309ce13f1b35ee1f529cf4a4c8ea85baf802667b3655f1aa", kill_on_drop: false }`
[INFO] [stdout] 7bad6aec0732675c309ce13f1b35ee1f529cf4a4c8ea85baf802667b3655f1aa
[INFO] running `Command { std: "docker" "create" "-v" "/var/lib/crater-agent-workspace/builds/worker-4-tc1/target:/opt/rustwide/target:rw,Z" "-v" "/var/lib/crater-agent-workspace/builds/worker-4-tc1/source:/opt/rustwide/workdir:ro,Z" "-v" "/var/lib/crater-agent-workspace/cargo-home:/opt/rustwide/cargo-home:ro,Z" "-v" "/var/lib/crater-agent-workspace/rustup-home:/opt/rustwide/rustup-home:ro,Z" "-e" "SOURCE_DIR=/opt/rustwide/workdir" "-e" "CARGO_TARGET_DIR=/opt/rustwide/target" "-e" "CARGO_INCREMENTAL=0" "-e" "RUST_BACKTRACE=full" "-e" "RUSTFLAGS=--cap-lints=warn" "-e" "RUSTDOCFLAGS=--cap-lints=warn" "-e" "CARGO_HOME=/opt/rustwide/cargo-home" "-e" "RUSTUP_HOME=/opt/rustwide/rustup-home" "-w" "/opt/rustwide/workdir" "-m" "1610612736" "--user" "0:0" "--network" "none" "ghcr.io/rust-lang/crates-build-env/linux@sha256:2788e3201cd34a07e3172128adcd8b3090168a8e3bcc40d7c032b9dda1df7d1c" "/opt/rustwide/cargo-home/bin/cargo" "+1.75.0" "test" "--frozen", kill_on_drop: false }`
[INFO] [stdout] 195d488725a5a2a418a5cfc85e4a4b627c361a3bc3069871ddfbec9aa78c6610
[INFO] running `Command { std: "docker" "start" "-a" "195d488725a5a2a418a5cfc85e4a4b627c361a3bc3069871ddfbec9aa78c6610", kill_on_drop: false }`
[INFO] [stderr]     Finished test [unoptimized] target(s) in 0.05s
[INFO] [stderr]      Running unittests src/main.rs (/opt/rustwide/target/debug/deps/tom-390958e11e7e990e)
[INFO] [stdout] 
[INFO] [stdout] running 1 test
[INFO] [stdout] test line_index::test_line_index ... ok
[INFO] [stdout] 
[INFO] [stdout] test result: ok. 1 passed; 0 failed; 0 ignored; 0 measured; 0 filtered out; finished in 0.00s
[INFO] [stdout] 
[INFO] [stderr]      Running unittests src/lib.rs (/opt/rustwide/target/debug/deps/tom_syntax-6214fa3de23b5686)
[INFO] [stdout] 
[INFO] [stdout] running 0 tests
[INFO] [stdout] 
[INFO] [stdout] test result: ok. 0 passed; 0 failed; 0 ignored; 0 measured; 0 filtered out; finished in 0.00s
[INFO] [stdout] 
[INFO] [stderr]      Running tests/suite/main.rs (/opt/rustwide/target/debug/deps/suite-f6aa1d2ff713e344)
[INFO] [stdout] 
[INFO] [stdout] running 12 tests
[INFO] [stdout] test ast::date_time_value ... ignored
[INFO] [stdout] test ast::int_value ... ignored
[INFO] [stdout] test ast::key_name_with_escape ... ignored
[INFO] [stdout] test ast::string_escaping_escape_sequences ... ignored
[INFO] [stdout] test ast::bool_value ... ok
[INFO] [stdout] test ast::string_escaping_trivial ... ok
[INFO] [stdout] test ast::key_name ... ok
[INFO] [stdout] test dir::test_parser_validation ... ok
[INFO] [stdout] test dir::test_parser_inline ... ok
[INFO] [stdout] test dir::test_parser_err ... ok
[INFO] [stdout] test simple_bench ... ok
[INFO] [stdout] test dir::test_parser_ok ... ok
[INFO] [stdout] 
[INFO] [stdout] test result: ok. 8 passed; 0 failed; 4 ignored; 0 measured; 0 filtered out; finished in 0.05s
[INFO] [stdout] 
[INFO] [stderr]      Running unittests src/lib.rs (/opt/rustwide/target/debug/deps/xtask-009423c1c065f320)
[INFO] [stdout] 
[INFO] [stdout] running 0 tests
[INFO] [stdout] 
[INFO] [stdout] test result: ok. 0 passed; 0 failed; 0 ignored; 0 measured; 0 filtered out; finished in 0.00s
[INFO] [stdout] 
[INFO] [stderr]      Running unittests src/main.rs (/opt/rustwide/target/debug/deps/xtask-44dcfda3e4bf857f)
[INFO] [stdout] 
[INFO] [stdout] running 0 tests
[INFO] [stdout] 
[INFO] [stdout] test result: ok. 0 passed; 0 failed; 0 ignored; 0 measured; 0 filtered out; finished in 0.00s
[INFO] [stdout] 
[INFO] [stderr]      Running tests/tidy.rs (/opt/rustwide/target/debug/deps/tidy-d18bb2cdf36c40c5)
[INFO] [stdout] 
[INFO] [stdout] running 4 tests
[INFO] [stdout] test generated_tests_are_fresh ... ok
[INFO] [stdout] test rust_files_are_tidy ... ok
[INFO] [stderr] error: 'rustfmt' is not installed for the toolchain '1.75.0-x86_64-unknown-linux-gnu'
[INFO] [stderr] To install, run `rustup component add rustfmt --toolchain 1.75.0-x86_64-unknown-linux-gnu`
[INFO] [stderr] error: 'rustfmt' is not installed for the toolchain '1.75.0-x86_64-unknown-linux-gnu'
[INFO] [stderr] To install, run `rustup component add rustfmt --toolchain 1.75.0-x86_64-unknown-linux-gnu`
[INFO] [stdout] test generated_ast_code_is_fresh ... FAILED
[INFO] [stdout] test generated_symbols_code_is_fresh ... FAILED
[INFO] [stdout] 
[INFO] [stdout] failures:
[INFO] [stdout] 
[INFO] [stdout] ---- generated_ast_code_is_fresh stdout ----
[INFO] [stdout] thread 'generated_ast_code_is_fresh' panicked at xtask/tests/tidy.rs:15:36:
[INFO] [stdout] called `Result::unwrap()` on an `Err` value: process `rustfmt --config-path /opt/rustwide/workdir/rustfmt.toml` failed
[INFO] [stdout] 
[INFO] [stdout] Caused by:
[INFO] [stdout]     exit status: 1
[INFO] [stdout] stack backtrace:
[INFO] [stdout]    0:     0x5562bfd538ac - std::backtrace_rs::backtrace::libunwind::trace::ha637c64ce894333a
[INFO] [stdout]                                at /rustc/82e1608dfa6e0b5569232559e3d385fea5a93112/library/std/src/../../backtrace/src/backtrace/libunwind.rs:104:5
[INFO] [stdout]    1:     0x5562bfd538ac - std::backtrace_rs::backtrace::trace_unsynchronized::h47f62dea28e0c88d
[INFO] [stdout]                                at /rustc/82e1608dfa6e0b5569232559e3d385fea5a93112/library/std/src/../../backtrace/src/backtrace/mod.rs:66:5
[INFO] [stdout]    2:     0x5562bfd538ac - std::sys_common::backtrace::_print_fmt::h9eef0abe20ede486
[INFO] [stdout]                                at /rustc/82e1608dfa6e0b5569232559e3d385fea5a93112/library/std/src/sys_common/backtrace.rs:67:5
[INFO] [stdout]    3:     0x5562bfd538ac - <std::sys_common::backtrace::_print::DisplayBacktrace as core::fmt::Display>::fmt::hed7f999df88cc644
[INFO] [stdout]                                at /rustc/82e1608dfa6e0b5569232559e3d385fea5a93112/library/std/src/sys_common/backtrace.rs:44:22
[INFO] [stdout]    4:     0x5562bfd7e3a0 - core::fmt::rt::Argument::fmt::h1539a9308b8d058d
[INFO] [stdout]                                at /rustc/82e1608dfa6e0b5569232559e3d385fea5a93112/library/core/src/fmt/rt.rs:142:9
[INFO] [stdout]    5:     0x5562bfd7e3a0 - core::fmt::write::h3a39390d8560d9c9
[INFO] [stdout]                                at /rustc/82e1608dfa6e0b5569232559e3d385fea5a93112/library/core/src/fmt/mod.rs:1120:17
[INFO] [stdout]    6:     0x5562bfd5074f - std::io::Write::write_fmt::h040b369f3a0f9cbc
[INFO] [stdout]                                at /rustc/82e1608dfa6e0b5569232559e3d385fea5a93112/library/std/src/io/mod.rs:1762:15
[INFO] [stdout]    7:     0x5562bfd53694 - std::sys_common::backtrace::_print::h894006fb5c6f3d45
[INFO] [stdout]                                at /rustc/82e1608dfa6e0b5569232559e3d385fea5a93112/library/std/src/sys_common/backtrace.rs:47:5
[INFO] [stdout]    8:     0x5562bfd53694 - std::sys_common::backtrace::print::h23a2d212c6fff936
[INFO] [stdout]                                at /rustc/82e1608dfa6e0b5569232559e3d385fea5a93112/library/std/src/sys_common/backtrace.rs:34:9
[INFO] [stdout]    9:     0x5562bfd55357 - std::panicking::default_hook::{{closure}}::h8a1d2ee00185001a
[INFO] [stdout]   10:     0x5562bfd55043 - std::panicking::default_hook::h6038f2eba384e475
[INFO] [stdout]                                at /rustc/82e1608dfa6e0b5569232559e3d385fea5a93112/library/std/src/panicking.rs:289:9
[INFO] [stdout]   11:     0x5562bfce0187 - <alloc::boxed::Box<F,A> as core::ops::function::Fn<Args>>::call::h0ad024c9bdc6d768
[INFO] [stdout]                                at /rustc/82e1608dfa6e0b5569232559e3d385fea5a93112/library/alloc/src/boxed.rs:2021:9
[INFO] [stdout]   12:     0x5562bfce0187 - test::test_main::{{closure}}::h7500b54257359db6
[INFO] [stdout]                                at /rustc/82e1608dfa6e0b5569232559e3d385fea5a93112/library/test/src/lib.rs:138:21
[INFO] [stdout]   13:     0x5562bfd55968 - <alloc::boxed::Box<F,A> as core::ops::function::Fn<Args>>::call::h1f8f335eaa9cfaee
[INFO] [stdout]                                at /rustc/82e1608dfa6e0b5569232559e3d385fea5a93112/library/alloc/src/boxed.rs:2021:9
[INFO] [stdout]   14:     0x5562bfd55968 - std::panicking::rust_panic_with_hook::h2b5517d590cab22e
[INFO] [stdout]                                at /rustc/82e1608dfa6e0b5569232559e3d385fea5a93112/library/std/src/panicking.rs:783:13
[INFO] [stdout]   15:     0x5562bfd556be - std::panicking::begin_panic_handler::{{closure}}::h233112c06e0ef43e
[INFO] [stdout]                                at /rustc/82e1608dfa6e0b5569232559e3d385fea5a93112/library/std/src/panicking.rs:657:13
[INFO] [stdout]   16:     0x5562bfd53d76 - std::sys_common::backtrace::__rust_end_short_backtrace::h6e893f24d7ebbff8
[INFO] [stdout]                                at /rustc/82e1608dfa6e0b5569232559e3d385fea5a93112/library/std/src/sys_common/backtrace.rs:170:18
[INFO] [stdout]   17:     0x5562bfd55422 - rust_begin_unwind
[INFO] [stdout]                                at /rustc/82e1608dfa6e0b5569232559e3d385fea5a93112/library/std/src/panicking.rs:645:5
[INFO] [stdout]   18:     0x5562bfc9ff05 - core::panicking::panic_fmt::hbf0e066aabfa482c
[INFO] [stdout]                                at /rustc/82e1608dfa6e0b5569232559e3d385fea5a93112/library/core/src/panicking.rs:72:14
[INFO] [stdout]   19:     0x5562bfca0493 - core::result::unwrap_failed::hddb4fea594200c52
[INFO] [stdout]                                at /rustc/82e1608dfa6e0b5569232559e3d385fea5a93112/library/core/src/result.rs:1653:5
[INFO] [stdout]   20:     0x5562bfca85bb - core::result::Result<T,E>::unwrap::hc955d0b6fb0adb99
[INFO] [stdout]   21:     0x5562bfca51a4 - tidy::generated_ast_code_is_fresh::hba6f7a3503ef1381
[INFO] [stdout]   22:     0x5562bfca5163 - tidy::generated_ast_code_is_fresh::{{closure}}::ha43121cd15a45d1e
[INFO] [stdout]   23:     0x5562bfca6ec6 - core::ops::function::FnOnce::call_once::h9b916eba13f9d8d8
[INFO] [stdout]   24:     0x5562bfce57df - core::ops::function::FnOnce::call_once::h2b5d431d5046312d
[INFO] [stdout]                                at /rustc/82e1608dfa6e0b5569232559e3d385fea5a93112/library/core/src/ops/function.rs:250:5
[INFO] [stdout]   25:     0x5562bfce57df - test::__rust_begin_short_backtrace::h7714669af176e207
[INFO] [stdout]                                at /rustc/82e1608dfa6e0b5569232559e3d385fea5a93112/library/test/src/lib.rs:628:18
[INFO] [stdout]   26:     0x5562bfce47f5 - test::run_test_in_process::{{closure}}::h85218797dcbcec12
[INFO] [stdout]                                at /rustc/82e1608dfa6e0b5569232559e3d385fea5a93112/library/test/src/lib.rs:651:60
[INFO] [stdout]   27:     0x5562bfce47f5 - <core::panic::unwind_safe::AssertUnwindSafe<F> as core::ops::function::FnOnce<()>>::call_once::h76c106ea31c14d7b
[INFO] [stdout]                                at /rustc/82e1608dfa6e0b5569232559e3d385fea5a93112/library/core/src/panic/unwind_safe.rs:272:9
[INFO] [stdout]   28:     0x5562bfce47f5 - std::panicking::try::do_call::h3bd5d0f6620ee946
[INFO] [stdout]                                at /rustc/82e1608dfa6e0b5569232559e3d385fea5a93112/library/std/src/panicking.rs:552:40
[INFO] [stdout]   29:     0x5562bfce47f5 - std::panicking::try::h232e535e4744fe31
[INFO] [stdout]                                at /rustc/82e1608dfa6e0b5569232559e3d385fea5a93112/library/std/src/panicking.rs:516:19
[INFO] [stdout]   30:     0x5562bfce47f5 - std::panic::catch_unwind::h3ce3bd6ca8dbac68
[INFO] [stdout]                                at /rustc/82e1608dfa6e0b5569232559e3d385fea5a93112/library/std/src/panic.rs:142:14
[INFO] [stdout]   31:     0x5562bfce47f5 - test::run_test_in_process::hc97b257c9621286a
[INFO] [stdout]                                at /rustc/82e1608dfa6e0b5569232559e3d385fea5a93112/library/test/src/lib.rs:651:27
[INFO] [stdout]   32:     0x5562bfce47f5 - test::run_test::{{closure}}::h2aa798823a438d38
[INFO] [stdout]                                at /rustc/82e1608dfa6e0b5569232559e3d385fea5a93112/library/test/src/lib.rs:574:43
[INFO] [stdout]   33:     0x5562bfcacab6 - test::run_test::{{closure}}::h87d231c78fb59832
[INFO] [stdout]                                at /rustc/82e1608dfa6e0b5569232559e3d385fea5a93112/library/test/src/lib.rs:602:41
[INFO] [stdout]   34:     0x5562bfcacab6 - std::sys_common::backtrace::__rust_begin_short_backtrace::he6df152596625789
[INFO] [stdout]                                at /rustc/82e1608dfa6e0b5569232559e3d385fea5a93112/library/std/src/sys_common/backtrace.rs:154:18
[INFO] [stdout]   35:     0x5562bfcb1b67 - std::thread::Builder::spawn_unchecked_::{{closure}}::{{closure}}::ha94be15d1e0acf36
[INFO] [stdout]                                at /rustc/82e1608dfa6e0b5569232559e3d385fea5a93112/library/std/src/thread/mod.rs:529:17
[INFO] [stdout]   36:     0x5562bfcb1b67 - <core::panic::unwind_safe::AssertUnwindSafe<F> as core::ops::function::FnOnce<()>>::call_once::h9dc6bd6372f16606
[INFO] [stdout]                                at /rustc/82e1608dfa6e0b5569232559e3d385fea5a93112/library/core/src/panic/unwind_safe.rs:272:9
[INFO] [stdout]   37:     0x5562bfcb1b67 - std::panicking::try::do_call::h9057517f80303cd4
[INFO] [stdout]                                at /rustc/82e1608dfa6e0b5569232559e3d385fea5a93112/library/std/src/panicking.rs:552:40
[INFO] [stdout]   38:     0x5562bfcb1b67 - std::panicking::try::he3a30b11ee45340c
[INFO] [stdout]                                at /rustc/82e1608dfa6e0b5569232559e3d385fea5a93112/library/std/src/panicking.rs:516:19
[INFO] [stdout]   39:     0x5562bfcb1b67 - std::panic::catch_unwind::h410458cfd3528b8b
[INFO] [stdout]                                at /rustc/82e1608dfa6e0b5569232559e3d385fea5a93112/library/std/src/panic.rs:142:14
[INFO] [stdout]   40:     0x5562bfcb1b67 - std::thread::Builder::spawn_unchecked_::{{closure}}::h72ac3bdb567b737b
[INFO] [stdout]                                at /rustc/82e1608dfa6e0b5569232559e3d385fea5a93112/library/std/src/thread/mod.rs:528:30
[INFO] [stdout]   41:     0x5562bfcb1b67 - core::ops::function::FnOnce::call_once{{vtable.shim}}::h38f34da3654a8344
[INFO] [stdout]                                at /rustc/82e1608dfa6e0b5569232559e3d385fea5a93112/library/core/src/ops/function.rs:250:5
[INFO] [stdout]   42:     0x5562bfd5ac45 - <alloc::boxed::Box<F,A> as core::ops::function::FnOnce<Args>>::call_once::hc7eafaff61e32df9
[INFO] [stdout]                                at /rustc/82e1608dfa6e0b5569232559e3d385fea5a93112/library/alloc/src/boxed.rs:2007:9
[INFO] [stdout]   43:     0x5562bfd5ac45 - <alloc::boxed::Box<F,A> as core::ops::function::FnOnce<Args>>::call_once::h6ba4a5de48dd2304
[INFO] [stdout]                                at /rustc/82e1608dfa6e0b5569232559e3d385fea5a93112/library/alloc/src/boxed.rs:2007:9
[INFO] [stdout]   44:     0x5562bfd5ac45 - std::sys::unix::thread::Thread::new::thread_start::he469335aef763e45
[INFO] [stdout]                                at /rustc/82e1608dfa6e0b5569232559e3d385fea5a93112/library/std/src/sys/unix/thread.rs:108:17
[INFO] [stdout]   45:     0x7f5be3aa0ac3 - <unknown>
[INFO] [stdout]   46:     0x7f5be3b31bf4 - __clone
[INFO] [stdout]   47:                0x0 - <unknown>
[INFO] [stdout] 
[INFO] [stdout] ---- generated_symbols_code_is_fresh stdout ----
[INFO] [stdout] thread 'generated_symbols_code_is_fresh' panicked at xtask/tests/tidy.rs:20:40:
[INFO] [stdout] called `Result::unwrap()` on an `Err` value: process `rustfmt --config-path /opt/rustwide/workdir/rustfmt.toml` failed
[INFO] [stdout] 
[INFO] [stdout] Caused by:
[INFO] [stdout]     exit status: 1
[INFO] [stdout] stack backtrace:
[INFO] [stdout]    0:     0x5562bfd538ac - std::backtrace_rs::backtrace::libunwind::trace::ha637c64ce894333a
[INFO] [stdout]                                at /rustc/82e1608dfa6e0b5569232559e3d385fea5a93112/library/std/src/../../backtrace/src/backtrace/libunwind.rs:104:5
[INFO] [stdout]    1:     0x5562bfd538ac - std::backtrace_rs::backtrace::trace_unsynchronized::h47f62dea28e0c88d
[INFO] [stdout]                                at /rustc/82e1608dfa6e0b5569232559e3d385fea5a93112/library/std/src/../../backtrace/src/backtrace/mod.rs:66:5
[INFO] [stdout]    2:     0x5562bfd538ac - std::sys_common::backtrace::_print_fmt::h9eef0abe20ede486
[INFO] [stdout]                                at /rustc/82e1608dfa6e0b5569232559e3d385fea5a93112/library/std/src/sys_common/backtrace.rs:67:5
[INFO] [stdout]    3:     0x5562bfd538ac - <std::sys_common::backtrace::_print::DisplayBacktrace as core::fmt::Display>::fmt::hed7f999df88cc644
[INFO] [stdout]                                at /rustc/82e1608dfa6e0b5569232559e3d385fea5a93112/library/std/src/sys_common/backtrace.rs:44:22
[INFO] [stdout]    4:     0x5562bfd7e3a0 - core::fmt::rt::Argument::fmt::h1539a9308b8d058d
[INFO] [stdout]                                at /rustc/82e1608dfa6e0b5569232559e3d385fea5a93112/library/core/src/fmt/rt.rs:142:9
[INFO] [stdout]    5:     0x5562bfd7e3a0 - core::fmt::write::h3a39390d8560d9c9
[INFO] [stdout]                                at /rustc/82e1608dfa6e0b5569232559e3d385fea5a93112/library/core/src/fmt/mod.rs:1120:17
[INFO] [stdout]    6:     0x5562bfd5074f - std::io::Write::write_fmt::h040b369f3a0f9cbc
[INFO] [stdout]                                at /rustc/82e1608dfa6e0b5569232559e3d385fea5a93112/library/std/src/io/mod.rs:1762:15
[INFO] [stdout]    7:     0x5562bfd53694 - std::sys_common::backtrace::_print::h894006fb5c6f3d45
[INFO] [stdout]                                at /rustc/82e1608dfa6e0b5569232559e3d385fea5a93112/library/std/src/sys_common/backtrace.rs:47:5
[INFO] [stdout]    8:     0x5562bfd53694 - std::sys_common::backtrace::print::h23a2d212c6fff936
[INFO] [stdout]                                at /rustc/82e1608dfa6e0b5569232559e3d385fea5a93112/library/std/src/sys_common/backtrace.rs:34:9
[INFO] [stdout]    9:     0x5562bfd55357 - std::panicking::default_hook::{{closure}}::h8a1d2ee00185001a
[INFO] [stdout]   10:     0x5562bfd55043 - std::panicking::default_hook::h6038f2eba384e475
[INFO] [stdout]                                at /rustc/82e1608dfa6e0b5569232559e3d385fea5a93112/library/std/src/panicking.rs:289:9
[INFO] [stdout]   11:     0x5562bfce0187 - <alloc::boxed::Box<F,A> as core::ops::function::Fn<Args>>::call::h0ad024c9bdc6d768
[INFO] [stdout]                                at /rustc/82e1608dfa6e0b5569232559e3d385fea5a93112/library/alloc/src/boxed.rs:2021:9
[INFO] [stdout]   12:     0x5562bfce0187 - test::test_main::{{closure}}::h7500b54257359db6
[INFO] [stdout]                                at /rustc/82e1608dfa6e0b5569232559e3d385fea5a93112/library/test/src/lib.rs:138:21
[INFO] [stdout]   13:     0x5562bfd55968 - <alloc::boxed::Box<F,A> as core::ops::function::Fn<Args>>::call::h1f8f335eaa9cfaee
[INFO] [stdout]                                at /rustc/82e1608dfa6e0b5569232559e3d385fea5a93112/library/alloc/src/boxed.rs:2021:9
[INFO] [stdout]   14:     0x5562bfd55968 - std::panicking::rust_panic_with_hook::h2b5517d590cab22e
[INFO] [stdout]                                at /rustc/82e1608dfa6e0b5569232559e3d385fea5a93112/library/std/src/panicking.rs:783:13
[INFO] [stdout]   15:     0x5562bfd556be - std::panicking::begin_panic_handler::{{closure}}::h233112c06e0ef43e
[INFO] [stdout]                                at /rustc/82e1608dfa6e0b5569232559e3d385fea5a93112/library/std/src/panicking.rs:657:13
[INFO] [stdout]   16:     0x5562bfd53d76 - std::sys_common::backtrace::__rust_end_short_backtrace::h6e893f24d7ebbff8
[INFO] [stdout]                                at /rustc/82e1608dfa6e0b5569232559e3d385fea5a93112/library/std/src/sys_common/backtrace.rs:170:18
[INFO] [stdout]   17:     0x5562bfd55422 - rust_begin_unwind
[INFO] [stdout]                                at /rustc/82e1608dfa6e0b5569232559e3d385fea5a93112/library/std/src/panicking.rs:645:5
[INFO] [stdout]   18:     0x5562bfc9ff05 - core::panicking::panic_fmt::hbf0e066aabfa482c
[INFO] [stdout]                                at /rustc/82e1608dfa6e0b5569232559e3d385fea5a93112/library/core/src/panicking.rs:72:14
[INFO] [stdout]   19:     0x5562bfca0493 - core::result::unwrap_failed::hddb4fea594200c52
[INFO] [stdout]                                at /rustc/82e1608dfa6e0b5569232559e3d385fea5a93112/library/core/src/result.rs:1653:5
[INFO] [stdout]   20:     0x5562bfca85bb - core::result::Result<T,E>::unwrap::hc955d0b6fb0adb99
[INFO] [stdout]   21:     0x5562bfca5204 - tidy::generated_symbols_code_is_fresh::h87f63fde1cc1beba
[INFO] [stdout]   22:     0x5562bfca51c3 - tidy::generated_symbols_code_is_fresh::{{closure}}::h59a6fb266ff52bf6
[INFO] [stdout]   23:     0x5562bfca6e26 - core::ops::function::FnOnce::call_once::h40a504649fae0610
[INFO] [stdout]   24:     0x5562bfce57df - core::ops::function::FnOnce::call_once::h2b5d431d5046312d
[INFO] [stdout]                                at /rustc/82e1608dfa6e0b5569232559e3d385fea5a93112/library/core/src/ops/function.rs:250:5
[INFO] [stdout]   25:     0x5562bfce57df - test::__rust_begin_short_backtrace::h7714669af176e207
[INFO] [stdout]                                at /rustc/82e1608dfa6e0b5569232559e3d385fea5a93112/library/test/src/lib.rs:628:18
[INFO] [stdout]   26:     0x5562bfce47f5 - test::run_test_in_process::{{closure}}::h85218797dcbcec12
[INFO] [stdout]                                at /rustc/82e1608dfa6e0b5569232559e3d385fea5a93112/library/test/src/lib.rs:651:60
[INFO] [stdout]   27:     0x5562bfce47f5 - <core::panic::unwind_safe::AssertUnwindSafe<F> as core::ops::function::FnOnce<()>>::call_once::h76c106ea31c14d7b
[INFO] [stdout]                                at /rustc/82e1608dfa6e0b5569232559e3d385fea5a93112/library/core/src/panic/unwind_safe.rs:272:9
[INFO] [stdout]   28:     0x5562bfce47f5 - std::panicking::try::do_call::h3bd5d0f6620ee946
[INFO] [stdout]                                at /rustc/82e1608dfa6e0b5569232559e3d385fea5a93112/library/std/src/panicking.rs:552:40
[INFO] [stdout]   29:     0x5562bfce47f5 - std::panicking::try::h232e535e4744fe31
[INFO] [stdout]                                at /rustc/82e1608dfa6e0b5569232559e3d385fea5a93112/library/std/src/panicking.rs:516:19
[INFO] [stdout]   30:     0x5562bfce47f5 - std::panic::catch_unwind::h3ce3bd6ca8dbac68
[INFO] [stdout]                                at /rustc/82e1608dfa6e0b5569232559e3d385fea5a93112/library/std/src/panic.rs:142:14
[INFO] [stdout]   31:     0x5562bfce47f5 - test::run_test_in_process::hc97b257c9621286a
[INFO] [stdout]                                at /rustc/82e1608dfa6e0b5569232559e3d385fea5a93112/library/test/src/lib.rs:651:27
[INFO] [stdout]   32:     0x5562bfce47f5 - test::run_test::{{closure}}::h2aa798823a438d38
[INFO] [stdout]                                at /rustc/82e1608dfa6e0b5569232559e3d385fea5a93112/library/test/src/lib.rs:574:43
[INFO] [stdout]   33:     0x5562bfcacab6 - test::run_test::{{closure}}::h87d231c78fb59832
[INFO] [stdout]                                at /rustc/82e1608dfa6e0b5569232559e3d385fea5a93112/library/test/src/lib.rs:602:41
[INFO] [stdout]   34:     0x5562bfcacab6 - std::sys_common::backtrace::__rust_begin_short_backtrace::he6df152596625789
[INFO] [stdout]                                at /rustc/82e1608dfa6e0b5569232559e3d385fea5a93112/library/std/src/sys_common/backtrace.rs:154:18
[INFO] [stdout]   35:     0x5562bfcb1b67 - std::thread::Builder::spawn_unchecked_::{{closure}}::{{closure}}::ha94be15d1e0acf36
[INFO] [stdout]                                at /rustc/82e1608dfa6e0b5569232559e3d385fea5a93112/library/std/src/thread/mod.rs:529:17
[INFO] [stdout]   36:     0x5562bfcb1b67 - <core::panic::unwind_safe::AssertUnwindSafe<F> as core::ops::function::FnOnce<()>>::call_once::h9dc6bd6372f16606
[INFO] [stdout]                                at /rustc/82e1608dfa6e0b5569232559e3d385fea5a93112/library/core/src/panic/unwind_safe.rs:272:9
[INFO] [stdout]   37:     0x5562bfcb1b67 - std::panicking::try::do_call::h9057517f80303cd4
[INFO] [stdout]                                at /rustc/82e1608dfa6e0b5569232559e3d385fea5a93112/library/std/src/panicking.rs:552:40
[INFO] [stdout]   38:     0x5562bfcb1b67 - std::panicking::try::he3a30b11ee45340c
[INFO] [stdout]                                at /rustc/82e1608dfa6e0b5569232559e3d385fea5a93112/library/std/src/panicking.rs:516:19
[INFO] [stdout]   39:     0x5562bfcb1b67 - std::panic::catch_unwind::h410458cfd3528b8b
[INFO] [stdout]                                at /rustc/82e1608dfa6e0b5569232559e3d385fea5a93112/library/std/src/panic.rs:142:14
[INFO] [stdout]   40:     0x5562bfcb1b67 - std::thread::Builder::spawn_unchecked_::{{closure}}::h72ac3bdb567b737b
[INFO] [stdout]                                at /rustc/82e1608dfa6e0b5569232559e3d385fea5a93112/library/std/src/thread/mod.rs:528:30
[INFO] [stdout]   41:     0x5562bfcb1b67 - core::ops::function::FnOnce::call_once{{vtable.shim}}::h38f34da3654a8344
[INFO] [stdout]                                at /rustc/82e1608dfa6e0b5569232559e3d385fea5a93112/library/core/src/ops/function.rs:250:5
[INFO] [stdout]   42:     0x5562bfd5ac45 - <alloc::boxed::Box<F,A> as core::ops::function::FnOnce<Args>>::call_once::hc7eafaff61e32df9
[INFO] [stdout]                                at /rustc/82e1608dfa6e0b5569232559e3d385fea5a93112/library/alloc/src/boxed.rs:2007:9
[INFO] [stdout]   43:     0x5562bfd5ac45 - <alloc::boxed::Box<F,A> as core::ops::function::FnOnce<Args>>::call_once::h6ba4a5de48dd2304
[INFO] [stdout]                                at /rustc/82e1608dfa6e0b5569232559e3d385fea5a93112/library/alloc/src/boxed.rs:2007:9
[INFO] [stdout]   44:     0x5562bfd5ac45 - std::sys::unix::thread::Thread::new::thread_start::he469335aef763e45
[INFO] [stdout]                                at /rustc/82e1608dfa6e0b5569232559e3d385fea5a93112/library/std/src/sys/unix/thread.rs:108:17
[INFO] [stdout]   45:     0x7f5be3aa0ac3 - <unknown>
[INFO] [stdout]   46:     0x7f5be3b31bf4 - __clone
[INFO] [stdout]   47:                0x0 - <unknown>
[INFO] [stdout] 
[INFO] [stdout] 
[INFO] [stdout] failures:
[INFO] [stdout]     generated_ast_code_is_fresh
[INFO] [stdout]     generated_symbols_code_is_fresh
[INFO] [stdout] 
[INFO] [stdout] test result: FAILED. 2 passed; 2 failed; 0 ignored; 0 measured; 0 filtered out; finished in 0.75s
[INFO] [stdout] 
[INFO] [stderr] error: test failed, to rerun pass `-p xtask --test tidy`
[INFO] running `Command { std: "docker" "inspect" "195d488725a5a2a418a5cfc85e4a4b627c361a3bc3069871ddfbec9aa78c6610", kill_on_drop: false }`
[INFO] running `Command { std: "docker" "rm" "-f" "195d488725a5a2a418a5cfc85e4a4b627c361a3bc3069871ddfbec9aa78c6610", kill_on_drop: false }`
[INFO] [stdout] 195d488725a5a2a418a5cfc85e4a4b627c361a3bc3069871ddfbec9aa78c6610
[INFO] testing matklad/tom against beta-2023-12-22 for beta-1.76-1
[INFO] running `Command { std: "git" "clone" "/workspace/cache/git-repos/https%3A%2F%2Fgithub.com%2Fmatklad%2Ftom" "/workspace/builds/worker-4-tc2/source", kill_on_drop: false }`
[INFO] [stderr] Cloning into '/workspace/builds/worker-4-tc2/source'...
[INFO] [stderr] done.
[INFO] validating manifest of git repo https://github.com/matklad/tom on toolchain beta-2023-12-22
[INFO] running `Command { std: CARGO_HOME="/workspace/cargo-home" RUSTUP_HOME="/workspace/rustup-home" "/workspace/cargo-home/bin/cargo" "+beta-2023-12-22" "metadata" "--manifest-path" "Cargo.toml" "--no-deps", kill_on_drop: false }`
[INFO] removed /workspace/builds/worker-4-tc2/source/.cargo/config
[INFO] started tweaking git repo https://github.com/matklad/tom
[INFO] finished tweaking git repo https://github.com/matklad/tom
[INFO] tweaked toml for git repo https://github.com/matklad/tom written to /workspace/builds/worker-4-tc2/source/Cargo.toml
[INFO] crate git repo https://github.com/matklad/tom already has a lockfile, it will not be regenerated
[INFO] running `Command { std: CARGO_HOME="/workspace/cargo-home" RUSTUP_HOME="/workspace/rustup-home" "/workspace/cargo-home/bin/cargo" "+beta-2023-12-22" "fetch" "--manifest-path" "Cargo.toml", kill_on_drop: false }`
[INFO] running `Command { std: "docker" "create" "-v" "/var/lib/crater-agent-workspace/builds/worker-4-tc2/target:/opt/rustwide/target:rw,Z" "-v" "/var/lib/crater-agent-workspace/builds/worker-4-tc2/source:/opt/rustwide/workdir:ro,Z" "-v" "/var/lib/crater-agent-workspace/cargo-home:/opt/rustwide/cargo-home:ro,Z" "-v" "/var/lib/crater-agent-workspace/rustup-home:/opt/rustwide/rustup-home:ro,Z" "-e" "SOURCE_DIR=/opt/rustwide/workdir" "-e" "CARGO_TARGET_DIR=/opt/rustwide/target" "-e" "CARGO_HOME=/opt/rustwide/cargo-home" "-e" "RUSTUP_HOME=/opt/rustwide/rustup-home" "-w" "/opt/rustwide/workdir" "-m" "1610612736" "--user" "0:0" "--network" "none" "ghcr.io/rust-lang/crates-build-env/linux@sha256:2788e3201cd34a07e3172128adcd8b3090168a8e3bcc40d7c032b9dda1df7d1c" "/opt/rustwide/cargo-home/bin/cargo" "+beta-2023-12-22" "metadata" "--no-deps" "--format-version=1", kill_on_drop: false }`
[INFO] [stdout] 2d60f07065aedf1065d08086d7df887226cbf2ad79ea972b181a0dafb2a300c0
[INFO] running `Command { std: "docker" "start" "-a" "2d60f07065aedf1065d08086d7df887226cbf2ad79ea972b181a0dafb2a300c0", kill_on_drop: false }`
[INFO] running `Command { std: "docker" "inspect" "2d60f07065aedf1065d08086d7df887226cbf2ad79ea972b181a0dafb2a300c0", kill_on_drop: false }`
[INFO] running `Command { std: "docker" "rm" "-f" "2d60f07065aedf1065d08086d7df887226cbf2ad79ea972b181a0dafb2a300c0", kill_on_drop: false }`
[INFO] [stdout] 2d60f07065aedf1065d08086d7df887226cbf2ad79ea972b181a0dafb2a300c0
[INFO] running `Command { std: "docker" "create" "-v" "/var/lib/crater-agent-workspace/builds/worker-4-tc2/target:/opt/rustwide/target:rw,Z" "-v" "/var/lib/crater-agent-workspace/builds/worker-4-tc2/source:/opt/rustwide/workdir:ro,Z" "-v" "/var/lib/crater-agent-workspace/cargo-home:/opt/rustwide/cargo-home:ro,Z" "-v" "/var/lib/crater-agent-workspace/rustup-home:/opt/rustwide/rustup-home:ro,Z" "-e" "SOURCE_DIR=/opt/rustwide/workdir" "-e" "CARGO_TARGET_DIR=/opt/rustwide/target" "-e" "CARGO_INCREMENTAL=0" "-e" "RUST_BACKTRACE=full" "-e" "RUSTFLAGS=--cap-lints=warn" "-e" "RUSTDOCFLAGS=--cap-lints=warn" "-e" "CARGO_HOME=/opt/rustwide/cargo-home" "-e" "RUSTUP_HOME=/opt/rustwide/rustup-home" "-w" "/opt/rustwide/workdir" "-m" "1610612736" "--user" "0:0" "--network" "none" "ghcr.io/rust-lang/crates-build-env/linux@sha256:2788e3201cd34a07e3172128adcd8b3090168a8e3bcc40d7c032b9dda1df7d1c" "/opt/rustwide/cargo-home/bin/cargo" "+beta-2023-12-22" "build" "--frozen" "--message-format=json", kill_on_drop: false }`
[INFO] [stdout] 2ae710ae1aa85d02d5227b6000c592211c0f916e7d7d03472c48e4621bc45ed7
[INFO] running `Command { std: "docker" "start" "-a" "2ae710ae1aa85d02d5227b6000c592211c0f916e7d7d03472c48e4621bc45ed7", kill_on_drop: false }`
[INFO] [stderr]    Compiling libc v0.2.71
[INFO] [stderr]    Compiling rand_core v0.4.2
[INFO] [stderr]    Compiling semver-parser v0.7.0
[INFO] [stderr]    Compiling autocfg v0.1.7
[INFO] [stderr]    Compiling proc-macro2 v1.0.17
[INFO] [stderr]    Compiling unicode-xid v0.2.0
[INFO] [stderr]    Compiling maybe-uninit v2.0.0
[INFO] [stderr]    Compiling syn v1.0.27
[INFO] [stderr]    Compiling lazy_static v1.4.0
[INFO] [stderr]    Compiling autocfg v1.0.0
[INFO] [stderr]    Compiling stable_deref_trait v1.1.1
[INFO] [stderr]    Compiling scopeguard v0.3.3
[INFO] [stderr]    Compiling cfg-if v0.1.10
[INFO] [stderr]    Compiling proc-macro2 v0.4.30
[INFO] [stderr]    Compiling memchr v2.3.3
[INFO] [stderr]    Compiling unicode-xid v0.1.0
[INFO] [stderr]    Compiling owning_ref v0.4.1
[INFO] [stderr]    Compiling smallvec v1.4.0
[INFO] [stderr]    Compiling serde v1.0.110
[INFO] [stderr]    Compiling matches v0.1.8
[INFO] [stderr]    Compiling arrayvec v0.4.12
[INFO] [stderr]    Compiling unicode-bidi v0.3.4
[INFO] [stderr]    Compiling ryu v1.0.4
[INFO] [stderr]    Compiling rand_core v0.3.1
[INFO] [stderr]    Compiling semver v0.9.0
[INFO] [stderr]    Compiling lock_api v0.1.5
[INFO] [stderr]    Compiling unicode-normalization v0.1.12
[INFO] [stderr]    Compiling rand_hc v0.1.0
[INFO] [stderr]    Compiling num-traits v0.2.11
[INFO] [stderr]    Compiling rustc_version v0.2.3
[INFO] [stderr]    Compiling rand_pcg v0.1.2
[INFO] [stderr]    Compiling rand_chacha v0.1.1
[INFO] [stderr]    Compiling smallvec v0.6.13
[INFO] [stderr]    Compiling rand v0.6.5
[INFO] [stderr]    Compiling rand_xorshift v0.1.1
[INFO] [stderr]    Compiling rand_isaac v0.1.1
[INFO] [stderr]    Compiling rand_jitter v0.1.4
[INFO] [stderr]    Compiling parking_lot_core v0.4.0
[INFO] [stderr]    Compiling parking_lot_core v0.3.1
[INFO] [stderr]    Compiling syn v0.15.44
[INFO] [stderr]    Compiling aho-corasick v0.7.10
[INFO] [stderr]    Compiling num-integer v0.1.42
[INFO] [stderr]    Compiling thread_local v1.0.1
[INFO] [stderr]    Compiling bitflags v1.2.1
[INFO] [stderr]    Compiling regex-syntax v0.6.17
[INFO] [stderr]    Compiling gimli v0.21.0
[INFO] [stderr]    Compiling num-derive v0.2.5
[INFO] [stderr]    Compiling quote v1.0.6
[INFO] [stderr]    Compiling quote v0.6.13
[INFO] [stderr]    Compiling percent-encoding v1.0.1
[INFO] [stderr]    Compiling nodrop v0.1.14
[INFO] [stderr]    Compiling log v0.4.8
[INFO] [stderr]    Compiling failure_derive v0.1.8
[INFO] [stderr]    Compiling rand_os v0.1.3
[INFO] [stderr]    Compiling idna v0.1.5
[INFO] [stderr]    Compiling rand v0.5.6
[INFO] [stderr]    Compiling crossbeam-utils v0.6.6
[INFO] [stderr]    Compiling object v0.19.0
[INFO] [stderr]    Compiling anyhow v1.0.31
[INFO] [stderr]    Compiling rustc-demangle v0.1.16
[INFO] [stderr]    Compiling itoa v0.4.5
[INFO] [stderr]    Compiling memoffset v0.2.1
[INFO] [stderr]    Compiling time v0.1.43
[INFO] [stderr]    Compiling crossbeam-utils v0.5.0
[INFO] [stderr]    Compiling url v1.7.2
[INFO] [stderr]    Compiling crossbeam-epoch v0.6.1
[INFO] [stderr]    Compiling text_unit v0.1.10
[INFO] [stderr]    Compiling unicode-segmentation v1.6.0
[INFO] [stderr]    Compiling either v1.5.3
[INFO] [stderr]    Compiling smol_str v0.1.15
[INFO] [stderr]    Compiling itertools v0.9.0
[INFO] [stderr]    Compiling uncover v0.1.1
[INFO] [stderr]    Compiling pico-args v0.3.1
[INFO] [stderr]    Compiling chrono v0.4.11
[INFO] [stderr]    Compiling drop_bomb v0.1.4
[INFO] [stderr]    Compiling heck v0.3.1
[INFO] [stderr]    Compiling glob v0.2.11
[INFO] [stderr]    Compiling superslice v0.1.0
[INFO] [stderr]    Compiling parking_lot v0.6.4
[INFO] [stderr]    Compiling parking_lot v0.7.1
[INFO] [stderr]    Compiling crossbeam-channel v0.2.6
[INFO] [stderr]    Compiling rowan v0.1.4
[INFO] [stderr]    Compiling xtask v0.0.0 (/opt/rustwide/workdir/xtask)
[INFO] [stderr]    Compiling regex v1.3.7
[INFO] [stderr]    Compiling addr2line v0.12.1
[INFO] [stderr]    Compiling backtrace v0.3.48
[INFO] [stderr]    Compiling synstructure v0.12.3
[INFO] [stderr]    Compiling m_lexer v0.0.4
[INFO] [stderr]    Compiling flexi_logger v0.10.7
[INFO] [stderr]    Compiling tom_syntax v0.0.1 (/opt/rustwide/workdir/crates/tom_syntax)
[INFO] [stderr]    Compiling serde_derive v1.0.110
[INFO] [stderr]    Compiling failure v0.1.8
[INFO] [stderr]    Compiling serde_json v1.0.53
[INFO] [stderr]    Compiling url_serde v0.2.0
[INFO] [stderr]    Compiling languageserver-types v0.51.1
[INFO] [stderr]    Compiling gen_lsp_server v0.1.0
[INFO] [stderr]    Compiling tom v0.1.0 (/opt/rustwide/workdir/crates/tom)
[INFO] [stderr]     Finished dev [unoptimized] target(s) in 13.03s
[INFO] running `Command { std: "docker" "inspect" "2ae710ae1aa85d02d5227b6000c592211c0f916e7d7d03472c48e4621bc45ed7", kill_on_drop: false }`
[INFO] running `Command { std: "docker" "rm" "-f" "2ae710ae1aa85d02d5227b6000c592211c0f916e7d7d03472c48e4621bc45ed7", kill_on_drop: false }`
[INFO] [stdout] 2ae710ae1aa85d02d5227b6000c592211c0f916e7d7d03472c48e4621bc45ed7
[INFO] running `Command { std: "docker" "create" "-v" "/var/lib/crater-agent-workspace/builds/worker-4-tc2/target:/opt/rustwide/target:rw,Z" "-v" "/var/lib/crater-agent-workspace/builds/worker-4-tc2/source:/opt/rustwide/workdir:ro,Z" "-v" "/var/lib/crater-agent-workspace/cargo-home:/opt/rustwide/cargo-home:ro,Z" "-v" "/var/lib/crater-agent-workspace/rustup-home:/opt/rustwide/rustup-home:ro,Z" "-e" "SOURCE_DIR=/opt/rustwide/workdir" "-e" "CARGO_TARGET_DIR=/opt/rustwide/target" "-e" "CARGO_INCREMENTAL=0" "-e" "RUST_BACKTRACE=full" "-e" "RUSTFLAGS=--cap-lints=warn" "-e" "RUSTDOCFLAGS=--cap-lints=warn" "-e" "CARGO_HOME=/opt/rustwide/cargo-home" "-e" "RUSTUP_HOME=/opt/rustwide/rustup-home" "-w" "/opt/rustwide/workdir" "-m" "1610612736" "--user" "0:0" "--network" "none" "ghcr.io/rust-lang/crates-build-env/linux@sha256:2788e3201cd34a07e3172128adcd8b3090168a8e3bcc40d7c032b9dda1df7d1c" "/opt/rustwide/cargo-home/bin/cargo" "+beta-2023-12-22" "test" "--frozen" "--no-run" "--message-format=json", kill_on_drop: false }`
[INFO] [stdout] c6bbc8a08848e8459ebda6e88196df3d6eab998b878b5f1411903741f25f5876
[INFO] running `Command { std: "docker" "start" "-a" "c6bbc8a08848e8459ebda6e88196df3d6eab998b878b5f1411903741f25f5876", kill_on_drop: false }`
[INFO] [stderr]    Compiling difference v2.0.0
[INFO] [stderr]    Compiling same-file v1.0.6
[INFO] [stderr]    Compiling tom v0.1.0 (/opt/rustwide/workdir/crates/tom)
[INFO] [stderr]    Compiling walkdir v2.3.1
[INFO] [stderr]    Compiling tom_syntax v0.0.1 (/opt/rustwide/workdir/crates/tom_syntax)
[INFO] [stderr]    Compiling xtask v0.0.0 (/opt/rustwide/workdir/xtask)
[INFO] [stderr]     Finished test [unoptimized] target(s) in 0.77s
[INFO] running `Command { std: "docker" "inspect" "c6bbc8a08848e8459ebda6e88196df3d6eab998b878b5f1411903741f25f5876", kill_on_drop: false }`
[INFO] running `Command { std: "docker" "rm" "-f" "c6bbc8a08848e8459ebda6e88196df3d6eab998b878b5f1411903741f25f5876", kill_on_drop: false }`
[INFO] [stdout] c6bbc8a08848e8459ebda6e88196df3d6eab998b878b5f1411903741f25f5876
[INFO] running `Command { std: "docker" "create" "-v" "/var/lib/crater-agent-workspace/builds/worker-4-tc2/target:/opt/rustwide/target:rw,Z" "-v" "/var/lib/crater-agent-workspace/builds/worker-4-tc2/source:/opt/rustwide/workdir:ro,Z" "-v" "/var/lib/crater-agent-workspace/cargo-home:/opt/rustwide/cargo-home:ro,Z" "-v" "/var/lib/crater-agent-workspace/rustup-home:/opt/rustwide/rustup-home:ro,Z" "-e" "SOURCE_DIR=/opt/rustwide/workdir" "-e" "CARGO_TARGET_DIR=/opt/rustwide/target" "-e" "CARGO_INCREMENTAL=0" "-e" "RUST_BACKTRACE=full" "-e" "RUSTFLAGS=--cap-lints=warn" "-e" "RUSTDOCFLAGS=--cap-lints=warn" "-e" "CARGO_HOME=/opt/rustwide/cargo-home" "-e" "RUSTUP_HOME=/opt/rustwide/rustup-home" "-w" "/opt/rustwide/workdir" "-m" "1610612736" "--user" "0:0" "--network" "none" "ghcr.io/rust-lang/crates-build-env/linux@sha256:2788e3201cd34a07e3172128adcd8b3090168a8e3bcc40d7c032b9dda1df7d1c" "/opt/rustwide/cargo-home/bin/cargo" "+beta-2023-12-22" "test" "--frozen", kill_on_drop: false }`
[INFO] [stdout] d2a1e18a667288368da59a7feb55e6b179e1ee09d8e0391d7d8ddae9fc300adf
[INFO] running `Command { std: "docker" "start" "-a" "d2a1e18a667288368da59a7feb55e6b179e1ee09d8e0391d7d8ddae9fc300adf", kill_on_drop: false }`
[INFO] [stderr]     Finished test [unoptimized] target(s) in 0.05s
[INFO] [stderr]      Running unittests src/main.rs (/opt/rustwide/target/debug/deps/tom-bffeca11e15df38d)
[INFO] [stdout] 
[INFO] [stdout] running 1 test
[INFO] [stdout] test line_index::test_line_index ... ok
[INFO] [stdout] 
[INFO] [stdout] test result: ok. 1 passed; 0 failed; 0 ignored; 0 measured; 0 filtered out; finished in 0.00s
[INFO] [stdout] 
[INFO] [stderr]      Running unittests src/lib.rs (/opt/rustwide/target/debug/deps/tom_syntax-fa7d869a1d947e50)
[INFO] [stdout] 
[INFO] [stdout] running 0 tests
[INFO] [stdout] 
[INFO] [stdout] test result: ok. 0 passed; 0 failed; 0 ignored; 0 measured; 0 filtered out; finished in 0.00s
[INFO] [stdout] 
[INFO] [stderr]      Running tests/suite/main.rs (/opt/rustwide/target/debug/deps/suite-5ba16c236f302a47)
[INFO] [stdout] 
[INFO] [stdout] running 12 tests
[INFO] [stdout] test ast::date_time_value ... ignored
[INFO] [stdout] test ast::int_value ... ignored
[INFO] [stdout] test ast::key_name_with_escape ... ignored
[INFO] [stdout] test ast::string_escaping_escape_sequences ... ignored
[INFO] [stdout] test ast::string_escaping_trivial ... ok
[INFO] [stdout] test ast::bool_value ... ok
[INFO] [stdout] test ast::key_name ... ok
[INFO] [stdout] test dir::test_parser_validation ... ok
[INFO] [stdout] test dir::test_parser_inline ... ok
[INFO] [stdout] test simple_bench ... ok
[INFO] [stdout] test dir::test_parser_err ... ok
[INFO] [stdout] test dir::test_parser_ok ... ok
[INFO] [stdout] 
[INFO] [stdout] test result: ok. 8 passed; 0 failed; 4 ignored; 0 measured; 0 filtered out; finished in 0.05s
[INFO] [stdout] 
[INFO] [stderr]      Running unittests src/lib.rs (/opt/rustwide/target/debug/deps/xtask-d1e1eee4eb8580f9)
[INFO] [stdout] 
[INFO] [stdout] running 0 tests
[INFO] [stdout] 
[INFO] [stdout] test result: ok. 0 passed; 0 failed; 0 ignored; 0 measured; 0 filtered out; finished in 0.00s
[INFO] [stdout] 
[INFO] [stderr]      Running unittests src/main.rs (/opt/rustwide/target/debug/deps/xtask-988404a3fe9d8987)
[INFO] [stdout] 
[INFO] [stdout] running 0 tests
[INFO] [stdout] 
[INFO] [stdout] test result: ok. 0 passed; 0 failed; 0 ignored; 0 measured; 0 filtered out; finished in 0.00s
[INFO] [stdout] 
[INFO] [stderr]      Running tests/tidy.rs (/opt/rustwide/target/debug/deps/tidy-80c7637de6f0fd59)
[INFO] [stdout] 
[INFO] [stdout] running 4 tests
[INFO] [stdout] test generated_tests_are_fresh ... ok
[INFO] [stdout] test rust_files_are_tidy ... ok
[INFO] [stderr] error: 'rustfmt' is not installed for the toolchain 'beta-2023-12-22-x86_64-unknown-linux-gnu'
[INFO] [stderr] To install, run `rustup component add rustfmt --toolchain beta-2023-12-22-x86_64-unknown-linux-gnu`
[INFO] [stdout] test generated_symbols_code_is_fresh ... FAILED
[INFO] [stderr] error: 'rustfmt' is not installed for the toolchain 'beta-2023-12-22-x86_64-unknown-linux-gnu'
[INFO] [stderr] To install, run `rustup component add rustfmt --toolchain beta-2023-12-22-x86_64-unknown-linux-gnu`
[INFO] [stdout] test generated_ast_code_is_fresh ... FAILED
[INFO] [stdout] 
[INFO] [stdout] failures:
[INFO] [stdout] 
[INFO] [stdout] ---- generated_symbols_code_is_fresh stdout ----
[INFO] [stdout] thread 'generated_symbols_code_is_fresh' panicked at xtask/tests/tidy.rs:20:40:
[INFO] [stdout] called `Result::unwrap()` on an `Err` value: process `rustfmt --config-path /opt/rustwide/workdir/rustfmt.toml` failed
[INFO] [stdout] 
[INFO] [stdout] Caused by:
[INFO] [stdout]     exit status: 1
[INFO] [stdout] stack backtrace:
[INFO] [stdout]    0:     0x55d30089a7a6 - std::backtrace_rs::backtrace::libunwind::trace::h261606ad26a499c1
[INFO] [stdout]                                at /rustc/0e09125c6c3c2fd70d7de961bcf0e51575235fad/library/std/src/../../backtrace/src/backtrace/libunwind.rs:104:5
[INFO] [stdout]    1:     0x55d30089a7a6 - std::backtrace_rs::backtrace::trace_unsynchronized::hd183f0625477fb28
[INFO] [stdout]                                at /rustc/0e09125c6c3c2fd70d7de961bcf0e51575235fad/library/std/src/../../backtrace/src/backtrace/mod.rs:66:5
[INFO] [stdout]    2:     0x55d30089a7a6 - std::sys_common::backtrace::_print_fmt::hd7f8fef21b4eda67
[INFO] [stdout]                                at /rustc/0e09125c6c3c2fd70d7de961bcf0e51575235fad/library/std/src/sys_common/backtrace.rs:68:5
[INFO] [stdout]    3:     0x55d30089a7a6 - <std::sys_common::backtrace::_print::DisplayBacktrace as core::fmt::Display>::fmt::h623d9b51f2f453f1
[INFO] [stdout]                                at /rustc/0e09125c6c3c2fd70d7de961bcf0e51575235fad/library/std/src/sys_common/backtrace.rs:44:22
[INFO] [stdout]    4:     0x55d3008c4580 - core::fmt::rt::Argument::fmt::h9f417ac76a86f368
[INFO] [stdout]                                at /rustc/0e09125c6c3c2fd70d7de961bcf0e51575235fad/library/core/src/fmt/rt.rs:142:9
[INFO] [stdout]    5:     0x55d3008c4580 - core::fmt::write::hc9b6faf4ac2aeff7
[INFO] [stdout]                                at /rustc/0e09125c6c3c2fd70d7de961bcf0e51575235fad/library/core/src/fmt/mod.rs:1120:17
[INFO] [stdout]    6:     0x55d3008977ef - std::io::Write::write_fmt::he04625a3a989fec3
[INFO] [stdout]                                at /rustc/0e09125c6c3c2fd70d7de961bcf0e51575235fad/library/std/src/io/mod.rs:1810:15
[INFO] [stdout]    7:     0x55d30089a584 - std::sys_common::backtrace::_print::hd5d66399c7df88a2
[INFO] [stdout]                                at /rustc/0e09125c6c3c2fd70d7de961bcf0e51575235fad/library/std/src/sys_common/backtrace.rs:47:5
[INFO] [stdout]    8:     0x55d30089a584 - std::sys_common::backtrace::print::he81ed2da642d37e5
[INFO] [stdout]                                at /rustc/0e09125c6c3c2fd70d7de961bcf0e51575235fad/library/std/src/sys_common/backtrace.rs:34:9
[INFO] [stdout]    9:     0x55d30089c2f7 - std::panicking::default_hook::{{closure}}::h85773f4fa117163d
[INFO] [stdout]   10:     0x55d30089bfdd - std::panicking::default_hook::h6a1694a91d09b278
[INFO] [stdout]                                at /rustc/0e09125c6c3c2fd70d7de961bcf0e51575235fad/library/std/src/panicking.rs:289:9
[INFO] [stdout]   11:     0x55d300826447 - <alloc::boxed::Box<F,A> as core::ops::function::Fn<Args>>::call::h616ac37fa3cd6c8f
[INFO] [stdout]                                at /rustc/0e09125c6c3c2fd70d7de961bcf0e51575235fad/library/alloc/src/boxed.rs:2029:9
[INFO] [stdout]   12:     0x55d300826447 - test::test_main::{{closure}}::h00d84697cefdcbb6
[INFO] [stdout]                                at /rustc/0e09125c6c3c2fd70d7de961bcf0e51575235fad/library/test/src/lib.rs:138:21
[INFO] [stdout]   13:     0x55d30089c916 - <alloc::boxed::Box<F,A> as core::ops::function::Fn<Args>>::call::hcb3fe3b9bb537ba8
[INFO] [stdout]                                at /rustc/0e09125c6c3c2fd70d7de961bcf0e51575235fad/library/alloc/src/boxed.rs:2029:9
[INFO] [stdout]   14:     0x55d30089c916 - std::panicking::rust_panic_with_hook::h0a7ad96e90f7145b
[INFO] [stdout]                                at /rustc/0e09125c6c3c2fd70d7de961bcf0e51575235fad/library/std/src/panicking.rs:783:13
[INFO] [stdout]   15:     0x55d30089c662 - std::panicking::begin_panic_handler::{{closure}}::h7919090525c6485e
[INFO] [stdout]                                at /rustc/0e09125c6c3c2fd70d7de961bcf0e51575235fad/library/std/src/panicking.rs:657:13
[INFO] [stdout]   16:     0x55d30089aca6 - std::sys_common::backtrace::__rust_end_short_backtrace::hf3289479464f7dfe
[INFO] [stdout]                                at /rustc/0e09125c6c3c2fd70d7de961bcf0e51575235fad/library/std/src/sys_common/backtrace.rs:171:18
[INFO] [stdout]   17:     0x55d30089c3c0 - rust_begin_unwind
[INFO] [stdout]                                at /rustc/0e09125c6c3c2fd70d7de961bcf0e51575235fad/library/std/src/panicking.rs:645:5
[INFO] [stdout]   18:     0x55d3007e4ef5 - core::panicking::panic_fmt::hcc9f77c5c132af55
[INFO] [stdout]                                at /rustc/0e09125c6c3c2fd70d7de961bcf0e51575235fad/library/core/src/panicking.rs:72:14
[INFO] [stdout]   19:     0x55d3007e5493 - core::result::unwrap_failed::hbe14f498be1452f9
[INFO] [stdout]                                at /rustc/0e09125c6c3c2fd70d7de961bcf0e51575235fad/library/core/src/result.rs:1649:5
[INFO] [stdout]   20:     0x55d3007e816b - core::result::Result<T,E>::unwrap::h47868490a14a2c45
[INFO] [stdout]   21:     0x55d3007f1244 - tidy::generated_symbols_code_is_fresh::h2b364ba525853529
[INFO] [stdout]   22:     0x55d3007f1203 - tidy::generated_symbols_code_is_fresh::{{closure}}::hff3126baf996d6ac
[INFO] [stdout]   23:     0x55d3007ee596 - core::ops::function::FnOnce::call_once::he80ce306c3139670
[INFO] [stdout]   24:     0x55d30082bd1f - core::ops::function::FnOnce::call_once::hd64d26f405258157
[INFO] [stdout]                                at /rustc/0e09125c6c3c2fd70d7de961bcf0e51575235fad/library/core/src/ops/function.rs:250:5
[INFO] [stdout]   25:     0x55d30082bd1f - test::__rust_begin_short_backtrace::he21b0b7a6d731bf9
[INFO] [stdout]                                at /rustc/0e09125c6c3c2fd70d7de961bcf0e51575235fad/library/test/src/lib.rs:627:18
[INFO] [stdout]   26:     0x55d30082aaa1 - test::run_test_in_process::{{closure}}::hf5c73986d7bdfde2
[INFO] [stdout]                                at /rustc/0e09125c6c3c2fd70d7de961bcf0e51575235fad/library/test/src/lib.rs:650:60
[INFO] [stdout]   27:     0x55d30082aaa1 - <core::panic::unwind_safe::AssertUnwindSafe<F> as core::ops::function::FnOnce<()>>::call_once::h330011ad032aadc0
[INFO] [stdout]                                at /rustc/0e09125c6c3c2fd70d7de961bcf0e51575235fad/library/core/src/panic/unwind_safe.rs:272:9
[INFO] [stdout]   28:     0x55d30082aaa1 - std::panicking::try::do_call::he61b0a958b795a41
[INFO] [stdout]                                at /rustc/0e09125c6c3c2fd70d7de961bcf0e51575235fad/library/std/src/panicking.rs:552:40
[INFO] [stdout]   29:     0x55d30082aaa1 - std::panicking::try::h7309da130f906eb7
[INFO] [stdout]                                at /rustc/0e09125c6c3c2fd70d7de961bcf0e51575235fad/library/std/src/panicking.rs:516:19
[INFO] [stdout]   30:     0x55d30082aaa1 - std::panic::catch_unwind::hc5c3a06fdaf0a92a
[INFO] [stdout]                                at /rustc/0e09125c6c3c2fd70d7de961bcf0e51575235fad/library/std/src/panic.rs:142:14
[INFO] [stdout]   31:     0x55d30082aaa1 - test::run_test_in_process::h7e7b7c71c3324e0f
[INFO] [stdout]                                at /rustc/0e09125c6c3c2fd70d7de961bcf0e51575235fad/library/test/src/lib.rs:650:27
[INFO] [stdout]   32:     0x55d30082aaa1 - test::run_test::{{closure}}::h1f509f28f5cf20b1
[INFO] [stdout]                                at /rustc/0e09125c6c3c2fd70d7de961bcf0e51575235fad/library/test/src/lib.rs:573:43
[INFO] [stdout]   33:     0x55d3007f1dd6 - test::run_test::{{closure}}::h1754218abf443f6d
[INFO] [stdout]                                at /rustc/0e09125c6c3c2fd70d7de961bcf0e51575235fad/library/test/src/lib.rs:601:41
[INFO] [stdout]   34:     0x55d3007f1dd6 - std::sys_common::backtrace::__rust_begin_short_backtrace::h2ee174b9d5954948
[INFO] [stdout]                                at /rustc/0e09125c6c3c2fd70d7de961bcf0e51575235fad/library/std/src/sys_common/backtrace.rs:155:18
[INFO] [stdout]   35:     0x55d3007f6e37 - std::thread::Builder::spawn_unchecked_::{{closure}}::{{closure}}::hf60bee9c1a17ef09
[INFO] [stdout]                                at /rustc/0e09125c6c3c2fd70d7de961bcf0e51575235fad/library/std/src/thread/mod.rs:529:17
[INFO] [stdout]   36:     0x55d3007f6e37 - <core::panic::unwind_safe::AssertUnwindSafe<F> as core::ops::function::FnOnce<()>>::call_once::h33d0dddec5216160
[INFO] [stdout]                                at /rustc/0e09125c6c3c2fd70d7de961bcf0e51575235fad/library/core/src/panic/unwind_safe.rs:272:9
[INFO] [stdout]   37:     0x55d3007f6e37 - std::panicking::try::do_call::h144b3048b546f835
[INFO] [stdout]                                at /rustc/0e09125c6c3c2fd70d7de961bcf0e51575235fad/library/std/src/panicking.rs:552:40
[INFO] [stdout]   38:     0x55d3007f6e37 - std::panicking::try::h978244d04646189f
[INFO] [stdout]                                at /rustc/0e09125c6c3c2fd70d7de961bcf0e51575235fad/library/std/src/panicking.rs:516:19
[INFO] [stdout]   39:     0x55d3007f6e37 - std::panic::catch_unwind::hdf436369d188fe86
[INFO] [stdout]                                at /rustc/0e09125c6c3c2fd70d7de961bcf0e51575235fad/library/std/src/panic.rs:142:14
[INFO] [stdout]   40:     0x55d3007f6e37 - std::thread::Builder::spawn_unchecked_::{{closure}}::h87329cbdd33c79ec
[INFO] [stdout]                                at /rustc/0e09125c6c3c2fd70d7de961bcf0e51575235fad/library/std/src/thread/mod.rs:528:30
[INFO] [stdout]   41:     0x55d3007f6e37 - core::ops::function::FnOnce::call_once{{vtable.shim}}::h401abbe67897d450
[INFO] [stdout]                                at /rustc/0e09125c6c3c2fd70d7de961bcf0e51575235fad/library/core/src/ops/function.rs:250:5
[INFO] [stdout]   42:     0x55d3008a1c05 - <alloc::boxed::Box<F,A> as core::ops::function::FnOnce<Args>>::call_once::h5d7c8f150ab9c84c
[INFO] [stdout]                                at /rustc/0e09125c6c3c2fd70d7de961bcf0e51575235fad/library/alloc/src/boxed.rs:2015:9
[INFO] [stdout]   43:     0x55d3008a1c05 - <alloc::boxed::Box<F,A> as core::ops::function::FnOnce<Args>>::call_once::h570d5b005c242c15
[INFO] [stdout]                                at /rustc/0e09125c6c3c2fd70d7de961bcf0e51575235fad/library/alloc/src/boxed.rs:2015:9
[INFO] [stdout]   44:     0x55d3008a1c05 - std::sys::unix::thread::Thread::new::thread_start::h36b0a20c0b2361ad
[INFO] [stdout]                                at /rustc/0e09125c6c3c2fd70d7de961bcf0e51575235fad/library/std/src/sys/unix/thread.rs:108:17
[INFO] [stdout]   45:     0x7fd97fb6eac3 - <unknown>
[INFO] [stdout]   46:     0x7fd97fbffbf4 - __clone
[INFO] [stdout]   47:                0x0 - <unknown>
[INFO] [stdout] 
[INFO] [stdout] ---- generated_ast_code_is_fresh stdout ----
[INFO] [stdout] thread 'generated_ast_code_is_fresh' panicked at xtask/tests/tidy.rs:15:36:
[INFO] [stdout] called `Result::unwrap()` on an `Err` value: process `rustfmt --config-path /opt/rustwide/workdir/rustfmt.toml` failed
[INFO] [stdout] 
[INFO] [stdout] Caused by:
[INFO] [stdout]     exit status: 1
[INFO] [stdout] stack backtrace:
[INFO] [stdout]    0:     0x55d30089a7a6 - std::backtrace_rs::backtrace::libunwind::trace::h261606ad26a499c1
[INFO] [stdout]                                at /rustc/0e09125c6c3c2fd70d7de961bcf0e51575235fad/library/std/src/../../backtrace/src/backtrace/libunwind.rs:104:5
[INFO] [stdout]    1:     0x55d30089a7a6 - std::backtrace_rs::backtrace::trace_unsynchronized::hd183f0625477fb28
[INFO] [stdout]                                at /rustc/0e09125c6c3c2fd70d7de961bcf0e51575235fad/library/std/src/../../backtrace/src/backtrace/mod.rs:66:5
[INFO] [stdout]    2:     0x55d30089a7a6 - std::sys_common::backtrace::_print_fmt::hd7f8fef21b4eda67
[INFO] [stdout]                                at /rustc/0e09125c6c3c2fd70d7de961bcf0e51575235fad/library/std/src/sys_common/backtrace.rs:68:5
[INFO] [stdout]    3:     0x55d30089a7a6 - <std::sys_common::backtrace::_print::DisplayBacktrace as core::fmt::Display>::fmt::h623d9b51f2f453f1
[INFO] [stdout]                                at /rustc/0e09125c6c3c2fd70d7de961bcf0e51575235fad/library/std/src/sys_common/backtrace.rs:44:22
[INFO] [stdout]    4:     0x55d3008c4580 - core::fmt::rt::Argument::fmt::h9f417ac76a86f368
[INFO] [stdout]                                at /rustc/0e09125c6c3c2fd70d7de961bcf0e51575235fad/library/core/src/fmt/rt.rs:142:9
[INFO] [stdout]    5:     0x55d3008c4580 - core::fmt::write::hc9b6faf4ac2aeff7
[INFO] [stdout]                                at /rustc/0e09125c6c3c2fd70d7de961bcf0e51575235fad/library/core/src/fmt/mod.rs:1120:17
[INFO] [stdout]    6:     0x55d3008977ef - std::io::Write::write_fmt::he04625a3a989fec3
[INFO] [stdout]                                at /rustc/0e09125c6c3c2fd70d7de961bcf0e51575235fad/library/std/src/io/mod.rs:1810:15
[INFO] [stdout]    7:     0x55d30089a584 - std::sys_common::backtrace::_print::hd5d66399c7df88a2
[INFO] [stdout]                                at /rustc/0e09125c6c3c2fd70d7de961bcf0e51575235fad/library/std/src/sys_common/backtrace.rs:47:5
[INFO] [stdout]    8:     0x55d30089a584 - std::sys_common::backtrace::print::he81ed2da642d37e5
[INFO] [stdout]                                at /rustc/0e09125c6c3c2fd70d7de961bcf0e51575235fad/library/std/src/sys_common/backtrace.rs:34:9
[INFO] [stdout]    9:     0x55d30089c2f7 - std::panicking::default_hook::{{closure}}::h85773f4fa117163d
[INFO] [stdout]   10:     0x55d30089bfdd - std::panicking::default_hook::h6a1694a91d09b278
[INFO] [stdout]                                at /rustc/0e09125c6c3c2fd70d7de961bcf0e51575235fad/library/std/src/panicking.rs:289:9
[INFO] [stdout]   11:     0x55d300826447 - <alloc::boxed::Box<F,A> as core::ops::function::Fn<Args>>::call::h616ac37fa3cd6c8f
[INFO] [stdout]                                at /rustc/0e09125c6c3c2fd70d7de961bcf0e51575235fad/library/alloc/src/boxed.rs:2029:9
[INFO] [stdout]   12:     0x55d300826447 - test::test_main::{{closure}}::h00d84697cefdcbb6
[INFO] [stdout]                                at /rustc/0e09125c6c3c2fd70d7de961bcf0e51575235fad/library/test/src/lib.rs:138:21
[INFO] [stdout]   13:     0x55d30089c916 - <alloc::boxed::Box<F,A> as core::ops::function::Fn<Args>>::call::hcb3fe3b9bb537ba8
[INFO] [stdout]                                at /rustc/0e09125c6c3c2fd70d7de961bcf0e51575235fad/library/alloc/src/boxed.rs:2029:9
[INFO] [stdout]   14:     0x55d30089c916 - std::panicking::rust_panic_with_hook::h0a7ad96e90f7145b
[INFO] [stdout]                                at /rustc/0e09125c6c3c2fd70d7de961bcf0e51575235fad/library/std/src/panicking.rs:783:13
[INFO] [stdout]   15:     0x55d30089c662 - std::panicking::begin_panic_handler::{{closure}}::h7919090525c6485e
[INFO] [stdout]                                at /rustc/0e09125c6c3c2fd70d7de961bcf0e51575235fad/library/std/src/panicking.rs:657:13
[INFO] [stdout]   16:     0x55d30089aca6 - std::sys_common::backtrace::__rust_end_short_backtrace::hf3289479464f7dfe
[INFO] [stdout]                                at /rustc/0e09125c6c3c2fd70d7de961bcf0e51575235fad/library/std/src/sys_common/backtrace.rs:171:18
[INFO] [stdout]   17:     0x55d30089c3c0 - rust_begin_unwind
[INFO] [stdout]                                at /rustc/0e09125c6c3c2fd70d7de961bcf0e51575235fad/library/std/src/panicking.rs:645:5
[INFO] [stdout]   18:     0x55d3007e4ef5 - core::panicking::panic_fmt::hcc9f77c5c132af55
[INFO] [stdout]                                at /rustc/0e09125c6c3c2fd70d7de961bcf0e51575235fad/library/core/src/panicking.rs:72:14
[INFO] [stdout]   19:     0x55d3007e5493 - core::result::unwrap_failed::hbe14f498be1452f9
[INFO] [stdout]                                at /rustc/0e09125c6c3c2fd70d7de961bcf0e51575235fad/library/core/src/result.rs:1649:5
[INFO] [stdout]   20:     0x55d3007e816b - core::result::Result<T,E>::unwrap::h47868490a14a2c45
[INFO] [stdout]   21:     0x55d3007f11e4 - tidy::generated_ast_code_is_fresh::h9eb162c1f5bdd45f
[INFO] [stdout]   22:     0x55d3007f11a3 - tidy::generated_ast_code_is_fresh::{{closure}}::ha4e6ffe903196aac
[INFO] [stdout]   23:     0x55d3007ee3e6 - core::ops::function::FnOnce::call_once::h1dd4aad0e0bae92f
[INFO] [stdout]   24:     0x55d30082bd1f - core::ops::function::FnOnce::call_once::hd64d26f405258157
[INFO] [stdout]                                at /rustc/0e09125c6c3c2fd70d7de961bcf0e51575235fad/library/core/src/ops/function.rs:250:5
[INFO] [stdout]   25:     0x55d30082bd1f - test::__rust_begin_short_backtrace::he21b0b7a6d731bf9
[INFO] [stdout]                                at /rustc/0e09125c6c3c2fd70d7de961bcf0e51575235fad/library/test/src/lib.rs:627:18
[INFO] [stdout]   26:     0x55d30082aaa1 - test::run_test_in_process::{{closure}}::hf5c73986d7bdfde2
[INFO] [stdout]                                at /rustc/0e09125c6c3c2fd70d7de961bcf0e51575235fad/library/test/src/lib.rs:650:60
[INFO] [stdout]   27:     0x55d30082aaa1 - <core::panic::unwind_safe::AssertUnwindSafe<F> as core::ops::function::FnOnce<()>>::call_once::h330011ad032aadc0
[INFO] [stdout]                                at /rustc/0e09125c6c3c2fd70d7de961bcf0e51575235fad/library/core/src/panic/unwind_safe.rs:272:9
[INFO] [stdout]   28:     0x55d30082aaa1 - std::panicking::try::do_call::he61b0a958b795a41
[INFO] [stdout]                                at /rustc/0e09125c6c3c2fd70d7de961bcf0e51575235fad/library/std/src/panicking.rs:552:40
[INFO] [stdout]   29:     0x55d30082aaa1 - std::panicking::try::h7309da130f906eb7
[INFO] [stdout]                                at /rustc/0e09125c6c3c2fd70d7de961bcf0e51575235fad/library/std/src/panicking.rs:516:19
[INFO] [stdout]   30:     0x55d30082aaa1 - std::panic::catch_unwind::hc5c3a06fdaf0a92a
[INFO] [stdout]                                at /rustc/0e09125c6c3c2fd70d7de961bcf0e51575235fad/library/std/src/panic.rs:142:14
[INFO] [stdout]   31:     0x55d30082aaa1 - test::run_test_in_process::h7e7b7c71c3324e0f
[INFO] [stdout]                                at /rustc/0e09125c6c3c2fd70d7de961bcf0e51575235fad/library/test/src/lib.rs:650:27
[INFO] [stdout]   32:     0x55d30082aaa1 - test::run_test::{{closure}}::h1f509f28f5cf20b1
[INFO] [stdout]                                at /rustc/0e09125c6c3c2fd70d7de961bcf0e51575235fad/library/test/src/lib.rs:573:43
[INFO] [stdout]   33:     0x55d3007f1dd6 - test::run_test::{{closure}}::h1754218abf443f6d
[INFO] [stdout]                                at /rustc/0e09125c6c3c2fd70d7de961bcf0e51575235fad/library/test/src/lib.rs:601:41
[INFO] [stdout]   34:     0x55d3007f1dd6 - std::sys_common::backtrace::__rust_begin_short_backtrace::h2ee174b9d5954948
[INFO] [stdout]                                at /rustc/0e09125c6c3c2fd70d7de961bcf0e51575235fad/library/std/src/sys_common/backtrace.rs:155:18
[INFO] [stdout]   35:     0x55d3007f6e37 - std::thread::Builder::spawn_unchecked_::{{closure}}::{{closure}}::hf60bee9c1a17ef09
[INFO] [stdout]                                at /rustc/0e09125c6c3c2fd70d7de961bcf0e51575235fad/library/std/src/thread/mod.rs:529:17
[INFO] [stdout]   36:     0x55d3007f6e37 - <core::panic::unwind_safe::AssertUnwindSafe<F> as core::ops::function::FnOnce<()>>::call_once::h33d0dddec5216160
[INFO] [stdout]                                at /rustc/0e09125c6c3c2fd70d7de961bcf0e51575235fad/library/core/src/panic/unwind_safe.rs:272:9
[INFO] [stdout]   37:     0x55d3007f6e37 - std::panicking::try::do_call::h144b3048b546f835
[INFO] [stdout]                                at /rustc/0e09125c6c3c2fd70d7de961bcf0e51575235fad/library/std/src/panicking.rs:552:40
[INFO] [stdout]   38:     0x55d3007f6e37 - std::panicking::try::h978244d04646189f
[INFO] [stdout]                                at /rustc/0e09125c6c3c2fd70d7de961bcf0e51575235fad/library/std/src/panicking.rs:516:19
[INFO] [stdout]   39:     0x55d3007f6e37 - std::panic::catch_unwind::hdf436369d188fe86
[INFO] [stdout]                                at /rustc/0e09125c6c3c2fd70d7de961bcf0e51575235fad/library/std/src/panic.rs:142:14
[INFO] [stdout]   40:     0x55d3007f6e37 - std::thread::Builder::spawn_unchecked_::{{closure}}::h87329cbdd33c79ec
[INFO] [stdout]                                at /rustc/0e09125c6c3c2fd70d7de961bcf0e51575235fad/library/std/src/thread/mod.rs:528:30
[INFO] [stdout]   41:     0x55d3007f6e37 - core::ops::function::FnOnce::call_once{{vtable.shim}}::h401abbe67897d450
[INFO] [stdout]                                at /rustc/0e09125c6c3c2fd70d7de961bcf0e51575235fad/library/core/src/ops/function.rs:250:5
[INFO] [stdout]   42:     0x55d3008a1c05 - <alloc::boxed::Box<F,A> as core::ops::function::FnOnce<Args>>::call_once::h5d7c8f150ab9c84c
[INFO] [stdout]                                at /rustc/0e09125c6c3c2fd70d7de961bcf0e51575235fad/library/alloc/src/boxed.rs:2015:9
[INFO] [stdout]   43:     0x55d3008a1c05 - <alloc::boxed::Box<F,A> as core::ops::function::FnOnce<Args>>::call_once::h570d5b005c242c15
[INFO] [stdout]                                at /rustc/0e09125c6c3c2fd70d7de961bcf0e51575235fad/library/alloc/src/boxed.rs:2015:9
[INFO] [stdout]   44:     0x55d3008a1c05 - std::sys::unix::thread::Thread::new::thread_start::h36b0a20c0b2361ad
[INFO] [stdout]                                at /rustc/0e09125c6c3c2fd70d7de961bcf0e51575235fad/library/std/src/sys/unix/thread.rs:108:17
[INFO] [stdout]   45:     0x7fd97fb6eac3 - <unknown>
[INFO] [stdout]   46:     0x7fd97fbffbf4 - __clone
[INFO] [stdout]   47:                0x0 - <unknown>
[INFO] [stdout] 
[INFO] [stdout] 
[INFO] [stdout] failures:
[INFO] [stdout]     generated_ast_code_is_fresh
[INFO] [stdout]     generated_symbols_code_is_fresh
[INFO] [stdout] 
[INFO] [stdout] test result: FAILED. 2 passed; 2 failed; 0 ignored; 0 measured; 0 filtered out; finished in 0.94s
[INFO] [stdout] 
[INFO] [stderr] error: test failed, to rerun pass `-p xtask --test tidy`
[INFO] running `Command { std: "docker" "inspect" "d2a1e18a667288368da59a7feb55e6b179e1ee09d8e0391d7d8ddae9fc300adf", kill_on_drop: false }`
[INFO] running `Command { std: "docker" "rm" "-f" "d2a1e18a667288368da59a7feb55e6b179e1ee09d8e0391d7d8ddae9fc300adf", kill_on_drop: false }`
[INFO] [stdout] d2a1e18a667288368da59a7feb55e6b179e1ee09d8e0391d7d8ddae9fc300adf
