[INFO] cloning repository https://github.com/marionebl/pathfinder-experiments
[INFO] running `Command { std: "git" "-c" "credential.helper=" "-c" "credential.helper=/workspace/cargo-home/bin/git-credential-null" "clone" "--bare" "https://github.com/marionebl/pathfinder-experiments" "/workspace/cache/git-repos/https%3A%2F%2Fgithub.com%2Fmarionebl%2Fpathfinder-experiments", kill_on_drop: false }`
[INFO] [stderr] Cloning into bare repository '/workspace/cache/git-repos/https%3A%2F%2Fgithub.com%2Fmarionebl%2Fpathfinder-experiments'...
[INFO] running `Command { std: "git" "rev-parse" "HEAD", kill_on_drop: false }`
[INFO] [stdout] 038a3476d803fd77a6e66a74117b5b8803a2cb49
[INFO] testing marionebl/pathfinder-experiments against 1.75.0 for beta-1.76-1
[INFO] running `Command { std: "git" "clone" "/workspace/cache/git-repos/https%3A%2F%2Fgithub.com%2Fmarionebl%2Fpathfinder-experiments" "/workspace/builds/worker-4-tc1/source", kill_on_drop: false }`
[INFO] [stderr] Cloning into '/workspace/builds/worker-4-tc1/source'...
[INFO] [stderr] done.
[INFO] validating manifest of git repo https://github.com/marionebl/pathfinder-experiments on toolchain 1.75.0
[INFO] running `Command { std: CARGO_HOME="/workspace/cargo-home" RUSTUP_HOME="/workspace/rustup-home" "/workspace/cargo-home/bin/cargo" "+1.75.0" "metadata" "--manifest-path" "Cargo.toml" "--no-deps", kill_on_drop: false }`
[INFO] started tweaking git repo https://github.com/marionebl/pathfinder-experiments
[INFO] finished tweaking git repo https://github.com/marionebl/pathfinder-experiments
[INFO] tweaked toml for git repo https://github.com/marionebl/pathfinder-experiments written to /workspace/builds/worker-4-tc1/source/Cargo.toml
[INFO] crate git repo https://github.com/marionebl/pathfinder-experiments already has a lockfile, it will not be regenerated
[INFO] running `Command { std: CARGO_HOME="/workspace/cargo-home" RUSTUP_HOME="/workspace/rustup-home" "/workspace/cargo-home/bin/cargo" "+1.75.0" "fetch" "--manifest-path" "Cargo.toml", kill_on_drop: false }`
[INFO] [stderr] warning: profiles for the non root package will be ignored, specify profiles at the workspace root:
[INFO] [stderr] package:   /workspace/builds/worker-4-tc1/source/examples/canvas_webgl_minimal/Cargo.toml
[INFO] [stderr] workspace: /workspace/builds/worker-4-tc1/source/Cargo.toml
[INFO] [stderr] warning: profiles for the non root package will be ignored, specify profiles at the workspace root:
[INFO] [stderr] package:   /workspace/builds/worker-4-tc1/source/web_canvas/Cargo.toml
[INFO] [stderr] workspace: /workspace/builds/worker-4-tc1/source/Cargo.toml
[INFO] [stderr]     Updating git repository `https://github.com/pdf-rs/pdf`
[INFO] [stderr]     Updating git repository `https://github.com/pdf-rs/pdf_render`
[INFO] [stderr]     Updating git repository `https://github.com/servo/surfman`
[INFO] [stderr]     Updating crates.io index
[INFO] [stderr]     Updating git repository `https://github.com/pdf-rs/font/`
[INFO] [stderr]     Updating git repository `https://github.com/servo/pathfinder/`
[INFO] [stderr]     Updating git repository `https://github.com/s3bk/tuple/`
[INFO] [stderr]  Downloading crates ...
[INFO] [stderr]   Downloaded display-link v0.2.0
[INFO] [stderr]   Downloaded swf-parser v0.10.0
[INFO] [stderr]   Downloaded glutin v0.23.0
[INFO] [stderr]   Downloaded sdl2 v0.33.0
[INFO] [stderr]   Downloaded sdl2-sys v0.33.0
[INFO] [stderr]   Downloaded winit v0.19.3
[INFO] [stderr]   Downloaded fax v0.1.0
[INFO] [stderr]   Downloaded swf-fixed v0.1.5
[INFO] [stderr]   Downloaded swf-types v0.10.0
[INFO] [stderr]   Downloaded color-backtrace v0.3.0
[INFO] [stderr]   Downloaded lzma-rs v0.1.4
[INFO] [stderr]   Downloaded jni v0.15.0
[INFO] [stderr]   Downloaded pdf_encoding v0.1.0
[INFO] [stderr]   Downloaded surfman v0.4.3
[INFO] running `Command { std: "docker" "create" "-v" "/var/lib/crater-agent-workspace/builds/worker-4-tc1/target:/opt/rustwide/target:rw,Z" "-v" "/var/lib/crater-agent-workspace/builds/worker-4-tc1/source:/opt/rustwide/workdir:ro,Z" "-v" "/var/lib/crater-agent-workspace/cargo-home:/opt/rustwide/cargo-home:ro,Z" "-v" "/var/lib/crater-agent-workspace/rustup-home:/opt/rustwide/rustup-home:ro,Z" "-e" "SOURCE_DIR=/opt/rustwide/workdir" "-e" "CARGO_TARGET_DIR=/opt/rustwide/target" "-e" "CARGO_HOME=/opt/rustwide/cargo-home" "-e" "RUSTUP_HOME=/opt/rustwide/rustup-home" "-w" "/opt/rustwide/workdir" "-m" "1610612736" "--user" "0:0" "--network" "none" "ghcr.io/rust-lang/crates-build-env/linux@sha256:2788e3201cd34a07e3172128adcd8b3090168a8e3bcc40d7c032b9dda1df7d1c" "/opt/rustwide/cargo-home/bin/cargo" "+1.75.0" "metadata" "--no-deps" "--format-version=1", kill_on_drop: false }`
[INFO] [stdout] e79b098da3ef5ef5aa3c2a0e280138d6fe88ad64437efe0a442346ea06242b20
[INFO] running `Command { std: "docker" "start" "-a" "e79b098da3ef5ef5aa3c2a0e280138d6fe88ad64437efe0a442346ea06242b20", kill_on_drop: false }`
[INFO] running `Command { std: "docker" "inspect" "e79b098da3ef5ef5aa3c2a0e280138d6fe88ad64437efe0a442346ea06242b20", kill_on_drop: false }`
[INFO] running `Command { std: "docker" "rm" "-f" "e79b098da3ef5ef5aa3c2a0e280138d6fe88ad64437efe0a442346ea06242b20", kill_on_drop: false }`
[INFO] [stdout] e79b098da3ef5ef5aa3c2a0e280138d6fe88ad64437efe0a442346ea06242b20
[INFO] running `Command { std: "docker" "create" "-v" "/var/lib/crater-agent-workspace/builds/worker-4-tc1/target:/opt/rustwide/target:rw,Z" "-v" "/var/lib/crater-agent-workspace/builds/worker-4-tc1/source:/opt/rustwide/workdir:ro,Z" "-v" "/var/lib/crater-agent-workspace/cargo-home:/opt/rustwide/cargo-home:ro,Z" "-v" "/var/lib/crater-agent-workspace/rustup-home:/opt/rustwide/rustup-home:ro,Z" "-e" "SOURCE_DIR=/opt/rustwide/workdir" "-e" "CARGO_TARGET_DIR=/opt/rustwide/target" "-e" "CARGO_INCREMENTAL=0" "-e" "RUST_BACKTRACE=full" "-e" "RUSTFLAGS=--cap-lints=warn" "-e" "RUSTDOCFLAGS=--cap-lints=warn" "-e" "CARGO_HOME=/opt/rustwide/cargo-home" "-e" "RUSTUP_HOME=/opt/rustwide/rustup-home" "-w" "/opt/rustwide/workdir" "-m" "1610612736" "--user" "0:0" "--network" "none" "ghcr.io/rust-lang/crates-build-env/linux@sha256:2788e3201cd34a07e3172128adcd8b3090168a8e3bcc40d7c032b9dda1df7d1c" "/opt/rustwide/cargo-home/bin/cargo" "+1.75.0" "build" "--frozen" "--message-format=json", kill_on_drop: false }`
[INFO] [stdout] d1db41f556e0e8b092243490646b871f11eeda73e890f69835121b51872405a7
[INFO] running `Command { std: "docker" "start" "-a" "d1db41f556e0e8b092243490646b871f11eeda73e890f69835121b51872405a7", kill_on_drop: false }`
[INFO] [stderr] warning: profiles for the non root package will be ignored, specify profiles at the workspace root:
[INFO] [stderr] package:   /opt/rustwide/workdir/examples/canvas_webgl_minimal/Cargo.toml
[INFO] [stderr] workspace: /opt/rustwide/workdir/Cargo.toml
[INFO] [stderr] warning: profiles for the non root package will be ignored, specify profiles at the workspace root:
[INFO] [stderr] package:   /opt/rustwide/workdir/web_canvas/Cargo.toml
[INFO] [stderr] workspace: /opt/rustwide/workdir/Cargo.toml
[INFO] [stderr]    Compiling libc v0.2.113
[INFO] [stderr]    Compiling cfg-if v1.0.0
[INFO] [stderr]    Compiling autocfg v1.0.1
[INFO] [stderr]    Compiling lazy_static v1.4.0
[INFO] [stderr]    Compiling log v0.4.14
[INFO] [stderr]    Compiling bitflags v1.3.2
[INFO] [stderr]    Compiling cfg-if v0.1.10
[INFO] [stderr]    Compiling xml-rs v0.8.4
[INFO] [stderr]    Compiling cc v1.0.72
[INFO] [stderr]    Compiling pkg-config v0.3.24
[INFO] [stderr]    Compiling byteorder v1.4.3
[INFO] [stderr]    Compiling proc-macro2 v1.0.36
[INFO] [stderr]    Compiling unicode-xid v0.2.2
[INFO] [stderr]    Compiling scopeguard v1.1.0
[INFO] [stderr]    Compiling syn v1.0.86
[INFO] [stderr]    Compiling crossbeam-utils v0.8.6
[INFO] [stderr]    Compiling adler32 v1.2.0
[INFO] [stderr]    Compiling crossbeam-epoch v0.9.6
[INFO] [stderr]    Compiling ucd-trie v0.1.3
[INFO] [stderr]    Compiling adler v1.0.2
[INFO] [stderr]    Compiling rayon-core v1.9.1
[INFO] [stderr]    Compiling crc32fast v1.3.1
[INFO] [stderr]    Compiling serde_derive v1.0.135
[INFO] [stderr]    Compiling pest v2.1.3
[INFO] [stderr]    Compiling either v1.6.1
[INFO] [stderr]    Compiling serde v1.0.135
[INFO] [stderr]    Compiling khronos_api v3.1.0
[INFO] [stderr]    Compiling weezl v0.1.5
[INFO] [stderr]    Compiling num-traits v0.2.14
[INFO] [stderr]    Compiling memoffset v0.6.5
[INFO] [stderr]    Compiling miniz_oxide v0.4.4
[INFO] [stderr]    Compiling num-integer v0.1.44
[INFO] [stderr]    Compiling rayon v1.5.1
[INFO] [stderr]    Compiling cmake v0.1.48
[INFO] [stderr]    Compiling crossbeam-channel v0.5.2
[INFO] [stderr]    Compiling proc-macro2 v0.4.30
[INFO] [stderr]    Compiling num-iter v0.1.42
[INFO] [stderr]    Compiling num-rational v0.3.2
[INFO] [stderr]    Compiling quote v1.0.15
[INFO] [stderr]    Compiling semver-parser v0.10.2
[INFO] [stderr]    Compiling unicode-xid v0.1.0
[INFO] [stderr]    Compiling crossbeam-deque v0.8.1
[INFO] [stderr]    Compiling num_cpus v1.13.1
[INFO] [stderr]    Compiling deflate v0.8.6
[INFO] [stderr]    Compiling miniz_oxide v0.3.7
[INFO] [stderr]    Compiling color_quant v1.1.0
[INFO] [stderr]    Compiling gif v0.11.3
[INFO] [stderr]    Compiling bytemuck v1.7.3
[INFO] [stderr]    Compiling scoped_threadpool v0.1.9
[INFO] [stderr]    Compiling servo-freetype-sys v4.0.5
[INFO] [stderr]    Compiling arrayvec v0.5.2
[INFO] [stderr]    Compiling ryu v1.0.9
[INFO] [stderr]    Compiling semver v0.11.0
[INFO] [stderr]    Compiling rustc_version v0.3.3
[INFO] [stderr]    Compiling quote v0.6.13
[INFO] [stderr]    Compiling png v0.16.8
[INFO] [stderr]    Compiling maybe-uninit v2.0.0
[INFO] [stderr]    Compiling smallvec v1.8.0
[INFO] [stderr]    Compiling instant v0.1.12
[INFO] [stderr]    Compiling pathfinder_resources v0.5.0 (/opt/rustwide/workdir/resources)
[INFO] [stderr]    Compiling serde_json v1.0.78
[INFO] [stderr]    Compiling gl_generator v0.14.0
[INFO] [stderr]    Compiling pathfinder_simd v0.5.1 (/opt/rustwide/workdir/simd)
[INFO] [stderr]    Compiling dirs-sys v0.3.6
[INFO] [stderr]    Compiling libloading v0.6.7
[INFO] [stderr]    Compiling version_check v0.9.4
[INFO] [stderr]    Compiling half v1.8.2
[INFO] [stderr]    Compiling itoa v1.0.1
[INFO] [stderr]    Compiling hashbrown v0.7.2
[INFO] [stderr]    Compiling crossbeam-utils v0.7.2
[INFO] [stderr]    Compiling dlib v0.4.2
[INFO] [stderr]    Compiling fxhash v0.2.1
[INFO] [stderr]    Compiling nix v0.14.1
[INFO] [stderr]    Compiling vec_map v0.8.2
[INFO] [stderr]    Compiling freetype v0.4.1
[INFO] [stderr]    Compiling harfbuzz-sys v0.3.4
[INFO] [stderr]    Compiling void v1.0.2
[INFO] [stderr]    Compiling ahash v0.3.8
[INFO] [stderr]    Compiling same-file v1.0.6
[INFO] [stderr]    Compiling approx v0.3.2
[INFO] [stderr]    Compiling memchr v2.4.1
[INFO] [stderr]    Compiling byte-slice-cast v0.3.5
[INFO] [stderr]    Compiling walkdir v2.3.2
[INFO] [stderr]    Compiling tinyvec_macros v0.1.0
[INFO] [stderr]    Compiling expat-sys v2.1.6
[INFO] [stderr]    Compiling downcast-rs v1.2.0
[INFO] [stderr]    Compiling tinyvec v1.5.1
[INFO] [stderr]    Compiling ordered-float v1.1.1
[INFO] [stderr]    Compiling stb_truetype v0.3.1
[INFO] [stderr]    Compiling typenum v1.15.0
[INFO] [stderr]    Compiling semver-parser v0.7.0
[INFO] [stderr]    Compiling gl v0.14.0
[INFO] [stderr]    Compiling pathfinder_geometry v0.5.1 (/opt/rustwide/workdir/geometry)
[INFO] [stderr]    Compiling pathfinder_color v0.5.0 (/opt/rustwide/workdir/color)
[INFO] [stderr]    Compiling crossbeam-channel v0.4.4
[INFO] [stderr]    Compiling semver v0.9.0
[INFO] [stderr]    Compiling rusttype v0.8.3
[INFO] [stderr]    Compiling generic-array v0.14.5
[INFO] [stderr]    Compiling dirs v3.0.2
[INFO] [stderr]    Compiling wayland-scanner v0.21.13
[INFO] [stderr]    Compiling servo-fontconfig-sys v4.0.9
[INFO] [stderr]    Compiling rustc_version v0.2.3
[INFO] [stderr]    Compiling xdg v2.4.0
[INFO] [stderr]    Compiling rusttype v0.7.9
[INFO] [stderr]    Compiling line_drawing v0.7.0
[INFO] [stderr]    Compiling x11-dl v2.19.1
[INFO] [stderr]    Compiling wayland-scanner v0.23.6
[INFO] [stderr]    Compiling memmap v0.7.0
[INFO] [stderr]    Compiling andrew v0.2.1
[INFO] [stderr]    Compiling unicode-normalization v0.1.19
[INFO] [stderr]    Compiling lock_api v0.3.4
[INFO] [stderr]    Compiling lexical-core v0.7.6
[INFO] [stderr]    Compiling unicode-bidi v0.3.7
[INFO] [stderr]    Compiling servo-fontconfig v0.4.0
[INFO] [stderr]    Compiling nom v5.1.2
[INFO] [stderr]    Compiling wayland-sys v0.21.13
[INFO] [stderr]    Compiling dirs v2.0.2
[INFO] [stderr]    Compiling iovec v0.1.4
[INFO] [stderr]    Compiling net2 v0.2.37
[INFO] [stderr]    Compiling float-ord v0.2.0
[INFO] [stderr]    Compiling slab v0.4.5
[INFO] [stderr]    Compiling static_assertions v1.1.0
[INFO] [stderr]    Compiling getrandom v0.1.16
[INFO] [stderr]    Compiling jpeg-decoder v0.1.22
[INFO] [stderr]    Compiling mio v0.6.23
[INFO] [stderr]    Compiling font-kit v0.6.0
[INFO] [stderr]    Compiling parking_lot_core v0.6.2
[INFO] [stderr]    Compiling harfbuzz v0.3.1
[INFO] [stderr]    Compiling atty v0.2.14
[INFO] [stderr]    Compiling xmlparser v0.13.3
[INFO] [stderr]    Compiling percent-encoding v2.1.0
[INFO] [stderr]    Compiling float-cmp v0.5.3
[INFO] [stderr]    Compiling lazycell v1.3.0
[INFO] [stderr]    Compiling siphasher v0.2.3
[INFO] [stderr]    Compiling tiff v0.6.1
[INFO] [stderr]    Compiling matches v0.1.9
[INFO] [stderr]    Compiling parking_lot v0.9.0
[INFO] [stderr]    Compiling data-url v0.1.1
[INFO] [stderr]    Compiling roxmltree v0.11.0
[INFO] [stderr]    Compiling wayland-client v0.21.13
[INFO] [stderr]    Compiling wayland-protocols v0.21.13
[INFO] [stderr]    Compiling mio-extras v2.0.6
[INFO] [stderr]    Compiling skribo v0.1.0
[INFO] [stderr]    Compiling svgtypes v0.5.0
[INFO] [stderr]    Compiling harfbuzz_rs v1.2.0
[INFO] [stderr]    Compiling image v0.23.14
[INFO] [stderr]    Compiling wayland-client v0.23.6
[INFO] [stderr]    Compiling wayland-commons v0.21.13
[INFO] [stderr]    Compiling wayland-sys v0.23.6
[INFO] [stderr]    Compiling smallvec v0.6.14
[INFO] [stderr]    Compiling kurbo v0.6.3
[INFO] [stderr]    Compiling flate2 v1.0.22
[INFO] [stderr]    Compiling memmap2 v0.1.0
[INFO] [stderr]    Compiling simplecss v0.2.1
[INFO] [stderr]    Compiling inflate v0.4.5
[INFO] [stderr]    Compiling build_const v0.2.2
[INFO] [stderr]    Compiling rctree v0.3.3
[INFO] [stderr]    Compiling unicode-script v0.5.4
[INFO] [stderr]    Compiling xmlwriter v0.1.0
[INFO] [stderr]    Compiling doc-comment v0.3.3
[INFO] [stderr]    Compiling unicode-vo v0.1.0
[INFO] [stderr]    Compiling ttf-parser v0.6.2
[INFO] [stderr]    Compiling base64 v0.12.3
[INFO] [stderr]    Compiling crc v1.8.1
[INFO] [stderr]    Compiling wayland-commons v0.23.6
[INFO] [stderr]    Compiling calloop v0.4.4
[INFO] [stderr]    Compiling wayland-protocols v0.23.6
[INFO] [stderr]    Compiling rand_core v0.5.1
[INFO] [stderr]    Compiling cipher v0.3.0
[INFO] [stderr]    Compiling gl_generator v0.13.1
[INFO] [stderr]    Compiling x11 v2.19.1
[INFO] [stderr]    Compiling indexmap v1.8.0
[INFO] [stderr]    Compiling sdl2-sys v0.33.0
[INFO] [stderr]    Compiling pdf_encoding v0.1.0
[INFO] [stderr]    Compiling cfg_aliases v0.1.1
[INFO] [stderr]    Compiling ppv-lite86 v0.2.16
[INFO] [stderr]    Compiling cpufeatures v0.2.1
[INFO] [stderr]    Compiling unicode-width v0.1.9
[INFO] [stderr]    Compiling opaque-debug v0.3.0
[INFO] [stderr]    Compiling textwrap v0.11.0
[INFO] [stderr]    Compiling block-buffer v0.9.0
[INFO] [stderr]    Compiling digest v0.9.0
[INFO] [stderr]    Compiling euclid v0.20.14
[INFO] [stderr]    Compiling usvg v0.9.1
[INFO] [stderr]    Compiling rand_chacha v0.2.2
[INFO] [stderr]    Compiling time v0.1.44
[INFO] [stderr]    Compiling block-padding v0.2.1
[INFO] [stderr]    Compiling pathfinder_resources v0.5.0 (https://github.com/servo/pathfinder/#581eadfb)
[INFO] [stderr]    Compiling hashbrown v0.11.2
[INFO] [stderr]    Compiling surfman v0.2.0 (https://github.com/servo/surfman?rev=f3df871ac8c3926fe9106d86a3e51e20aa50d3cc#f3df871a)
[INFO] [stderr]    Compiling ansi_term v0.12.1
[INFO] [stderr]    Compiling cty v0.2.2
[INFO] [stderr]    Compiling strsim v0.8.0
[INFO] [stderr]    Compiling fs_extra v1.2.0
[INFO] [stderr]    Compiling raw-window-handle v0.4.2
[INFO] [stderr]    Compiling clap v2.34.0
[INFO] [stderr]    Compiling chrono v0.4.19
[INFO] [stderr]    Compiling rand v0.7.3
[INFO] [stderr]    Compiling jemalloc-sys v0.3.2
[INFO] [stderr]    Compiling block-modes v0.8.1
[INFO] [stderr]    Compiling sha2 v0.9.9
[INFO] [stderr]    Compiling fax_derive v0.1.0
[INFO] [stderr]    Compiling pathfinder_gpu v0.5.0 (/opt/rustwide/workdir/gpu)
[INFO] [stdout] warning: use of deprecated method `image::DynamicImage::to_luma`: replaced by `to_luma8`
[INFO] [stdout]    --> gpu/src/lib.rs:133:35
[INFO] [stdout]     |
[INFO] [stdout] 133 |                 let image = image.to_luma();
[INFO] [stdout]     |                                   ^^^^^^^
[INFO] [stdout]     |
[INFO] [stdout]     = note: `#[warn(deprecated)]` on by default
[INFO] [stdout] 
[INFO] [stdout] 
[INFO] [stdout] warning: use of deprecated method `image::DynamicImage::to_rgba`: replaced by `to_rgba8`
[INFO] [stdout]    --> gpu/src/lib.rs:138:35
[INFO] [stdout]     |
[INFO] [stdout] 138 |                 let image = image.to_rgba();
[INFO] [stdout]     |                                   ^^^^^^^
[INFO] [stdout] 
[INFO] [stdout] 
[INFO] [stdout] warning: use of deprecated method `image::DynamicImage::to_luma`: replaced by `to_luma8`
[INFO] [stdout]    --> gpu/src/lib.rs:155:35
[INFO] [stdout]     |
[INFO] [stdout] 155 |                 let image = image.to_luma();
[INFO] [stdout]     |                                   ^^^^^^^
[INFO] [stdout] 
[INFO] [stdout] 
[INFO] [stdout] warning: use of deprecated method `image::DynamicImage::to_rgba`: replaced by `to_rgba8`
[INFO] [stdout]    --> gpu/src/lib.rs:161:35
[INFO] [stdout]     |
[INFO] [stdout] 161 |                 let image = image.to_rgba();
[INFO] [stdout]     |                                   ^^^^^^^
[INFO] [stdout] 
[INFO] [stdout] 
[INFO] [stderr]    Compiling pathfinder_content v0.5.0 (/opt/rustwide/workdir/content)
[INFO] [stderr]    Compiling snafu-derive v0.6.10
[INFO] [stdout] warning: 4 warnings emitted
[INFO] [stdout] 
[INFO] [stdout] 
[INFO] [stderr]    Compiling pdf_derive v0.1.22 (https://github.com/pdf-rs/pdf#a070a8e6)
[INFO] [stderr]    Compiling aes v0.7.5
[INFO] [stderr]    Compiling stringprep v0.1.2
[INFO] [stderr]    Compiling fax v0.1.0
[INFO] [stderr]    Compiling aho-corasick v0.7.18
[INFO] [stderr]    Compiling glutin_egl_sys v0.1.5
[INFO] [stderr]    Compiling glutin_glx_sys v0.1.7
[INFO] [stderr]    Compiling wayland-sys v0.24.1
[INFO] [stderr]    Compiling parking_lot_core v0.7.2
[INFO] [stderr]    Compiling backtrace v0.3.63
[INFO] [stderr]    Compiling libloading v0.5.2
[INFO] [stderr]    Compiling itertools v0.9.0
[INFO] [stderr]    Compiling itertools v0.10.3
[INFO] [stderr]    Compiling deflate v1.0.0
[INFO] [stderr]    Compiling deflate v0.9.1
[INFO] [stderr]    Compiling termcolor v1.1.2
[INFO] [stderr]    Compiling gimli v0.26.1
[INFO] [stderr]    Compiling slotmap v0.4.3
[INFO] [stderr]    Compiling quick-error v1.2.3
[INFO] [stderr]    Compiling snafu v0.6.10
[INFO] [stderr]    Compiling gcc v0.3.55
[INFO] [stderr]    Compiling md5 v0.7.0
[INFO] [stderr]    Compiling hex v0.4.3
[INFO] [stderr]    Compiling regex-syntax v0.6.25
[INFO] [stderr]    Compiling sdl2 v0.33.0
[INFO] [stderr]    Compiling once_cell v1.9.0
[INFO] [stderr]    Compiling humantime v1.3.0
[INFO] [stderr]    Compiling parking_lot v0.10.2
[INFO] [stderr]    Compiling lzma-rs v0.1.4
[INFO] [stderr]    Compiling raw-window-handle v0.3.4
[INFO] [stderr]    Compiling nfd v0.0.4
[INFO] [stderr]    Compiling object v0.27.1
[INFO] [stderr]    Compiling shared_library v0.1.9
[INFO] [stderr]    Compiling rustc-demangle v0.1.21
[INFO] [stderr]    Compiling pdf v0.7.2 (https://github.com/pdf-rs/pdf#a070a8e6)
[INFO] [stderr]    Compiling osmesa-sys v0.1.2
[INFO] [stderr]    Compiling foreign-types-shared v0.1.1
[INFO] [stderr]    Compiling svg-to-skia v0.1.0 (/opt/rustwide/workdir/utils/svg-to-skia)
[INFO] [stderr]    Compiling foreign-types v0.3.2
[INFO] [stderr]    Compiling addr2line v0.17.0
[INFO] [stderr]    Compiling regex v1.5.4
[INFO] [stderr]    Compiling pathfinder_gl v0.5.0 (/opt/rustwide/workdir/gl)
[INFO] [stderr]    Compiling area-lut v0.2.0 (/opt/rustwide/workdir/utils/area-lut)
[INFO] [stderr]    Compiling generate-gamma-lut v0.1.0 (/opt/rustwide/workdir/utils/gamma-lut)
[INFO] [stderr]    Compiling env_logger v0.7.1
[INFO] [stderr]    Compiling pretty_env_logger v0.4.0
[INFO] [stderr]    Compiling color-backtrace v0.3.0
[INFO] [stderr]    Compiling decorum v0.3.1
[INFO] [stderr]    Compiling tuple v0.5.1 (https://github.com/s3bk/tuple/#fdf8b440)
[INFO] [stderr]    Compiling swf-fixed v0.1.5
[INFO] [stderr]    Compiling swf-types v0.10.0
[INFO] [stderr]    Compiling pathfinder_ui v0.5.0 (/opt/rustwide/workdir/ui)
[INFO] [stderr]    Compiling pathfinder_lottie v0.1.0 (/opt/rustwide/workdir/lottie)
[INFO] [stderr]    Compiling pathfinder_renderer v0.5.0 (/opt/rustwide/workdir/renderer)
[INFO] [stderr]    Compiling lottie_basic v0.1.0 (/opt/rustwide/workdir/examples/lottie_basic)
[INFO] [stdout] warning: variable does not need to be mutable
[INFO] [stdout]    --> renderer/src/gpu/renderer.rs:649:13
[INFO] [stdout]     |
[INFO] [stdout] 649 |         let mut render_target =
[INFO] [stdout]     |             ----^^^^^^^^^^^^^
[INFO] [stdout]     |             |
[INFO] [stdout]     |             help: remove this `mut`
[INFO] [stdout]     |
[INFO] [stdout]     = note: `#[warn(unused_mut)]` on by default
[INFO] [stdout] 
[INFO] [stdout] 
[INFO] [stdout] warning: variable does not need to be mutable
[INFO] [stdout]    --> renderer/src/paint.rs:590:17
[INFO] [stdout]     |
[INFO] [stdout] 590 |             let mut color_texture_metadata = match metadata.color_texture_metadata {
[INFO] [stdout]     |                 ----^^^^^^^^^^^^^^^^^^^^^^
[INFO] [stdout]     |                 |
[INFO] [stdout]     |                 help: remove this `mut`
[INFO] [stdout] 
[INFO] [stdout] 
[INFO] [stdout] warning: variable does not need to be mutable
[INFO] [stdout]    --> renderer/src/paint.rs:846:13
[INFO] [stdout]     |
[INFO] [stdout] 846 |         let mut data = self.tiles.last_mut().unwrap();
[INFO] [stdout]     |             ----^^^^
[INFO] [stdout]     |             |
[INFO] [stdout]     |             help: remove this `mut`
[INFO] [stdout] 
[INFO] [stdout] 
[INFO] [stdout] warning: fields `tile_count`, `z_buffer_id`, and `tile_vertex_buffer_id` are never read
[INFO] [stdout]    --> renderer/src/gpu/d3d9/renderer.rs:565:16
[INFO] [stdout]     |
[INFO] [stdout] 564 | pub(crate) struct TileBatchInfoD3D9 {
[INFO] [stdout]     |                   ----------------- fields in this struct
[INFO] [stdout] 565 |     pub(crate) tile_count: u32,
[INFO] [stdout]     |                ^^^^^^^^^^
[INFO] [stdout] 566 |     pub(crate) z_buffer_id: GeneralBufferID,
[INFO] [stdout]     |                ^^^^^^^^^^^
[INFO] [stdout] 567 |     tile_vertex_buffer_id: GeneralBufferID,
[INFO] [stdout]     |     ^^^^^^^^^^^^^^^^^^^^^
[INFO] [stdout]     |
[INFO] [stdout]     = note: `TileBatchInfoD3D9` has a derived impl for the trait `Clone`, but this is intentionally ignored during dead code analysis
[INFO] [stdout]     = note: `#[warn(dead_code)]` on by default
[INFO] [stdout] 
[INFO] [stdout] 
[INFO] [stdout] warning: field `tile_count` is never read
[INFO] [stdout]    --> renderer/src/gpu/d3d11/renderer.rs:802:5
[INFO] [stdout]     |
[INFO] [stdout] 801 | struct TileBatchInfoD3D11 {
[INFO] [stdout]     |        ------------------ field in this struct
[INFO] [stdout] 802 |     tile_count: u32,
[INFO] [stdout]     |     ^^^^^^^^^^
[INFO] [stdout]     |
[INFO] [stdout]     = note: `TileBatchInfoD3D11` has a derived impl for the trait `Clone`, but this is intentionally ignored during dead code analysis
[INFO] [stdout] 
[INFO] [stdout] 
[INFO] [stdout] warning: field `border` is never read
[INFO] [stdout]    --> renderer/src/paint.rs:350:16
[INFO] [stdout]     |
[INFO] [stdout] 334 | pub(crate) struct PaintColorTextureMetadata {
[INFO] [stdout]     |                   ------------------------- field in this struct
[INFO] [stdout] ...
[INFO] [stdout] 350 |     pub(crate) border: Vector2I,
[INFO] [stdout]     |                ^^^^^^
[INFO] [stdout]     |
[INFO] [stdout]     = note: `PaintColorTextureMetadata` has a derived impl for the trait `Debug`, but this is intentionally ignored during dead code analysis
[INFO] [stdout] 
[INFO] [stdout] 
[INFO] [stdout] warning: fields `line` and `radii` are never read
[INFO] [stdout]    --> renderer/src/paint.rs:356:16
[INFO] [stdout]     |
[INFO] [stdout] 354 | pub(crate) struct RadialGradientMetadata {
[INFO] [stdout]     |                   ---------------------- fields in this struct
[INFO] [stdout] 355 |     /// The line segment that connects the two circles.
[INFO] [stdout] 356 |     pub(crate) line: LineSegment2F,
[INFO] [stdout]     |                ^^^^
[INFO] [stdout] 357 |     /// The radii of the two circles.
[INFO] [stdout] 358 |     pub(crate) radii: F32x2,
[INFO] [stdout]     |                ^^^^^
[INFO] [stdout]     |
[INFO] [stdout]     = note: `RadialGradientMetadata` has derived impls for the traits `Debug` and `Clone`, but these are intentionally ignored during dead code analysis
[INFO] [stdout] 
[INFO] [stdout] 
[INFO] [stdout] warning: field `name` is never read
[INFO] [stdout]    --> renderer/src/scene.rs:495:5
[INFO] [stdout]     |
[INFO] [stdout] 493 | pub struct RenderTarget {
[INFO] [stdout]     |            ------------ field in this struct
[INFO] [stdout] 494 |     size: Vector2I,
[INFO] [stdout] 495 |     name: String,
[INFO] [stdout]     |     ^^^^
[INFO] [stdout]     |
[INFO] [stdout]     = note: `RenderTarget` has derived impls for the traits `Debug` and `Clone`, but these are intentionally ignored during dead code analysis
[INFO] [stdout] 
[INFO] [stdout] 
[INFO] [stdout] warning: field `bounds` is never read
[INFO] [stdout]   --> renderer/src/builder.rs:63:9
[INFO] [stdout]    |
[INFO] [stdout] 60 | pub(crate) struct ObjectBuilder {
[INFO] [stdout]    |                   ------------- field in this struct
[INFO] [stdout] ...
[INFO] [stdout] 63 |     pub bounds: RectF,
[INFO] [stdout]    |         ^^^^^^
[INFO] [stdout]    |
[INFO] [stdout]    = note: `ObjectBuilder` has a derived impl for the trait `Debug`, but this is intentionally ignored during dead code analysis
[INFO] [stdout] 
[INFO] [stdout] 
[INFO] [stdout] warning: fields `sampling_flags_1` and `mask_0_fill_rule` are never read
[INFO] [stdout]   --> renderer/src/builder.rs:74:5
[INFO] [stdout]    |
[INFO] [stdout] 68 | struct BuiltDrawPath {
[INFO] [stdout]    |        ------------- fields in this struct
[INFO] [stdout] ...
[INFO] [stdout] 74 |     sampling_flags_1: TextureSamplingFlags,
[INFO] [stdout]    |     ^^^^^^^^^^^^^^^^
[INFO] [stdout] 75 |     mask_0_fill_rule: FillRule,
[INFO] [stdout]    |     ^^^^^^^^^^^^^^^^
[INFO] [stdout]    |
[INFO] [stdout]    = note: `BuiltDrawPath` has derived impls for the traits `Debug` and `Clone`, but these are intentionally ignored during dead code analysis
[INFO] [stdout] 
[INFO] [stdout] 
[INFO] [stdout] warning: fields `fill_rule` and `clip_path_id` are never read
[INFO] [stdout]    --> renderer/src/builder.rs:102:9
[INFO] [stdout]     |
[INFO] [stdout] 99  | pub(crate) struct BuiltPath {
[INFO] [stdout]     |                   --------- fields in this struct
[INFO] [stdout] ...
[INFO] [stdout] 102 |     pub fill_rule: FillRule,
[INFO] [stdout]     |         ^^^^^^^^^
[INFO] [stdout] 103 |     pub clip_path_id: Option<ClipPathId>,
[INFO] [stdout]     |         ^^^^^^^^^^^^
[INFO] [stdout]     |
[INFO] [stdout]     = note: `BuiltPath` has derived impls for the traits `Debug` and `Clone`, but these are intentionally ignored during dead code analysis
[INFO] [stdout] 
[INFO] [stdout] 
[INFO] [stdout] warning: field `coords` is never read
[INFO] [stdout]    --> renderer/src/builder.rs:132:16
[INFO] [stdout]     |
[INFO] [stdout] 131 | pub(crate) struct Occluder {
[INFO] [stdout]     |                   -------- field in this struct
[INFO] [stdout] 132 |     pub(crate) coords: Vector2I,
[INFO] [stdout]     |                ^^^^^^
[INFO] [stdout]     |
[INFO] [stdout]     = note: `Occluder` has derived impls for the traits `Debug` and `Clone`, but these are intentionally ignored during dead code analysis
[INFO] [stdout] 
[INFO] [stdout] 
[INFO] [stderr]    Compiling font v0.1.0 (https://github.com/pdf-rs/font/#5f78c4ee)
[INFO] [stderr]    Compiling pathfinder_text v0.5.0 (/opt/rustwide/workdir/text)
[INFO] [stderr]    Compiling pathfinder_svg v0.5.0 (/opt/rustwide/workdir/svg)
[INFO] [stderr]    Compiling pathfinder_export v0.1.0 (/opt/rustwide/workdir/export)
[INFO] [stdout] warning: 12 warnings emitted
[INFO] [stdout] 
[INFO] [stdout] 
[INFO] [stderr]    Compiling pathfinder_canvas v0.5.0 (/opt/rustwide/workdir/canvas)
[INFO] [stderr]    Compiling convert v0.1.0 (/opt/rustwide/workdir/utils/convert)
[INFO] [stdout] warning: calls to `std::mem::drop` with a value that implements `Copy` does nothing
[INFO] [stdout]   --> canvas/src/text.rs:81:9
[INFO] [stdout]    |
[INFO] [stdout] 81 |            drop(self.canvas_font_context
[INFO] [stdout]    |  __________^____-
[INFO] [stdout]    | | _________|
[INFO] [stdout]    | ||
[INFO] [stdout] 82 | ||                  .0
[INFO] [stdout] 83 | ||                  .borrow_mut()
[INFO] [stdout] 84 | ||                  .font_context
[INFO] [stdout] ...  ||
[INFO] [stdout] 94 | ||                                   paint_id,
[INFO] [stdout] 95 | ||                               }));
[INFO] [stdout]    | ||________________________________-^
[INFO] [stdout]    | |_________________________________|
[INFO] [stdout]    |                                   argument has type `Result<(), GlyphLoadingError>`
[INFO] [stdout]    |
[INFO] [stdout]    = note: use `let _ = ...` to ignore the expression or result
[INFO] [stdout]    = note: `#[warn(dropping_copy_types)]` on by default
[INFO] [stdout] 
[INFO] [stdout] 
[INFO] [stdout] warning: 1 warning emitted
[INFO] [stdout] 
[INFO] [stdout] 
[INFO] [stderr]    Compiling canvas_text v0.1.0 (/opt/rustwide/workdir/examples/canvas_text)
[INFO] [stderr]    Compiling pathfinder_c v0.1.0 (/opt/rustwide/workdir/c)
[INFO] [stderr]    Compiling pdf_render v0.1.0 (https://github.com/pdf-rs/pdf_render#1b748022)
[INFO] [stderr]    Compiling swf-parser v0.10.0
[INFO] [stderr]    Compiling pathfinder_demo v0.1.0 (/opt/rustwide/workdir/demo/common)
[INFO] [stdout] warning: field `hidden_field_for_future_proofing` is never read
[INFO] [stdout]    --> demo/common/src/lib.rs:635:5
[INFO] [stdout]     |
[INFO] [stdout] 627 | pub struct Options {
[INFO] [stdout]     |            ------- field in this struct
[INFO] [stdout] ...
[INFO] [stdout] 635 |     hidden_field_for_future_proofing: (),
[INFO] [stdout]     |     ^^^^^^^^^^^^^^^^^^^^^^^^^^^^^^^^
[INFO] [stdout]     |
[INFO] [stdout]     = note: `Options` has a derived impl for the trait `Clone`, but this is intentionally ignored during dead code analysis
[INFO] [stdout]     = note: `#[warn(dead_code)]` on by default
[INFO] [stdout] 
[INFO] [stdout] 
[INFO] [stderr]    Compiling pathfinder_swf v0.1.0 (/opt/rustwide/workdir/swf)
[INFO] [stderr]    Compiling swf_basic v0.1.0 (/opt/rustwide/workdir/examples/swf_basic)
[INFO] [stdout] warning: 1 warning emitted
[INFO] [stdout] 
[INFO] [stdout] 
[INFO] [stderr]    Compiling smithay-client-toolkit v0.6.6
[INFO] [stderr]    Compiling winit v0.21.0
[INFO] [stderr]    Compiling glutin v0.23.0
[INFO] [stderr]    Compiling jemallocator v0.3.2
[INFO] [stderr]    Compiling canvas_glutin_minimal v0.1.0 (/opt/rustwide/workdir/examples/canvas_glutin_minimal)
[INFO] [stderr]    Compiling smithay-client-toolkit v0.4.6
[INFO] [stderr]    Compiling winit v0.19.3
[INFO] [stderr]    Compiling canvas_moire v0.1.0 (/opt/rustwide/workdir/examples/canvas_moire)
[INFO] [stderr]    Compiling demo v0.1.0 (/opt/rustwide/workdir/demo/native)
[INFO] [stderr]    Compiling canvas_minimal v0.1.0 (/opt/rustwide/workdir/examples/canvas_minimal)
[INFO] [stdout] warning: calls to `std::mem::drop` with a value that implements `Copy` does nothing
[INFO] [stdout]    --> demo/native/src/main.rs:218:13
[INFO] [stdout]     |
[INFO] [stdout] 218 |             drop(event_queue.event_loop_proxy.wakeup());
[INFO] [stdout]     |             ^^^^^-------------------------------------^
[INFO] [stdout]     |                  |
[INFO] [stdout]     |                  argument has type `Result<(), EventsLoopClosed>`
[INFO] [stdout]     |
[INFO] [stdout]     = note: use `let _ = ...` to ignore the expression or result
[INFO] [stdout]     = note: `#[warn(dropping_copy_types)]` on by default
[INFO] [stdout] 
[INFO] [stdout] 
[INFO] [stdout] warning: calls to `std::mem::drop` with a value that implements `Copy` does nothing
[INFO] [stdout]    --> demo/native/src/main.rs:242:9
[INFO] [stdout]     |
[INFO] [stdout] 242 |         drop(event_queue.event_loop_proxy.wakeup());
[INFO] [stdout]     |         ^^^^^-------------------------------------^
[INFO] [stdout]     |              |
[INFO] [stdout]     |              argument has type `Result<(), EventsLoopClosed>`
[INFO] [stdout]     |
[INFO] [stdout]     = note: use `let _ = ...` to ignore the expression or result
[INFO] [stdout] 
[INFO] [stdout] 
[INFO] [stdout] warning: 2 warnings emitted
[INFO] [stdout] 
[INFO] [stdout] 
[INFO] [stderr]     Finished dev [unoptimized + debuginfo] target(s) in 1m 24s
[INFO] [stderr] warning: the following packages contain code that will be rejected by a future version of Rust: fs_extra v1.2.0, nfd v0.0.4, nom v5.1.2
[INFO] [stderr] note: to see what the problems were, use the option `--future-incompat-report`, or run `cargo report future-incompatibilities --id 1`
[INFO] running `Command { std: "docker" "inspect" "d1db41f556e0e8b092243490646b871f11eeda73e890f69835121b51872405a7", kill_on_drop: false }`
[INFO] running `Command { std: "docker" "rm" "-f" "d1db41f556e0e8b092243490646b871f11eeda73e890f69835121b51872405a7", kill_on_drop: false }`
[INFO] [stdout] d1db41f556e0e8b092243490646b871f11eeda73e890f69835121b51872405a7
[INFO] running `Command { std: "docker" "create" "-v" "/var/lib/crater-agent-workspace/builds/worker-4-tc1/target:/opt/rustwide/target:rw,Z" "-v" "/var/lib/crater-agent-workspace/builds/worker-4-tc1/source:/opt/rustwide/workdir:ro,Z" "-v" "/var/lib/crater-agent-workspace/cargo-home:/opt/rustwide/cargo-home:ro,Z" "-v" "/var/lib/crater-agent-workspace/rustup-home:/opt/rustwide/rustup-home:ro,Z" "-e" "SOURCE_DIR=/opt/rustwide/workdir" "-e" "CARGO_TARGET_DIR=/opt/rustwide/target" "-e" "CARGO_INCREMENTAL=0" "-e" "RUST_BACKTRACE=full" "-e" "RUSTFLAGS=--cap-lints=warn" "-e" "RUSTDOCFLAGS=--cap-lints=warn" "-e" "CARGO_HOME=/opt/rustwide/cargo-home" "-e" "RUSTUP_HOME=/opt/rustwide/rustup-home" "-w" "/opt/rustwide/workdir" "-m" "1610612736" "--user" "0:0" "--network" "none" "ghcr.io/rust-lang/crates-build-env/linux@sha256:2788e3201cd34a07e3172128adcd8b3090168a8e3bcc40d7c032b9dda1df7d1c" "/opt/rustwide/cargo-home/bin/cargo" "+1.75.0" "test" "--frozen" "--no-run" "--message-format=json", kill_on_drop: false }`
[INFO] [stdout] 007ea3d78bdca410c3cb1bf280748e3eb84676feee1d77211e632b79ed4b691b
[INFO] running `Command { std: "docker" "start" "-a" "007ea3d78bdca410c3cb1bf280748e3eb84676feee1d77211e632b79ed4b691b", kill_on_drop: false }`
[INFO] [stderr] warning: profiles for the non root package will be ignored, specify profiles at the workspace root:
[INFO] [stderr] package:   /opt/rustwide/workdir/examples/canvas_webgl_minimal/Cargo.toml
[INFO] [stderr] workspace: /opt/rustwide/workdir/Cargo.toml
[INFO] [stderr] warning: profiles for the non root package will be ignored, specify profiles at the workspace root:
[INFO] [stderr] package:   /opt/rustwide/workdir/web_canvas/Cargo.toml
[INFO] [stderr] workspace: /opt/rustwide/workdir/Cargo.toml
[INFO] [stdout] warning: use of deprecated method `image::DynamicImage::to_luma`: replaced by `to_luma8`
[INFO] [stdout]    --> gpu/src/lib.rs:133:35
[INFO] [stdout]     |
[INFO] [stdout] 133 |                 let image = image.to_luma();
[INFO] [stdout]     |                                   ^^^^^^^
[INFO] [stdout]     |
[INFO] [stdout]     = note: `#[warn(deprecated)]` on by default
[INFO] [stdout] 
[INFO] [stdout] 
[INFO] [stdout] warning: use of deprecated method `image::DynamicImage::to_rgba`: replaced by `to_rgba8`
[INFO] [stdout]    --> gpu/src/lib.rs:138:35
[INFO] [stdout]     |
[INFO] [stdout] 138 |                 let image = image.to_rgba();
[INFO] [stdout]     |                                   ^^^^^^^
[INFO] [stdout] 
[INFO] [stdout] 
[INFO] [stdout] warning: use of deprecated method `image::DynamicImage::to_luma`: replaced by `to_luma8`
[INFO] [stdout]    --> gpu/src/lib.rs:155:35
[INFO] [stdout]     |
[INFO] [stdout] 155 |                 let image = image.to_luma();
[INFO] [stdout]     |                                   ^^^^^^^
[INFO] [stdout] 
[INFO] [stdout] 
[INFO] [stdout] warning: use of deprecated method `image::DynamicImage::to_rgba`: replaced by `to_rgba8`
[INFO] [stdout]    --> gpu/src/lib.rs:161:35
[INFO] [stdout]     |
[INFO] [stdout] 161 |                 let image = image.to_rgba();
[INFO] [stdout]     |                                   ^^^^^^^
[INFO] [stdout] 
[INFO] [stdout] 
[INFO] [stdout] warning: 4 warnings emitted
[INFO] [stdout] 
[INFO] [stdout] 
[INFO] [stdout] warning: variable does not need to be mutable
[INFO] [stdout]    --> renderer/src/gpu/renderer.rs:649:13
[INFO] [stdout]     |
[INFO] [stdout] 649 |         let mut render_target =
[INFO] [stdout]     |             ----^^^^^^^^^^^^^
[INFO] [stdout]     |             |
[INFO] [stdout]     |             help: remove this `mut`
[INFO] [stdout]     |
[INFO] [stdout]     = note: `#[warn(unused_mut)]` on by default
[INFO] [stdout] 
[INFO] [stdout] 
[INFO] [stdout] warning: variable does not need to be mutable
[INFO] [stdout]    --> renderer/src/paint.rs:590:17
[INFO] [stdout]     |
[INFO] [stdout] 590 |             let mut color_texture_metadata = match metadata.color_texture_metadata {
[INFO] [stdout]     |                 ----^^^^^^^^^^^^^^^^^^^^^^
[INFO] [stdout]     |                 |
[INFO] [stdout]     |                 help: remove this `mut`
[INFO] [stdout] 
[INFO] [stdout] 
[INFO] [stdout] warning: variable does not need to be mutable
[INFO] [stdout]    --> renderer/src/paint.rs:846:13
[INFO] [stdout]     |
[INFO] [stdout] 846 |         let mut data = self.tiles.last_mut().unwrap();
[INFO] [stdout]     |             ----^^^^
[INFO] [stdout]     |             |
[INFO] [stdout]     |             help: remove this `mut`
[INFO] [stdout] 
[INFO] [stdout] 
[INFO] [stdout] warning: fields `tile_count`, `z_buffer_id`, and `tile_vertex_buffer_id` are never read
[INFO] [stdout]    --> renderer/src/gpu/d3d9/renderer.rs:565:16
[INFO] [stdout]     |
[INFO] [stdout] 564 | pub(crate) struct TileBatchInfoD3D9 {
[INFO] [stdout]     |                   ----------------- fields in this struct
[INFO] [stdout] 565 |     pub(crate) tile_count: u32,
[INFO] [stdout]     |                ^^^^^^^^^^
[INFO] [stdout] 566 |     pub(crate) z_buffer_id: GeneralBufferID,
[INFO] [stdout]     |                ^^^^^^^^^^^
[INFO] [stdout] 567 |     tile_vertex_buffer_id: GeneralBufferID,
[INFO] [stdout]     |     ^^^^^^^^^^^^^^^^^^^^^
[INFO] [stdout]     |
[INFO] [stdout]     = note: `TileBatchInfoD3D9` has a derived impl for the trait `Clone`, but this is intentionally ignored during dead code analysis
[INFO] [stdout]     = note: `#[warn(dead_code)]` on by default
[INFO] [stdout] 
[INFO] [stdout] 
[INFO] [stdout] warning: field `tile_count` is never read
[INFO] [stdout]    --> renderer/src/gpu/d3d11/renderer.rs:802:5
[INFO] [stdout]     |
[INFO] [stdout] 801 | struct TileBatchInfoD3D11 {
[INFO] [stdout]     |        ------------------ field in this struct
[INFO] [stdout] 802 |     tile_count: u32,
[INFO] [stdout]     |     ^^^^^^^^^^
[INFO] [stdout]     |
[INFO] [stdout]     = note: `TileBatchInfoD3D11` has a derived impl for the trait `Clone`, but this is intentionally ignored during dead code analysis
[INFO] [stdout] 
[INFO] [stdout] 
[INFO] [stdout] warning: field `border` is never read
[INFO] [stdout]    --> renderer/src/paint.rs:350:16
[INFO] [stdout]     |
[INFO] [stdout] 334 | pub(crate) struct PaintColorTextureMetadata {
[INFO] [stdout]     |                   ------------------------- field in this struct
[INFO] [stdout] ...
[INFO] [stdout] 350 |     pub(crate) border: Vector2I,
[INFO] [stdout]     |                ^^^^^^
[INFO] [stdout]     |
[INFO] [stdout]     = note: `PaintColorTextureMetadata` has a derived impl for the trait `Debug`, but this is intentionally ignored during dead code analysis
[INFO] [stdout] 
[INFO] [stdout] 
[INFO] [stdout] warning: fields `line` and `radii` are never read
[INFO] [stdout]    --> renderer/src/paint.rs:356:16
[INFO] [stdout]     |
[INFO] [stdout] 354 | pub(crate) struct RadialGradientMetadata {
[INFO] [stdout]     |                   ---------------------- fields in this struct
[INFO] [stdout] 355 |     /// The line segment that connects the two circles.
[INFO] [stdout] 356 |     pub(crate) line: LineSegment2F,
[INFO] [stdout]     |                ^^^^
[INFO] [stdout] 357 |     /// The radii of the two circles.
[INFO] [stdout] 358 |     pub(crate) radii: F32x2,
[INFO] [stdout]     |                ^^^^^
[INFO] [stdout]     |
[INFO] [stdout]     = note: `RadialGradientMetadata` has derived impls for the traits `Debug` and `Clone`, but these are intentionally ignored during dead code analysis
[INFO] [stdout] 
[INFO] [stdout] 
[INFO] [stdout] warning: field `name` is never read
[INFO] [stdout]    --> renderer/src/scene.rs:495:5
[INFO] [stdout]     |
[INFO] [stdout] 493 | pub struct RenderTarget {
[INFO] [stdout]     |            ------------ field in this struct
[INFO] [stdout] 494 |     size: Vector2I,
[INFO] [stdout] 495 |     name: String,
[INFO] [stdout]     |     ^^^^
[INFO] [stdout]     |
[INFO] [stdout]     = note: `RenderTarget` has derived impls for the traits `Debug` and `Clone`, but these are intentionally ignored during dead code analysis
[INFO] [stdout] 
[INFO] [stdout] 
[INFO] [stdout] warning: field `bounds` is never read
[INFO] [stdout]   --> renderer/src/builder.rs:63:9
[INFO] [stdout]    |
[INFO] [stdout] 60 | pub(crate) struct ObjectBuilder {
[INFO] [stdout]    |                   ------------- field in this struct
[INFO] [stdout] ...
[INFO] [stdout] 63 |     pub bounds: RectF,
[INFO] [stdout]    |         ^^^^^^
[INFO] [stdout]    |
[INFO] [stdout]    = note: `ObjectBuilder` has a derived impl for the trait `Debug`, but this is intentionally ignored during dead code analysis
[INFO] [stdout] 
[INFO] [stdout] 
[INFO] [stdout] warning: fields `sampling_flags_1` and `mask_0_fill_rule` are never read
[INFO] [stdout]   --> renderer/src/builder.rs:74:5
[INFO] [stdout]    |
[INFO] [stdout] 68 | struct BuiltDrawPath {
[INFO] [stdout]    |        ------------- fields in this struct
[INFO] [stdout] ...
[INFO] [stdout] 74 |     sampling_flags_1: TextureSamplingFlags,
[INFO] [stdout]    |     ^^^^^^^^^^^^^^^^
[INFO] [stdout] 75 |     mask_0_fill_rule: FillRule,
[INFO] [stdout]    |     ^^^^^^^^^^^^^^^^
[INFO] [stdout]    |
[INFO] [stdout]    = note: `BuiltDrawPath` has derived impls for the traits `Debug` and `Clone`, but these are intentionally ignored during dead code analysis
[INFO] [stdout] 
[INFO] [stdout] 
[INFO] [stdout] warning: fields `fill_rule` and `clip_path_id` are never read
[INFO] [stdout]    --> renderer/src/builder.rs:102:9
[INFO] [stdout]     |
[INFO] [stdout] 99  | pub(crate) struct BuiltPath {
[INFO] [stdout]     |                   --------- fields in this struct
[INFO] [stdout] ...
[INFO] [stdout] 102 |     pub fill_rule: FillRule,
[INFO] [stdout]     |         ^^^^^^^^^
[INFO] [stdout] 103 |     pub clip_path_id: Option<ClipPathId>,
[INFO] [stdout]     |         ^^^^^^^^^^^^
[INFO] [stdout]     |
[INFO] [stdout]     = note: `BuiltPath` has derived impls for the traits `Debug` and `Clone`, but these are intentionally ignored during dead code analysis
[INFO] [stdout] 
[INFO] [stdout] 
[INFO] [stdout] warning: field `coords` is never read
[INFO] [stdout]    --> renderer/src/builder.rs:132:16
[INFO] [stdout]     |
[INFO] [stdout] 131 | pub(crate) struct Occluder {
[INFO] [stdout]     |                   -------- field in this struct
[INFO] [stdout] 132 |     pub(crate) coords: Vector2I,
[INFO] [stdout]     |                ^^^^^^
[INFO] [stdout]     |
[INFO] [stdout]     = note: `Occluder` has derived impls for the traits `Debug` and `Clone`, but these are intentionally ignored during dead code analysis
[INFO] [stdout] 
[INFO] [stdout] 
[INFO] [stdout] warning: 12 warnings emitted
[INFO] [stdout] 
[INFO] [stdout] 
[INFO] [stdout] warning: calls to `std::mem::drop` with a value that implements `Copy` does nothing
[INFO] [stdout]   --> canvas/src/text.rs:81:9
[INFO] [stdout]    |
[INFO] [stdout] 81 |            drop(self.canvas_font_context
[INFO] [stdout]    |  __________^____-
[INFO] [stdout]    | | _________|
[INFO] [stdout]    | ||
[INFO] [stdout] 82 | ||                  .0
[INFO] [stdout] 83 | ||                  .borrow_mut()
[INFO] [stdout] 84 | ||                  .font_context
[INFO] [stdout] ...  ||
[INFO] [stdout] 94 | ||                                   paint_id,
[INFO] [stdout] 95 | ||                               }));
[INFO] [stdout]    | ||________________________________-^
[INFO] [stdout]    | |_________________________________|
[INFO] [stdout]    |                                   argument has type `Result<(), GlyphLoadingError>`
[INFO] [stdout]    |
[INFO] [stdout]    = note: use `let _ = ...` to ignore the expression or result
[INFO] [stdout]    = note: `#[warn(dropping_copy_types)]` on by default
[INFO] [stdout] 
[INFO] [stdout] 
[INFO] [stdout] warning: 1 warning emitted
[INFO] [stdout] 
[INFO] [stdout] 
[INFO] [stderr]    Compiling quickcheck v0.9.2
[INFO] [stdout] warning: field `hidden_field_for_future_proofing` is never read
[INFO] [stdout]    --> demo/common/src/lib.rs:635:5
[INFO] [stdout]     |
[INFO] [stdout] 627 | pub struct Options {
[INFO] [stdout]     |            ------- field in this struct
[INFO] [stdout] ...
[INFO] [stdout] 635 |     hidden_field_for_future_proofing: (),
[INFO] [stdout]     |     ^^^^^^^^^^^^^^^^^^^^^^^^^^^^^^^^
[INFO] [stdout]     |
[INFO] [stdout]     = note: `Options` has a derived impl for the trait `Clone`, but this is intentionally ignored during dead code analysis
[INFO] [stdout]     = note: `#[warn(dead_code)]` on by default
[INFO] [stdout] 
[INFO] [stdout] 
[INFO] [stdout] warning: 1 warning emitted
[INFO] [stdout] 
[INFO] [stdout] 
[INFO] [stderr]    Compiling canvas_text v0.1.0 (/opt/rustwide/workdir/examples/canvas_text)
[INFO] [stderr]    Compiling lottie_basic v0.1.0 (/opt/rustwide/workdir/examples/lottie_basic)
[INFO] [stderr]    Compiling swf_basic v0.1.0 (/opt/rustwide/workdir/examples/swf_basic)
[INFO] [stderr]    Compiling pathfinder_swf v0.1.0 (/opt/rustwide/workdir/swf)
[INFO] [stderr]    Compiling canvas_minimal v0.1.0 (/opt/rustwide/workdir/examples/canvas_minimal)
[INFO] [stderr]    Compiling canvas_moire v0.1.0 (/opt/rustwide/workdir/examples/canvas_moire)
[INFO] [stderr]    Compiling pathfinder_demo v0.1.0 (/opt/rustwide/workdir/demo/common)
[INFO] [stderr]    Compiling pathfinder_c v0.1.0 (/opt/rustwide/workdir/c)
[INFO] [stderr]    Compiling area-lut v0.2.0 (/opt/rustwide/workdir/utils/area-lut)
[INFO] [stderr]    Compiling convert v0.1.0 (/opt/rustwide/workdir/utils/convert)
[INFO] [stderr]    Compiling generate-gamma-lut v0.1.0 (/opt/rustwide/workdir/utils/gamma-lut)
[INFO] [stderr]    Compiling demo v0.1.0 (/opt/rustwide/workdir/demo/native)
[INFO] [stderr]    Compiling canvas_glutin_minimal v0.1.0 (/opt/rustwide/workdir/examples/canvas_glutin_minimal)
[INFO] [stderr]    Compiling pathfinder_canvas v0.5.0 (/opt/rustwide/workdir/canvas)
[INFO] [stderr]    Compiling pathfinder_export v0.1.0 (/opt/rustwide/workdir/export)
[INFO] [stderr]    Compiling pathfinder_text v0.5.0 (/opt/rustwide/workdir/text)
[INFO] [stdout] warning: unused import: `Vector2F`
[INFO] [stdout]  --> canvas/src/tests.rs:6:35
[INFO] [stdout]   |
[INFO] [stdout] 6 | use pathfinder_geometry::vector::{Vector2F, vec2f};
[INFO] [stdout]   |                                   ^^^^^^^^
[INFO] [stdout]   |
[INFO] [stdout]   = note: `#[warn(unused_imports)]` on by default
[INFO] [stdout] 
[INFO] [stdout] 
[INFO] [stdout] warning: calls to `std::mem::drop` with a value that implements `Copy` does nothing
[INFO] [stdout]   --> canvas/src/text.rs:81:9
[INFO] [stdout]    |
[INFO] [stdout] 81 |            drop(self.canvas_font_context
[INFO] [stdout]    |  __________^____-
[INFO] [stdout]    | | _________|
[INFO] [stdout]    | ||
[INFO] [stdout] 82 | ||                  .0
[INFO] [stdout] 83 | ||                  .borrow_mut()
[INFO] [stdout] 84 | ||                  .font_context
[INFO] [stdout] ...  ||
[INFO] [stdout] 94 | ||                                   paint_id,
[INFO] [stdout] 95 | ||                               }));
[INFO] [stdout]    | ||________________________________-^
[INFO] [stdout]    | |_________________________________|
[INFO] [stdout]    |                                   argument has type `Result<(), GlyphLoadingError>`
[INFO] [stdout]    |
[INFO] [stdout]    = note: use `let _ = ...` to ignore the expression or result
[INFO] [stdout]    = note: `#[warn(dropping_copy_types)]` on by default
[INFO] [stdout] 
[INFO] [stdout] 
[INFO] [stderr]    Compiling pathfinder_svg v0.5.0 (/opt/rustwide/workdir/svg)
[INFO] [stderr]    Compiling svg-to-skia v0.1.0 (/opt/rustwide/workdir/utils/svg-to-skia)
[INFO] [stderr]    Compiling pathfinder_ui v0.5.0 (/opt/rustwide/workdir/ui)
[INFO] [stderr]    Compiling pathfinder_gl v0.5.0 (/opt/rustwide/workdir/gl)
[INFO] [stderr]    Compiling pathfinder_gpu v0.5.0 (/opt/rustwide/workdir/gpu)
[INFO] [stderr]    Compiling pathfinder_lottie v0.1.0 (/opt/rustwide/workdir/lottie)
[INFO] [stderr]    Compiling pathfinder_geometry v0.5.1 (/opt/rustwide/workdir/geometry)
[INFO] [stdout] warning: use of deprecated method `image::DynamicImage::to_luma`: replaced by `to_luma8`
[INFO] [stdout]    --> gpu/src/lib.rs:133:35
[INFO] [stdout]     |
[INFO] [stdout] 133 |                 let image = image.to_luma();
[INFO] [stdout]     |                                   ^^^^^^^
[INFO] [stdout]     |
[INFO] [stdout]     = note: `#[warn(deprecated)]` on by default
[INFO] [stdout] 
[INFO] [stdout] 
[INFO] [stdout] warning: use of deprecated method `image::DynamicImage::to_rgba`: replaced by `to_rgba8`
[INFO] [stdout]    --> gpu/src/lib.rs:138:35
[INFO] [stdout]     |
[INFO] [stdout] 138 |                 let image = image.to_rgba();
[INFO] [stdout]     |                                   ^^^^^^^
[INFO] [stdout] 
[INFO] [stdout] 
[INFO] [stdout] warning: use of deprecated method `image::DynamicImage::to_luma`: replaced by `to_luma8`
[INFO] [stdout]    --> gpu/src/lib.rs:155:35
[INFO] [stdout]     |
[INFO] [stdout] 155 |                 let image = image.to_luma();
[INFO] [stdout]     |                                   ^^^^^^^
[INFO] [stdout] 
[INFO] [stdout] 
[INFO] [stdout] warning: use of deprecated method `image::DynamicImage::to_rgba`: replaced by `to_rgba8`
[INFO] [stdout]    --> gpu/src/lib.rs:161:35
[INFO] [stdout]     |
[INFO] [stdout] 161 |                 let image = image.to_rgba();
[INFO] [stdout]     |                                   ^^^^^^^
[INFO] [stdout] 
[INFO] [stdout] 
[INFO] [stderr]    Compiling pathfinder_simd v0.5.1 (/opt/rustwide/workdir/simd)
[INFO] [stdout] warning: calls to `std::mem::drop` with a value that implements `Copy` does nothing
[INFO] [stdout]    --> demo/native/src/main.rs:218:13
[INFO] [stdout]     |
[INFO] [stdout] 218 |             drop(event_queue.event_loop_proxy.wakeup());
[INFO] [stdout]     |             ^^^^^-------------------------------------^
[INFO] [stdout]     |                  |
[INFO] [stdout]     |                  argument has type `Result<(), EventsLoopClosed>`
[INFO] [stdout]     |
[INFO] [stdout]     = note: use `let _ = ...` to ignore the expression or result
[INFO] [stdout]     = note: `#[warn(dropping_copy_types)]` on by default
[INFO] [stdout] 
[INFO] [stdout] 
[INFO] [stdout] warning: calls to `std::mem::drop` with a value that implements `Copy` does nothing
[INFO] [stdout]    --> demo/native/src/main.rs:242:9
[INFO] [stdout]     |
[INFO] [stdout] 242 |         drop(event_queue.event_loop_proxy.wakeup());
[INFO] [stdout]     |         ^^^^^-------------------------------------^
[INFO] [stdout]     |              |
[INFO] [stdout]     |              argument has type `Result<(), EventsLoopClosed>`
[INFO] [stdout]     |
[INFO] [stdout]     = note: use `let _ = ...` to ignore the expression or result
[INFO] [stdout] 
[INFO] [stdout] 
[INFO] [stdout] warning: field `hidden_field_for_future_proofing` is never read
[INFO] [stdout]    --> demo/common/src/lib.rs:635:5
[INFO] [stdout]     |
[INFO] [stdout] 627 | pub struct Options {
[INFO] [stdout]     |            ------- field in this struct
[INFO] [stdout] ...
[INFO] [stdout] 635 |     hidden_field_for_future_proofing: (),
[INFO] [stdout]     |     ^^^^^^^^^^^^^^^^^^^^^^^^^^^^^^^^
[INFO] [stdout]     |
[INFO] [stdout]     = note: `Options` has a derived impl for the trait `Clone`, but this is intentionally ignored during dead code analysis
[INFO] [stdout]     = note: `#[warn(dead_code)]` on by default
[INFO] [stdout] 
[INFO] [stdout] 
[INFO] [stderr]    Compiling pathfinder_content v0.5.0 (/opt/rustwide/workdir/content)
[INFO] [stderr]    Compiling pathfinder_renderer v0.5.0 (/opt/rustwide/workdir/renderer)
[INFO] [stdout] warning: 4 warnings emitted
[INFO] [stdout] 
[INFO] [stdout] 
[INFO] [stdout] warning: 1 warning emitted
[INFO] [stdout] 
[INFO] [stdout] 
[INFO] [stdout] warning: variable does not need to be mutable
[INFO] [stdout]    --> renderer/src/gpu/renderer.rs:649:13
[INFO] [stdout]     |
[INFO] [stdout] 649 |         let mut render_target =
[INFO] [stdout]     |             ----^^^^^^^^^^^^^
[INFO] [stdout]     |             |
[INFO] [stdout]     |             help: remove this `mut`
[INFO] [stdout]     |
[INFO] [stdout]     = note: `#[warn(unused_mut)]` on by default
[INFO] [stdout] 
[INFO] [stdout] 
[INFO] [stdout] warning: 2 warnings emitted
[INFO] [stdout] 
[INFO] [stdout] 
[INFO] [stdout] warning: variable does not need to be mutable
[INFO] [stdout]    --> renderer/src/paint.rs:590:17
[INFO] [stdout]     |
[INFO] [stdout] 590 |             let mut color_texture_metadata = match metadata.color_texture_metadata {
[INFO] [stdout]     |                 ----^^^^^^^^^^^^^^^^^^^^^^
[INFO] [stdout]     |                 |
[INFO] [stdout]     |                 help: remove this `mut`
[INFO] [stdout] 
[INFO] [stdout] 
[INFO] [stdout] warning: variable does not need to be mutable
[INFO] [stdout]    --> renderer/src/paint.rs:846:13
[INFO] [stdout]     |
[INFO] [stdout] 846 |         let mut data = self.tiles.last_mut().unwrap();
[INFO] [stdout]     |             ----^^^^
[INFO] [stdout]     |             |
[INFO] [stdout]     |             help: remove this `mut`
[INFO] [stdout] 
[INFO] [stdout] 
[INFO] [stdout] warning: fields `tile_count`, `z_buffer_id`, and `tile_vertex_buffer_id` are never read
[INFO] [stdout]    --> renderer/src/gpu/d3d9/renderer.rs:565:16
[INFO] [stdout]     |
[INFO] [stdout] 564 | pub(crate) struct TileBatchInfoD3D9 {
[INFO] [stdout]     |                   ----------------- fields in this struct
[INFO] [stdout] 565 |     pub(crate) tile_count: u32,
[INFO] [stdout]     |                ^^^^^^^^^^
[INFO] [stdout] 566 |     pub(crate) z_buffer_id: GeneralBufferID,
[INFO] [stdout]     |                ^^^^^^^^^^^
[INFO] [stdout] 567 |     tile_vertex_buffer_id: GeneralBufferID,
[INFO] [stdout]     |     ^^^^^^^^^^^^^^^^^^^^^
[INFO] [stdout]     |
[INFO] [stdout]     = note: `TileBatchInfoD3D9` has a derived impl for the trait `Clone`, but this is intentionally ignored during dead code analysis
[INFO] [stdout]     = note: `#[warn(dead_code)]` on by default
[INFO] [stdout] 
[INFO] [stdout] 
[INFO] [stdout] warning: field `tile_count` is never read
[INFO] [stdout]    --> renderer/src/gpu/d3d11/renderer.rs:802:5
[INFO] [stdout]     |
[INFO] [stdout] 801 | struct TileBatchInfoD3D11 {
[INFO] [stdout]     |        ------------------ field in this struct
[INFO] [stdout] 802 |     tile_count: u32,
[INFO] [stdout]     |     ^^^^^^^^^^
[INFO] [stdout]     |
[INFO] [stdout]     = note: `TileBatchInfoD3D11` has a derived impl for the trait `Clone`, but this is intentionally ignored during dead code analysis
[INFO] [stdout] 
[INFO] [stdout] 
[INFO] [stdout] warning: field `border` is never read
[INFO] [stdout]    --> renderer/src/paint.rs:350:16
[INFO] [stdout]     |
[INFO] [stdout] 334 | pub(crate) struct PaintColorTextureMetadata {
[INFO] [stdout]     |                   ------------------------- field in this struct
[INFO] [stdout] ...
[INFO] [stdout] 350 |     pub(crate) border: Vector2I,
[INFO] [stdout]     |                ^^^^^^
[INFO] [stdout]     |
[INFO] [stdout]     = note: `PaintColorTextureMetadata` has a derived impl for the trait `Debug`, but this is intentionally ignored during dead code analysis
[INFO] [stdout] 
[INFO] [stdout] 
[INFO] [stdout] warning: fields `line` and `radii` are never read
[INFO] [stdout]    --> renderer/src/paint.rs:356:16
[INFO] [stdout]     |
[INFO] [stdout] 354 | pub(crate) struct RadialGradientMetadata {
[INFO] [stdout]     |                   ---------------------- fields in this struct
[INFO] [stdout] 355 |     /// The line segment that connects the two circles.
[INFO] [stdout] 356 |     pub(crate) line: LineSegment2F,
[INFO] [stdout]     |                ^^^^
[INFO] [stdout] 357 |     /// The radii of the two circles.
[INFO] [stdout] 358 |     pub(crate) radii: F32x2,
[INFO] [stdout]     |                ^^^^^
[INFO] [stdout]     |
[INFO] [stdout]     = note: `RadialGradientMetadata` has derived impls for the traits `Debug` and `Clone`, but these are intentionally ignored during dead code analysis
[INFO] [stdout] 
[INFO] [stdout] 
[INFO] [stdout] warning: field `name` is never read
[INFO] [stdout]    --> renderer/src/scene.rs:495:5
[INFO] [stdout]     |
[INFO] [stdout] 493 | pub struct RenderTarget {
[INFO] [stdout]     |            ------------ field in this struct
[INFO] [stdout] 494 |     size: Vector2I,
[INFO] [stdout] 495 |     name: String,
[INFO] [stdout]     |     ^^^^
[INFO] [stdout]     |
[INFO] [stdout]     = note: `RenderTarget` has derived impls for the traits `Debug` and `Clone`, but these are intentionally ignored during dead code analysis
[INFO] [stdout] 
[INFO] [stdout] 
[INFO] [stdout] warning: field `bounds` is never read
[INFO] [stdout]   --> renderer/src/builder.rs:63:9
[INFO] [stdout]    |
[INFO] [stdout] 60 | pub(crate) struct ObjectBuilder {
[INFO] [stdout]    |                   ------------- field in this struct
[INFO] [stdout] ...
[INFO] [stdout] 63 |     pub bounds: RectF,
[INFO] [stdout]    |         ^^^^^^
[INFO] [stdout]    |
[INFO] [stdout]    = note: `ObjectBuilder` has a derived impl for the trait `Debug`, but this is intentionally ignored during dead code analysis
[INFO] [stdout] 
[INFO] [stdout] 
[INFO] [stdout] warning: fields `sampling_flags_1` and `mask_0_fill_rule` are never read
[INFO] [stdout]   --> renderer/src/builder.rs:74:5
[INFO] [stdout]    |
[INFO] [stdout] 68 | struct BuiltDrawPath {
[INFO] [stdout]    |        ------------- fields in this struct
[INFO] [stdout] ...
[INFO] [stdout] 74 |     sampling_flags_1: TextureSamplingFlags,
[INFO] [stdout]    |     ^^^^^^^^^^^^^^^^
[INFO] [stdout] 75 |     mask_0_fill_rule: FillRule,
[INFO] [stdout]    |     ^^^^^^^^^^^^^^^^
[INFO] [stdout]    |
[INFO] [stdout]    = note: `BuiltDrawPath` has derived impls for the traits `Debug` and `Clone`, but these are intentionally ignored during dead code analysis
[INFO] [stdout] 
[INFO] [stdout] 
[INFO] [stdout] warning: fields `fill_rule` and `clip_path_id` are never read
[INFO] [stdout]    --> renderer/src/builder.rs:102:9
[INFO] [stdout]     |
[INFO] [stdout] 99  | pub(crate) struct BuiltPath {
[INFO] [stdout]     |                   --------- fields in this struct
[INFO] [stdout] ...
[INFO] [stdout] 102 |     pub fill_rule: FillRule,
[INFO] [stdout]     |         ^^^^^^^^^
[INFO] [stdout] 103 |     pub clip_path_id: Option<ClipPathId>,
[INFO] [stdout]     |         ^^^^^^^^^^^^
[INFO] [stdout]     |
[INFO] [stdout]     = note: `BuiltPath` has derived impls for the traits `Debug` and `Clone`, but these are intentionally ignored during dead code analysis
[INFO] [stdout] 
[INFO] [stdout] 
[INFO] [stdout] warning: field `coords` is never read
[INFO] [stdout]    --> renderer/src/builder.rs:132:16
[INFO] [stdout]     |
[INFO] [stdout] 131 | pub(crate) struct Occluder {
[INFO] [stdout]     |                   -------- field in this struct
[INFO] [stdout] 132 |     pub(crate) coords: Vector2I,
[INFO] [stdout]     |                ^^^^^^
[INFO] [stdout]     |
[INFO] [stdout]     = note: `Occluder` has derived impls for the traits `Debug` and `Clone`, but these are intentionally ignored during dead code analysis
[INFO] [stdout] 
[INFO] [stdout] 
[INFO] [stdout] warning: 2 warnings emitted
[INFO] [stdout] 
[INFO] [stdout] 
[INFO] [stdout] warning: 12 warnings emitted
[INFO] [stdout] 
[INFO] [stdout] 
[INFO] [stderr]     Finished test [unoptimized + debuginfo] target(s) in 4.18s
[INFO] [stderr] warning: the following packages contain code that will be rejected by a future version of Rust: fs_extra v1.2.0, nfd v0.0.4, nom v5.1.2
[INFO] [stderr] note: to see what the problems were, use the option `--future-incompat-report`, or run `cargo report future-incompatibilities --id 1`
[INFO] running `Command { std: "docker" "inspect" "007ea3d78bdca410c3cb1bf280748e3eb84676feee1d77211e632b79ed4b691b", kill_on_drop: false }`
[INFO] running `Command { std: "docker" "rm" "-f" "007ea3d78bdca410c3cb1bf280748e3eb84676feee1d77211e632b79ed4b691b", kill_on_drop: false }`
[INFO] [stdout] 007ea3d78bdca410c3cb1bf280748e3eb84676feee1d77211e632b79ed4b691b
[INFO] running `Command { std: "docker" "create" "-v" "/var/lib/crater-agent-workspace/builds/worker-4-tc1/target:/opt/rustwide/target:rw,Z" "-v" "/var/lib/crater-agent-workspace/builds/worker-4-tc1/source:/opt/rustwide/workdir:ro,Z" "-v" "/var/lib/crater-agent-workspace/cargo-home:/opt/rustwide/cargo-home:ro,Z" "-v" "/var/lib/crater-agent-workspace/rustup-home:/opt/rustwide/rustup-home:ro,Z" "-e" "SOURCE_DIR=/opt/rustwide/workdir" "-e" "CARGO_TARGET_DIR=/opt/rustwide/target" "-e" "CARGO_INCREMENTAL=0" "-e" "RUST_BACKTRACE=full" "-e" "RUSTFLAGS=--cap-lints=warn" "-e" "RUSTDOCFLAGS=--cap-lints=warn" "-e" "CARGO_HOME=/opt/rustwide/cargo-home" "-e" "RUSTUP_HOME=/opt/rustwide/rustup-home" "-w" "/opt/rustwide/workdir" "-m" "1610612736" "--user" "0:0" "--network" "none" "ghcr.io/rust-lang/crates-build-env/linux@sha256:2788e3201cd34a07e3172128adcd8b3090168a8e3bcc40d7c032b9dda1df7d1c" "/opt/rustwide/cargo-home/bin/cargo" "+1.75.0" "test" "--frozen", kill_on_drop: false }`
[INFO] [stdout] 4ae087801ec677a843b9ca15931b4730a3640e15612f33508e98aac8c72139f7
[INFO] running `Command { std: "docker" "start" "-a" "4ae087801ec677a843b9ca15931b4730a3640e15612f33508e98aac8c72139f7", kill_on_drop: false }`
[INFO] [stderr] warning: profiles for the non root package will be ignored, specify profiles at the workspace root:
[INFO] [stderr] package:   /opt/rustwide/workdir/examples/canvas_webgl_minimal/Cargo.toml
[INFO] [stderr] workspace: /opt/rustwide/workdir/Cargo.toml
[INFO] [stderr] warning: profiles for the non root package will be ignored, specify profiles at the workspace root:
[INFO] [stderr] package:   /opt/rustwide/workdir/web_canvas/Cargo.toml
[INFO] [stderr] workspace: /opt/rustwide/workdir/Cargo.toml
[INFO] [stderr] warning: use of deprecated method `image::DynamicImage::to_luma`: replaced by `to_luma8`
[INFO] [stderr]    --> gpu/src/lib.rs:133:35
[INFO] [stderr]     |
[INFO] [stderr] 133 |                 let image = image.to_luma();
[INFO] [stderr]     |                                   ^^^^^^^
[INFO] [stderr]     |
[INFO] [stderr]     = note: `#[warn(deprecated)]` on by default
[INFO] [stderr] 
[INFO] [stderr] warning: use of deprecated method `image::DynamicImage::to_rgba`: replaced by `to_rgba8`
[INFO] [stderr]    --> gpu/src/lib.rs:138:35
[INFO] [stderr]     |
[INFO] [stderr] 138 |                 let image = image.to_rgba();
[INFO] [stderr]     |                                   ^^^^^^^
[INFO] [stderr] 
[INFO] [stderr] warning: use of deprecated method `image::DynamicImage::to_luma`: replaced by `to_luma8`
[INFO] [stderr]    --> gpu/src/lib.rs:155:35
[INFO] [stderr]     |
[INFO] [stderr] 155 |                 let image = image.to_luma();
[INFO] [stderr]     |                                   ^^^^^^^
[INFO] [stderr] 
[INFO] [stderr] warning: use of deprecated method `image::DynamicImage::to_rgba`: replaced by `to_rgba8`
[INFO] [stderr]    --> gpu/src/lib.rs:161:35
[INFO] [stderr]     |
[INFO] [stderr] 161 |                 let image = image.to_rgba();
[INFO] [stderr]     |                                   ^^^^^^^
[INFO] [stderr] 
[INFO] [stderr] warning: `pathfinder_gpu` (lib) generated 4 warnings
[INFO] [stderr] warning: variable does not need to be mutable
[INFO] [stderr]    --> renderer/src/gpu/renderer.rs:649:13
[INFO] [stderr]     |
[INFO] [stderr] 649 |         let mut render_target =
[INFO] [stderr]     |             ----^^^^^^^^^^^^^
[INFO] [stderr]     |             |
[INFO] [stderr]     |             help: remove this `mut`
[INFO] [stderr]     |
[INFO] [stderr]     = note: `#[warn(unused_mut)]` on by default
[INFO] [stderr] 
[INFO] [stderr] warning: variable does not need to be mutable
[INFO] [stderr]    --> renderer/src/paint.rs:590:17
[INFO] [stderr]     |
[INFO] [stderr] 590 |             let mut color_texture_metadata = match metadata.color_texture_metadata {
[INFO] [stderr]     |                 ----^^^^^^^^^^^^^^^^^^^^^^
[INFO] [stderr]     |                 |
[INFO] [stderr]     |                 help: remove this `mut`
[INFO] [stderr] 
[INFO] [stderr] warning: variable does not need to be mutable
[INFO] [stderr]    --> renderer/src/paint.rs:846:13
[INFO] [stderr]     |
[INFO] [stderr] 846 |         let mut data = self.tiles.last_mut().unwrap();
[INFO] [stderr]     |             ----^^^^
[INFO] [stderr]     |             |
[INFO] [stderr]     |             help: remove this `mut`
[INFO] [stderr] 
[INFO] [stderr] warning: fields `tile_count`, `z_buffer_id`, and `tile_vertex_buffer_id` are never read
[INFO] [stderr]    --> renderer/src/gpu/d3d9/renderer.rs:565:16
[INFO] [stderr]     |
[INFO] [stderr] 564 | pub(crate) struct TileBatchInfoD3D9 {
[INFO] [stderr]     |                   ----------------- fields in this struct
[INFO] [stderr] 565 |     pub(crate) tile_count: u32,
[INFO] [stderr]     |                ^^^^^^^^^^
[INFO] [stderr] 566 |     pub(crate) z_buffer_id: GeneralBufferID,
[INFO] [stderr]     |                ^^^^^^^^^^^
[INFO] [stderr] 567 |     tile_vertex_buffer_id: GeneralBufferID,
[INFO] [stderr]     |     ^^^^^^^^^^^^^^^^^^^^^
[INFO] [stderr]     |
[INFO] [stderr]     = note: `TileBatchInfoD3D9` has a derived impl for the trait `Clone`, but this is intentionally ignored during dead code analysis
[INFO] [stderr]     = note: `#[warn(dead_code)]` on by default
[INFO] [stderr] 
[INFO] [stderr] warning: field `tile_count` is never read
[INFO] [stderr]    --> renderer/src/gpu/d3d11/renderer.rs:802:5
[INFO] [stderr]     |
[INFO] [stderr] 801 | struct TileBatchInfoD3D11 {
[INFO] [stderr]     |        ------------------ field in this struct
[INFO] [stderr] 802 |     tile_count: u32,
[INFO] [stderr]     |     ^^^^^^^^^^
[INFO] [stderr]     |
[INFO] [stderr]     = note: `TileBatchInfoD3D11` has a derived impl for the trait `Clone`, but this is intentionally ignored during dead code analysis
[INFO] [stderr] 
[INFO] [stderr] warning: field `border` is never read
[INFO] [stderr]    --> renderer/src/paint.rs:350:16
[INFO] [stderr]     |
[INFO] [stderr] 334 | pub(crate) struct PaintColorTextureMetadata {
[INFO] [stderr]     |                   ------------------------- field in this struct
[INFO] [stderr] ...
[INFO] [stderr] 350 |     pub(crate) border: Vector2I,
[INFO] [stderr]     |                ^^^^^^
[INFO] [stderr]     |
[INFO] [stderr]     = note: `PaintColorTextureMetadata` has a derived impl for the trait `Debug`, but this is intentionally ignored during dead code analysis
[INFO] [stderr] 
[INFO] [stderr] warning: fields `line` and `radii` are never read
[INFO] [stderr]    --> renderer/src/paint.rs:356:16
[INFO] [stderr]     |
[INFO] [stderr] 354 | pub(crate) struct RadialGradientMetadata {
[INFO] [stderr]     |                   ---------------------- fields in this struct
[INFO] [stderr] 355 |     /// The line segment that connects the two circles.
[INFO] [stderr] 356 |     pub(crate) line: LineSegment2F,
[INFO] [stderr]     |                ^^^^
[INFO] [stderr] 357 |     /// The radii of the two circles.
[INFO] [stderr] 358 |     pub(crate) radii: F32x2,
[INFO] [stderr]     |                ^^^^^
[INFO] [stderr]     |
[INFO] [stderr]     = note: `RadialGradientMetadata` has derived impls for the traits `Debug` and `Clone`, but these are intentionally ignored during dead code analysis
[INFO] [stderr] 
[INFO] [stderr] warning: field `name` is never read
[INFO] [stderr]    --> renderer/src/scene.rs:495:5
[INFO] [stderr]     |
[INFO] [stderr] 493 | pub struct RenderTarget {
[INFO] [stderr]     |            ------------ field in this struct
[INFO] [stderr] 494 |     size: Vector2I,
[INFO] [stderr] 495 |     name: String,
[INFO] [stderr]     |     ^^^^
[INFO] [stderr]     |
[INFO] [stderr]     = note: `RenderTarget` has derived impls for the traits `Debug` and `Clone`, but these are intentionally ignored during dead code analysis
[INFO] [stderr] 
[INFO] [stderr] warning: field `bounds` is never read
[INFO] [stderr]   --> renderer/src/builder.rs:63:9
[INFO] [stderr]    |
[INFO] [stderr] 60 | pub(crate) struct ObjectBuilder {
[INFO] [stderr]    |                   ------------- field in this struct
[INFO] [stderr] ...
[INFO] [stderr] 63 |     pub bounds: RectF,
[INFO] [stderr]    |         ^^^^^^
[INFO] [stderr]    |
[INFO] [stderr]    = note: `ObjectBuilder` has a derived impl for the trait `Debug`, but this is intentionally ignored during dead code analysis
[INFO] [stderr] 
[INFO] [stderr] warning: fields `sampling_flags_1` and `mask_0_fill_rule` are never read
[INFO] [stderr]   --> renderer/src/builder.rs:74:5
[INFO] [stderr]    |
[INFO] [stderr] 68 | struct BuiltDrawPath {
[INFO] [stderr]    |        ------------- fields in this struct
[INFO] [stderr] ...
[INFO] [stderr] 74 |     sampling_flags_1: TextureSamplingFlags,
[INFO] [stderr]    |     ^^^^^^^^^^^^^^^^
[INFO] [stderr] 75 |     mask_0_fill_rule: FillRule,
[INFO] [stderr]    |     ^^^^^^^^^^^^^^^^
[INFO] [stderr]    |
[INFO] [stderr]    = note: `BuiltDrawPath` has derived impls for the traits `Debug` and `Clone`, but these are intentionally ignored during dead code analysis
[INFO] [stderr] 
[INFO] [stderr] warning: fields `fill_rule` and `clip_path_id` are never read
[INFO] [stderr]    --> renderer/src/builder.rs:102:9
[INFO] [stderr]     |
[INFO] [stderr] 99  | pub(crate) struct BuiltPath {
[INFO] [stderr]     |                   --------- fields in this struct
[INFO] [stderr] ...
[INFO] [stderr] 102 |     pub fill_rule: FillRule,
[INFO] [stderr]     |         ^^^^^^^^^
[INFO] [stderr] 103 |     pub clip_path_id: Option<ClipPathId>,
[INFO] [stderr]     |         ^^^^^^^^^^^^
[INFO] [stderr]     |
[INFO] [stderr]     = note: `BuiltPath` has derived impls for the traits `Debug` and `Clone`, but these are intentionally ignored during dead code analysis
[INFO] [stderr] 
[INFO] [stderr] warning: field `coords` is never read
[INFO] [stderr]    --> renderer/src/builder.rs:132:16
[INFO] [stderr]     |
[INFO] [stderr] 131 | pub(crate) struct Occluder {
[INFO] [stderr]     |                   -------- field in this struct
[INFO] [stderr] 132 |     pub(crate) coords: Vector2I,
[INFO] [stderr]     |                ^^^^^^
[INFO] [stderr]     |
[INFO] [stderr]     = note: `Occluder` has derived impls for the traits `Debug` and `Clone`, but these are intentionally ignored during dead code analysis
[INFO] [stderr] 
[INFO] [stderr] warning: `pathfinder_renderer` (lib) generated 12 warnings (run `cargo fix --lib -p pathfinder_renderer` to apply 3 suggestions)
[INFO] [stderr] warning: calls to `std::mem::drop` with a value that implements `Copy` does nothing
[INFO] [stderr]   --> canvas/src/text.rs:81:9
[INFO] [stderr]    |
[INFO] [stderr] 81 |            drop(self.canvas_font_context
[INFO] [stderr]    |  __________^____-
[INFO] [stderr]    | | _________|
[INFO] [stderr]    | ||
[INFO] [stderr] 82 | ||                  .0
[INFO] [stderr] 83 | ||                  .borrow_mut()
[INFO] [stderr] 84 | ||                  .font_context
[INFO] [stderr] ...  ||
[INFO] [stderr] 94 | ||                                   paint_id,
[INFO] [stderr] 95 | ||                               }));
[INFO] [stderr]    | ||________________________________-^
[INFO] [stderr]    | |_________________________________|
[INFO] [stderr]    |                                   argument has type `Result<(), GlyphLoadingError>`
[INFO] [stderr]    |
[INFO] [stderr]    = note: use `let _ = ...` to ignore the expression or result
[INFO] [stderr]    = note: `#[warn(dropping_copy_types)]` on by default
[INFO] [stderr] 
[INFO] [stderr] warning: `pathfinder_canvas` (lib) generated 1 warning
[INFO] [stderr] warning: field `hidden_field_for_future_proofing` is never read
[INFO] [stderr]    --> demo/common/src/lib.rs:635:5
[INFO] [stderr]     |
[INFO] [stderr] 627 | pub struct Options {
[INFO] [stderr]     |            ------- field in this struct
[INFO] [stderr] ...
[INFO] [stderr] 635 |     hidden_field_for_future_proofing: (),
[INFO] [stderr]     |     ^^^^^^^^^^^^^^^^^^^^^^^^^^^^^^^^
[INFO] [stderr]     |
[INFO] [stderr]     = note: `Options` has a derived impl for the trait `Clone`, but this is intentionally ignored during dead code analysis
[INFO] [stderr]     = note: `#[warn(dead_code)]` on by default
[INFO] [stderr] 
[INFO] [stderr] warning: `pathfinder_demo` (lib) generated 1 warning
[INFO] [stderr] warning: `pathfinder_demo` (lib test) generated 1 warning (1 duplicate)
[INFO] [stderr] warning: unused import: `Vector2F`
[INFO] [stderr]  --> canvas/src/tests.rs:6:35
[INFO] [stderr]   |
[INFO] [stderr] 6 | use pathfinder_geometry::vector::{Vector2F, vec2f};
[INFO] [stderr]   |                                   ^^^^^^^^
[INFO] [stderr]   |
[INFO] [stderr]   = note: `#[warn(unused_imports)]` on by default
[INFO] [stderr] 
[INFO] [stderr] warning: `pathfinder_renderer` (lib test) generated 12 warnings (12 duplicates)
[INFO] [stderr] warning: `pathfinder_canvas` (lib test) generated 2 warnings (1 duplicate) (run `cargo fix --lib -p pathfinder_canvas --tests` to apply 1 suggestion)
[INFO] [stderr] warning: calls to `std::mem::drop` with a value that implements `Copy` does nothing
[INFO] [stderr]    --> demo/native/src/main.rs:218:13
[INFO] [stderr]     |
[INFO] [stderr] 218 |             drop(event_queue.event_loop_proxy.wakeup());
[INFO] [stderr]     |             ^^^^^-------------------------------------^
[INFO] [stderr]     |                  |
[INFO] [stderr]     |                  argument has type `Result<(), EventsLoopClosed>`
[INFO] [stderr]     |
[INFO] [stderr]     = note: use `let _ = ...` to ignore the expression or result
[INFO] [stderr]     = note: `#[warn(dropping_copy_types)]` on by default
[INFO] [stderr] 
[INFO] [stderr] warning: calls to `std::mem::drop` with a value that implements `Copy` does nothing
[INFO] [stderr]    --> demo/native/src/main.rs:242:9
[INFO] [stderr]     |
[INFO] [stderr] 242 |         drop(event_queue.event_loop_proxy.wakeup());
[INFO] [stderr]     |         ^^^^^-------------------------------------^
[INFO] [stderr]     |              |
[INFO] [stderr]     |              argument has type `Result<(), EventsLoopClosed>`
[INFO] [stderr]     |
[INFO] [stderr]     = note: use `let _ = ...` to ignore the expression or result
[INFO] [stderr] 
[INFO] [stderr] warning: `demo` (bin "demo" test) generated 2 warnings
[INFO] [stderr] warning: `pathfinder_gpu` (lib test) generated 4 warnings (4 duplicates)
[INFO] [stderr]     Finished test [unoptimized + debuginfo] target(s) in 0.24s
[INFO] [stderr] warning: the following packages contain code that will be rejected by a future version of Rust: fs_extra v1.2.0, nfd v0.0.4, nom v5.1.2
[INFO] [stderr] note: to see what the problems were, use the option `--future-incompat-report`, or run `cargo report future-incompatibilities --id 1`
[INFO] [stderr]      Running unittests src/main.rs (/opt/rustwide/target/debug/deps/area_lut-3cb39ed38b0415ac)
[INFO] [stdout] 
[INFO] [stdout] running 0 tests
[INFO] [stdout] 
[INFO] [stdout] test result: ok. 0 passed; 0 failed; 0 ignored; 0 measured; 0 filtered out; finished in 0.00s
[INFO] [stdout] 
[INFO] [stderr]      Running unittests src/main.rs (/opt/rustwide/target/debug/deps/canvas_glutin_minimal-97931d4ffe487593)
[INFO] [stdout] 
[INFO] [stdout] running 0 tests
[INFO] [stdout] 
[INFO] [stdout] test result: ok. 0 passed; 0 failed; 0 ignored; 0 measured; 0 filtered out; finished in 0.00s
[INFO] [stdout] 
[INFO] [stderr]      Running unittests src/main.rs (/opt/rustwide/target/debug/deps/canvas_minimal-09fe365c3325ea08)
[INFO] [stdout] 
[INFO] [stdout] running 0 tests
[INFO] [stdout] 
[INFO] [stdout] test result: ok. 0 passed; 0 failed; 0 ignored; 0 measured; 0 filtered out; finished in 0.00s
[INFO] [stdout] 
[INFO] [stderr]      Running unittests src/main.rs (/opt/rustwide/target/debug/deps/canvas_moire-a6403c9b96b411c2)
[INFO] [stdout] 
[INFO] [stdout] running 0 tests
[INFO] [stdout] 
[INFO] [stdout] test result: ok. 0 passed; 0 failed; 0 ignored; 0 measured; 0 filtered out; finished in 0.00s
[INFO] [stdout] 
[INFO] [stderr]      Running unittests src/main.rs (/opt/rustwide/target/debug/deps/canvas_text-dbdda5708595ddcb)
[INFO] [stdout] 
[INFO] [stdout] running 0 tests
[INFO] [stdout] 
[INFO] [stdout] test result: ok. 0 passed; 0 failed; 0 ignored; 0 measured; 0 filtered out; finished in 0.00s
[INFO] [stdout] 
[INFO] [stderr]      Running unittests src/main.rs (/opt/rustwide/target/debug/deps/convert-725d6c8368d4e2fe)
[INFO] [stdout] 
[INFO] [stdout] running 0 tests
[INFO] [stdout] 
[INFO] [stdout] test result: ok. 0 passed; 0 failed; 0 ignored; 0 measured; 0 filtered out; finished in 0.00s
[INFO] [stdout] 
[INFO] [stderr]      Running unittests src/main.rs (/opt/rustwide/target/debug/deps/demo-43ae1dad5e10aca6)
[INFO] [stdout] 
[INFO] [stdout] running 0 tests
[INFO] [stdout] 
[INFO] [stdout] test result: ok. 0 passed; 0 failed; 0 ignored; 0 measured; 0 filtered out; finished in 0.00s
[INFO] [stdout] 
[INFO] [stderr]      Running unittests src/main.rs (/opt/rustwide/target/debug/deps/generate_gamma_lut-742d15fc4dad96ca)
[INFO] [stdout] 
[INFO] [stdout] running 1 test
[INFO] [stdout] test gamma_lut::tests::gamma ... ok
[INFO] [stdout] 
[INFO] [stdout] test result: ok. 1 passed; 0 failed; 0 ignored; 0 measured; 0 filtered out; finished in 0.68s
[INFO] [stdout] 
[INFO] [stderr]      Running unittests src/main.rs (/opt/rustwide/target/debug/deps/lottie_basic-43517773af95e427)
[INFO] [stdout] 
[INFO] [stdout] running 0 tests
[INFO] [stdout] 
[INFO] [stdout] test result: ok. 0 passed; 0 failed; 0 ignored; 0 measured; 0 filtered out; finished in 0.00s
[INFO] [stdout] 
[INFO] [stderr]      Running unittests src/lib.rs (/opt/rustwide/target/debug/deps/pathfinder-1ce3c1faf724df85)
[INFO] [stdout] 
[INFO] [stdout] running 0 tests
[INFO] [stdout] 
[INFO] [stdout] test result: ok. 0 passed; 0 failed; 0 ignored; 0 measured; 0 filtered out; finished in 0.00s
[INFO] [stdout] 
[INFO] [stderr]      Running unittests src/lib.rs (/opt/rustwide/target/debug/deps/pathfinder_canvas-ae93e082b7667be8)
[INFO] [stdout] 
[INFO] [stdout] running 1 test
[INFO] [stdout] test tests::test_path2d_formatting ... ok
[INFO] [stdout] 
[INFO] [stdout] test result: ok. 1 passed; 0 failed; 0 ignored; 0 measured; 0 filtered out; finished in 0.00s
[INFO] [stdout] 
[INFO] [stderr]      Running unittests src/lib.rs (/opt/rustwide/target/debug/deps/pathfinder_content-2249455648e703ad)
[INFO] [stdout] 
[INFO] [stdout] running 2 tests
[INFO] [stdout] test gradient::test::never_sample_zero_width ... ok
[INFO] [stdout] test gradient::test::stable_order ... ok
[INFO] [stdout] 
[INFO] [stdout] test result: ok. 2 passed; 0 failed; 0 ignored; 0 measured; 0 filtered out; finished in 0.00s
[INFO] [stdout] 
[INFO] [stderr]      Running unittests src/lib.rs (/opt/rustwide/target/debug/deps/pathfinder_demo-57271c3ed0af2bf7)
[INFO] [stdout] 
[INFO] [stdout] running 0 tests
[INFO] [stdout] 
[INFO] [stdout] test result: ok. 0 passed; 0 failed; 0 ignored; 0 measured; 0 filtered out; finished in 0.00s
[INFO] [stdout] 
[INFO] [stderr]      Running unittests src/lib.rs (/opt/rustwide/target/debug/deps/pathfinder_export-66c90d6f7d1679c9)
[INFO] [stdout] 
[INFO] [stdout] running 0 tests
[INFO] [stdout] 
[INFO] [stdout] test result: ok. 0 passed; 0 failed; 0 ignored; 0 measured; 0 filtered out; finished in 0.00s
[INFO] [stdout] 
[INFO] [stderr]      Running unittests src/lib.rs (/opt/rustwide/target/debug/deps/pathfinder_geometry-af4cd7029d21fd4f)
[INFO] [stdout] 
[INFO] [stdout] running 4 tests
[INFO] [stdout] test transform3d::test::test_post_mul ... ok
[INFO] [stdout] test transform3d::test::test_pre_mul ... ok
[INFO] [stdout] test transform3d::test::test_transform_point ... ok
[INFO] [stdout] test transform3d::test::test_inverse ... ok
[INFO] [stdout] 
[INFO] [stdout] test result: ok. 4 passed; 0 failed; 0 ignored; 0 measured; 0 filtered out; finished in 0.00s
[INFO] [stdout] 
[INFO] [stderr]      Running unittests src/lib.rs (/opt/rustwide/target/debug/deps/pathfinder_gl-2910192fda034e00)
[INFO] [stdout] 
[INFO] [stdout] running 0 tests
[INFO] [stdout] 
[INFO] [stdout] test result: ok. 0 passed; 0 failed; 0 ignored; 0 measured; 0 filtered out; finished in 0.00s
[INFO] [stdout] 
[INFO] [stderr]      Running unittests src/lib.rs (/opt/rustwide/target/debug/deps/pathfinder_gpu-1c8c28b7f004f9bf)
[INFO] [stdout] 
[INFO] [stdout] running 0 tests
[INFO] [stdout] 
[INFO] [stdout] test result: ok. 0 passed; 0 failed; 0 ignored; 0 measured; 0 filtered out; finished in 0.00s
[INFO] [stdout] 
[INFO] [stderr]      Running unittests src/lib.rs (/opt/rustwide/target/debug/deps/pathfinder_lottie-718f67185061b61b)
[INFO] [stdout] 
[INFO] [stdout] running 0 tests
[INFO] [stdout] 
[INFO] [stdout] test result: ok. 0 passed; 0 failed; 0 ignored; 0 measured; 0 filtered out; finished in 0.00s
[INFO] [stdout] 
[INFO] [stderr]      Running unittests src/lib.rs (/opt/rustwide/target/debug/deps/pathfinder_renderer-fd51ad60b40cae13)
[INFO] [stdout] 
[INFO] [stdout] running 1 test
[INFO] [stdout] test allocator::test::test_allocation_and_freeing ... ok
[INFO] [stdout] 
[INFO] [stdout] test result: ok. 1 passed; 0 failed; 0 ignored; 0 measured; 0 filtered out; finished in 0.01s
[INFO] [stdout] 
[INFO] [stderr]      Running unittests src/lib.rs (/opt/rustwide/target/debug/deps/pathfinder_simd-85b4189e712faa18)
[INFO] [stdout] 
[INFO] [stdout] running 16 tests
[INFO] [stdout] test test::test_f32x4_accessors_and_mutators ... ok
[INFO] [stdout] test test::test_f32x4_arithmetic_overloads ... ok
[INFO] [stdout] test test::test_f32x4_constructors ... ok
[INFO] [stdout] test test::test_f32x4_debug ... ok
[INFO] [stdout] test test::test_f32x4_conversions ... ok
[INFO] [stdout] test test::test_f32x4_concatenations ... ok
[INFO] [stdout] test test::test_f32x4_index_overloads ... ok
[INFO] [stdout] test test::test_f32x4_packed_comparisons ... ok
[INFO] [stdout] test test::test_f32x4s_basic_ops ... ok
[INFO] [stdout] test test::test_f32x4_swizzles ... ok
[INFO] [stdout] test test::test_f32x4s_constructors ... ok
[INFO] [stdout] test test::test_i32x4_basic_ops ... ok
[INFO] [stdout] test test::test_i32x4_constructors ... ok
[INFO] [stdout] test test::test_i32x4_packed_comparisons ... ok
[INFO] [stdout] test test::test_i32x4_swizzles ... ok
[INFO] [stdout] test test::test_f32x4_basic_ops ... FAILED
[INFO] [stdout] 
[INFO] [stdout] failures:
[INFO] [stdout] 
[INFO] [stdout] ---- test::test_f32x4_basic_ops stdout ----
[INFO] [stdout] thread 'test::test_f32x4_basic_ops' panicked at simd/src/test.rs:40:5:
[INFO] [stdout] assertion `left == right` failed
[INFO] [stdout]   left: <0.99975586, 0.333313, 0.19995117, 0.14282227>
[INFO] [stdout]  right: <0.99975586, 0.33325195, 0.19995117, 0.14282227>
[INFO] [stdout] stack backtrace:
[INFO] [stdout]    0:     0x55c7af74ea7c - std::backtrace_rs::backtrace::libunwind::trace::ha637c64ce894333a
[INFO] [stdout]                                at /rustc/82e1608dfa6e0b5569232559e3d385fea5a93112/library/std/src/../../backtrace/src/backtrace/libunwind.rs:104:5
[INFO] [stdout]    1:     0x55c7af74ea7c - std::backtrace_rs::backtrace::trace_unsynchronized::h47f62dea28e0c88d
[INFO] [stdout]                                at /rustc/82e1608dfa6e0b5569232559e3d385fea5a93112/library/std/src/../../backtrace/src/backtrace/mod.rs:66:5
[INFO] [stdout]    2:     0x55c7af74ea7c - std::sys_common::backtrace::_print_fmt::h9eef0abe20ede486
[INFO] [stdout]                                at /rustc/82e1608dfa6e0b5569232559e3d385fea5a93112/library/std/src/sys_common/backtrace.rs:67:5
[INFO] [stdout]    3:     0x55c7af74ea7c - <std::sys_common::backtrace::_print::DisplayBacktrace as core::fmt::Display>::fmt::hed7f999df88cc644
[INFO] [stdout]                                at /rustc/82e1608dfa6e0b5569232559e3d385fea5a93112/library/std/src/sys_common/backtrace.rs:44:22
[INFO] [stdout]    4:     0x55c7af778fd0 - core::fmt::rt::Argument::fmt::h1539a9308b8d058d
[INFO] [stdout]                                at /rustc/82e1608dfa6e0b5569232559e3d385fea5a93112/library/core/src/fmt/rt.rs:142:9
[INFO] [stdout]    5:     0x55c7af778fd0 - core::fmt::write::h3a39390d8560d9c9
[INFO] [stdout]                                at /rustc/82e1608dfa6e0b5569232559e3d385fea5a93112/library/core/src/fmt/mod.rs:1120:17
[INFO] [stdout]    6:     0x55c7af74c42f - std::io::Write::write_fmt::h040b369f3a0f9cbc
[INFO] [stdout]                                at /rustc/82e1608dfa6e0b5569232559e3d385fea5a93112/library/std/src/io/mod.rs:1762:15
[INFO] [stdout]    7:     0x55c7af74e864 - std::sys_common::backtrace::_print::h894006fb5c6f3d45
[INFO] [stdout]                                at /rustc/82e1608dfa6e0b5569232559e3d385fea5a93112/library/std/src/sys_common/backtrace.rs:47:5
[INFO] [stdout]    8:     0x55c7af74e864 - std::sys_common::backtrace::print::h23a2d212c6fff936
[INFO] [stdout]                                at /rustc/82e1608dfa6e0b5569232559e3d385fea5a93112/library/std/src/sys_common/backtrace.rs:34:9
[INFO] [stdout]    9:     0x55c7af750527 - std::panicking::default_hook::{{closure}}::h8a1d2ee00185001a
[INFO] [stdout]   10:     0x55c7af750213 - std::panicking::default_hook::h6038f2eba384e475
[INFO] [stdout]                                at /rustc/82e1608dfa6e0b5569232559e3d385fea5a93112/library/std/src/panicking.rs:289:9
[INFO] [stdout]   11:     0x55c7af720c27 - <alloc::boxed::Box<F,A> as core::ops::function::Fn<Args>>::call::h0ad024c9bdc6d768
[INFO] [stdout]                                at /rustc/82e1608dfa6e0b5569232559e3d385fea5a93112/library/alloc/src/boxed.rs:2021:9
[INFO] [stdout]   12:     0x55c7af720c27 - test::test_main::{{closure}}::h7500b54257359db6
[INFO] [stdout]                                at /rustc/82e1608dfa6e0b5569232559e3d385fea5a93112/library/test/src/lib.rs:138:21
[INFO] [stdout]   13:     0x55c7af750b38 - <alloc::boxed::Box<F,A> as core::ops::function::Fn<Args>>::call::h1f8f335eaa9cfaee
[INFO] [stdout]                                at /rustc/82e1608dfa6e0b5569232559e3d385fea5a93112/library/alloc/src/boxed.rs:2021:9
[INFO] [stdout]   14:     0x55c7af750b38 - std::panicking::rust_panic_with_hook::h2b5517d590cab22e
[INFO] [stdout]                                at /rustc/82e1608dfa6e0b5569232559e3d385fea5a93112/library/std/src/panicking.rs:783:13
[INFO] [stdout]   15:     0x55c7af75088e - std::panicking::begin_panic_handler::{{closure}}::h233112c06e0ef43e
[INFO] [stdout]                                at /rustc/82e1608dfa6e0b5569232559e3d385fea5a93112/library/std/src/panicking.rs:657:13
[INFO] [stdout]   16:     0x55c7af74ef46 - std::sys_common::backtrace::__rust_end_short_backtrace::h6e893f24d7ebbff8
[INFO] [stdout]                                at /rustc/82e1608dfa6e0b5569232559e3d385fea5a93112/library/std/src/sys_common/backtrace.rs:170:18
[INFO] [stdout]   17:     0x55c7af7505f2 - rust_begin_unwind
[INFO] [stdout]                                at /rustc/82e1608dfa6e0b5569232559e3d385fea5a93112/library/std/src/panicking.rs:645:5
[INFO] [stdout]   18:     0x55c7af6b7ce5 - core::panicking::panic_fmt::hbf0e066aabfa482c
[INFO] [stdout]                                at /rustc/82e1608dfa6e0b5569232559e3d385fea5a93112/library/core/src/panicking.rs:72:14
[INFO] [stdout]   19:     0x55c7af6b800b - core::panicking::assert_failed_inner::h0bba8b7c26ee4492
[INFO] [stdout]   20:     0x55c7af6eb11e - core::panicking::assert_failed::hea79366a1b55d18f
[INFO] [stdout]                                at /rustc/82e1608dfa6e0b5569232559e3d385fea5a93112/library/core/src/panicking.rs:279:5
[INFO] [stdout]   21:     0x55c7af6b8bd2 - pathfinder_simd::test::test_f32x4_basic_ops::h5f662b45a286f5ed
[INFO] [stdout]                                at /opt/rustwide/workdir/simd/src/test.rs:40:5
[INFO] [stdout]   22:     0x55c7af6b8a47 - pathfinder_simd::test::test_f32x4_basic_ops::{{closure}}::h604e1a2b2f24d939
[INFO] [stdout]                                at /opt/rustwide/workdir/simd/src/test.rs:37:26
[INFO] [stdout]   23:     0x55c7af6e8016 - core::ops::function::FnOnce::call_once::hc2c8fcc51a2f1d13
[INFO] [stdout]                                at /rustc/82e1608dfa6e0b5569232559e3d385fea5a93112/library/core/src/ops/function.rs:250:5
[INFO] [stdout]   24:     0x55c7af72627f - core::ops::function::FnOnce::call_once::h2b5d431d5046312d
[INFO] [stdout]                                at /rustc/82e1608dfa6e0b5569232559e3d385fea5a93112/library/core/src/ops/function.rs:250:5
[INFO] [stdout]   25:     0x55c7af72627f - test::__rust_begin_short_backtrace::h7714669af176e207
[INFO] [stdout]                                at /rustc/82e1608dfa6e0b5569232559e3d385fea5a93112/library/test/src/lib.rs:628:18
[INFO] [stdout]   26:     0x55c7af725295 - test::run_test_in_process::{{closure}}::h85218797dcbcec12
[INFO] [stdout]                                at /rustc/82e1608dfa6e0b5569232559e3d385fea5a93112/library/test/src/lib.rs:651:60
[INFO] [stdout]   27:     0x55c7af725295 - <core::panic::unwind_safe::AssertUnwindSafe<F> as core::ops::function::FnOnce<()>>::call_once::h76c106ea31c14d7b
[INFO] [stdout]                                at /rustc/82e1608dfa6e0b5569232559e3d385fea5a93112/library/core/src/panic/unwind_safe.rs:272:9
[INFO] [stdout]   28:     0x55c7af725295 - std::panicking::try::do_call::h3bd5d0f6620ee946
[INFO] [stdout]                                at /rustc/82e1608dfa6e0b5569232559e3d385fea5a93112/library/std/src/panicking.rs:552:40
[INFO] [stdout]   29:     0x55c7af725295 - std::panicking::try::h232e535e4744fe31
[INFO] [stdout]                                at /rustc/82e1608dfa6e0b5569232559e3d385fea5a93112/library/std/src/panicking.rs:516:19
[INFO] [stdout]   30:     0x55c7af725295 - std::panic::catch_unwind::h3ce3bd6ca8dbac68
[INFO] [stdout]                                at /rustc/82e1608dfa6e0b5569232559e3d385fea5a93112/library/std/src/panic.rs:142:14
[INFO] [stdout]   31:     0x55c7af725295 - test::run_test_in_process::hc97b257c9621286a
[INFO] [stdout]                                at /rustc/82e1608dfa6e0b5569232559e3d385fea5a93112/library/test/src/lib.rs:651:27
[INFO] [stdout]   32:     0x55c7af725295 - test::run_test::{{closure}}::h2aa798823a438d38
[INFO] [stdout]                                at /rustc/82e1608dfa6e0b5569232559e3d385fea5a93112/library/test/src/lib.rs:574:43
[INFO] [stdout]   33:     0x55c7af6ed556 - test::run_test::{{closure}}::h87d231c78fb59832
[INFO] [stdout]                                at /rustc/82e1608dfa6e0b5569232559e3d385fea5a93112/library/test/src/lib.rs:602:41
[INFO] [stdout]   34:     0x55c7af6ed556 - std::sys_common::backtrace::__rust_begin_short_backtrace::he6df152596625789
[INFO] [stdout]                                at /rustc/82e1608dfa6e0b5569232559e3d385fea5a93112/library/std/src/sys_common/backtrace.rs:154:18
[INFO] [stdout]   35:     0x55c7af6f2607 - std::thread::Builder::spawn_unchecked_::{{closure}}::{{closure}}::ha94be15d1e0acf36
[INFO] [stdout]                                at /rustc/82e1608dfa6e0b5569232559e3d385fea5a93112/library/std/src/thread/mod.rs:529:17
[INFO] [stdout]   36:     0x55c7af6f2607 - <core::panic::unwind_safe::AssertUnwindSafe<F> as core::ops::function::FnOnce<()>>::call_once::h9dc6bd6372f16606
[INFO] [stdout]                                at /rustc/82e1608dfa6e0b5569232559e3d385fea5a93112/library/core/src/panic/unwind_safe.rs:272:9
[INFO] [stdout]   37:     0x55c7af6f2607 - std::panicking::try::do_call::h9057517f80303cd4
[INFO] [stdout]                                at /rustc/82e1608dfa6e0b5569232559e3d385fea5a93112/library/std/src/panicking.rs:552:40
[INFO] [stdout]   38:     0x55c7af6f2607 - std::panicking::try::he3a30b11ee45340c
[INFO] [stdout]                                at /rustc/82e1608dfa6e0b5569232559e3d385fea5a93112/library/std/src/panicking.rs:516:19
[INFO] [stdout]   39:     0x55c7af6f2607 - std::panic::catch_unwind::h410458cfd3528b8b
[INFO] [stdout]                                at /rustc/82e1608dfa6e0b5569232559e3d385fea5a93112/library/std/src/panic.rs:142:14
[INFO] [stdout]   40:     0x55c7af6f2607 - std::thread::Builder::spawn_unchecked_::{{closure}}::h72ac3bdb567b737b
[INFO] [stdout]                                at /rustc/82e1608dfa6e0b5569232559e3d385fea5a93112/library/std/src/thread/mod.rs:528:30
[INFO] [stdout]   41:     0x55c7af6f2607 - core::ops::function::FnOnce::call_once{{vtable.shim}}::h38f34da3654a8344
[INFO] [stdout]                                at /rustc/82e1608dfa6e0b5569232559e3d385fea5a93112/library/core/src/ops/function.rs:250:5
[INFO] [stdout]   42:     0x55c7af7555c5 - <alloc::boxed::Box<F,A> as core::ops::function::FnOnce<Args>>::call_once::hc7eafaff61e32df9
[INFO] [stdout]                                at /rustc/82e1608dfa6e0b5569232559e3d385fea5a93112/library/alloc/src/boxed.rs:2007:9
[INFO] [stdout]   43:     0x55c7af7555c5 - <alloc::boxed::Box<F,A> as core::ops::function::FnOnce<Args>>::call_once::h6ba4a5de48dd2304
[INFO] [stdout]                                at /rustc/82e1608dfa6e0b5569232559e3d385fea5a93112/library/alloc/src/boxed.rs:2007:9
[INFO] [stdout]   44:     0x55c7af7555c5 - std::sys::unix::thread::Thread::new::thread_start::he469335aef763e45
[INFO] [stdout]                                at /rustc/82e1608dfa6e0b5569232559e3d385fea5a93112/library/std/src/sys/unix/thread.rs:108:17
[INFO] [stdout]   45:     0x7f1c7424dac3 - <unknown>
[INFO] [stdout]   46:     0x7f1c742debf4 - __clone
[INFO] [stdout]   47:                0x0 - <unknown>
[INFO] [stdout] 
[INFO] [stdout] 
[INFO] [stdout] failures:
[INFO] [stdout]     test::test_f32x4_basic_ops
[INFO] [stdout] 
[INFO] [stdout] test result: FAILED. 15 passed; 1 failed; 0 ignored; 0 measured; 0 filtered out; finished in 0.01s
[INFO] [stdout] 
[INFO] [stderr] error: test failed, to rerun pass `-p pathfinder_simd --lib`
[INFO] running `Command { std: "docker" "inspect" "4ae087801ec677a843b9ca15931b4730a3640e15612f33508e98aac8c72139f7", kill_on_drop: false }`
[INFO] running `Command { std: "docker" "rm" "-f" "4ae087801ec677a843b9ca15931b4730a3640e15612f33508e98aac8c72139f7", kill_on_drop: false }`
[INFO] [stdout] 4ae087801ec677a843b9ca15931b4730a3640e15612f33508e98aac8c72139f7
[INFO] testing marionebl/pathfinder-experiments against beta-2023-12-22 for beta-1.76-1
[INFO] running `Command { std: "git" "clone" "/workspace/cache/git-repos/https%3A%2F%2Fgithub.com%2Fmarionebl%2Fpathfinder-experiments" "/workspace/builds/worker-4-tc2/source", kill_on_drop: false }`
[INFO] [stderr] Cloning into '/workspace/builds/worker-4-tc2/source'...
[INFO] [stderr] done.
[INFO] validating manifest of git repo https://github.com/marionebl/pathfinder-experiments on toolchain beta-2023-12-22
[INFO] running `Command { std: CARGO_HOME="/workspace/cargo-home" RUSTUP_HOME="/workspace/rustup-home" "/workspace/cargo-home/bin/cargo" "+beta-2023-12-22" "metadata" "--manifest-path" "Cargo.toml" "--no-deps", kill_on_drop: false }`
[INFO] started tweaking git repo https://github.com/marionebl/pathfinder-experiments
[INFO] finished tweaking git repo https://github.com/marionebl/pathfinder-experiments
[INFO] tweaked toml for git repo https://github.com/marionebl/pathfinder-experiments written to /workspace/builds/worker-4-tc2/source/Cargo.toml
[INFO] crate git repo https://github.com/marionebl/pathfinder-experiments already has a lockfile, it will not be regenerated
[INFO] running `Command { std: CARGO_HOME="/workspace/cargo-home" RUSTUP_HOME="/workspace/rustup-home" "/workspace/cargo-home/bin/cargo" "+beta-2023-12-22" "fetch" "--manifest-path" "Cargo.toml", kill_on_drop: false }`
[INFO] [stderr] warning: profiles for the non root package will be ignored, specify profiles at the workspace root:
[INFO] [stderr] package:   /workspace/builds/worker-4-tc2/source/examples/canvas_webgl_minimal/Cargo.toml
[INFO] [stderr] workspace: /workspace/builds/worker-4-tc2/source/Cargo.toml
[INFO] [stderr] warning: profiles for the non root package will be ignored, specify profiles at the workspace root:
[INFO] [stderr] package:   /workspace/builds/worker-4-tc2/source/web_canvas/Cargo.toml
[INFO] [stderr] workspace: /workspace/builds/worker-4-tc2/source/Cargo.toml
[INFO] running `Command { std: "docker" "create" "-v" "/var/lib/crater-agent-workspace/builds/worker-4-tc2/target:/opt/rustwide/target:rw,Z" "-v" "/var/lib/crater-agent-workspace/builds/worker-4-tc2/source:/opt/rustwide/workdir:ro,Z" "-v" "/var/lib/crater-agent-workspace/cargo-home:/opt/rustwide/cargo-home:ro,Z" "-v" "/var/lib/crater-agent-workspace/rustup-home:/opt/rustwide/rustup-home:ro,Z" "-e" "SOURCE_DIR=/opt/rustwide/workdir" "-e" "CARGO_TARGET_DIR=/opt/rustwide/target" "-e" "CARGO_HOME=/opt/rustwide/cargo-home" "-e" "RUSTUP_HOME=/opt/rustwide/rustup-home" "-w" "/opt/rustwide/workdir" "-m" "1610612736" "--user" "0:0" "--network" "none" "ghcr.io/rust-lang/crates-build-env/linux@sha256:2788e3201cd34a07e3172128adcd8b3090168a8e3bcc40d7c032b9dda1df7d1c" "/opt/rustwide/cargo-home/bin/cargo" "+beta-2023-12-22" "metadata" "--no-deps" "--format-version=1", kill_on_drop: false }`
[INFO] [stdout] e289beb9de2a10d574eeac84a430f8280d1d5ca40316e8115c4b47a3b83a50fc
[INFO] running `Command { std: "docker" "start" "-a" "e289beb9de2a10d574eeac84a430f8280d1d5ca40316e8115c4b47a3b83a50fc", kill_on_drop: false }`
[INFO] running `Command { std: "docker" "inspect" "e289beb9de2a10d574eeac84a430f8280d1d5ca40316e8115c4b47a3b83a50fc", kill_on_drop: false }`
[INFO] running `Command { std: "docker" "rm" "-f" "e289beb9de2a10d574eeac84a430f8280d1d5ca40316e8115c4b47a3b83a50fc", kill_on_drop: false }`
[INFO] [stdout] e289beb9de2a10d574eeac84a430f8280d1d5ca40316e8115c4b47a3b83a50fc
[INFO] running `Command { std: "docker" "create" "-v" "/var/lib/crater-agent-workspace/builds/worker-4-tc2/target:/opt/rustwide/target:rw,Z" "-v" "/var/lib/crater-agent-workspace/builds/worker-4-tc2/source:/opt/rustwide/workdir:ro,Z" "-v" "/var/lib/crater-agent-workspace/cargo-home:/opt/rustwide/cargo-home:ro,Z" "-v" "/var/lib/crater-agent-workspace/rustup-home:/opt/rustwide/rustup-home:ro,Z" "-e" "SOURCE_DIR=/opt/rustwide/workdir" "-e" "CARGO_TARGET_DIR=/opt/rustwide/target" "-e" "CARGO_INCREMENTAL=0" "-e" "RUST_BACKTRACE=full" "-e" "RUSTFLAGS=--cap-lints=warn" "-e" "RUSTDOCFLAGS=--cap-lints=warn" "-e" "CARGO_HOME=/opt/rustwide/cargo-home" "-e" "RUSTUP_HOME=/opt/rustwide/rustup-home" "-w" "/opt/rustwide/workdir" "-m" "1610612736" "--user" "0:0" "--network" "none" "ghcr.io/rust-lang/crates-build-env/linux@sha256:2788e3201cd34a07e3172128adcd8b3090168a8e3bcc40d7c032b9dda1df7d1c" "/opt/rustwide/cargo-home/bin/cargo" "+beta-2023-12-22" "build" "--frozen" "--message-format=json", kill_on_drop: false }`
[INFO] [stdout] 3741a9761219edb779e046c56135519986c8f88e599ce0e963c50b3d164fe90f
[INFO] running `Command { std: "docker" "start" "-a" "3741a9761219edb779e046c56135519986c8f88e599ce0e963c50b3d164fe90f", kill_on_drop: false }`
[INFO] [stderr] warning: profiles for the non root package will be ignored, specify profiles at the workspace root:
[INFO] [stderr] package:   /opt/rustwide/workdir/examples/canvas_webgl_minimal/Cargo.toml
[INFO] [stderr] workspace: /opt/rustwide/workdir/Cargo.toml
[INFO] [stderr] warning: profiles for the non root package will be ignored, specify profiles at the workspace root:
[INFO] [stderr] package:   /opt/rustwide/workdir/web_canvas/Cargo.toml
[INFO] [stderr] workspace: /opt/rustwide/workdir/Cargo.toml
[INFO] [stderr]    Compiling libc v0.2.113
[INFO] [stderr]    Compiling cfg-if v1.0.0
[INFO] [stderr]    Compiling autocfg v1.0.1
[INFO] [stderr]    Compiling lazy_static v1.4.0
[INFO] [stderr]    Compiling log v0.4.14
[INFO] [stderr]    Compiling bitflags v1.3.2
[INFO] [stderr]    Compiling cfg-if v0.1.10
[INFO] [stderr]    Compiling xml-rs v0.8.4
[INFO] [stderr]    Compiling cc v1.0.72
[INFO] [stderr]    Compiling pkg-config v0.3.24
[INFO] [stderr]    Compiling byteorder v1.4.3
[INFO] [stderr]    Compiling proc-macro2 v1.0.36
[INFO] [stderr]    Compiling unicode-xid v0.2.2
[INFO] [stderr]    Compiling scopeguard v1.1.0
[INFO] [stderr]    Compiling syn v1.0.86
[INFO] [stderr]    Compiling crossbeam-utils v0.8.6
[INFO] [stderr]    Compiling ucd-trie v0.1.3
[INFO] [stderr]    Compiling crossbeam-epoch v0.9.6
[INFO] [stderr]    Compiling adler32 v1.2.0
[INFO] [stderr]    Compiling adler v1.0.2
[INFO] [stderr]    Compiling rayon-core v1.9.1
[INFO] [stderr]    Compiling crc32fast v1.3.1
[INFO] [stderr]    Compiling pest v2.1.3
[INFO] [stderr]    Compiling serde_derive v1.0.135
[INFO] [stderr]    Compiling either v1.6.1
[INFO] [stderr]    Compiling serde v1.0.135
[INFO] [stderr]    Compiling weezl v0.1.5
[INFO] [stderr]    Compiling num-traits v0.2.14
[INFO] [stderr]    Compiling memoffset v0.6.5
[INFO] [stderr]    Compiling miniz_oxide v0.4.4
[INFO] [stderr]    Compiling num-integer v0.1.44
[INFO] [stderr]    Compiling rayon v1.5.1
[INFO] [stderr]    Compiling cmake v0.1.48
[INFO] [stderr]    Compiling khronos_api v3.1.0
[INFO] [stderr]    Compiling crossbeam-channel v0.5.2
[INFO] [stderr]    Compiling proc-macro2 v0.4.30
[INFO] [stderr]    Compiling num-iter v0.1.42
[INFO] [stderr]    Compiling quote v1.0.15
[INFO] [stderr]    Compiling semver-parser v0.10.2
[INFO] [stderr]    Compiling num-rational v0.3.2
[INFO] [stderr]    Compiling unicode-xid v0.1.0
[INFO] [stderr]    Compiling crossbeam-deque v0.8.1
[INFO] [stderr]    Compiling num_cpus v1.13.1
[INFO] [stderr]    Compiling deflate v0.8.6
[INFO] [stderr]    Compiling miniz_oxide v0.3.7
[INFO] [stderr]    Compiling color_quant v1.1.0
[INFO] [stderr]    Compiling bytemuck v1.7.3
[INFO] [stderr]    Compiling arrayvec v0.5.2
[INFO] [stderr]    Compiling ryu v1.0.9
[INFO] [stderr]    Compiling gif v0.11.3
[INFO] [stderr]    Compiling maybe-uninit v2.0.0
[INFO] [stderr]    Compiling semver v0.11.0
[INFO] [stderr]    Compiling servo-freetype-sys v4.0.5
[INFO] [stderr]    Compiling scoped_threadpool v0.1.9
[INFO] [stderr]    Compiling quote v0.6.13
[INFO] [stderr]    Compiling smallvec v1.8.0
[INFO] [stderr]    Compiling rustc_version v0.3.3
[INFO] [stderr]    Compiling png v0.16.8
[INFO] [stderr]    Compiling instant v0.1.12
[INFO] [stderr]    Compiling serde_json v1.0.78
[INFO] [stderr]    Compiling pathfinder_resources v0.5.0 (/opt/rustwide/workdir/resources)
[INFO] [stderr]    Compiling gl_generator v0.14.0
[INFO] [stderr]    Compiling dirs-sys v0.3.6
[INFO] [stderr]    Compiling pathfinder_simd v0.5.1 (/opt/rustwide/workdir/simd)
[INFO] [stderr]    Compiling libloading v0.6.7
[INFO] [stderr]    Compiling version_check v0.9.4
[INFO] [stderr]    Compiling itoa v1.0.1
[INFO] [stderr]    Compiling half v1.8.2
[INFO] [stderr]    Compiling dlib v0.4.2
[INFO] [stderr]    Compiling hashbrown v0.7.2
[INFO] [stderr]    Compiling crossbeam-utils v0.7.2
[INFO] [stderr]    Compiling fxhash v0.2.1
[INFO] [stderr]    Compiling vec_map v0.8.2
[INFO] [stderr]    Compiling nix v0.14.1
[INFO] [stderr]    Compiling freetype v0.4.1
[INFO] [stderr]    Compiling harfbuzz-sys v0.3.4
[INFO] [stderr]    Compiling same-file v1.0.6
[INFO] [stderr]    Compiling void v1.0.2
[INFO] [stderr]    Compiling ahash v0.3.8
[INFO] [stderr]    Compiling walkdir v2.3.2
[INFO] [stderr]    Compiling approx v0.3.2
[INFO] [stderr]    Compiling memchr v2.4.1
[INFO] [stderr]    Compiling byte-slice-cast v0.3.5
[INFO] [stderr]    Compiling tinyvec_macros v0.1.0
[INFO] [stderr]    Compiling expat-sys v2.1.6
[INFO] [stderr]    Compiling downcast-rs v1.2.0
[INFO] [stderr]    Compiling ordered-float v1.1.1
[INFO] [stderr]    Compiling tinyvec v1.5.1
[INFO] [stderr]    Compiling stb_truetype v0.3.1
[INFO] [stderr]    Compiling semver-parser v0.7.0
[INFO] [stderr]    Compiling typenum v1.15.0
[INFO] [stderr]    Compiling pathfinder_geometry v0.5.1 (/opt/rustwide/workdir/geometry)
[INFO] [stderr]    Compiling pathfinder_color v0.5.0 (/opt/rustwide/workdir/color)
[INFO] [stderr]    Compiling rusttype v0.8.3
[INFO] [stderr]    Compiling semver v0.9.0
[INFO] [stderr]    Compiling gl v0.14.0
[INFO] [stderr]    Compiling generic-array v0.14.5
[INFO] [stderr]    Compiling crossbeam-channel v0.4.4
[INFO] [stderr]    Compiling dirs v3.0.2
[INFO] [stderr]    Compiling wayland-scanner v0.21.13
[INFO] [stderr]    Compiling servo-fontconfig-sys v4.0.9
[INFO] [stderr]    Compiling rustc_version v0.2.3
[INFO] [stderr]    Compiling xdg v2.4.0
[INFO] [stderr]    Compiling rusttype v0.7.9
[INFO] [stderr]    Compiling line_drawing v0.7.0
[INFO] [stderr]    Compiling x11-dl v2.19.1
[INFO] [stderr]    Compiling wayland-scanner v0.23.6
[INFO] [stderr]    Compiling memmap v0.7.0
[INFO] [stderr]    Compiling lock_api v0.3.4
[INFO] [stderr]    Compiling andrew v0.2.1
[INFO] [stderr]    Compiling lexical-core v0.7.6
[INFO] [stderr]    Compiling unicode-bidi v0.3.7
[INFO] [stderr]    Compiling unicode-normalization v0.1.19
[INFO] [stderr]    Compiling servo-fontconfig v0.4.0
[INFO] [stderr]    Compiling nom v5.1.2
[INFO] [stderr]    Compiling wayland-sys v0.21.13
[INFO] [stderr]    Compiling dirs v2.0.2
[INFO] [stderr]    Compiling net2 v0.2.37
[INFO] [stderr]    Compiling iovec v0.1.4
[INFO] [stderr]    Compiling getrandom v0.1.16
[INFO] [stderr]    Compiling static_assertions v1.1.0
[INFO] [stderr]    Compiling slab v0.4.5
[INFO] [stderr]    Compiling float-ord v0.2.0
[INFO] [stderr]    Compiling jpeg-decoder v0.1.22
[INFO] [stderr]    Compiling mio v0.6.23
[INFO] [stderr]    Compiling font-kit v0.6.0
[INFO] [stderr]    Compiling parking_lot_core v0.6.2
[INFO] [stderr]    Compiling harfbuzz v0.3.1
[INFO] [stderr]    Compiling atty v0.2.14
[INFO] [stderr]    Compiling matches v0.1.9
[INFO] [stderr]    Compiling float-cmp v0.5.3
[INFO] [stderr]    Compiling percent-encoding v2.1.0
[INFO] [stderr]    Compiling siphasher v0.2.3
[INFO] [stderr]    Compiling xmlparser v0.13.3
[INFO] [stderr]    Compiling lazycell v1.3.0
[INFO] [stderr]    Compiling tiff v0.6.1
[INFO] [stderr]    Compiling mio-extras v2.0.6
[INFO] [stderr]    Compiling skribo v0.1.0
[INFO] [stderr]    Compiling svgtypes v0.5.0
[INFO] [stderr]    Compiling data-url v0.1.1
[INFO] [stderr]    Compiling wayland-client v0.21.13
[INFO] [stderr]    Compiling wayland-protocols v0.21.13
[INFO] [stderr]    Compiling wayland-client v0.23.6
[INFO] [stderr]    Compiling roxmltree v0.11.0
[INFO] [stderr]    Compiling parking_lot v0.9.0
[INFO] [stderr]    Compiling harfbuzz_rs v1.2.0
[INFO] [stderr]    Compiling image v0.23.14
[INFO] [stderr]    Compiling wayland-commons v0.21.13
[INFO] [stderr]    Compiling wayland-sys v0.23.6
[INFO] [stderr]    Compiling smallvec v0.6.14
[INFO] [stderr]    Compiling kurbo v0.6.3
[INFO] [stderr]    Compiling flate2 v1.0.22
[INFO] [stderr]    Compiling memmap2 v0.1.0
[INFO] [stderr]    Compiling simplecss v0.2.1
[INFO] [stderr]    Compiling inflate v0.4.5
[INFO] [stderr]    Compiling doc-comment v0.3.3
[INFO] [stderr]    Compiling unicode-script v0.5.4
[INFO] [stderr]    Compiling base64 v0.12.3
[INFO] [stderr]    Compiling ttf-parser v0.6.2
[INFO] [stderr]    Compiling xmlwriter v0.1.0
[INFO] [stderr]    Compiling build_const v0.2.2
[INFO] [stderr]    Compiling rctree v0.3.3
[INFO] [stderr]    Compiling unicode-vo v0.1.0
[INFO] [stderr]    Compiling crc v1.8.1
[INFO] [stderr]    Compiling wayland-commons v0.23.6
[INFO] [stderr]    Compiling rand_core v0.5.1
[INFO] [stderr]    Compiling calloop v0.4.4
[INFO] [stderr]    Compiling wayland-protocols v0.23.6
[INFO] [stderr]    Compiling cipher v0.3.0
[INFO] [stderr]    Compiling gl_generator v0.13.1
[INFO] [stderr]    Compiling x11 v2.19.1
[INFO] [stderr]    Compiling indexmap v1.8.0
[INFO] [stderr]    Compiling sdl2-sys v0.33.0
[INFO] [stderr]    Compiling pdf_encoding v0.1.0
[INFO] [stderr]    Compiling cfg_aliases v0.1.1
[INFO] [stderr]    Compiling opaque-debug v0.3.0
[INFO] [stderr]    Compiling ppv-lite86 v0.2.16
[INFO] [stderr]    Compiling unicode-width v0.1.9
[INFO] [stderr]    Compiling cpufeatures v0.2.1
[INFO] [stderr]    Compiling textwrap v0.11.0
[INFO] [stderr]    Compiling rand_chacha v0.2.2
[INFO] [stderr]    Compiling block-buffer v0.9.0
[INFO] [stderr]    Compiling digest v0.9.0
[INFO] [stderr]    Compiling euclid v0.20.14
[INFO] [stderr]    Compiling usvg v0.9.1
[INFO] [stderr]    Compiling time v0.1.44
[INFO] [stderr]    Compiling ansi_term v0.12.1
[INFO] [stderr]    Compiling pathfinder_resources v0.5.0 (https://github.com/servo/pathfinder/#581eadfb)
[INFO] [stderr]    Compiling block-padding v0.2.1
[INFO] [stderr]    Compiling surfman v0.2.0 (https://github.com/servo/surfman?rev=f3df871ac8c3926fe9106d86a3e51e20aa50d3cc#f3df871a)
[INFO] [stderr]    Compiling fs_extra v1.2.0
[INFO] [stderr]    Compiling hashbrown v0.11.2
[INFO] [stderr]    Compiling cty v0.2.2
[INFO] [stderr]    Compiling strsim v0.8.0
[INFO] [stderr]    Compiling raw-window-handle v0.4.2
[INFO] [stderr]    Compiling block-modes v0.8.1
[INFO] [stderr]    Compiling jemalloc-sys v0.3.2
[INFO] [stderr]    Compiling clap v2.34.0
[INFO] [stderr]    Compiling chrono v0.4.19
[INFO] [stderr]    Compiling rand v0.7.3
[INFO] [stderr]    Compiling sha2 v0.9.9
[INFO] [stderr]    Compiling aes v0.7.5
[INFO] [stderr]    Compiling pathfinder_gpu v0.5.0 (/opt/rustwide/workdir/gpu)
[INFO] [stderr]    Compiling pathfinder_content v0.5.0 (/opt/rustwide/workdir/content)
[INFO] [stdout] warning: use of deprecated method `image::DynamicImage::to_luma`: replaced by `to_luma8`
[INFO] [stdout]    --> gpu/src/lib.rs:133:35
[INFO] [stdout]     |
[INFO] [stdout] 133 |                 let image = image.to_luma();
[INFO] [stdout]     |                                   ^^^^^^^
[INFO] [stdout]     |
[INFO] [stdout]     = note: `#[warn(deprecated)]` on by default
[INFO] [stdout] 
[INFO] [stdout] 
[INFO] [stdout] warning: use of deprecated method `image::DynamicImage::to_rgba`: replaced by `to_rgba8`
[INFO] [stdout]    --> gpu/src/lib.rs:138:35
[INFO] [stdout]     |
[INFO] [stdout] 138 |                 let image = image.to_rgba();
[INFO] [stdout]     |                                   ^^^^^^^
[INFO] [stdout] 
[INFO] [stdout] 
[INFO] [stdout] warning: use of deprecated method `image::DynamicImage::to_luma`: replaced by `to_luma8`
[INFO] [stdout]    --> gpu/src/lib.rs:155:35
[INFO] [stdout]     |
[INFO] [stdout] 155 |                 let image = image.to_luma();
[INFO] [stdout]     |                                   ^^^^^^^
[INFO] [stdout] 
[INFO] [stdout] 
[INFO] [stdout] warning: use of deprecated method `image::DynamicImage::to_rgba`: replaced by `to_rgba8`
[INFO] [stdout]    --> gpu/src/lib.rs:161:35
[INFO] [stdout]     |
[INFO] [stdout] 161 |                 let image = image.to_rgba();
[INFO] [stdout]     |                                   ^^^^^^^
[INFO] [stdout] 
[INFO] [stdout] 
[INFO] [stderr]    Compiling snafu-derive v0.6.10
[INFO] [stderr]    Compiling fax_derive v0.1.0
[INFO] [stdout] warning: 4 warnings emitted
[INFO] [stdout] 
[INFO] [stdout] 
[INFO] [stderr]    Compiling pdf_derive v0.1.22 (https://github.com/pdf-rs/pdf#a070a8e6)
[INFO] [stderr]    Compiling stringprep v0.1.2
[INFO] [stderr]    Compiling aho-corasick v0.7.18
[INFO] [stderr]    Compiling glutin_egl_sys v0.1.5
[INFO] [stderr]    Compiling fax v0.1.0
[INFO] [stderr]    Compiling glutin_glx_sys v0.1.7
[INFO] [stderr]    Compiling wayland-sys v0.24.1
[INFO] [stderr]    Compiling parking_lot_core v0.7.2
[INFO] [stderr]    Compiling libloading v0.5.2
[INFO] [stderr]    Compiling backtrace v0.3.63
[INFO] [stderr]    Compiling itertools v0.10.3
[INFO] [stderr]    Compiling itertools v0.9.0
[INFO] [stderr]    Compiling deflate v0.9.1
[INFO] [stderr]    Compiling deflate v1.0.0
[INFO] [stderr]    Compiling regex-syntax v0.6.25
[INFO] [stderr]    Compiling slotmap v0.4.3
[INFO] [stderr]    Compiling gcc v0.3.55
[INFO] [stderr]    Compiling snafu v0.6.10
[INFO] [stderr]    Compiling md5 v0.7.0
[INFO] [stderr]    Compiling sdl2 v0.33.0
[INFO] [stderr]    Compiling gimli v0.26.1
[INFO] [stderr]    Compiling quick-error v1.2.3
[INFO] [stderr]    Compiling hex v0.4.3
[INFO] [stderr]    Compiling once_cell v1.9.0
[INFO] [stderr]    Compiling termcolor v1.1.2
[INFO] [stderr]    Compiling humantime v1.3.0
[INFO] [stderr]    Compiling nfd v0.0.4
[INFO] [stderr]    Compiling parking_lot v0.10.2
[INFO] [stderr]    Compiling lzma-rs v0.1.4
[INFO] [stderr]    Compiling raw-window-handle v0.3.4
[INFO] [stderr]    Compiling object v0.27.1
[INFO] [stderr]    Compiling shared_library v0.1.9
[INFO] [stderr]    Compiling rustc-demangle v0.1.21
[INFO] [stderr]    Compiling pdf v0.7.2 (https://github.com/pdf-rs/pdf#a070a8e6)
[INFO] [stderr]    Compiling osmesa-sys v0.1.2
[INFO] [stderr]    Compiling foreign-types-shared v0.1.1
[INFO] [stderr]    Compiling svg-to-skia v0.1.0 (/opt/rustwide/workdir/utils/svg-to-skia)
[INFO] [stderr]    Compiling foreign-types v0.3.2
[INFO] [stderr]    Compiling regex v1.5.4
[INFO] [stderr]    Compiling addr2line v0.17.0
[INFO] [stderr]    Compiling env_logger v0.7.1
[INFO] [stderr]    Compiling pretty_env_logger v0.4.0
[INFO] [stderr]    Compiling pathfinder_gl v0.5.0 (/opt/rustwide/workdir/gl)
[INFO] [stderr]    Compiling area-lut v0.2.0 (/opt/rustwide/workdir/utils/area-lut)
[INFO] [stderr]    Compiling generate-gamma-lut v0.1.0 (/opt/rustwide/workdir/utils/gamma-lut)
[INFO] [stderr]    Compiling color-backtrace v0.3.0
[INFO] [stderr]    Compiling swf-fixed v0.1.5
[INFO] [stderr]    Compiling tuple v0.5.1 (https://github.com/s3bk/tuple/#fdf8b440)
[INFO] [stderr]    Compiling decorum v0.3.1
[INFO] [stderr]    Compiling swf-types v0.10.0
[INFO] [stderr]    Compiling pathfinder_ui v0.5.0 (/opt/rustwide/workdir/ui)
[INFO] [stderr]    Compiling pathfinder_lottie v0.1.0 (/opt/rustwide/workdir/lottie)
[INFO] [stderr]    Compiling pathfinder_renderer v0.5.0 (/opt/rustwide/workdir/renderer)
[INFO] [stderr]    Compiling lottie_basic v0.1.0 (/opt/rustwide/workdir/examples/lottie_basic)
[INFO] [stdout] warning: variable does not need to be mutable
[INFO] [stdout]    --> renderer/src/gpu/renderer.rs:649:13
[INFO] [stdout]     |
[INFO] [stdout] 649 |         let mut render_target =
[INFO] [stdout]     |             ----^^^^^^^^^^^^^
[INFO] [stdout]     |             |
[INFO] [stdout]     |             help: remove this `mut`
[INFO] [stdout]     |
[INFO] [stdout]     = note: `#[warn(unused_mut)]` on by default
[INFO] [stdout] 
[INFO] [stdout] 
[INFO] [stdout] warning: variable does not need to be mutable
[INFO] [stdout]    --> renderer/src/paint.rs:590:17
[INFO] [stdout]     |
[INFO] [stdout] 590 |             let mut color_texture_metadata = match metadata.color_texture_metadata {
[INFO] [stdout]     |                 ----^^^^^^^^^^^^^^^^^^^^^^
[INFO] [stdout]     |                 |
[INFO] [stdout]     |                 help: remove this `mut`
[INFO] [stdout] 
[INFO] [stdout] 
[INFO] [stdout] warning: variable does not need to be mutable
[INFO] [stdout]    --> renderer/src/paint.rs:846:13
[INFO] [stdout]     |
[INFO] [stdout] 846 |         let mut data = self.tiles.last_mut().unwrap();
[INFO] [stdout]     |             ----^^^^
[INFO] [stdout]     |             |
[INFO] [stdout]     |             help: remove this `mut`
[INFO] [stdout] 
[INFO] [stdout] 
[INFO] [stdout] warning: fields `tile_count`, `z_buffer_id`, and `tile_vertex_buffer_id` are never read
[INFO] [stdout]    --> renderer/src/gpu/d3d9/renderer.rs:565:16
[INFO] [stdout]     |
[INFO] [stdout] 564 | pub(crate) struct TileBatchInfoD3D9 {
[INFO] [stdout]     |                   ----------------- fields in this struct
[INFO] [stdout] 565 |     pub(crate) tile_count: u32,
[INFO] [stdout]     |                ^^^^^^^^^^
[INFO] [stdout] 566 |     pub(crate) z_buffer_id: GeneralBufferID,
[INFO] [stdout]     |                ^^^^^^^^^^^
[INFO] [stdout] 567 |     tile_vertex_buffer_id: GeneralBufferID,
[INFO] [stdout]     |     ^^^^^^^^^^^^^^^^^^^^^
[INFO] [stdout]     |
[INFO] [stdout]     = note: `TileBatchInfoD3D9` has a derived impl for the trait `Clone`, but this is intentionally ignored during dead code analysis
[INFO] [stdout]     = note: `#[warn(dead_code)]` on by default
[INFO] [stdout] 
[INFO] [stdout] 
[INFO] [stdout] warning: field `tile_count` is never read
[INFO] [stdout]    --> renderer/src/gpu/d3d11/renderer.rs:802:5
[INFO] [stdout]     |
[INFO] [stdout] 801 | struct TileBatchInfoD3D11 {
[INFO] [stdout]     |        ------------------ field in this struct
[INFO] [stdout] 802 |     tile_count: u32,
[INFO] [stdout]     |     ^^^^^^^^^^
[INFO] [stdout]     |
[INFO] [stdout]     = note: `TileBatchInfoD3D11` has a derived impl for the trait `Clone`, but this is intentionally ignored during dead code analysis
[INFO] [stdout] 
[INFO] [stdout] 
[INFO] [stdout] warning: field `border` is never read
[INFO] [stdout]    --> renderer/src/paint.rs:350:16
[INFO] [stdout]     |
[INFO] [stdout] 334 | pub(crate) struct PaintColorTextureMetadata {
[INFO] [stdout]     |                   ------------------------- field in this struct
[INFO] [stdout] ...
[INFO] [stdout] 350 |     pub(crate) border: Vector2I,
[INFO] [stdout]     |                ^^^^^^
[INFO] [stdout]     |
[INFO] [stdout]     = note: `PaintColorTextureMetadata` has a derived impl for the trait `Debug`, but this is intentionally ignored during dead code analysis
[INFO] [stdout] 
[INFO] [stdout] 
[INFO] [stdout] warning: fields `line` and `radii` are never read
[INFO] [stdout]    --> renderer/src/paint.rs:356:16
[INFO] [stdout]     |
[INFO] [stdout] 354 | pub(crate) struct RadialGradientMetadata {
[INFO] [stdout]     |                   ---------------------- fields in this struct
[INFO] [stdout] 355 |     /// The line segment that connects the two circles.
[INFO] [stdout] 356 |     pub(crate) line: LineSegment2F,
[INFO] [stdout]     |                ^^^^
[INFO] [stdout] 357 |     /// The radii of the two circles.
[INFO] [stdout] 358 |     pub(crate) radii: F32x2,
[INFO] [stdout]     |                ^^^^^
[INFO] [stdout]     |
[INFO] [stdout]     = note: `RadialGradientMetadata` has derived impls for the traits `Debug` and `Clone`, but these are intentionally ignored during dead code analysis
[INFO] [stdout] 
[INFO] [stdout] 
[INFO] [stdout] warning: field `name` is never read
[INFO] [stdout]    --> renderer/src/scene.rs:495:5
[INFO] [stdout]     |
[INFO] [stdout] 493 | pub struct RenderTarget {
[INFO] [stdout]     |            ------------ field in this struct
[INFO] [stdout] 494 |     size: Vector2I,
[INFO] [stdout] 495 |     name: String,
[INFO] [stdout]     |     ^^^^
[INFO] [stdout]     |
[INFO] [stdout]     = note: `RenderTarget` has derived impls for the traits `Debug` and `Clone`, but these are intentionally ignored during dead code analysis
[INFO] [stdout] 
[INFO] [stdout] 
[INFO] [stdout] warning: field `bounds` is never read
[INFO] [stdout]   --> renderer/src/builder.rs:63:9
[INFO] [stdout]    |
[INFO] [stdout] 60 | pub(crate) struct ObjectBuilder {
[INFO] [stdout]    |                   ------------- field in this struct
[INFO] [stdout] ...
[INFO] [stdout] 63 |     pub bounds: RectF,
[INFO] [stdout]    |         ^^^^^^
[INFO] [stdout]    |
[INFO] [stdout]    = note: `ObjectBuilder` has a derived impl for the trait `Debug`, but this is intentionally ignored during dead code analysis
[INFO] [stdout] 
[INFO] [stdout] 
[INFO] [stdout] warning: fields `sampling_flags_1` and `mask_0_fill_rule` are never read
[INFO] [stdout]   --> renderer/src/builder.rs:74:5
[INFO] [stdout]    |
[INFO] [stdout] 68 | struct BuiltDrawPath {
[INFO] [stdout]    |        ------------- fields in this struct
[INFO] [stdout] ...
[INFO] [stdout] 74 |     sampling_flags_1: TextureSamplingFlags,
[INFO] [stdout]    |     ^^^^^^^^^^^^^^^^
[INFO] [stdout] 75 |     mask_0_fill_rule: FillRule,
[INFO] [stdout]    |     ^^^^^^^^^^^^^^^^
[INFO] [stdout]    |
[INFO] [stdout]    = note: `BuiltDrawPath` has derived impls for the traits `Debug` and `Clone`, but these are intentionally ignored during dead code analysis
[INFO] [stdout] 
[INFO] [stdout] 
[INFO] [stdout] warning: fields `fill_rule` and `clip_path_id` are never read
[INFO] [stdout]    --> renderer/src/builder.rs:102:9
[INFO] [stdout]     |
[INFO] [stdout] 99  | pub(crate) struct BuiltPath {
[INFO] [stdout]     |                   --------- fields in this struct
[INFO] [stdout] ...
[INFO] [stdout] 102 |     pub fill_rule: FillRule,
[INFO] [stdout]     |         ^^^^^^^^^
[INFO] [stdout] 103 |     pub clip_path_id: Option<ClipPathId>,
[INFO] [stdout]     |         ^^^^^^^^^^^^
[INFO] [stdout]     |
[INFO] [stdout]     = note: `BuiltPath` has derived impls for the traits `Debug` and `Clone`, but these are intentionally ignored during dead code analysis
[INFO] [stdout] 
[INFO] [stdout] 
[INFO] [stdout] warning: field `coords` is never read
[INFO] [stdout]    --> renderer/src/builder.rs:132:16
[INFO] [stdout]     |
[INFO] [stdout] 131 | pub(crate) struct Occluder {
[INFO] [stdout]     |                   -------- field in this struct
[INFO] [stdout] 132 |     pub(crate) coords: Vector2I,
[INFO] [stdout]     |                ^^^^^^
[INFO] [stdout]     |
[INFO] [stdout]     = note: `Occluder` has derived impls for the traits `Debug` and `Clone`, but these are intentionally ignored during dead code analysis
[INFO] [stdout] 
[INFO] [stdout] 
[INFO] [stderr]    Compiling pathfinder_text v0.5.0 (/opt/rustwide/workdir/text)
[INFO] [stderr]    Compiling pathfinder_svg v0.5.0 (/opt/rustwide/workdir/svg)
[INFO] [stderr]    Compiling pathfinder_export v0.1.0 (/opt/rustwide/workdir/export)
[INFO] [stderr]    Compiling font v0.1.0 (https://github.com/pdf-rs/font/#5f78c4ee)
[INFO] [stdout] warning: 12 warnings emitted
[INFO] [stdout] 
[INFO] [stdout] 
[INFO] [stderr]    Compiling pathfinder_canvas v0.5.0 (/opt/rustwide/workdir/canvas)
[INFO] [stderr]    Compiling convert v0.1.0 (/opt/rustwide/workdir/utils/convert)
[INFO] [stdout] warning: calls to `std::mem::drop` with a value that implements `Copy` does nothing
[INFO] [stdout]   --> canvas/src/text.rs:81:9
[INFO] [stdout]    |
[INFO] [stdout] 81 |            drop(self.canvas_font_context
[INFO] [stdout]    |  __________^____-
[INFO] [stdout]    | | _________|
[INFO] [stdout]    | ||
[INFO] [stdout] 82 | ||                  .0
[INFO] [stdout] 83 | ||                  .borrow_mut()
[INFO] [stdout] 84 | ||                  .font_context
[INFO] [stdout] ...  ||
[INFO] [stdout] 94 | ||                                   paint_id,
[INFO] [stdout] 95 | ||                               }));
[INFO] [stdout]    | ||________________________________-^
[INFO] [stdout]    | |_________________________________|
[INFO] [stdout]    |                                   argument has type `Result<(), GlyphLoadingError>`
[INFO] [stdout]    |
[INFO] [stdout]    = note: use `let _ = ...` to ignore the expression or result
[INFO] [stdout]    = note: `#[warn(dropping_copy_types)]` on by default
[INFO] [stdout] 
[INFO] [stdout] 
[INFO] [stdout] warning: 1 warning emitted
[INFO] [stdout] 
[INFO] [stdout] 
[INFO] [stderr]    Compiling pathfinder_c v0.1.0 (/opt/rustwide/workdir/c)
[INFO] [stderr]    Compiling canvas_text v0.1.0 (/opt/rustwide/workdir/examples/canvas_text)
[INFO] [stderr]    Compiling swf-parser v0.10.0
[INFO] [stderr]    Compiling pdf_render v0.1.0 (https://github.com/pdf-rs/pdf_render#1b748022)
[INFO] [stderr]    Compiling pathfinder_demo v0.1.0 (/opt/rustwide/workdir/demo/common)
[INFO] [stdout] warning: field `hidden_field_for_future_proofing` is never read
[INFO] [stdout]    --> demo/common/src/lib.rs:635:5
[INFO] [stdout]     |
[INFO] [stdout] 627 | pub struct Options {
[INFO] [stdout]     |            ------- field in this struct
[INFO] [stdout] ...
[INFO] [stdout] 635 |     hidden_field_for_future_proofing: (),
[INFO] [stdout]     |     ^^^^^^^^^^^^^^^^^^^^^^^^^^^^^^^^
[INFO] [stdout]     |
[INFO] [stdout]     = note: `Options` has a derived impl for the trait `Clone`, but this is intentionally ignored during dead code analysis
[INFO] [stdout]     = note: `#[warn(dead_code)]` on by default
[INFO] [stdout] 
[INFO] [stdout] 
[INFO] [stderr]    Compiling pathfinder_swf v0.1.0 (/opt/rustwide/workdir/swf)
[INFO] [stderr]    Compiling swf_basic v0.1.0 (/opt/rustwide/workdir/examples/swf_basic)
[INFO] [stdout] warning: 1 warning emitted
[INFO] [stdout] 
[INFO] [stdout] 
[INFO] [stderr]    Compiling smithay-client-toolkit v0.6.6
[INFO] [stderr]    Compiling winit v0.21.0
[INFO] [stderr]    Compiling glutin v0.23.0
[INFO] [stderr]    Compiling canvas_glutin_minimal v0.1.0 (/opt/rustwide/workdir/examples/canvas_glutin_minimal)
[INFO] [stderr]    Compiling jemallocator v0.3.2
[INFO] [stderr]    Compiling smithay-client-toolkit v0.4.6
[INFO] [stderr]    Compiling winit v0.19.3
[INFO] [stderr]    Compiling demo v0.1.0 (/opt/rustwide/workdir/demo/native)
[INFO] [stderr]    Compiling canvas_minimal v0.1.0 (/opt/rustwide/workdir/examples/canvas_minimal)
[INFO] [stderr]    Compiling canvas_moire v0.1.0 (/opt/rustwide/workdir/examples/canvas_moire)
[INFO] [stdout] warning: calls to `std::mem::drop` with a value that implements `Copy` does nothing
[INFO] [stdout]    --> demo/native/src/main.rs:218:13
[INFO] [stdout]     |
[INFO] [stdout] 218 |             drop(event_queue.event_loop_proxy.wakeup());
[INFO] [stdout]     |             ^^^^^-------------------------------------^
[INFO] [stdout]     |                  |
[INFO] [stdout]     |                  argument has type `Result<(), EventsLoopClosed>`
[INFO] [stdout]     |
[INFO] [stdout]     = note: use `let _ = ...` to ignore the expression or result
[INFO] [stdout]     = note: `#[warn(dropping_copy_types)]` on by default
[INFO] [stdout] 
[INFO] [stdout] 
[INFO] [stdout] warning: calls to `std::mem::drop` with a value that implements `Copy` does nothing
[INFO] [stdout]    --> demo/native/src/main.rs:242:9
[INFO] [stdout]     |
[INFO] [stdout] 242 |         drop(event_queue.event_loop_proxy.wakeup());
[INFO] [stdout]     |         ^^^^^-------------------------------------^
[INFO] [stdout]     |              |
[INFO] [stdout]     |              argument has type `Result<(), EventsLoopClosed>`
[INFO] [stdout]     |
[INFO] [stdout]     = note: use `let _ = ...` to ignore the expression or result
[INFO] [stdout] 
[INFO] [stdout] 
[INFO] [stdout] warning: 2 warnings emitted
[INFO] [stdout] 
[INFO] [stdout] 
[INFO] [stderr]     Finished dev [unoptimized + debuginfo] target(s) in 1m 33s
[INFO] [stderr] warning: the following packages contain code that will be rejected by a future version of Rust: fs_extra v1.2.0, nfd v0.0.4, nom v5.1.2
[INFO] [stderr] note: to see what the problems were, use the option `--future-incompat-report`, or run `cargo report future-incompatibilities --id 1`
[INFO] running `Command { std: "docker" "inspect" "3741a9761219edb779e046c56135519986c8f88e599ce0e963c50b3d164fe90f", kill_on_drop: false }`
[INFO] running `Command { std: "docker" "rm" "-f" "3741a9761219edb779e046c56135519986c8f88e599ce0e963c50b3d164fe90f", kill_on_drop: false }`
[INFO] [stdout] 3741a9761219edb779e046c56135519986c8f88e599ce0e963c50b3d164fe90f
[INFO] running `Command { std: "docker" "create" "-v" "/var/lib/crater-agent-workspace/builds/worker-4-tc2/target:/opt/rustwide/target:rw,Z" "-v" "/var/lib/crater-agent-workspace/builds/worker-4-tc2/source:/opt/rustwide/workdir:ro,Z" "-v" "/var/lib/crater-agent-workspace/cargo-home:/opt/rustwide/cargo-home:ro,Z" "-v" "/var/lib/crater-agent-workspace/rustup-home:/opt/rustwide/rustup-home:ro,Z" "-e" "SOURCE_DIR=/opt/rustwide/workdir" "-e" "CARGO_TARGET_DIR=/opt/rustwide/target" "-e" "CARGO_INCREMENTAL=0" "-e" "RUST_BACKTRACE=full" "-e" "RUSTFLAGS=--cap-lints=warn" "-e" "RUSTDOCFLAGS=--cap-lints=warn" "-e" "CARGO_HOME=/opt/rustwide/cargo-home" "-e" "RUSTUP_HOME=/opt/rustwide/rustup-home" "-w" "/opt/rustwide/workdir" "-m" "1610612736" "--user" "0:0" "--network" "none" "ghcr.io/rust-lang/crates-build-env/linux@sha256:2788e3201cd34a07e3172128adcd8b3090168a8e3bcc40d7c032b9dda1df7d1c" "/opt/rustwide/cargo-home/bin/cargo" "+beta-2023-12-22" "test" "--frozen" "--no-run" "--message-format=json", kill_on_drop: false }`
[INFO] [stdout] 6bb73862343150f371a44c035725b5649dd3e74e97dfc66e84def40cfc9be49d
[INFO] running `Command { std: "docker" "start" "-a" "6bb73862343150f371a44c035725b5649dd3e74e97dfc66e84def40cfc9be49d", kill_on_drop: false }`
[INFO] [stderr] warning: profiles for the non root package will be ignored, specify profiles at the workspace root:
[INFO] [stderr] package:   /opt/rustwide/workdir/examples/canvas_webgl_minimal/Cargo.toml
[INFO] [stderr] workspace: /opt/rustwide/workdir/Cargo.toml
[INFO] [stderr] warning: profiles for the non root package will be ignored, specify profiles at the workspace root:
[INFO] [stderr] package:   /opt/rustwide/workdir/web_canvas/Cargo.toml
[INFO] [stderr] workspace: /opt/rustwide/workdir/Cargo.toml
[INFO] [stdout] warning: use of deprecated method `image::DynamicImage::to_luma`: replaced by `to_luma8`
[INFO] [stdout]    --> gpu/src/lib.rs:133:35
[INFO] [stdout]     |
[INFO] [stdout] 133 |                 let image = image.to_luma();
[INFO] [stdout]     |                                   ^^^^^^^
[INFO] [stdout]     |
[INFO] [stdout]     = note: `#[warn(deprecated)]` on by default
[INFO] [stdout] 
[INFO] [stdout] 
[INFO] [stdout] warning: use of deprecated method `image::DynamicImage::to_rgba`: replaced by `to_rgba8`
[INFO] [stdout]    --> gpu/src/lib.rs:138:35
[INFO] [stdout]     |
[INFO] [stdout] 138 |                 let image = image.to_rgba();
[INFO] [stdout]     |                                   ^^^^^^^
[INFO] [stdout] 
[INFO] [stdout] 
[INFO] [stdout] warning: use of deprecated method `image::DynamicImage::to_luma`: replaced by `to_luma8`
[INFO] [stdout]    --> gpu/src/lib.rs:155:35
[INFO] [stdout]     |
[INFO] [stdout] 155 |                 let image = image.to_luma();
[INFO] [stdout]     |                                   ^^^^^^^
[INFO] [stdout] 
[INFO] [stdout] 
[INFO] [stdout] warning: use of deprecated method `image::DynamicImage::to_rgba`: replaced by `to_rgba8`
[INFO] [stdout]    --> gpu/src/lib.rs:161:35
[INFO] [stdout]     |
[INFO] [stdout] 161 |                 let image = image.to_rgba();
[INFO] [stdout]     |                                   ^^^^^^^
[INFO] [stdout] 
[INFO] [stdout] 
[INFO] [stdout] warning: 4 warnings emitted
[INFO] [stdout] 
[INFO] [stdout] 
[INFO] [stdout] warning: variable does not need to be mutable
[INFO] [stdout]    --> renderer/src/gpu/renderer.rs:649:13
[INFO] [stdout]     |
[INFO] [stdout] 649 |         let mut render_target =
[INFO] [stdout]     |             ----^^^^^^^^^^^^^
[INFO] [stdout]     |             |
[INFO] [stdout]     |             help: remove this `mut`
[INFO] [stdout]     |
[INFO] [stdout]     = note: `#[warn(unused_mut)]` on by default
[INFO] [stdout] 
[INFO] [stdout] 
[INFO] [stdout] warning: variable does not need to be mutable
[INFO] [stdout]    --> renderer/src/paint.rs:590:17
[INFO] [stdout]     |
[INFO] [stdout] 590 |             let mut color_texture_metadata = match metadata.color_texture_metadata {
[INFO] [stdout]     |                 ----^^^^^^^^^^^^^^^^^^^^^^
[INFO] [stdout]     |                 |
[INFO] [stdout]     |                 help: remove this `mut`
[INFO] [stdout] 
[INFO] [stdout] 
[INFO] [stdout] warning: variable does not need to be mutable
[INFO] [stdout]    --> renderer/src/paint.rs:846:13
[INFO] [stdout]     |
[INFO] [stdout] 846 |         let mut data = self.tiles.last_mut().unwrap();
[INFO] [stdout]     |             ----^^^^
[INFO] [stdout]     |             |
[INFO] [stdout]     |             help: remove this `mut`
[INFO] [stdout] 
[INFO] [stdout] 
[INFO] [stdout] warning: fields `tile_count`, `z_buffer_id`, and `tile_vertex_buffer_id` are never read
[INFO] [stdout]    --> renderer/src/gpu/d3d9/renderer.rs:565:16
[INFO] [stdout]     |
[INFO] [stdout] 564 | pub(crate) struct TileBatchInfoD3D9 {
[INFO] [stdout]     |                   ----------------- fields in this struct
[INFO] [stdout] 565 |     pub(crate) tile_count: u32,
[INFO] [stdout]     |                ^^^^^^^^^^
[INFO] [stdout] 566 |     pub(crate) z_buffer_id: GeneralBufferID,
[INFO] [stdout]     |                ^^^^^^^^^^^
[INFO] [stdout] 567 |     tile_vertex_buffer_id: GeneralBufferID,
[INFO] [stdout]     |     ^^^^^^^^^^^^^^^^^^^^^
[INFO] [stdout]     |
[INFO] [stdout]     = note: `TileBatchInfoD3D9` has a derived impl for the trait `Clone`, but this is intentionally ignored during dead code analysis
[INFO] [stdout]     = note: `#[warn(dead_code)]` on by default
[INFO] [stdout] 
[INFO] [stdout] 
[INFO] [stdout] warning: field `tile_count` is never read
[INFO] [stdout]    --> renderer/src/gpu/d3d11/renderer.rs:802:5
[INFO] [stdout]     |
[INFO] [stdout] 801 | struct TileBatchInfoD3D11 {
[INFO] [stdout]     |        ------------------ field in this struct
[INFO] [stdout] 802 |     tile_count: u32,
[INFO] [stdout]     |     ^^^^^^^^^^
[INFO] [stdout]     |
[INFO] [stdout]     = note: `TileBatchInfoD3D11` has a derived impl for the trait `Clone`, but this is intentionally ignored during dead code analysis
[INFO] [stdout] 
[INFO] [stdout] 
[INFO] [stdout] warning: field `border` is never read
[INFO] [stdout]    --> renderer/src/paint.rs:350:16
[INFO] [stdout]     |
[INFO] [stdout] 334 | pub(crate) struct PaintColorTextureMetadata {
[INFO] [stdout]     |                   ------------------------- field in this struct
[INFO] [stdout] ...
[INFO] [stdout] 350 |     pub(crate) border: Vector2I,
[INFO] [stdout]     |                ^^^^^^
[INFO] [stdout]     |
[INFO] [stdout]     = note: `PaintColorTextureMetadata` has a derived impl for the trait `Debug`, but this is intentionally ignored during dead code analysis
[INFO] [stdout] 
[INFO] [stdout] 
[INFO] [stdout] warning: fields `line` and `radii` are never read
[INFO] [stdout]    --> renderer/src/paint.rs:356:16
[INFO] [stdout]     |
[INFO] [stdout] 354 | pub(crate) struct RadialGradientMetadata {
[INFO] [stdout]     |                   ---------------------- fields in this struct
[INFO] [stdout] 355 |     /// The line segment that connects the two circles.
[INFO] [stdout] 356 |     pub(crate) line: LineSegment2F,
[INFO] [stdout]     |                ^^^^
[INFO] [stdout] 357 |     /// The radii of the two circles.
[INFO] [stdout] 358 |     pub(crate) radii: F32x2,
[INFO] [stdout]     |                ^^^^^
[INFO] [stdout]     |
[INFO] [stdout]     = note: `RadialGradientMetadata` has derived impls for the traits `Debug` and `Clone`, but these are intentionally ignored during dead code analysis
[INFO] [stdout] 
[INFO] [stdout] 
[INFO] [stdout] warning: field `name` is never read
[INFO] [stdout]    --> renderer/src/scene.rs:495:5
[INFO] [stdout]     |
[INFO] [stdout] 493 | pub struct RenderTarget {
[INFO] [stdout]     |            ------------ field in this struct
[INFO] [stdout] 494 |     size: Vector2I,
[INFO] [stdout] 495 |     name: String,
[INFO] [stdout]     |     ^^^^
[INFO] [stdout]     |
[INFO] [stdout]     = note: `RenderTarget` has derived impls for the traits `Debug` and `Clone`, but these are intentionally ignored during dead code analysis
[INFO] [stdout] 
[INFO] [stdout] 
[INFO] [stdout] warning: field `bounds` is never read
[INFO] [stdout]   --> renderer/src/builder.rs:63:9
[INFO] [stdout]    |
[INFO] [stdout] 60 | pub(crate) struct ObjectBuilder {
[INFO] [stdout]    |                   ------------- field in this struct
[INFO] [stdout] ...
[INFO] [stdout] 63 |     pub bounds: RectF,
[INFO] [stdout]    |         ^^^^^^
[INFO] [stdout]    |
[INFO] [stdout]    = note: `ObjectBuilder` has a derived impl for the trait `Debug`, but this is intentionally ignored during dead code analysis
[INFO] [stdout] 
[INFO] [stdout] 
[INFO] [stdout] warning: fields `sampling_flags_1` and `mask_0_fill_rule` are never read
[INFO] [stdout]   --> renderer/src/builder.rs:74:5
[INFO] [stdout]    |
[INFO] [stdout] 68 | struct BuiltDrawPath {
[INFO] [stdout]    |        ------------- fields in this struct
[INFO] [stdout] ...
[INFO] [stdout] 74 |     sampling_flags_1: TextureSamplingFlags,
[INFO] [stdout]    |     ^^^^^^^^^^^^^^^^
[INFO] [stdout] 75 |     mask_0_fill_rule: FillRule,
[INFO] [stdout]    |     ^^^^^^^^^^^^^^^^
[INFO] [stdout]    |
[INFO] [stdout]    = note: `BuiltDrawPath` has derived impls for the traits `Debug` and `Clone`, but these are intentionally ignored during dead code analysis
[INFO] [stdout] 
[INFO] [stdout] 
[INFO] [stdout] warning: fields `fill_rule` and `clip_path_id` are never read
[INFO] [stdout]    --> renderer/src/builder.rs:102:9
[INFO] [stdout]     |
[INFO] [stdout] 99  | pub(crate) struct BuiltPath {
[INFO] [stdout]     |                   --------- fields in this struct
[INFO] [stdout] ...
[INFO] [stdout] 102 |     pub fill_rule: FillRule,
[INFO] [stdout]     |         ^^^^^^^^^
[INFO] [stdout] 103 |     pub clip_path_id: Option<ClipPathId>,
[INFO] [stdout]     |         ^^^^^^^^^^^^
[INFO] [stdout]     |
[INFO] [stdout]     = note: `BuiltPath` has derived impls for the traits `Debug` and `Clone`, but these are intentionally ignored during dead code analysis
[INFO] [stdout] 
[INFO] [stdout] 
[INFO] [stdout] warning: field `coords` is never read
[INFO] [stdout]    --> renderer/src/builder.rs:132:16
[INFO] [stdout]     |
[INFO] [stdout] 131 | pub(crate) struct Occluder {
[INFO] [stdout]     |                   -------- field in this struct
[INFO] [stdout] 132 |     pub(crate) coords: Vector2I,
[INFO] [stdout]     |                ^^^^^^
[INFO] [stdout]     |
[INFO] [stdout]     = note: `Occluder` has derived impls for the traits `Debug` and `Clone`, but these are intentionally ignored during dead code analysis
[INFO] [stdout] 
[INFO] [stdout] 
[INFO] [stdout] warning: 12 warnings emitted
[INFO] [stdout] 
[INFO] [stdout] 
[INFO] [stdout] warning: calls to `std::mem::drop` with a value that implements `Copy` does nothing
[INFO] [stdout]   --> canvas/src/text.rs:81:9
[INFO] [stdout]    |
[INFO] [stdout] 81 |            drop(self.canvas_font_context
[INFO] [stdout]    |  __________^____-
[INFO] [stdout]    | | _________|
[INFO] [stdout]    | ||
[INFO] [stdout] 82 | ||                  .0
[INFO] [stdout] 83 | ||                  .borrow_mut()
[INFO] [stdout] 84 | ||                  .font_context
[INFO] [stdout] ...  ||
[INFO] [stdout] 94 | ||                                   paint_id,
[INFO] [stdout] 95 | ||                               }));
[INFO] [stdout]    | ||________________________________-^
[INFO] [stdout]    | |_________________________________|
[INFO] [stdout]    |                                   argument has type `Result<(), GlyphLoadingError>`
[INFO] [stdout]    |
[INFO] [stdout]    = note: use `let _ = ...` to ignore the expression or result
[INFO] [stdout]    = note: `#[warn(dropping_copy_types)]` on by default
[INFO] [stdout] 
[INFO] [stdout] 
[INFO] [stdout] warning: 1 warning emitted
[INFO] [stdout] 
[INFO] [stdout] 
[INFO] [stderr]    Compiling quickcheck v0.9.2
[INFO] [stdout] warning: field `hidden_field_for_future_proofing` is never read
[INFO] [stdout]    --> demo/common/src/lib.rs:635:5
[INFO] [stdout]     |
[INFO] [stdout] 627 | pub struct Options {
[INFO] [stdout]     |            ------- field in this struct
[INFO] [stdout] ...
[INFO] [stdout] 635 |     hidden_field_for_future_proofing: (),
[INFO] [stdout]     |     ^^^^^^^^^^^^^^^^^^^^^^^^^^^^^^^^
[INFO] [stdout]     |
[INFO] [stdout]     = note: `Options` has a derived impl for the trait `Clone`, but this is intentionally ignored during dead code analysis
[INFO] [stdout]     = note: `#[warn(dead_code)]` on by default
[INFO] [stdout] 
[INFO] [stdout] 
[INFO] [stdout] warning: 1 warning emitted
[INFO] [stdout] 
[INFO] [stdout] 
[INFO] [stderr]    Compiling pathfinder_demo v0.1.0 (/opt/rustwide/workdir/demo/common)
[INFO] [stderr]    Compiling lottie_basic v0.1.0 (/opt/rustwide/workdir/examples/lottie_basic)
[INFO] [stderr]    Compiling canvas_moire v0.1.0 (/opt/rustwide/workdir/examples/canvas_moire)
[INFO] [stderr]    Compiling canvas_minimal v0.1.0 (/opt/rustwide/workdir/examples/canvas_minimal)
[INFO] [stderr]    Compiling pathfinder_swf v0.1.0 (/opt/rustwide/workdir/swf)
[INFO] [stderr]    Compiling area-lut v0.2.0 (/opt/rustwide/workdir/utils/area-lut)
[INFO] [stderr]    Compiling swf_basic v0.1.0 (/opt/rustwide/workdir/examples/swf_basic)
[INFO] [stderr]    Compiling pathfinder_c v0.1.0 (/opt/rustwide/workdir/c)
[INFO] [stderr]    Compiling canvas_text v0.1.0 (/opt/rustwide/workdir/examples/canvas_text)
[INFO] [stderr]    Compiling generate-gamma-lut v0.1.0 (/opt/rustwide/workdir/utils/gamma-lut)
[INFO] [stderr]    Compiling convert v0.1.0 (/opt/rustwide/workdir/utils/convert)
[INFO] [stderr]    Compiling demo v0.1.0 (/opt/rustwide/workdir/demo/native)
[INFO] [stderr]    Compiling canvas_glutin_minimal v0.1.0 (/opt/rustwide/workdir/examples/canvas_glutin_minimal)
[INFO] [stderr]    Compiling pathfinder_export v0.1.0 (/opt/rustwide/workdir/export)
[INFO] [stderr]    Compiling pathfinder_canvas v0.5.0 (/opt/rustwide/workdir/canvas)
[INFO] [stderr]    Compiling pathfinder_text v0.5.0 (/opt/rustwide/workdir/text)
[INFO] [stdout] warning: unused import: `Vector2F`
[INFO] [stdout]  --> canvas/src/tests.rs:6:35
[INFO] [stdout]   |
[INFO] [stdout] 6 | use pathfinder_geometry::vector::{Vector2F, vec2f};
[INFO] [stdout]   |                                   ^^^^^^^^
[INFO] [stdout]   |
[INFO] [stdout]   = note: `#[warn(unused_imports)]` on by default
[INFO] [stdout] 
[INFO] [stdout] 
[INFO] [stdout] warning: calls to `std::mem::drop` with a value that implements `Copy` does nothing
[INFO] [stdout]   --> canvas/src/text.rs:81:9
[INFO] [stdout]    |
[INFO] [stdout] 81 |            drop(self.canvas_font_context
[INFO] [stdout]    |  __________^____-
[INFO] [stdout]    | | _________|
[INFO] [stdout]    | ||
[INFO] [stdout] 82 | ||                  .0
[INFO] [stdout] 83 | ||                  .borrow_mut()
[INFO] [stdout] 84 | ||                  .font_context
[INFO] [stdout] ...  ||
[INFO] [stdout] 94 | ||                                   paint_id,
[INFO] [stdout] 95 | ||                               }));
[INFO] [stdout]    | ||________________________________-^
[INFO] [stdout]    | |_________________________________|
[INFO] [stdout]    |                                   argument has type `Result<(), GlyphLoadingError>`
[INFO] [stdout]    |
[INFO] [stdout]    = note: use `let _ = ...` to ignore the expression or result
[INFO] [stdout]    = note: `#[warn(dropping_copy_types)]` on by default
[INFO] [stdout] 
[INFO] [stdout] 
[INFO] [stderr]    Compiling svg-to-skia v0.1.0 (/opt/rustwide/workdir/utils/svg-to-skia)
[INFO] [stderr]    Compiling pathfinder_svg v0.5.0 (/opt/rustwide/workdir/svg)
[INFO] [stderr]    Compiling pathfinder_ui v0.5.0 (/opt/rustwide/workdir/ui)
[INFO] [stderr]    Compiling pathfinder_gl v0.5.0 (/opt/rustwide/workdir/gl)
[INFO] [stderr]    Compiling pathfinder_gpu v0.5.0 (/opt/rustwide/workdir/gpu)
[INFO] [stderr]    Compiling pathfinder_geometry v0.5.1 (/opt/rustwide/workdir/geometry)
[INFO] [stderr]    Compiling pathfinder_lottie v0.1.0 (/opt/rustwide/workdir/lottie)
[INFO] [stderr]    Compiling pathfinder_simd v0.5.1 (/opt/rustwide/workdir/simd)
[INFO] [stdout] warning: use of deprecated method `image::DynamicImage::to_luma`: replaced by `to_luma8`
[INFO] [stdout]    --> gpu/src/lib.rs:133:35
[INFO] [stdout]     |
[INFO] [stdout] 133 |                 let image = image.to_luma();
[INFO] [stdout]     |                                   ^^^^^^^
[INFO] [stdout]     |
[INFO] [stdout]     = note: `#[warn(deprecated)]` on by default
[INFO] [stdout] 
[INFO] [stdout] 
[INFO] [stdout] warning: use of deprecated method `image::DynamicImage::to_rgba`: replaced by `to_rgba8`
[INFO] [stdout]    --> gpu/src/lib.rs:138:35
[INFO] [stdout]     |
[INFO] [stdout] 138 |                 let image = image.to_rgba();
[INFO] [stdout]     |                                   ^^^^^^^
[INFO] [stdout] 
[INFO] [stdout] 
[INFO] [stdout] warning: use of deprecated method `image::DynamicImage::to_luma`: replaced by `to_luma8`
[INFO] [stdout]    --> gpu/src/lib.rs:155:35
[INFO] [stdout]     |
[INFO] [stdout] 155 |                 let image = image.to_luma();
[INFO] [stdout]     |                                   ^^^^^^^
[INFO] [stdout] 
[INFO] [stdout] 
[INFO] [stdout] warning: use of deprecated method `image::DynamicImage::to_rgba`: replaced by `to_rgba8`
[INFO] [stdout]    --> gpu/src/lib.rs:161:35
[INFO] [stdout]     |
[INFO] [stdout] 161 |                 let image = image.to_rgba();
[INFO] [stdout]     |                                   ^^^^^^^
[INFO] [stdout] 
[INFO] [stdout] 
[INFO] [stdout] warning: calls to `std::mem::drop` with a value that implements `Copy` does nothing
[INFO] [stdout]    --> demo/native/src/main.rs:218:13
[INFO] [stdout]     |
[INFO] [stdout] 218 |             drop(event_queue.event_loop_proxy.wakeup());
[INFO] [stdout]     |             ^^^^^-------------------------------------^
[INFO] [stdout]     |                  |
[INFO] [stdout]     |                  argument has type `Result<(), EventsLoopClosed>`
[INFO] [stdout]     |
[INFO] [stdout]     = note: use `let _ = ...` to ignore the expression or result
[INFO] [stdout]     = note: `#[warn(dropping_copy_types)]` on by default
[INFO] [stdout] 
[INFO] [stdout] 
[INFO] [stdout] warning: calls to `std::mem::drop` with a value that implements `Copy` does nothing
[INFO] [stdout]    --> demo/native/src/main.rs:242:9
[INFO] [stdout]     |
[INFO] [stdout] 242 |         drop(event_queue.event_loop_proxy.wakeup());
[INFO] [stdout]     |         ^^^^^-------------------------------------^
[INFO] [stdout]     |              |
[INFO] [stdout]     |              argument has type `Result<(), EventsLoopClosed>`
[INFO] [stdout]     |
[INFO] [stdout]     = note: use `let _ = ...` to ignore the expression or result
[INFO] [stdout] 
[INFO] [stdout] 
[INFO] [stdout] warning: field `hidden_field_for_future_proofing` is never read
[INFO] [stdout]    --> demo/common/src/lib.rs:635:5
[INFO] [stdout]     |
[INFO] [stdout] 627 | pub struct Options {
[INFO] [stdout]     |            ------- field in this struct
[INFO] [stdout] ...
[INFO] [stdout] 635 |     hidden_field_for_future_proofing: (),
[INFO] [stdout]     |     ^^^^^^^^^^^^^^^^^^^^^^^^^^^^^^^^
[INFO] [stdout]     |
[INFO] [stdout]     = note: `Options` has a derived impl for the trait `Clone`, but this is intentionally ignored during dead code analysis
[INFO] [stdout]     = note: `#[warn(dead_code)]` on by default
[INFO] [stdout] 
[INFO] [stdout] 
[INFO] [stderr]    Compiling pathfinder_content v0.5.0 (/opt/rustwide/workdir/content)
[INFO] [stderr]    Compiling pathfinder_renderer v0.5.0 (/opt/rustwide/workdir/renderer)
[INFO] [stdout] warning: 4 warnings emitted
[INFO] [stdout] 
[INFO] [stdout] 
[INFO] [stdout] warning: 1 warning emitted
[INFO] [stdout] 
[INFO] [stdout] 
[INFO] [stdout] warning: variable does not need to be mutable
[INFO] [stdout]    --> renderer/src/gpu/renderer.rs:649:13
[INFO] [stdout]     |
[INFO] [stdout] 649 |         let mut render_target =
[INFO] [stdout]     |             ----^^^^^^^^^^^^^
[INFO] [stdout]     |             |
[INFO] [stdout]     |             help: remove this `mut`
[INFO] [stdout]     |
[INFO] [stdout]     = note: `#[warn(unused_mut)]` on by default
[INFO] [stdout] 
[INFO] [stdout] 
[INFO] [stdout] warning: variable does not need to be mutable
[INFO] [stdout]    --> renderer/src/paint.rs:590:17
[INFO] [stdout]     |
[INFO] [stdout] 590 |             let mut color_texture_metadata = match metadata.color_texture_metadata {
[INFO] [stdout]     |                 ----^^^^^^^^^^^^^^^^^^^^^^
[INFO] [stdout]     |                 |
[INFO] [stdout]     |                 help: remove this `mut`
[INFO] [stdout] 
[INFO] [stdout] 
[INFO] [stdout] warning: variable does not need to be mutable
[INFO] [stdout]    --> renderer/src/paint.rs:846:13
[INFO] [stdout]     |
[INFO] [stdout] 846 |         let mut data = self.tiles.last_mut().unwrap();
[INFO] [stdout]     |             ----^^^^
[INFO] [stdout]     |             |
[INFO] [stdout]     |             help: remove this `mut`
[INFO] [stdout] 
[INFO] [stdout] 
[INFO] [stdout] warning: fields `tile_count`, `z_buffer_id`, and `tile_vertex_buffer_id` are never read
[INFO] [stdout]    --> renderer/src/gpu/d3d9/renderer.rs:565:16
[INFO] [stdout]     |
[INFO] [stdout] 564 | pub(crate) struct TileBatchInfoD3D9 {
[INFO] [stdout]     |                   ----------------- fields in this struct
[INFO] [stdout] 565 |     pub(crate) tile_count: u32,
[INFO] [stdout]     |                ^^^^^^^^^^
[INFO] [stdout] 566 |     pub(crate) z_buffer_id: GeneralBufferID,
[INFO] [stdout]     |                ^^^^^^^^^^^
[INFO] [stdout] 567 |     tile_vertex_buffer_id: GeneralBufferID,
[INFO] [stdout]     |     ^^^^^^^^^^^^^^^^^^^^^
[INFO] [stdout]     |
[INFO] [stdout]     = note: `TileBatchInfoD3D9` has a derived impl for the trait `Clone`, but this is intentionally ignored during dead code analysis
[INFO] [stdout]     = note: `#[warn(dead_code)]` on by default
[INFO] [stdout] 
[INFO] [stdout] 
[INFO] [stdout] warning: field `tile_count` is never read
[INFO] [stdout]    --> renderer/src/gpu/d3d11/renderer.rs:802:5
[INFO] [stdout]     |
[INFO] [stdout] 801 | struct TileBatchInfoD3D11 {
[INFO] [stdout]     |        ------------------ field in this struct
[INFO] [stdout] 802 |     tile_count: u32,
[INFO] [stdout]     |     ^^^^^^^^^^
[INFO] [stdout]     |
[INFO] [stdout]     = note: `TileBatchInfoD3D11` has a derived impl for the trait `Clone`, but this is intentionally ignored during dead code analysis
[INFO] [stdout] 
[INFO] [stdout] 
[INFO] [stdout] warning: field `border` is never read
[INFO] [stdout]    --> renderer/src/paint.rs:350:16
[INFO] [stdout]     |
[INFO] [stdout] 334 | pub(crate) struct PaintColorTextureMetadata {
[INFO] [stdout]     |                   ------------------------- field in this struct
[INFO] [stdout] ...
[INFO] [stdout] 350 |     pub(crate) border: Vector2I,
[INFO] [stdout]     |                ^^^^^^
[INFO] [stdout]     |
[INFO] [stdout]     = note: `PaintColorTextureMetadata` has a derived impl for the trait `Debug`, but this is intentionally ignored during dead code analysis
[INFO] [stdout] 
[INFO] [stdout] 
[INFO] [stdout] warning: fields `line` and `radii` are never read
[INFO] [stdout]    --> renderer/src/paint.rs:356:16
[INFO] [stdout]     |
[INFO] [stdout] 354 | pub(crate) struct RadialGradientMetadata {
[INFO] [stdout]     |                   ---------------------- fields in this struct
[INFO] [stdout] 355 |     /// The line segment that connects the two circles.
[INFO] [stdout] 356 |     pub(crate) line: LineSegment2F,
[INFO] [stdout]     |                ^^^^
[INFO] [stdout] 357 |     /// The radii of the two circles.
[INFO] [stdout] 358 |     pub(crate) radii: F32x2,
[INFO] [stdout]     |                ^^^^^
[INFO] [stdout]     |
[INFO] [stdout]     = note: `RadialGradientMetadata` has derived impls for the traits `Debug` and `Clone`, but these are intentionally ignored during dead code analysis
[INFO] [stdout] 
[INFO] [stdout] 
[INFO] [stdout] warning: field `name` is never read
[INFO] [stdout]    --> renderer/src/scene.rs:495:5
[INFO] [stdout]     |
[INFO] [stdout] 493 | pub struct RenderTarget {
[INFO] [stdout]     |            ------------ field in this struct
[INFO] [stdout] 494 |     size: Vector2I,
[INFO] [stdout] 495 |     name: String,
[INFO] [stdout]     |     ^^^^
[INFO] [stdout]     |
[INFO] [stdout]     = note: `RenderTarget` has derived impls for the traits `Debug` and `Clone`, but these are intentionally ignored during dead code analysis
[INFO] [stdout] 
[INFO] [stdout] 
[INFO] [stdout] warning: field `bounds` is never read
[INFO] [stdout]   --> renderer/src/builder.rs:63:9
[INFO] [stdout]    |
[INFO] [stdout] 60 | pub(crate) struct ObjectBuilder {
[INFO] [stdout]    |                   ------------- field in this struct
[INFO] [stdout] ...
[INFO] [stdout] 63 |     pub bounds: RectF,
[INFO] [stdout]    |         ^^^^^^
[INFO] [stdout]    |
[INFO] [stdout]    = note: `ObjectBuilder` has a derived impl for the trait `Debug`, but this is intentionally ignored during dead code analysis
[INFO] [stdout] 
[INFO] [stdout] 
[INFO] [stdout] warning: fields `sampling_flags_1` and `mask_0_fill_rule` are never read
[INFO] [stdout]   --> renderer/src/builder.rs:74:5
[INFO] [stdout]    |
[INFO] [stdout] 68 | struct BuiltDrawPath {
[INFO] [stdout]    |        ------------- fields in this struct
[INFO] [stdout] ...
[INFO] [stdout] 74 |     sampling_flags_1: TextureSamplingFlags,
[INFO] [stdout]    |     ^^^^^^^^^^^^^^^^
[INFO] [stdout] 75 |     mask_0_fill_rule: FillRule,
[INFO] [stdout]    |     ^^^^^^^^^^^^^^^^
[INFO] [stdout]    |
[INFO] [stdout]    = note: `BuiltDrawPath` has derived impls for the traits `Debug` and `Clone`, but these are intentionally ignored during dead code analysis
[INFO] [stdout] 
[INFO] [stdout] 
[INFO] [stdout] warning: fields `fill_rule` and `clip_path_id` are never read
[INFO] [stdout]    --> renderer/src/builder.rs:102:9
[INFO] [stdout]     |
[INFO] [stdout] 99  | pub(crate) struct BuiltPath {
[INFO] [stdout]     |                   --------- fields in this struct
[INFO] [stdout] ...
[INFO] [stdout] 102 |     pub fill_rule: FillRule,
[INFO] [stdout]     |         ^^^^^^^^^
[INFO] [stdout] 103 |     pub clip_path_id: Option<ClipPathId>,
[INFO] [stdout]     |         ^^^^^^^^^^^^
[INFO] [stdout]     |
[INFO] [stdout]     = note: `BuiltPath` has derived impls for the traits `Debug` and `Clone`, but these are intentionally ignored during dead code analysis
[INFO] [stdout] 
[INFO] [stdout] 
[INFO] [stdout] warning: field `coords` is never read
[INFO] [stdout]    --> renderer/src/builder.rs:132:16
[INFO] [stdout]     |
[INFO] [stdout] 131 | pub(crate) struct Occluder {
[INFO] [stdout]     |                   -------- field in this struct
[INFO] [stdout] 132 |     pub(crate) coords: Vector2I,
[INFO] [stdout]     |                ^^^^^^
[INFO] [stdout]     |
[INFO] [stdout]     = note: `Occluder` has derived impls for the traits `Debug` and `Clone`, but these are intentionally ignored during dead code analysis
[INFO] [stdout] 
[INFO] [stdout] 
[INFO] [stdout] warning: 2 warnings emitted
[INFO] [stdout] 
[INFO] [stdout] 
[INFO] [stdout] warning: 2 warnings emitted
[INFO] [stdout] 
[INFO] [stdout] 
[INFO] [stdout] warning: 12 warnings emitted
[INFO] [stdout] 
[INFO] [stdout] 
[INFO] [stderr]     Finished test [unoptimized + debuginfo] target(s) in 4.35s
[INFO] [stderr] warning: the following packages contain code that will be rejected by a future version of Rust: fs_extra v1.2.0, nfd v0.0.4, nom v5.1.2
[INFO] [stderr] note: to see what the problems were, use the option `--future-incompat-report`, or run `cargo report future-incompatibilities --id 1`
[INFO] running `Command { std: "docker" "inspect" "6bb73862343150f371a44c035725b5649dd3e74e97dfc66e84def40cfc9be49d", kill_on_drop: false }`
[INFO] running `Command { std: "docker" "rm" "-f" "6bb73862343150f371a44c035725b5649dd3e74e97dfc66e84def40cfc9be49d", kill_on_drop: false }`
[INFO] [stdout] 6bb73862343150f371a44c035725b5649dd3e74e97dfc66e84def40cfc9be49d
[INFO] running `Command { std: "docker" "create" "-v" "/var/lib/crater-agent-workspace/builds/worker-4-tc2/target:/opt/rustwide/target:rw,Z" "-v" "/var/lib/crater-agent-workspace/builds/worker-4-tc2/source:/opt/rustwide/workdir:ro,Z" "-v" "/var/lib/crater-agent-workspace/cargo-home:/opt/rustwide/cargo-home:ro,Z" "-v" "/var/lib/crater-agent-workspace/rustup-home:/opt/rustwide/rustup-home:ro,Z" "-e" "SOURCE_DIR=/opt/rustwide/workdir" "-e" "CARGO_TARGET_DIR=/opt/rustwide/target" "-e" "CARGO_INCREMENTAL=0" "-e" "RUST_BACKTRACE=full" "-e" "RUSTFLAGS=--cap-lints=warn" "-e" "RUSTDOCFLAGS=--cap-lints=warn" "-e" "CARGO_HOME=/opt/rustwide/cargo-home" "-e" "RUSTUP_HOME=/opt/rustwide/rustup-home" "-w" "/opt/rustwide/workdir" "-m" "1610612736" "--user" "0:0" "--network" "none" "ghcr.io/rust-lang/crates-build-env/linux@sha256:2788e3201cd34a07e3172128adcd8b3090168a8e3bcc40d7c032b9dda1df7d1c" "/opt/rustwide/cargo-home/bin/cargo" "+beta-2023-12-22" "test" "--frozen", kill_on_drop: false }`
[INFO] [stdout] 2506f4c50ccaf1a561edb6b8427a374829428b1bc753f6855b6ab6a38b3b6a9c
[INFO] running `Command { std: "docker" "start" "-a" "2506f4c50ccaf1a561edb6b8427a374829428b1bc753f6855b6ab6a38b3b6a9c", kill_on_drop: false }`
[INFO] [stderr] warning: profiles for the non root package will be ignored, specify profiles at the workspace root:
[INFO] [stderr] package:   /opt/rustwide/workdir/examples/canvas_webgl_minimal/Cargo.toml
[INFO] [stderr] workspace: /opt/rustwide/workdir/Cargo.toml
[INFO] [stderr] warning: profiles for the non root package will be ignored, specify profiles at the workspace root:
[INFO] [stderr] package:   /opt/rustwide/workdir/web_canvas/Cargo.toml
[INFO] [stderr] workspace: /opt/rustwide/workdir/Cargo.toml
[INFO] [stderr] warning: use of deprecated method `image::DynamicImage::to_luma`: replaced by `to_luma8`
[INFO] [stderr]    --> gpu/src/lib.rs:133:35
[INFO] [stderr]     |
[INFO] [stderr] 133 |                 let image = image.to_luma();
[INFO] [stderr]     |                                   ^^^^^^^
[INFO] [stderr]     |
[INFO] [stderr]     = note: `#[warn(deprecated)]` on by default
[INFO] [stderr] 
[INFO] [stderr] warning: use of deprecated method `image::DynamicImage::to_rgba`: replaced by `to_rgba8`
[INFO] [stderr]    --> gpu/src/lib.rs:138:35
[INFO] [stderr]     |
[INFO] [stderr] 138 |                 let image = image.to_rgba();
[INFO] [stderr]     |                                   ^^^^^^^
[INFO] [stderr] 
[INFO] [stderr] warning: use of deprecated method `image::DynamicImage::to_luma`: replaced by `to_luma8`
[INFO] [stderr]    --> gpu/src/lib.rs:155:35
[INFO] [stderr]     |
[INFO] [stderr] 155 |                 let image = image.to_luma();
[INFO] [stderr]     |                                   ^^^^^^^
[INFO] [stderr] 
[INFO] [stderr] warning: use of deprecated method `image::DynamicImage::to_rgba`: replaced by `to_rgba8`
[INFO] [stderr]    --> gpu/src/lib.rs:161:35
[INFO] [stderr]     |
[INFO] [stderr] 161 |                 let image = image.to_rgba();
[INFO] [stderr]     |                                   ^^^^^^^
[INFO] [stderr] 
[INFO] [stderr] warning: `pathfinder_gpu` (lib) generated 4 warnings
[INFO] [stderr] warning: variable does not need to be mutable
[INFO] [stderr]    --> renderer/src/gpu/renderer.rs:649:13
[INFO] [stderr]     |
[INFO] [stderr] 649 |         let mut render_target =
[INFO] [stderr]     |             ----^^^^^^^^^^^^^
[INFO] [stderr]     |             |
[INFO] [stderr]     |             help: remove this `mut`
[INFO] [stderr]     |
[INFO] [stderr]     = note: `#[warn(unused_mut)]` on by default
[INFO] [stderr] 
[INFO] [stderr] warning: variable does not need to be mutable
[INFO] [stderr]    --> renderer/src/paint.rs:590:17
[INFO] [stderr]     |
[INFO] [stderr] 590 |             let mut color_texture_metadata = match metadata.color_texture_metadata {
[INFO] [stderr]     |                 ----^^^^^^^^^^^^^^^^^^^^^^
[INFO] [stderr]     |                 |
[INFO] [stderr]     |                 help: remove this `mut`
[INFO] [stderr] 
[INFO] [stderr] warning: variable does not need to be mutable
[INFO] [stderr]    --> renderer/src/paint.rs:846:13
[INFO] [stderr]     |
[INFO] [stderr] 846 |         let mut data = self.tiles.last_mut().unwrap();
[INFO] [stderr]     |             ----^^^^
[INFO] [stderr]     |             |
[INFO] [stderr]     |             help: remove this `mut`
[INFO] [stderr] 
[INFO] [stderr] warning: fields `tile_count`, `z_buffer_id`, and `tile_vertex_buffer_id` are never read
[INFO] [stderr]    --> renderer/src/gpu/d3d9/renderer.rs:565:16
[INFO] [stderr]     |
[INFO] [stderr] 564 | pub(crate) struct TileBatchInfoD3D9 {
[INFO] [stderr]     |                   ----------------- fields in this struct
[INFO] [stderr] 565 |     pub(crate) tile_count: u32,
[INFO] [stderr]     |                ^^^^^^^^^^
[INFO] [stderr] 566 |     pub(crate) z_buffer_id: GeneralBufferID,
[INFO] [stderr]     |                ^^^^^^^^^^^
[INFO] [stderr] 567 |     tile_vertex_buffer_id: GeneralBufferID,
[INFO] [stderr]     |     ^^^^^^^^^^^^^^^^^^^^^
[INFO] [stderr]     |
[INFO] [stderr]     = note: `TileBatchInfoD3D9` has a derived impl for the trait `Clone`, but this is intentionally ignored during dead code analysis
[INFO] [stderr]     = note: `#[warn(dead_code)]` on by default
[INFO] [stderr] 
[INFO] [stderr] warning: field `tile_count` is never read
[INFO] [stderr]    --> renderer/src/gpu/d3d11/renderer.rs:802:5
[INFO] [stderr]     |
[INFO] [stderr] 801 | struct TileBatchInfoD3D11 {
[INFO] [stderr]     |        ------------------ field in this struct
[INFO] [stderr] 802 |     tile_count: u32,
[INFO] [stderr]     |     ^^^^^^^^^^
[INFO] [stderr]     |
[INFO] [stderr]     = note: `TileBatchInfoD3D11` has a derived impl for the trait `Clone`, but this is intentionally ignored during dead code analysis
[INFO] [stderr] 
[INFO] [stderr] warning: field `border` is never read
[INFO] [stderr]    --> renderer/src/paint.rs:350:16
[INFO] [stderr]     |
[INFO] [stderr] 334 | pub(crate) struct PaintColorTextureMetadata {
[INFO] [stderr]     |                   ------------------------- field in this struct
[INFO] [stderr] ...
[INFO] [stderr] 350 |     pub(crate) border: Vector2I,
[INFO] [stderr]     |                ^^^^^^
[INFO] [stderr]     |
[INFO] [stderr]     = note: `PaintColorTextureMetadata` has a derived impl for the trait `Debug`, but this is intentionally ignored during dead code analysis
[INFO] [stderr] 
[INFO] [stderr] warning: fields `line` and `radii` are never read
[INFO] [stderr]    --> renderer/src/paint.rs:356:16
[INFO] [stderr]     |
[INFO] [stderr] 354 | pub(crate) struct RadialGradientMetadata {
[INFO] [stderr]     |                   ---------------------- fields in this struct
[INFO] [stderr] 355 |     /// The line segment that connects the two circles.
[INFO] [stderr] 356 |     pub(crate) line: LineSegment2F,
[INFO] [stderr]     |                ^^^^
[INFO] [stderr] 357 |     /// The radii of the two circles.
[INFO] [stderr] 358 |     pub(crate) radii: F32x2,
[INFO] [stderr]     |                ^^^^^
[INFO] [stderr]     |
[INFO] [stderr]     = note: `RadialGradientMetadata` has derived impls for the traits `Debug` and `Clone`, but these are intentionally ignored during dead code analysis
[INFO] [stderr] 
[INFO] [stderr] warning: field `name` is never read
[INFO] [stderr]    --> renderer/src/scene.rs:495:5
[INFO] [stderr]     |
[INFO] [stderr] 493 | pub struct RenderTarget {
[INFO] [stderr]     |            ------------ field in this struct
[INFO] [stderr] 494 |     size: Vector2I,
[INFO] [stderr] 495 |     name: String,
[INFO] [stderr]     |     ^^^^
[INFO] [stderr]     |
[INFO] [stderr]     = note: `RenderTarget` has derived impls for the traits `Debug` and `Clone`, but these are intentionally ignored during dead code analysis
[INFO] [stderr] 
[INFO] [stderr] warning: field `bounds` is never read
[INFO] [stderr]   --> renderer/src/builder.rs:63:9
[INFO] [stderr]    |
[INFO] [stderr] 60 | pub(crate) struct ObjectBuilder {
[INFO] [stderr]    |                   ------------- field in this struct
[INFO] [stderr] ...
[INFO] [stderr] 63 |     pub bounds: RectF,
[INFO] [stderr]    |         ^^^^^^
[INFO] [stderr]    |
[INFO] [stderr]    = note: `ObjectBuilder` has a derived impl for the trait `Debug`, but this is intentionally ignored during dead code analysis
[INFO] [stderr] 
[INFO] [stderr] warning: fields `sampling_flags_1` and `mask_0_fill_rule` are never read
[INFO] [stderr]   --> renderer/src/builder.rs:74:5
[INFO] [stderr]    |
[INFO] [stderr] 68 | struct BuiltDrawPath {
[INFO] [stderr]    |        ------------- fields in this struct
[INFO] [stderr] ...
[INFO] [stderr] 74 |     sampling_flags_1: TextureSamplingFlags,
[INFO] [stderr]    |     ^^^^^^^^^^^^^^^^
[INFO] [stderr] 75 |     mask_0_fill_rule: FillRule,
[INFO] [stderr]    |     ^^^^^^^^^^^^^^^^
[INFO] [stderr]    |
[INFO] [stderr]    = note: `BuiltDrawPath` has derived impls for the traits `Debug` and `Clone`, but these are intentionally ignored during dead code analysis
[INFO] [stderr] 
[INFO] [stderr] warning: fields `fill_rule` and `clip_path_id` are never read
[INFO] [stderr]    --> renderer/src/builder.rs:102:9
[INFO] [stderr]     |
[INFO] [stderr] 99  | pub(crate) struct BuiltPath {
[INFO] [stderr]     |                   --------- fields in this struct
[INFO] [stderr] ...
[INFO] [stderr] 102 |     pub fill_rule: FillRule,
[INFO] [stderr]     |         ^^^^^^^^^
[INFO] [stderr] 103 |     pub clip_path_id: Option<ClipPathId>,
[INFO] [stderr]     |         ^^^^^^^^^^^^
[INFO] [stderr]     |
[INFO] [stderr]     = note: `BuiltPath` has derived impls for the traits `Debug` and `Clone`, but these are intentionally ignored during dead code analysis
[INFO] [stderr] 
[INFO] [stderr] warning: field `coords` is never read
[INFO] [stderr]    --> renderer/src/builder.rs:132:16
[INFO] [stderr]     |
[INFO] [stderr] 131 | pub(crate) struct Occluder {
[INFO] [stderr]     |                   -------- field in this struct
[INFO] [stderr] 132 |     pub(crate) coords: Vector2I,
[INFO] [stderr]     |                ^^^^^^
[INFO] [stderr]     |
[INFO] [stderr]     = note: `Occluder` has derived impls for the traits `Debug` and `Clone`, but these are intentionally ignored during dead code analysis
[INFO] [stderr] 
[INFO] [stderr] warning: `pathfinder_renderer` (lib) generated 12 warnings (run `cargo fix --lib -p pathfinder_renderer` to apply 3 suggestions)
[INFO] [stderr] warning: calls to `std::mem::drop` with a value that implements `Copy` does nothing
[INFO] [stderr]   --> canvas/src/text.rs:81:9
[INFO] [stderr]    |
[INFO] [stderr] 81 |            drop(self.canvas_font_context
[INFO] [stderr]    |  __________^____-
[INFO] [stderr]    | | _________|
[INFO] [stderr]    | ||
[INFO] [stderr] 82 | ||                  .0
[INFO] [stderr] 83 | ||                  .borrow_mut()
[INFO] [stderr] 84 | ||                  .font_context
[INFO] [stderr] ...  ||
[INFO] [stderr] 94 | ||                                   paint_id,
[INFO] [stderr] 95 | ||                               }));
[INFO] [stderr]    | ||________________________________-^
[INFO] [stderr]    | |_________________________________|
[INFO] [stderr]    |                                   argument has type `Result<(), GlyphLoadingError>`
[INFO] [stderr]    |
[INFO] [stderr]    = note: use `let _ = ...` to ignore the expression or result
[INFO] [stderr]    = note: `#[warn(dropping_copy_types)]` on by default
[INFO] [stderr] 
[INFO] [stderr] warning: `pathfinder_canvas` (lib) generated 1 warning
[INFO] [stderr] warning: field `hidden_field_for_future_proofing` is never read
[INFO] [stderr]    --> demo/common/src/lib.rs:635:5
[INFO] [stderr]     |
[INFO] [stderr] 627 | pub struct Options {
[INFO] [stderr]     |            ------- field in this struct
[INFO] [stderr] ...
[INFO] [stderr] 635 |     hidden_field_for_future_proofing: (),
[INFO] [stderr]     |     ^^^^^^^^^^^^^^^^^^^^^^^^^^^^^^^^
[INFO] [stderr]     |
[INFO] [stderr]     = note: `Options` has a derived impl for the trait `Clone`, but this is intentionally ignored during dead code analysis
[INFO] [stderr]     = note: `#[warn(dead_code)]` on by default
[INFO] [stderr] 
[INFO] [stderr] warning: `pathfinder_demo` (lib) generated 1 warning
[INFO] [stderr] warning: `pathfinder_demo` (lib test) generated 1 warning (1 duplicate)
[INFO] [stderr] warning: unused import: `Vector2F`
[INFO] [stderr]  --> canvas/src/tests.rs:6:35
[INFO] [stderr]   |
[INFO] [stderr] 6 | use pathfinder_geometry::vector::{Vector2F, vec2f};
[INFO] [stderr]   |                                   ^^^^^^^^
[INFO] [stderr]   |
[INFO] [stderr]   = note: `#[warn(unused_imports)]` on by default
[INFO] [stderr] 
[INFO] [stderr] warning: `pathfinder_renderer` (lib test) generated 12 warnings (12 duplicates)
[INFO] [stderr] warning: `pathfinder_canvas` (lib test) generated 2 warnings (1 duplicate) (run `cargo fix --lib -p pathfinder_canvas --tests` to apply 1 suggestion)
[INFO] [stderr] warning: calls to `std::mem::drop` with a value that implements `Copy` does nothing
[INFO] [stderr]    --> demo/native/src/main.rs:218:13
[INFO] [stderr]     |
[INFO] [stderr] 218 |             drop(event_queue.event_loop_proxy.wakeup());
[INFO] [stderr]     |             ^^^^^-------------------------------------^
[INFO] [stderr]     |                  |
[INFO] [stderr]     |                  argument has type `Result<(), EventsLoopClosed>`
[INFO] [stderr]     |
[INFO] [stderr]     = note: use `let _ = ...` to ignore the expression or result
[INFO] [stderr]     = note: `#[warn(dropping_copy_types)]` on by default
[INFO] [stderr] 
[INFO] [stderr] warning: calls to `std::mem::drop` with a value that implements `Copy` does nothing
[INFO] [stderr]    --> demo/native/src/main.rs:242:9
[INFO] [stderr]     |
[INFO] [stderr] 242 |         drop(event_queue.event_loop_proxy.wakeup());
[INFO] [stderr]     |         ^^^^^-------------------------------------^
[INFO] [stderr]     |              |
[INFO] [stderr]     |              argument has type `Result<(), EventsLoopClosed>`
[INFO] [stderr]     |
[INFO] [stderr]     = note: use `let _ = ...` to ignore the expression or result
[INFO] [stderr] 
[INFO] [stderr] warning: `demo` (bin "demo" test) generated 2 warnings
[INFO] [stderr] warning: `pathfinder_gpu` (lib test) generated 4 warnings (4 duplicates)
[INFO] [stderr]     Finished test [unoptimized + debuginfo] target(s) in 0.27s
[INFO] [stderr] warning: the following packages contain code that will be rejected by a future version of Rust: fs_extra v1.2.0, nfd v0.0.4, nom v5.1.2
[INFO] [stderr] note: to see what the problems were, use the option `--future-incompat-report`, or run `cargo report future-incompatibilities --id 1`
[INFO] [stderr]      Running unittests src/main.rs (/opt/rustwide/target/debug/deps/area_lut-c43854e2e2dea398)
[INFO] [stdout] 
[INFO] [stdout] running 0 tests
[INFO] [stdout] 
[INFO] [stdout] test result: ok. 0 passed; 0 failed; 0 ignored; 0 measured; 0 filtered out; finished in 0.00s
[INFO] [stdout] 
[INFO] [stderr]      Running unittests src/main.rs (/opt/rustwide/target/debug/deps/canvas_glutin_minimal-54005d34352aa215)
[INFO] [stdout] 
[INFO] [stdout] running 0 tests
[INFO] [stdout] 
[INFO] [stdout] test result: ok. 0 passed; 0 failed; 0 ignored; 0 measured; 0 filtered out; finished in 0.00s
[INFO] [stdout] 
[INFO] [stderr]      Running unittests src/main.rs (/opt/rustwide/target/debug/deps/canvas_minimal-8584685a1e3b08da)
[INFO] [stdout] 
[INFO] [stdout] running 0 tests
[INFO] [stdout] 
[INFO] [stdout] test result: ok. 0 passed; 0 failed; 0 ignored; 0 measured; 0 filtered out; finished in 0.00s
[INFO] [stdout] 
[INFO] [stderr]      Running unittests src/main.rs (/opt/rustwide/target/debug/deps/canvas_moire-03f71bb60f13e85d)
[INFO] [stdout] 
[INFO] [stdout] running 0 tests
[INFO] [stdout] 
[INFO] [stdout] test result: ok. 0 passed; 0 failed; 0 ignored; 0 measured; 0 filtered out; finished in 0.00s
[INFO] [stdout] 
[INFO] [stderr]      Running unittests src/main.rs (/opt/rustwide/target/debug/deps/canvas_text-da23c5f4448fddd1)
[INFO] [stdout] 
[INFO] [stdout] running 0 tests
[INFO] [stdout] 
[INFO] [stdout] test result: ok. 0 passed; 0 failed; 0 ignored; 0 measured; 0 filtered out; finished in 0.00s
[INFO] [stdout] 
[INFO] [stderr]      Running unittests src/main.rs (/opt/rustwide/target/debug/deps/convert-25cfbf072f22b5c7)
[INFO] [stdout] 
[INFO] [stdout] running 0 tests
[INFO] [stdout] 
[INFO] [stdout] test result: ok. 0 passed; 0 failed; 0 ignored; 0 measured; 0 filtered out; finished in 0.00s
[INFO] [stdout] 
[INFO] [stderr]      Running unittests src/main.rs (/opt/rustwide/target/debug/deps/demo-c0c1478ecbf7a879)
[INFO] [stdout] 
[INFO] [stdout] running 0 tests
[INFO] [stdout] 
[INFO] [stdout] test result: ok. 0 passed; 0 failed; 0 ignored; 0 measured; 0 filtered out; finished in 0.00s
[INFO] [stdout] 
[INFO] [stderr]      Running unittests src/main.rs (/opt/rustwide/target/debug/deps/generate_gamma_lut-5bc734d529f49558)
[INFO] [stdout] 
[INFO] [stdout] running 1 test
[INFO] [stdout] test gamma_lut::tests::gamma ... ok
[INFO] [stdout] 
[INFO] [stdout] test result: ok. 1 passed; 0 failed; 0 ignored; 0 measured; 0 filtered out; finished in 0.72s
[INFO] [stdout] 
[INFO] [stderr]      Running unittests src/main.rs (/opt/rustwide/target/debug/deps/lottie_basic-fea24130a5356a98)
[INFO] [stdout] 
[INFO] [stdout] running 0 tests
[INFO] [stdout] 
[INFO] [stdout] test result: ok. 0 passed; 0 failed; 0 ignored; 0 measured; 0 filtered out; finished in 0.00s
[INFO] [stdout] 
[INFO] [stderr]      Running unittests src/lib.rs (/opt/rustwide/target/debug/deps/pathfinder-f8273a49990d39a5)
[INFO] [stdout] 
[INFO] [stdout] running 0 tests
[INFO] [stdout] 
[INFO] [stdout] test result: ok. 0 passed; 0 failed; 0 ignored; 0 measured; 0 filtered out; finished in 0.00s
[INFO] [stdout] 
[INFO] [stderr]      Running unittests src/lib.rs (/opt/rustwide/target/debug/deps/pathfinder_canvas-5253bc1e1450ddbc)
[INFO] [stdout] 
[INFO] [stdout] running 1 test
[INFO] [stdout] test tests::test_path2d_formatting ... ok
[INFO] [stdout] 
[INFO] [stdout] test result: ok. 1 passed; 0 failed; 0 ignored; 0 measured; 0 filtered out; finished in 0.00s
[INFO] [stdout] 
[INFO] [stderr]      Running unittests src/lib.rs (/opt/rustwide/target/debug/deps/pathfinder_content-5d2765b791b47702)
[INFO] [stdout] 
[INFO] [stdout] running 2 tests
[INFO] [stdout] test gradient::test::never_sample_zero_width ... ok
[INFO] [stdout] test gradient::test::stable_order ... ok
[INFO] [stdout] 
[INFO] [stdout] test result: ok. 2 passed; 0 failed; 0 ignored; 0 measured; 0 filtered out; finished in 0.00s
[INFO] [stdout] 
[INFO] [stderr]      Running unittests src/lib.rs (/opt/rustwide/target/debug/deps/pathfinder_demo-afc8599b49e4502c)
[INFO] [stdout] 
[INFO] [stdout] running 0 tests
[INFO] [stdout] 
[INFO] [stdout] test result: ok. 0 passed; 0 failed; 0 ignored; 0 measured; 0 filtered out; finished in 0.00s
[INFO] [stdout] 
[INFO] [stderr]      Running unittests src/lib.rs (/opt/rustwide/target/debug/deps/pathfinder_export-e59da5ee434f1b84)
[INFO] [stdout] 
[INFO] [stdout] running 0 tests
[INFO] [stdout] 
[INFO] [stdout] test result: ok. 0 passed; 0 failed; 0 ignored; 0 measured; 0 filtered out; finished in 0.00s
[INFO] [stdout] 
[INFO] [stderr]      Running unittests src/lib.rs (/opt/rustwide/target/debug/deps/pathfinder_geometry-2a84a91ac2607889)
[INFO] [stdout] 
[INFO] [stdout] running 4 tests
[INFO] [stdout] test transform3d::test::test_inverse ... ok
[INFO] [stdout] test transform3d::test::test_post_mul ... ok
[INFO] [stdout] test transform3d::test::test_pre_mul ... ok
[INFO] [stdout] test transform3d::test::test_transform_point ... ok
[INFO] [stdout] 
[INFO] [stdout] test result: ok. 4 passed; 0 failed; 0 ignored; 0 measured; 0 filtered out; finished in 0.00s
[INFO] [stdout] 
[INFO] [stderr]      Running unittests src/lib.rs (/opt/rustwide/target/debug/deps/pathfinder_gl-0095c2b99b5feed2)
[INFO] [stdout] 
[INFO] [stdout] running 0 tests
[INFO] [stdout] 
[INFO] [stdout] test result: ok. 0 passed; 0 failed; 0 ignored; 0 measured; 0 filtered out; finished in 0.00s
[INFO] [stdout] 
[INFO] [stderr]      Running unittests src/lib.rs (/opt/rustwide/target/debug/deps/pathfinder_gpu-83e9d780e7b25747)
[INFO] [stdout] 
[INFO] [stdout] running 0 tests
[INFO] [stdout] 
[INFO] [stdout] test result: ok. 0 passed; 0 failed; 0 ignored; 0 measured; 0 filtered out; finished in 0.00s
[INFO] [stdout] 
[INFO] [stderr]      Running unittests src/lib.rs (/opt/rustwide/target/debug/deps/pathfinder_lottie-0e99de1340c561be)
[INFO] [stdout] 
[INFO] [stdout] running 0 tests
[INFO] [stdout] 
[INFO] [stdout] test result: ok. 0 passed; 0 failed; 0 ignored; 0 measured; 0 filtered out; finished in 0.00s
[INFO] [stdout] 
[INFO] [stderr]      Running unittests src/lib.rs (/opt/rustwide/target/debug/deps/pathfinder_renderer-ac33c753772d5df8)
[INFO] [stdout] 
[INFO] [stdout] running 1 test
[INFO] [stdout] test allocator::test::test_allocation_and_freeing ... ok
[INFO] [stdout] 
[INFO] [stdout] test result: ok. 1 passed; 0 failed; 0 ignored; 0 measured; 0 filtered out; finished in 0.01s
[INFO] [stdout] 
[INFO] [stderr]      Running unittests src/lib.rs (/opt/rustwide/target/debug/deps/pathfinder_simd-8c2c68627b593112)
[INFO] [stdout] 
[INFO] [stdout] running 16 tests
[INFO] [stdout] test test::test_f32x4_accessors_and_mutators ... ok
[INFO] [stdout] test test::test_f32x4_arithmetic_overloads ... ok
[INFO] [stdout] test test::test_f32x4_constructors ... ok
[INFO] [stdout] test test::test_f32x4_conversions ... ok
[INFO] [stdout] test test::test_f32x4_debug ... ok
[INFO] [stdout] test test::test_f32x4_concatenations ... ok
[INFO] [stdout] test test::test_f32x4_index_overloads ... ok
[INFO] [stdout] test test::test_f32x4_packed_comparisons ... ok
[INFO] [stdout] test test::test_f32x4_swizzles ... ok
[INFO] [stdout] test test::test_i32x4_basic_ops ... ok
[INFO] [stdout] test test::test_f32x4s_constructors ... ok
[INFO] [stdout] test test::test_f32x4s_basic_ops ... ok
[INFO] [stdout] test test::test_i32x4_constructors ... ok
[INFO] [stdout] test test::test_i32x4_packed_comparisons ... ok
[INFO] [stdout] test test::test_i32x4_swizzles ... ok
[INFO] [stdout] test test::test_f32x4_basic_ops ... FAILED
[INFO] [stdout] 
[INFO] [stdout] failures:
[INFO] [stdout] 
[INFO] [stdout] ---- test::test_f32x4_basic_ops stdout ----
[INFO] [stdout] thread 'test::test_f32x4_basic_ops' panicked at simd/src/test.rs:40:5:
[INFO] [stdout] assertion `left == right` failed
[INFO] [stdout]   left: <0.99975586, 0.333313, 0.19995117, 0.14282227>
[INFO] [stdout]  right: <0.99975586, 0.33325195, 0.19995117, 0.14282227>
[INFO] [stdout] stack backtrace:
[INFO] [stdout]    0:     0x56360ec46d46 - std::backtrace_rs::backtrace::libunwind::trace::h261606ad26a499c1
[INFO] [stdout]                                at /rustc/0e09125c6c3c2fd70d7de961bcf0e51575235fad/library/std/src/../../backtrace/src/backtrace/libunwind.rs:104:5
[INFO] [stdout]    1:     0x56360ec46d46 - std::backtrace_rs::backtrace::trace_unsynchronized::hd183f0625477fb28
[INFO] [stdout]                                at /rustc/0e09125c6c3c2fd70d7de961bcf0e51575235fad/library/std/src/../../backtrace/src/backtrace/mod.rs:66:5
[INFO] [stdout]    2:     0x56360ec46d46 - std::sys_common::backtrace::_print_fmt::hd7f8fef21b4eda67
[INFO] [stdout]                                at /rustc/0e09125c6c3c2fd70d7de961bcf0e51575235fad/library/std/src/sys_common/backtrace.rs:68:5
[INFO] [stdout]    3:     0x56360ec46d46 - <std::sys_common::backtrace::_print::DisplayBacktrace as core::fmt::Display>::fmt::h623d9b51f2f453f1
[INFO] [stdout]                                at /rustc/0e09125c6c3c2fd70d7de961bcf0e51575235fad/library/std/src/sys_common/backtrace.rs:44:22
[INFO] [stdout]    4:     0x56360ec705a0 - core::fmt::rt::Argument::fmt::h9f417ac76a86f368
[INFO] [stdout]                                at /rustc/0e09125c6c3c2fd70d7de961bcf0e51575235fad/library/core/src/fmt/rt.rs:142:9
[INFO] [stdout]    5:     0x56360ec705a0 - core::fmt::write::hc9b6faf4ac2aeff7
[INFO] [stdout]                                at /rustc/0e09125c6c3c2fd70d7de961bcf0e51575235fad/library/core/src/fmt/mod.rs:1120:17
[INFO] [stdout]    6:     0x56360ec447af - std::io::Write::write_fmt::he04625a3a989fec3
[INFO] [stdout]                                at /rustc/0e09125c6c3c2fd70d7de961bcf0e51575235fad/library/std/src/io/mod.rs:1810:15
[INFO] [stdout]    7:     0x56360ec46b24 - std::sys_common::backtrace::_print::hd5d66399c7df88a2
[INFO] [stdout]                                at /rustc/0e09125c6c3c2fd70d7de961bcf0e51575235fad/library/std/src/sys_common/backtrace.rs:47:5
[INFO] [stdout]    8:     0x56360ec46b24 - std::sys_common::backtrace::print::he81ed2da642d37e5
[INFO] [stdout]                                at /rustc/0e09125c6c3c2fd70d7de961bcf0e51575235fad/library/std/src/sys_common/backtrace.rs:34:9
[INFO] [stdout]    9:     0x56360ec48897 - std::panicking::default_hook::{{closure}}::h85773f4fa117163d
[INFO] [stdout]   10:     0x56360ec4857d - std::panicking::default_hook::h6a1694a91d09b278
[INFO] [stdout]                                at /rustc/0e09125c6c3c2fd70d7de961bcf0e51575235fad/library/std/src/panicking.rs:289:9
[INFO] [stdout]   11:     0x56360ec18757 - <alloc::boxed::Box<F,A> as core::ops::function::Fn<Args>>::call::h616ac37fa3cd6c8f
[INFO] [stdout]                                at /rustc/0e09125c6c3c2fd70d7de961bcf0e51575235fad/library/alloc/src/boxed.rs:2029:9
[INFO] [stdout]   12:     0x56360ec18757 - test::test_main::{{closure}}::h00d84697cefdcbb6
[INFO] [stdout]                                at /rustc/0e09125c6c3c2fd70d7de961bcf0e51575235fad/library/test/src/lib.rs:138:21
[INFO] [stdout]   13:     0x56360ec48eb6 - <alloc::boxed::Box<F,A> as core::ops::function::Fn<Args>>::call::hcb3fe3b9bb537ba8
[INFO] [stdout]                                at /rustc/0e09125c6c3c2fd70d7de961bcf0e51575235fad/library/alloc/src/boxed.rs:2029:9
[INFO] [stdout]   14:     0x56360ec48eb6 - std::panicking::rust_panic_with_hook::h0a7ad96e90f7145b
[INFO] [stdout]                                at /rustc/0e09125c6c3c2fd70d7de961bcf0e51575235fad/library/std/src/panicking.rs:783:13
[INFO] [stdout]   15:     0x56360ec48c02 - std::panicking::begin_panic_handler::{{closure}}::h7919090525c6485e
[INFO] [stdout]                                at /rustc/0e09125c6c3c2fd70d7de961bcf0e51575235fad/library/std/src/panicking.rs:657:13
[INFO] [stdout]   16:     0x56360ec47246 - std::sys_common::backtrace::__rust_end_short_backtrace::hf3289479464f7dfe
[INFO] [stdout]                                at /rustc/0e09125c6c3c2fd70d7de961bcf0e51575235fad/library/std/src/sys_common/backtrace.rs:171:18
[INFO] [stdout]   17:     0x56360ec48960 - rust_begin_unwind
[INFO] [stdout]                                at /rustc/0e09125c6c3c2fd70d7de961bcf0e51575235fad/library/std/src/panicking.rs:645:5
[INFO] [stdout]   18:     0x56360ebaecc5 - core::panicking::panic_fmt::hcc9f77c5c132af55
[INFO] [stdout]                                at /rustc/0e09125c6c3c2fd70d7de961bcf0e51575235fad/library/core/src/panicking.rs:72:14
[INFO] [stdout]   19:     0x56360ebaf00b - core::panicking::assert_failed_inner::h9f13e27dd63c3a08
[INFO] [stdout]                                at /rustc/0e09125c6c3c2fd70d7de961bcf0e51575235fad/library/core/src/panicking.rs:342:17
[INFO] [stdout]   20:     0x56360ebe1c1e - core::panicking::assert_failed::hec06109d205dedd1
[INFO] [stdout]                                at /rustc/0e09125c6c3c2fd70d7de961bcf0e51575235fad/library/core/src/panicking.rs:297:5
[INFO] [stdout]   21:     0x56360ebafbc2 - pathfinder_simd::test::test_f32x4_basic_ops::hae86afb7113ab39d
[INFO] [stdout]                                at /opt/rustwide/workdir/simd/src/test.rs:40:5
[INFO] [stdout]   22:     0x56360ebafa37 - pathfinder_simd::test::test_f32x4_basic_ops::{{closure}}::hee769d15ec0e4f9f
[INFO] [stdout]                                at /opt/rustwide/workdir/simd/src/test.rs:37:26
[INFO] [stdout]   23:     0x56360ebdec86 - core::ops::function::FnOnce::call_once::hd0e597da22fc829a
[INFO] [stdout]                                at /rustc/0e09125c6c3c2fd70d7de961bcf0e51575235fad/library/core/src/ops/function.rs:250:5
[INFO] [stdout]   24:     0x56360ec1e02f - core::ops::function::FnOnce::call_once::hd64d26f405258157
[INFO] [stdout]                                at /rustc/0e09125c6c3c2fd70d7de961bcf0e51575235fad/library/core/src/ops/function.rs:250:5
[INFO] [stdout]   25:     0x56360ec1e02f - test::__rust_begin_short_backtrace::he21b0b7a6d731bf9
[INFO] [stdout]                                at /rustc/0e09125c6c3c2fd70d7de961bcf0e51575235fad/library/test/src/lib.rs:627:18
[INFO] [stdout]   26:     0x56360ec1cdb1 - test::run_test_in_process::{{closure}}::hf5c73986d7bdfde2
[INFO] [stdout]                                at /rustc/0e09125c6c3c2fd70d7de961bcf0e51575235fad/library/test/src/lib.rs:650:60
[INFO] [stdout]   27:     0x56360ec1cdb1 - <core::panic::unwind_safe::AssertUnwindSafe<F> as core::ops::function::FnOnce<()>>::call_once::h330011ad032aadc0
[INFO] [stdout]                                at /rustc/0e09125c6c3c2fd70d7de961bcf0e51575235fad/library/core/src/panic/unwind_safe.rs:272:9
[INFO] [stdout]   28:     0x56360ec1cdb1 - std::panicking::try::do_call::he61b0a958b795a41
[INFO] [stdout]                                at /rustc/0e09125c6c3c2fd70d7de961bcf0e51575235fad/library/std/src/panicking.rs:552:40
[INFO] [stdout]   29:     0x56360ec1cdb1 - std::panicking::try::h7309da130f906eb7
[INFO] [stdout]                                at /rustc/0e09125c6c3c2fd70d7de961bcf0e51575235fad/library/std/src/panicking.rs:516:19
[INFO] [stdout]   30:     0x56360ec1cdb1 - std::panic::catch_unwind::hc5c3a06fdaf0a92a
[INFO] [stdout]                                at /rustc/0e09125c6c3c2fd70d7de961bcf0e51575235fad/library/std/src/panic.rs:142:14
[INFO] [stdout]   31:     0x56360ec1cdb1 - test::run_test_in_process::h7e7b7c71c3324e0f
[INFO] [stdout]                                at /rustc/0e09125c6c3c2fd70d7de961bcf0e51575235fad/library/test/src/lib.rs:650:27
[INFO] [stdout]   32:     0x56360ec1cdb1 - test::run_test::{{closure}}::h1f509f28f5cf20b1
[INFO] [stdout]                                at /rustc/0e09125c6c3c2fd70d7de961bcf0e51575235fad/library/test/src/lib.rs:573:43
[INFO] [stdout]   33:     0x56360ebe40e6 - test::run_test::{{closure}}::h1754218abf443f6d
[INFO] [stdout]                                at /rustc/0e09125c6c3c2fd70d7de961bcf0e51575235fad/library/test/src/lib.rs:601:41
[INFO] [stdout]   34:     0x56360ebe40e6 - std::sys_common::backtrace::__rust_begin_short_backtrace::h2ee174b9d5954948
[INFO] [stdout]                                at /rustc/0e09125c6c3c2fd70d7de961bcf0e51575235fad/library/std/src/sys_common/backtrace.rs:155:18
[INFO] [stdout]   35:     0x56360ebe9147 - std::thread::Builder::spawn_unchecked_::{{closure}}::{{closure}}::hf60bee9c1a17ef09
[INFO] [stdout]                                at /rustc/0e09125c6c3c2fd70d7de961bcf0e51575235fad/library/std/src/thread/mod.rs:529:17
[INFO] [stdout]   36:     0x56360ebe9147 - <core::panic::unwind_safe::AssertUnwindSafe<F> as core::ops::function::FnOnce<()>>::call_once::h33d0dddec5216160
[INFO] [stdout]                                at /rustc/0e09125c6c3c2fd70d7de961bcf0e51575235fad/library/core/src/panic/unwind_safe.rs:272:9
[INFO] [stdout]   37:     0x56360ebe9147 - std::panicking::try::do_call::h144b3048b546f835
[INFO] [stdout]                                at /rustc/0e09125c6c3c2fd70d7de961bcf0e51575235fad/library/std/src/panicking.rs:552:40
[INFO] [stdout]   38:     0x56360ebe9147 - std::panicking::try::h978244d04646189f
[INFO] [stdout]                                at /rustc/0e09125c6c3c2fd70d7de961bcf0e51575235fad/library/std/src/panicking.rs:516:19
[INFO] [stdout]   39:     0x56360ebe9147 - std::panic::catch_unwind::hdf436369d188fe86
[INFO] [stdout]                                at /rustc/0e09125c6c3c2fd70d7de961bcf0e51575235fad/library/std/src/panic.rs:142:14
[INFO] [stdout]   40:     0x56360ebe9147 - std::thread::Builder::spawn_unchecked_::{{closure}}::h87329cbdd33c79ec
[INFO] [stdout]                                at /rustc/0e09125c6c3c2fd70d7de961bcf0e51575235fad/library/std/src/thread/mod.rs:528:30
[INFO] [stdout]   41:     0x56360ebe9147 - core::ops::function::FnOnce::call_once{{vtable.shim}}::h401abbe67897d450
[INFO] [stdout]                                at /rustc/0e09125c6c3c2fd70d7de961bcf0e51575235fad/library/core/src/ops/function.rs:250:5
[INFO] [stdout]   42:     0x56360ec4d965 - <alloc::boxed::Box<F,A> as core::ops::function::FnOnce<Args>>::call_once::h5d7c8f150ab9c84c
[INFO] [stdout]                                at /rustc/0e09125c6c3c2fd70d7de961bcf0e51575235fad/library/alloc/src/boxed.rs:2015:9
[INFO] [stdout]   43:     0x56360ec4d965 - <alloc::boxed::Box<F,A> as core::ops::function::FnOnce<Args>>::call_once::h570d5b005c242c15
[INFO] [stdout]                                at /rustc/0e09125c6c3c2fd70d7de961bcf0e51575235fad/library/alloc/src/boxed.rs:2015:9
[INFO] [stdout]   44:     0x56360ec4d965 - std::sys::unix::thread::Thread::new::thread_start::h36b0a20c0b2361ad
[INFO] [stdout]                                at /rustc/0e09125c6c3c2fd70d7de961bcf0e51575235fad/library/std/src/sys/unix/thread.rs:108:17
[INFO] [stdout]   45:     0x7f4ff4e2fac3 - <unknown>
[INFO] [stdout]   46:     0x7f4ff4ec0bf4 - __clone
[INFO] [stdout]   47:                0x0 - <unknown>
[INFO] [stdout] 
[INFO] [stdout] 
[INFO] [stdout] failures:
[INFO] [stdout]     test::test_f32x4_basic_ops
[INFO] [stdout] 
[INFO] [stdout] test result: FAILED. 15 passed; 1 failed; 0 ignored; 0 measured; 0 filtered out; finished in 0.01s
[INFO] [stdout] 
[INFO] [stderr] error: test failed, to rerun pass `-p pathfinder_simd --lib`
[INFO] running `Command { std: "docker" "inspect" "2506f4c50ccaf1a561edb6b8427a374829428b1bc753f6855b6ab6a38b3b6a9c", kill_on_drop: false }`
[INFO] running `Command { std: "docker" "rm" "-f" "2506f4c50ccaf1a561edb6b8427a374829428b1bc753f6855b6ab6a38b3b6a9c", kill_on_drop: false }`
[INFO] [stdout] 2506f4c50ccaf1a561edb6b8427a374829428b1bc753f6855b6ab6a38b3b6a9c
