[INFO] cloning repository https://github.com/makarichevss/rust-stefan
[INFO] running `Command { std: "git" "-c" "credential.helper=" "-c" "credential.helper=/workspace/cargo-home/bin/git-credential-null" "clone" "--bare" "https://github.com/makarichevss/rust-stefan" "/workspace/cache/git-repos/https%3A%2F%2Fgithub.com%2Fmakarichevss%2Frust-stefan", kill_on_drop: false }`
[INFO] [stderr] Cloning into bare repository '/workspace/cache/git-repos/https%3A%2F%2Fgithub.com%2Fmakarichevss%2Frust-stefan'...
[INFO] running `Command { std: "git" "rev-parse" "HEAD", kill_on_drop: false }`
[INFO] [stdout] d0631d35c5085bfe4262c55d9761dc068e4dbe0d
[INFO] testing makarichevss/rust-stefan against 1.75.0 for beta-1.76-1
[INFO] running `Command { std: "git" "clone" "/workspace/cache/git-repos/https%3A%2F%2Fgithub.com%2Fmakarichevss%2Frust-stefan" "/workspace/builds/worker-0-tc1/source", kill_on_drop: false }`
[INFO] [stderr] Cloning into '/workspace/builds/worker-0-tc1/source'...
[INFO] [stderr] done.
[INFO] validating manifest of git repo https://github.com/makarichevss/rust-stefan on toolchain 1.75.0
[INFO] running `Command { std: CARGO_HOME="/workspace/cargo-home" RUSTUP_HOME="/workspace/rustup-home" "/workspace/cargo-home/bin/cargo" "+1.75.0" "metadata" "--manifest-path" "Cargo.toml" "--no-deps", kill_on_drop: false }`
[INFO] started tweaking git repo https://github.com/makarichevss/rust-stefan
[INFO] finished tweaking git repo https://github.com/makarichevss/rust-stefan
[INFO] tweaked toml for git repo https://github.com/makarichevss/rust-stefan written to /workspace/builds/worker-0-tc1/source/Cargo.toml
[INFO] crate git repo https://github.com/makarichevss/rust-stefan already has a lockfile, it will not be regenerated
[INFO] running `Command { std: CARGO_HOME="/workspace/cargo-home" RUSTUP_HOME="/workspace/rustup-home" "/workspace/cargo-home/bin/cargo" "+1.75.0" "fetch" "--manifest-path" "Cargo.toml", kill_on_drop: false }`
[INFO] running `Command { std: "docker" "create" "-v" "/var/lib/crater-agent-workspace/builds/worker-0-tc1/target:/opt/rustwide/target:rw,Z" "-v" "/var/lib/crater-agent-workspace/builds/worker-0-tc1/source:/opt/rustwide/workdir:ro,Z" "-v" "/var/lib/crater-agent-workspace/cargo-home:/opt/rustwide/cargo-home:ro,Z" "-v" "/var/lib/crater-agent-workspace/rustup-home:/opt/rustwide/rustup-home:ro,Z" "-e" "SOURCE_DIR=/opt/rustwide/workdir" "-e" "CARGO_TARGET_DIR=/opt/rustwide/target" "-e" "CARGO_HOME=/opt/rustwide/cargo-home" "-e" "RUSTUP_HOME=/opt/rustwide/rustup-home" "-w" "/opt/rustwide/workdir" "-m" "1610612736" "--user" "0:0" "--network" "none" "ghcr.io/rust-lang/crates-build-env/linux@sha256:2788e3201cd34a07e3172128adcd8b3090168a8e3bcc40d7c032b9dda1df7d1c" "/opt/rustwide/cargo-home/bin/cargo" "+1.75.0" "metadata" "--no-deps" "--format-version=1", kill_on_drop: false }`
[INFO] [stdout] 67cc1ca9cd469896da56c74797aaa64b72956a84973a8abffda59127c7d724d7
[INFO] running `Command { std: "docker" "start" "-a" "67cc1ca9cd469896da56c74797aaa64b72956a84973a8abffda59127c7d724d7", kill_on_drop: false }`
[INFO] running `Command { std: "docker" "inspect" "67cc1ca9cd469896da56c74797aaa64b72956a84973a8abffda59127c7d724d7", kill_on_drop: false }`
[INFO] running `Command { std: "docker" "rm" "-f" "67cc1ca9cd469896da56c74797aaa64b72956a84973a8abffda59127c7d724d7", kill_on_drop: false }`
[INFO] [stdout] 67cc1ca9cd469896da56c74797aaa64b72956a84973a8abffda59127c7d724d7
[INFO] running `Command { std: "docker" "create" "-v" "/var/lib/crater-agent-workspace/builds/worker-0-tc1/target:/opt/rustwide/target:rw,Z" "-v" "/var/lib/crater-agent-workspace/builds/worker-0-tc1/source:/opt/rustwide/workdir:ro,Z" "-v" "/var/lib/crater-agent-workspace/cargo-home:/opt/rustwide/cargo-home:ro,Z" "-v" "/var/lib/crater-agent-workspace/rustup-home:/opt/rustwide/rustup-home:ro,Z" "-e" "SOURCE_DIR=/opt/rustwide/workdir" "-e" "CARGO_TARGET_DIR=/opt/rustwide/target" "-e" "CARGO_INCREMENTAL=0" "-e" "RUST_BACKTRACE=full" "-e" "RUSTFLAGS=--cap-lints=warn" "-e" "RUSTDOCFLAGS=--cap-lints=warn" "-e" "CARGO_HOME=/opt/rustwide/cargo-home" "-e" "RUSTUP_HOME=/opt/rustwide/rustup-home" "-w" "/opt/rustwide/workdir" "-m" "1610612736" "--user" "0:0" "--network" "none" "ghcr.io/rust-lang/crates-build-env/linux@sha256:2788e3201cd34a07e3172128adcd8b3090168a8e3bcc40d7c032b9dda1df7d1c" "/opt/rustwide/cargo-home/bin/cargo" "+1.75.0" "build" "--frozen" "--message-format=json", kill_on_drop: false }`
[INFO] [stdout] 6db4699be8bae4253524c04a45958871a098dae4faebc3a31d89cc052b75e21d
[INFO] running `Command { std: "docker" "start" "-a" "6db4699be8bae4253524c04a45958871a098dae4faebc3a31d89cc052b75e21d", kill_on_drop: false }`
[INFO] [stderr]    Compiling libc v0.2.135
[INFO] [stderr]    Compiling cfg-if v1.0.0
[INFO] [stderr]    Compiling ppv-lite86 v0.2.16
[INFO] [stderr]    Compiling serde v1.0.145
[INFO] [stderr]    Compiling getrandom v0.2.7
[INFO] [stderr]    Compiling rand_core v0.6.4
[INFO] [stderr]    Compiling rand_chacha v0.3.1
[INFO] [stderr]    Compiling rand v0.8.5
[INFO] [stderr]    Compiling rust-stefan v0.1.0 (/opt/rustwide/workdir)
[INFO] [stderr]     Finished dev [unoptimized + debuginfo] target(s) in 2.04s
[INFO] running `Command { std: "docker" "inspect" "6db4699be8bae4253524c04a45958871a098dae4faebc3a31d89cc052b75e21d", kill_on_drop: false }`
[INFO] running `Command { std: "docker" "rm" "-f" "6db4699be8bae4253524c04a45958871a098dae4faebc3a31d89cc052b75e21d", kill_on_drop: false }`
[INFO] [stdout] 6db4699be8bae4253524c04a45958871a098dae4faebc3a31d89cc052b75e21d
[INFO] running `Command { std: "docker" "create" "-v" "/var/lib/crater-agent-workspace/builds/worker-0-tc1/target:/opt/rustwide/target:rw,Z" "-v" "/var/lib/crater-agent-workspace/builds/worker-0-tc1/source:/opt/rustwide/workdir:ro,Z" "-v" "/var/lib/crater-agent-workspace/cargo-home:/opt/rustwide/cargo-home:ro,Z" "-v" "/var/lib/crater-agent-workspace/rustup-home:/opt/rustwide/rustup-home:ro,Z" "-e" "SOURCE_DIR=/opt/rustwide/workdir" "-e" "CARGO_TARGET_DIR=/opt/rustwide/target" "-e" "CARGO_INCREMENTAL=0" "-e" "RUST_BACKTRACE=full" "-e" "RUSTFLAGS=--cap-lints=warn" "-e" "RUSTDOCFLAGS=--cap-lints=warn" "-e" "CARGO_HOME=/opt/rustwide/cargo-home" "-e" "RUSTUP_HOME=/opt/rustwide/rustup-home" "-w" "/opt/rustwide/workdir" "-m" "1610612736" "--user" "0:0" "--network" "none" "ghcr.io/rust-lang/crates-build-env/linux@sha256:2788e3201cd34a07e3172128adcd8b3090168a8e3bcc40d7c032b9dda1df7d1c" "/opt/rustwide/cargo-home/bin/cargo" "+1.75.0" "test" "--frozen" "--no-run" "--message-format=json", kill_on_drop: false }`
[INFO] [stdout] 707939cf7be9a87d7dd575ab6386afa42326eb3e9e1dcf188cbddd9a3d18767e
[INFO] running `Command { std: "docker" "start" "-a" "707939cf7be9a87d7dd575ab6386afa42326eb3e9e1dcf188cbddd9a3d18767e", kill_on_drop: false }`
[INFO] [stderr]    Compiling rust-stefan v0.1.0 (/opt/rustwide/workdir)
[INFO] [stderr]     Finished test [unoptimized + debuginfo] target(s) in 0.18s
[INFO] running `Command { std: "docker" "inspect" "707939cf7be9a87d7dd575ab6386afa42326eb3e9e1dcf188cbddd9a3d18767e", kill_on_drop: false }`
[INFO] running `Command { std: "docker" "rm" "-f" "707939cf7be9a87d7dd575ab6386afa42326eb3e9e1dcf188cbddd9a3d18767e", kill_on_drop: false }`
[INFO] [stdout] 707939cf7be9a87d7dd575ab6386afa42326eb3e9e1dcf188cbddd9a3d18767e
[INFO] running `Command { std: "docker" "create" "-v" "/var/lib/crater-agent-workspace/builds/worker-0-tc1/target:/opt/rustwide/target:rw,Z" "-v" "/var/lib/crater-agent-workspace/builds/worker-0-tc1/source:/opt/rustwide/workdir:ro,Z" "-v" "/var/lib/crater-agent-workspace/cargo-home:/opt/rustwide/cargo-home:ro,Z" "-v" "/var/lib/crater-agent-workspace/rustup-home:/opt/rustwide/rustup-home:ro,Z" "-e" "SOURCE_DIR=/opt/rustwide/workdir" "-e" "CARGO_TARGET_DIR=/opt/rustwide/target" "-e" "CARGO_INCREMENTAL=0" "-e" "RUST_BACKTRACE=full" "-e" "RUSTFLAGS=--cap-lints=warn" "-e" "RUSTDOCFLAGS=--cap-lints=warn" "-e" "CARGO_HOME=/opt/rustwide/cargo-home" "-e" "RUSTUP_HOME=/opt/rustwide/rustup-home" "-w" "/opt/rustwide/workdir" "-m" "1610612736" "--user" "0:0" "--network" "none" "ghcr.io/rust-lang/crates-build-env/linux@sha256:2788e3201cd34a07e3172128adcd8b3090168a8e3bcc40d7c032b9dda1df7d1c" "/opt/rustwide/cargo-home/bin/cargo" "+1.75.0" "test" "--frozen", kill_on_drop: false }`
[INFO] [stdout] 260bcf831c3d760681d2c81a102f844c0df5f6fee02b0d1613bb42bad4d031cf
[INFO] running `Command { std: "docker" "start" "-a" "260bcf831c3d760681d2c81a102f844c0df5f6fee02b0d1613bb42bad4d031cf", kill_on_drop: false }`
[INFO] [stderr]     Finished test [unoptimized + debuginfo] target(s) in 0.00s
[INFO] [stderr]      Running unittests src/lib.rs (/opt/rustwide/target/debug/deps/rust_stefan-4076b0fd34f02d82)
[INFO] [stdout] 
[INFO] [stdout] running 0 tests
[INFO] [stdout] 
[INFO] [stdout] test result: ok. 0 passed; 0 failed; 0 ignored; 0 measured; 0 filtered out; finished in 0.00s
[INFO] [stdout] 
[INFO] [stderr]      Running unittests src/main.rs (/opt/rustwide/target/debug/deps/rust_stefan-8da5f232fd1ee4d6)
[INFO] [stdout] 
[INFO] [stdout] running 0 tests
[INFO] [stdout] 
[INFO] [stdout] test result: ok. 0 passed; 0 failed; 0 ignored; 0 measured; 0 filtered out; finished in 0.00s
[INFO] [stdout] 
[INFO] [stderr]    Doc-tests rust-stefan
[INFO] [stdout] 
[INFO] [stdout] running 1 test
[INFO] [stdout] test src/old/input_output.rs - old::input_output::input_output (line 7) ... FAILED
[INFO] [stdout] 
[INFO] [stdout] failures:
[INFO] [stdout] 
[INFO] [stdout] ---- src/old/input_output.rs - old::input_output::input_output (line 7) stdout ----
[INFO] [stdout] error: expected one of `->`, `where`, or `{`, found `}`
[INFO] [stdout]  --> src/old/input_output.rs:9:1
[INFO] [stdout]   |
[INFO] [stdout] 3 | fn main()
[INFO] [stdout]   |    ----  - expected one of `->`, `where`, or `{`
[INFO] [stdout]   |    |
[INFO] [stdout]   |    while parsing this `fn`
[INFO] [stdout] 4 | } _doctest_main_src_old_input_output_rs_7_0() }
[INFO] [stdout]   | ^ unexpected token
[INFO] [stdout] 
[INFO] [stdout] error: free function without a body
[INFO] [stdout]  --> src/old/input_output.rs:8:1
[INFO] [stdout]   |
[INFO] [stdout] 3 | fn main()
[INFO] [stdout]   | ^^^^^^^^^- help: provide a definition for the function: `{ <body> }`
[INFO] [stdout] 
[INFO] [stdout] error: aborting due to 2 previous errors
[INFO] [stdout] 
[INFO] [stdout] Couldn't compile the test.
[INFO] [stdout] 
[INFO] [stdout] failures:
[INFO] [stdout]     src/old/input_output.rs - old::input_output::input_output (line 7)
[INFO] [stdout] 
[INFO] [stdout] test result: FAILED. 0 passed; 1 failed; 0 ignored; 0 measured; 0 filtered out; finished in 0.02s
[INFO] [stdout] 
[INFO] [stderr] error: doctest failed, to rerun pass `--doc`
[INFO] running `Command { std: "docker" "inspect" "260bcf831c3d760681d2c81a102f844c0df5f6fee02b0d1613bb42bad4d031cf", kill_on_drop: false }`
[INFO] running `Command { std: "docker" "rm" "-f" "260bcf831c3d760681d2c81a102f844c0df5f6fee02b0d1613bb42bad4d031cf", kill_on_drop: false }`
[INFO] [stdout] 260bcf831c3d760681d2c81a102f844c0df5f6fee02b0d1613bb42bad4d031cf
[INFO] testing makarichevss/rust-stefan against beta-2023-12-22 for beta-1.76-1
[INFO] running `Command { std: "git" "clone" "/workspace/cache/git-repos/https%3A%2F%2Fgithub.com%2Fmakarichevss%2Frust-stefan" "/workspace/builds/worker-0-tc2/source", kill_on_drop: false }`
[INFO] [stderr] Cloning into '/workspace/builds/worker-0-tc2/source'...
[INFO] [stderr] done.
[INFO] validating manifest of git repo https://github.com/makarichevss/rust-stefan on toolchain beta-2023-12-22
[INFO] running `Command { std: CARGO_HOME="/workspace/cargo-home" RUSTUP_HOME="/workspace/rustup-home" "/workspace/cargo-home/bin/cargo" "+beta-2023-12-22" "metadata" "--manifest-path" "Cargo.toml" "--no-deps", kill_on_drop: false }`
[INFO] started tweaking git repo https://github.com/makarichevss/rust-stefan
[INFO] finished tweaking git repo https://github.com/makarichevss/rust-stefan
[INFO] tweaked toml for git repo https://github.com/makarichevss/rust-stefan written to /workspace/builds/worker-0-tc2/source/Cargo.toml
[INFO] crate git repo https://github.com/makarichevss/rust-stefan already has a lockfile, it will not be regenerated
[INFO] running `Command { std: CARGO_HOME="/workspace/cargo-home" RUSTUP_HOME="/workspace/rustup-home" "/workspace/cargo-home/bin/cargo" "+beta-2023-12-22" "fetch" "--manifest-path" "Cargo.toml", kill_on_drop: false }`
[INFO] running `Command { std: "docker" "create" "-v" "/var/lib/crater-agent-workspace/builds/worker-0-tc2/target:/opt/rustwide/target:rw,Z" "-v" "/var/lib/crater-agent-workspace/builds/worker-0-tc2/source:/opt/rustwide/workdir:ro,Z" "-v" "/var/lib/crater-agent-workspace/cargo-home:/opt/rustwide/cargo-home:ro,Z" "-v" "/var/lib/crater-agent-workspace/rustup-home:/opt/rustwide/rustup-home:ro,Z" "-e" "SOURCE_DIR=/opt/rustwide/workdir" "-e" "CARGO_TARGET_DIR=/opt/rustwide/target" "-e" "CARGO_HOME=/opt/rustwide/cargo-home" "-e" "RUSTUP_HOME=/opt/rustwide/rustup-home" "-w" "/opt/rustwide/workdir" "-m" "1610612736" "--user" "0:0" "--network" "none" "ghcr.io/rust-lang/crates-build-env/linux@sha256:2788e3201cd34a07e3172128adcd8b3090168a8e3bcc40d7c032b9dda1df7d1c" "/opt/rustwide/cargo-home/bin/cargo" "+beta-2023-12-22" "metadata" "--no-deps" "--format-version=1", kill_on_drop: false }`
[INFO] [stdout] 23feee8e7cd6b4adb188d6fbe1ebc681713b3b89aac5df1273ce1eef4c58b2bc
[INFO] running `Command { std: "docker" "start" "-a" "23feee8e7cd6b4adb188d6fbe1ebc681713b3b89aac5df1273ce1eef4c58b2bc", kill_on_drop: false }`
[INFO] running `Command { std: "docker" "inspect" "23feee8e7cd6b4adb188d6fbe1ebc681713b3b89aac5df1273ce1eef4c58b2bc", kill_on_drop: false }`
[INFO] running `Command { std: "docker" "rm" "-f" "23feee8e7cd6b4adb188d6fbe1ebc681713b3b89aac5df1273ce1eef4c58b2bc", kill_on_drop: false }`
[INFO] [stdout] 23feee8e7cd6b4adb188d6fbe1ebc681713b3b89aac5df1273ce1eef4c58b2bc
[INFO] running `Command { std: "docker" "create" "-v" "/var/lib/crater-agent-workspace/builds/worker-0-tc2/target:/opt/rustwide/target:rw,Z" "-v" "/var/lib/crater-agent-workspace/builds/worker-0-tc2/source:/opt/rustwide/workdir:ro,Z" "-v" "/var/lib/crater-agent-workspace/cargo-home:/opt/rustwide/cargo-home:ro,Z" "-v" "/var/lib/crater-agent-workspace/rustup-home:/opt/rustwide/rustup-home:ro,Z" "-e" "SOURCE_DIR=/opt/rustwide/workdir" "-e" "CARGO_TARGET_DIR=/opt/rustwide/target" "-e" "CARGO_INCREMENTAL=0" "-e" "RUST_BACKTRACE=full" "-e" "RUSTFLAGS=--cap-lints=warn" "-e" "RUSTDOCFLAGS=--cap-lints=warn" "-e" "CARGO_HOME=/opt/rustwide/cargo-home" "-e" "RUSTUP_HOME=/opt/rustwide/rustup-home" "-w" "/opt/rustwide/workdir" "-m" "1610612736" "--user" "0:0" "--network" "none" "ghcr.io/rust-lang/crates-build-env/linux@sha256:2788e3201cd34a07e3172128adcd8b3090168a8e3bcc40d7c032b9dda1df7d1c" "/opt/rustwide/cargo-home/bin/cargo" "+beta-2023-12-22" "build" "--frozen" "--message-format=json", kill_on_drop: false }`
[INFO] [stdout] 423a102491a46896ae6a3110bf6770b3cad31fb689a0dcca136e7b56735f5b39
[INFO] running `Command { std: "docker" "start" "-a" "423a102491a46896ae6a3110bf6770b3cad31fb689a0dcca136e7b56735f5b39", kill_on_drop: false }`
[INFO] [stderr]    Compiling libc v0.2.135
[INFO] [stderr]    Compiling cfg-if v1.0.0
[INFO] [stderr]    Compiling ppv-lite86 v0.2.16
[INFO] [stderr]    Compiling serde v1.0.145
[INFO] [stderr]    Compiling getrandom v0.2.7
[INFO] [stderr]    Compiling rand_core v0.6.4
[INFO] [stderr]    Compiling rand_chacha v0.3.1
[INFO] [stderr]    Compiling rand v0.8.5
[INFO] [stderr]    Compiling rust-stefan v0.1.0 (/opt/rustwide/workdir)
[INFO] [stderr]     Finished dev [unoptimized + debuginfo] target(s) in 2.05s
[INFO] running `Command { std: "docker" "inspect" "423a102491a46896ae6a3110bf6770b3cad31fb689a0dcca136e7b56735f5b39", kill_on_drop: false }`
[INFO] running `Command { std: "docker" "rm" "-f" "423a102491a46896ae6a3110bf6770b3cad31fb689a0dcca136e7b56735f5b39", kill_on_drop: false }`
[INFO] [stdout] 423a102491a46896ae6a3110bf6770b3cad31fb689a0dcca136e7b56735f5b39
[INFO] running `Command { std: "docker" "create" "-v" "/var/lib/crater-agent-workspace/builds/worker-0-tc2/target:/opt/rustwide/target:rw,Z" "-v" "/var/lib/crater-agent-workspace/builds/worker-0-tc2/source:/opt/rustwide/workdir:ro,Z" "-v" "/var/lib/crater-agent-workspace/cargo-home:/opt/rustwide/cargo-home:ro,Z" "-v" "/var/lib/crater-agent-workspace/rustup-home:/opt/rustwide/rustup-home:ro,Z" "-e" "SOURCE_DIR=/opt/rustwide/workdir" "-e" "CARGO_TARGET_DIR=/opt/rustwide/target" "-e" "CARGO_INCREMENTAL=0" "-e" "RUST_BACKTRACE=full" "-e" "RUSTFLAGS=--cap-lints=warn" "-e" "RUSTDOCFLAGS=--cap-lints=warn" "-e" "CARGO_HOME=/opt/rustwide/cargo-home" "-e" "RUSTUP_HOME=/opt/rustwide/rustup-home" "-w" "/opt/rustwide/workdir" "-m" "1610612736" "--user" "0:0" "--network" "none" "ghcr.io/rust-lang/crates-build-env/linux@sha256:2788e3201cd34a07e3172128adcd8b3090168a8e3bcc40d7c032b9dda1df7d1c" "/opt/rustwide/cargo-home/bin/cargo" "+beta-2023-12-22" "test" "--frozen" "--no-run" "--message-format=json", kill_on_drop: false }`
[INFO] [stdout] eb31bb600773cea179e4647c3e38be507b127b2a303422fa28847503cdc54d9c
[INFO] running `Command { std: "docker" "start" "-a" "eb31bb600773cea179e4647c3e38be507b127b2a303422fa28847503cdc54d9c", kill_on_drop: false }`
[INFO] [stderr]    Compiling rust-stefan v0.1.0 (/opt/rustwide/workdir)
[INFO] [stderr]     Finished test [unoptimized + debuginfo] target(s) in 0.18s
[INFO] running `Command { std: "docker" "inspect" "eb31bb600773cea179e4647c3e38be507b127b2a303422fa28847503cdc54d9c", kill_on_drop: false }`
[INFO] running `Command { std: "docker" "rm" "-f" "eb31bb600773cea179e4647c3e38be507b127b2a303422fa28847503cdc54d9c", kill_on_drop: false }`
[INFO] [stdout] eb31bb600773cea179e4647c3e38be507b127b2a303422fa28847503cdc54d9c
[INFO] running `Command { std: "docker" "create" "-v" "/var/lib/crater-agent-workspace/builds/worker-0-tc2/target:/opt/rustwide/target:rw,Z" "-v" "/var/lib/crater-agent-workspace/builds/worker-0-tc2/source:/opt/rustwide/workdir:ro,Z" "-v" "/var/lib/crater-agent-workspace/cargo-home:/opt/rustwide/cargo-home:ro,Z" "-v" "/var/lib/crater-agent-workspace/rustup-home:/opt/rustwide/rustup-home:ro,Z" "-e" "SOURCE_DIR=/opt/rustwide/workdir" "-e" "CARGO_TARGET_DIR=/opt/rustwide/target" "-e" "CARGO_INCREMENTAL=0" "-e" "RUST_BACKTRACE=full" "-e" "RUSTFLAGS=--cap-lints=warn" "-e" "RUSTDOCFLAGS=--cap-lints=warn" "-e" "CARGO_HOME=/opt/rustwide/cargo-home" "-e" "RUSTUP_HOME=/opt/rustwide/rustup-home" "-w" "/opt/rustwide/workdir" "-m" "1610612736" "--user" "0:0" "--network" "none" "ghcr.io/rust-lang/crates-build-env/linux@sha256:2788e3201cd34a07e3172128adcd8b3090168a8e3bcc40d7c032b9dda1df7d1c" "/opt/rustwide/cargo-home/bin/cargo" "+beta-2023-12-22" "test" "--frozen", kill_on_drop: false }`
[INFO] [stdout] 2e81f46760706b51be012b4d2bc710261b297901dbc7e67c28383b01207d84ac
[INFO] running `Command { std: "docker" "start" "-a" "2e81f46760706b51be012b4d2bc710261b297901dbc7e67c28383b01207d84ac", kill_on_drop: false }`
[INFO] [stderr]     Finished test [unoptimized + debuginfo] target(s) in 0.01s
[INFO] [stderr]      Running unittests src/lib.rs (/opt/rustwide/target/debug/deps/rust_stefan-4d070c297f1f3976)
[INFO] [stdout] 
[INFO] [stdout] running 0 tests
[INFO] [stdout] 
[INFO] [stdout] test result: ok. 0 passed; 0 failed; 0 ignored; 0 measured; 0 filtered out; finished in 0.00s
[INFO] [stdout] 
[INFO] [stderr]      Running unittests src/main.rs (/opt/rustwide/target/debug/deps/rust_stefan-f6e3739fff4b5a3a)
[INFO] [stdout] 
[INFO] [stdout] running 0 tests
[INFO] [stdout] 
[INFO] [stdout] test result: ok. 0 passed; 0 failed; 0 ignored; 0 measured; 0 filtered out; finished in 0.00s
[INFO] [stdout] 
[INFO] [stderr]    Doc-tests rust-stefan
[INFO] [stdout] 
[INFO] [stdout] running 1 test
[INFO] [stdout] test src/old/input_output.rs - old::input_output::input_output (line 7) ... FAILED
[INFO] [stdout] 
[INFO] [stdout] failures:
[INFO] [stdout] 
[INFO] [stdout] ---- src/old/input_output.rs - old::input_output::input_output (line 7) stdout ----
[INFO] [stdout] error: expected one of `->`, `where`, or `{`, found `}`
[INFO] [stdout]  --> src/old/input_output.rs:9:1
[INFO] [stdout]   |
[INFO] [stdout] 3 | fn main()
[INFO] [stdout]   |    ----  - expected one of `->`, `where`, or `{`
[INFO] [stdout]   |    |
[INFO] [stdout]   |    while parsing this `fn`
[INFO] [stdout] 4 | } _doctest_main_src_old_input_output_rs_7_0() }
[INFO] [stdout]   | ^ unexpected token
[INFO] [stdout] 
[INFO] [stdout] error: free function without a body
[INFO] [stdout]  --> src/old/input_output.rs:8:1
[INFO] [stdout]   |
[INFO] [stdout] 3 | fn main()
[INFO] [stdout]   | ^^^^^^^^^- help: provide a definition for the function: `{ <body> }`
[INFO] [stdout] 
[INFO] [stdout] error: aborting due to 2 previous errors
[INFO] [stdout] 
[INFO] [stdout] Couldn't compile the test.
[INFO] [stdout] 
[INFO] [stdout] failures:
[INFO] [stdout]     src/old/input_output.rs - old::input_output::input_output (line 7)
[INFO] [stdout] 
[INFO] [stdout] test result: FAILED. 0 passed; 1 failed; 0 ignored; 0 measured; 0 filtered out; finished in 0.02s
[INFO] [stdout] 
[INFO] [stderr] error: doctest failed, to rerun pass `--doc`
[INFO] running `Command { std: "docker" "inspect" "2e81f46760706b51be012b4d2bc710261b297901dbc7e67c28383b01207d84ac", kill_on_drop: false }`
[INFO] running `Command { std: "docker" "rm" "-f" "2e81f46760706b51be012b4d2bc710261b297901dbc7e67c28383b01207d84ac", kill_on_drop: false }`
[INFO] [stdout] 2e81f46760706b51be012b4d2bc710261b297901dbc7e67c28383b01207d84ac
