[INFO] cloning repository https://github.com/makani-kukini/rust-play
[INFO] running `Command { std: "git" "-c" "credential.helper=" "-c" "credential.helper=/workspace/cargo-home/bin/git-credential-null" "clone" "--bare" "https://github.com/makani-kukini/rust-play" "/workspace/cache/git-repos/https%3A%2F%2Fgithub.com%2Fmakani-kukini%2Frust-play", kill_on_drop: false }`
[INFO] [stderr] Cloning into bare repository '/workspace/cache/git-repos/https%3A%2F%2Fgithub.com%2Fmakani-kukini%2Frust-play'...
[INFO] running `Command { std: "git" "rev-parse" "HEAD", kill_on_drop: false }`
[INFO] [stdout] 4526fca077cc515bacc3604420b613091d94ef32
[INFO] testing makani-kukini/rust-play against 1.75.0 for beta-1.76-1
[INFO] running `Command { std: "git" "clone" "/workspace/cache/git-repos/https%3A%2F%2Fgithub.com%2Fmakani-kukini%2Frust-play" "/workspace/builds/worker-0-tc1/source", kill_on_drop: false }`
[INFO] [stderr] Cloning into '/workspace/builds/worker-0-tc1/source'...
[INFO] [stderr] done.
[INFO] validating manifest of git repo https://github.com/makani-kukini/rust-play on toolchain 1.75.0
[INFO] running `Command { std: CARGO_HOME="/workspace/cargo-home" RUSTUP_HOME="/workspace/rustup-home" "/workspace/cargo-home/bin/cargo" "+1.75.0" "metadata" "--manifest-path" "Cargo.toml" "--no-deps", kill_on_drop: false }`
[INFO] started tweaking git repo https://github.com/makani-kukini/rust-play
[INFO] finished tweaking git repo https://github.com/makani-kukini/rust-play
[INFO] tweaked toml for git repo https://github.com/makani-kukini/rust-play written to /workspace/builds/worker-0-tc1/source/Cargo.toml
[INFO] crate git repo https://github.com/makani-kukini/rust-play already has a lockfile, it will not be regenerated
[INFO] running `Command { std: CARGO_HOME="/workspace/cargo-home" RUSTUP_HOME="/workspace/rustup-home" "/workspace/cargo-home/bin/cargo" "+1.75.0" "fetch" "--manifest-path" "Cargo.toml", kill_on_drop: false }`
[INFO] [stderr] warning: path `/workspace/builds/worker-0-tc1/source/src/cpu.rs` was erroneously implicitly accepted for library `cpu`,
[INFO] [stderr] please rename the file to `src/lib.rs` or set lib.path in Cargo.toml
[INFO] [stderr] warning: unused manifest key: lib.src
[INFO] running `Command { std: "docker" "create" "-v" "/var/lib/crater-agent-workspace/builds/worker-0-tc1/target:/opt/rustwide/target:rw,Z" "-v" "/var/lib/crater-agent-workspace/builds/worker-0-tc1/source:/opt/rustwide/workdir:ro,Z" "-v" "/var/lib/crater-agent-workspace/cargo-home:/opt/rustwide/cargo-home:ro,Z" "-v" "/var/lib/crater-agent-workspace/rustup-home:/opt/rustwide/rustup-home:ro,Z" "-e" "SOURCE_DIR=/opt/rustwide/workdir" "-e" "CARGO_TARGET_DIR=/opt/rustwide/target" "-e" "CARGO_HOME=/opt/rustwide/cargo-home" "-e" "RUSTUP_HOME=/opt/rustwide/rustup-home" "-w" "/opt/rustwide/workdir" "-m" "1610612736" "--user" "0:0" "--network" "none" "ghcr.io/rust-lang/crates-build-env/linux@sha256:2788e3201cd34a07e3172128adcd8b3090168a8e3bcc40d7c032b9dda1df7d1c" "/opt/rustwide/cargo-home/bin/cargo" "+1.75.0" "metadata" "--no-deps" "--format-version=1", kill_on_drop: false }`
[INFO] [stdout] b2a4a9cee27273f0ff1ab99e1c501a8f9188c379454226f7103b1d2d9347324d
[INFO] running `Command { std: "docker" "start" "-a" "b2a4a9cee27273f0ff1ab99e1c501a8f9188c379454226f7103b1d2d9347324d", kill_on_drop: false }`
[INFO] running `Command { std: "docker" "inspect" "b2a4a9cee27273f0ff1ab99e1c501a8f9188c379454226f7103b1d2d9347324d", kill_on_drop: false }`
[INFO] running `Command { std: "docker" "rm" "-f" "b2a4a9cee27273f0ff1ab99e1c501a8f9188c379454226f7103b1d2d9347324d", kill_on_drop: false }`
[INFO] [stdout] b2a4a9cee27273f0ff1ab99e1c501a8f9188c379454226f7103b1d2d9347324d
[INFO] running `Command { std: "docker" "create" "-v" "/var/lib/crater-agent-workspace/builds/worker-0-tc1/target:/opt/rustwide/target:rw,Z" "-v" "/var/lib/crater-agent-workspace/builds/worker-0-tc1/source:/opt/rustwide/workdir:ro,Z" "-v" "/var/lib/crater-agent-workspace/cargo-home:/opt/rustwide/cargo-home:ro,Z" "-v" "/var/lib/crater-agent-workspace/rustup-home:/opt/rustwide/rustup-home:ro,Z" "-e" "SOURCE_DIR=/opt/rustwide/workdir" "-e" "CARGO_TARGET_DIR=/opt/rustwide/target" "-e" "CARGO_INCREMENTAL=0" "-e" "RUST_BACKTRACE=full" "-e" "RUSTFLAGS=--cap-lints=warn" "-e" "RUSTDOCFLAGS=--cap-lints=warn" "-e" "CARGO_HOME=/opt/rustwide/cargo-home" "-e" "RUSTUP_HOME=/opt/rustwide/rustup-home" "-w" "/opt/rustwide/workdir" "-m" "1610612736" "--user" "0:0" "--network" "none" "ghcr.io/rust-lang/crates-build-env/linux@sha256:2788e3201cd34a07e3172128adcd8b3090168a8e3bcc40d7c032b9dda1df7d1c" "/opt/rustwide/cargo-home/bin/cargo" "+1.75.0" "build" "--frozen" "--message-format=json", kill_on_drop: false }`
[INFO] [stdout] cf24642462c3e51a691dc461f6e533fe23e32769f9cb80f9ba8932ef3ecb44d7
[INFO] running `Command { std: "docker" "start" "-a" "cf24642462c3e51a691dc461f6e533fe23e32769f9cb80f9ba8932ef3ecb44d7", kill_on_drop: false }`
[INFO] [stderr] warning: path `/opt/rustwide/workdir/src/cpu.rs` was erroneously implicitly accepted for library `cpu`,
[INFO] [stderr] please rename the file to `src/lib.rs` or set lib.path in Cargo.toml
[INFO] [stderr] warning: unused manifest key: lib.src
[INFO] [stderr]    Compiling nes v0.1.0 (/opt/rustwide/workdir)
[INFO] [stdout] warning: use of deprecated method `std::error::Error::description`: use the Display impl or to_string()
[INFO] [stdout]    --> src/cpu.rs:114:71
[INFO] [stdout]     |
[INFO] [stdout] 114 |             Err(why) => panic!("Couldn't open {:?}: {}", path, Error::description(&why)),
[INFO] [stdout]     |                                                                       ^^^^^^^^^^^
[INFO] [stdout]     |
[INFO] [stdout]     = note: `#[warn(deprecated)]` on by default
[INFO] [stdout] 
[INFO] [stdout] 
[INFO] [stdout] warning: use of deprecated method `std::error::Error::description`: use the Display impl or to_string()
[INFO] [stdout]    --> src/cpu.rs:144:71
[INFO] [stdout]     |
[INFO] [stdout] 144 |             Err(why) => panic!("Couldn't open {:?}: {}", path, Error::description(&why)),
[INFO] [stdout]     |                                                                       ^^^^^^^^^^^
[INFO] [stdout] 
[INFO] [stdout] 
[INFO] [stdout] warning: use of deprecated method `std::error::Error::description`: use the Display impl or to_string()
[INFO] [stdout]    --> src/cpu.rs:152:85
[INFO] [stdout]     |
[INFO] [stdout] 152 |                 Err(why) => panic!("Couldn't read line from {:?}: {}", path, Error::description(&why)),
[INFO] [stdout]     |                                                                                     ^^^^^^^^^^^
[INFO] [stdout] 
[INFO] [stdout] 
[INFO] [stdout] warning: 3 warnings emitted
[INFO] [stdout] 
[INFO] [stdout] 
[INFO] [stdout] warning: use of deprecated method `std::error::Error::description`: use the Display impl or to_string()
[INFO] [stdout]    --> src/cpu.rs:114:71
[INFO] [stdout]     |
[INFO] [stdout] 114 |             Err(why) => panic!("Couldn't open {:?}: {}", path, Error::description(&why)),
[INFO] [stdout]     |                                                                       ^^^^^^^^^^^
[INFO] [stdout]     |
[INFO] [stdout]     = note: `#[warn(deprecated)]` on by default
[INFO] [stdout] 
[INFO] [stdout] 
[INFO] [stdout] warning: use of deprecated method `std::error::Error::description`: use the Display impl or to_string()
[INFO] [stdout]    --> src/cpu.rs:144:71
[INFO] [stdout]     |
[INFO] [stdout] 144 |             Err(why) => panic!("Couldn't open {:?}: {}", path, Error::description(&why)),
[INFO] [stdout]     |                                                                       ^^^^^^^^^^^
[INFO] [stdout] 
[INFO] [stdout] 
[INFO] [stdout] warning: use of deprecated method `std::error::Error::description`: use the Display impl or to_string()
[INFO] [stdout]    --> src/cpu.rs:152:85
[INFO] [stdout]     |
[INFO] [stdout] 152 |                 Err(why) => panic!("Couldn't read line from {:?}: {}", path, Error::description(&why)),
[INFO] [stdout]     |                                                                                     ^^^^^^^^^^^
[INFO] [stdout] 
[INFO] [stdout] 
[INFO] [stdout] warning: 3 warnings emitted
[INFO] [stdout] 
[INFO] [stdout] 
[INFO] [stderr]     Finished dev [unoptimized + debuginfo] target(s) in 0.32s
[INFO] running `Command { std: "docker" "inspect" "cf24642462c3e51a691dc461f6e533fe23e32769f9cb80f9ba8932ef3ecb44d7", kill_on_drop: false }`
[INFO] running `Command { std: "docker" "rm" "-f" "cf24642462c3e51a691dc461f6e533fe23e32769f9cb80f9ba8932ef3ecb44d7", kill_on_drop: false }`
[INFO] [stdout] cf24642462c3e51a691dc461f6e533fe23e32769f9cb80f9ba8932ef3ecb44d7
[INFO] running `Command { std: "docker" "create" "-v" "/var/lib/crater-agent-workspace/builds/worker-0-tc1/target:/opt/rustwide/target:rw,Z" "-v" "/var/lib/crater-agent-workspace/builds/worker-0-tc1/source:/opt/rustwide/workdir:ro,Z" "-v" "/var/lib/crater-agent-workspace/cargo-home:/opt/rustwide/cargo-home:ro,Z" "-v" "/var/lib/crater-agent-workspace/rustup-home:/opt/rustwide/rustup-home:ro,Z" "-e" "SOURCE_DIR=/opt/rustwide/workdir" "-e" "CARGO_TARGET_DIR=/opt/rustwide/target" "-e" "CARGO_INCREMENTAL=0" "-e" "RUST_BACKTRACE=full" "-e" "RUSTFLAGS=--cap-lints=warn" "-e" "RUSTDOCFLAGS=--cap-lints=warn" "-e" "CARGO_HOME=/opt/rustwide/cargo-home" "-e" "RUSTUP_HOME=/opt/rustwide/rustup-home" "-w" "/opt/rustwide/workdir" "-m" "1610612736" "--user" "0:0" "--network" "none" "ghcr.io/rust-lang/crates-build-env/linux@sha256:2788e3201cd34a07e3172128adcd8b3090168a8e3bcc40d7c032b9dda1df7d1c" "/opt/rustwide/cargo-home/bin/cargo" "+1.75.0" "test" "--frozen" "--no-run" "--message-format=json", kill_on_drop: false }`
[INFO] [stdout] 557373d4d1e64647291290356f33c7c97303899bbbcb4bb5372d524a9932a00d
[INFO] running `Command { std: "docker" "start" "-a" "557373d4d1e64647291290356f33c7c97303899bbbcb4bb5372d524a9932a00d", kill_on_drop: false }`
[INFO] [stderr] warning: path `/opt/rustwide/workdir/src/cpu.rs` was erroneously implicitly accepted for library `cpu`,
[INFO] [stderr] please rename the file to `src/lib.rs` or set lib.path in Cargo.toml
[INFO] [stderr] warning: unused manifest key: lib.src
[INFO] [stdout] warning: use of deprecated method `std::error::Error::description`: use the Display impl or to_string()
[INFO] [stdout]    --> src/cpu.rs:114:71
[INFO] [stdout]     |
[INFO] [stdout] 114 |             Err(why) => panic!("Couldn't open {:?}: {}", path, Error::description(&why)),
[INFO] [stdout]     |                                                                       ^^^^^^^^^^^
[INFO] [stdout]     |
[INFO] [stdout]     = note: `#[warn(deprecated)]` on by default
[INFO] [stdout] 
[INFO] [stdout] 
[INFO] [stderr]    Compiling nes v0.1.0 (/opt/rustwide/workdir)
[INFO] [stdout] warning: use of deprecated method `std::error::Error::description`: use the Display impl or to_string()
[INFO] [stdout]    --> src/cpu.rs:144:71
[INFO] [stdout]     |
[INFO] [stdout] 144 |             Err(why) => panic!("Couldn't open {:?}: {}", path, Error::description(&why)),
[INFO] [stdout]     |                                                                       ^^^^^^^^^^^
[INFO] [stdout] 
[INFO] [stdout] 
[INFO] [stdout] warning: use of deprecated method `std::error::Error::description`: use the Display impl or to_string()
[INFO] [stdout]    --> src/cpu.rs:152:85
[INFO] [stdout]     |
[INFO] [stdout] 152 |                 Err(why) => panic!("Couldn't read line from {:?}: {}", path, Error::description(&why)),
[INFO] [stdout]     |                                                                                     ^^^^^^^^^^^
[INFO] [stdout] 
[INFO] [stdout] 
[INFO] [stdout] warning: 3 warnings emitted
[INFO] [stdout] 
[INFO] [stdout] 
[INFO] [stdout] warning: use of deprecated method `std::error::Error::description`: use the Display impl or to_string()
[INFO] [stdout]    --> src/cpu.rs:114:71
[INFO] [stdout]     |
[INFO] [stdout] 114 |             Err(why) => panic!("Couldn't open {:?}: {}", path, Error::description(&why)),
[INFO] [stdout]     |                                                                       ^^^^^^^^^^^
[INFO] [stdout]     |
[INFO] [stdout]     = note: `#[warn(deprecated)]` on by default
[INFO] [stdout] 
[INFO] [stdout] 
[INFO] [stdout] warning: use of deprecated method `std::error::Error::description`: use the Display impl or to_string()
[INFO] [stdout]    --> src/cpu.rs:144:71
[INFO] [stdout]     |
[INFO] [stdout] 144 |             Err(why) => panic!("Couldn't open {:?}: {}", path, Error::description(&why)),
[INFO] [stdout]     |                                                                       ^^^^^^^^^^^
[INFO] [stdout] 
[INFO] [stdout] 
[INFO] [stdout] warning: use of deprecated method `std::error::Error::description`: use the Display impl or to_string()
[INFO] [stdout]    --> src/cpu.rs:152:85
[INFO] [stdout]     |
[INFO] [stdout] 152 |                 Err(why) => panic!("Couldn't read line from {:?}: {}", path, Error::description(&why)),
[INFO] [stdout]     |                                                                                     ^^^^^^^^^^^
[INFO] [stdout] 
[INFO] [stdout] 
[INFO] [stdout] warning: 3 warnings emitted
[INFO] [stdout] 
[INFO] [stdout] 
[INFO] [stdout] warning: use of deprecated method `std::error::Error::description`: use the Display impl or to_string()
[INFO] [stdout]    --> src/cpu.rs:114:71
[INFO] [stdout]     |
[INFO] [stdout] 114 |             Err(why) => panic!("Couldn't open {:?}: {}", path, Error::description(&why)),
[INFO] [stdout]     |                                                                       ^^^^^^^^^^^
[INFO] [stdout]     |
[INFO] [stdout]     = note: `#[warn(deprecated)]` on by default
[INFO] [stdout] 
[INFO] [stdout] 
[INFO] [stdout] warning: use of deprecated method `std::error::Error::description`: use the Display impl or to_string()
[INFO] [stdout]    --> src/cpu.rs:144:71
[INFO] [stdout]     |
[INFO] [stdout] 144 |             Err(why) => panic!("Couldn't open {:?}: {}", path, Error::description(&why)),
[INFO] [stdout]     |                                                                       ^^^^^^^^^^^
[INFO] [stdout] 
[INFO] [stdout] 
[INFO] [stdout] warning: use of deprecated method `std::error::Error::description`: use the Display impl or to_string()
[INFO] [stdout]    --> src/cpu.rs:152:85
[INFO] [stdout]     |
[INFO] [stdout] 152 |                 Err(why) => panic!("Couldn't read line from {:?}: {}", path, Error::description(&why)),
[INFO] [stdout]     |                                                                                     ^^^^^^^^^^^
[INFO] [stdout] 
[INFO] [stdout] 
[INFO] [stdout] warning: use of deprecated method `std::error::Error::description`: use the Display impl or to_string()
[INFO] [stdout]    --> src/cpu.rs:114:71
[INFO] [stdout]     |
[INFO] [stdout] 114 |             Err(why) => panic!("Couldn't open {:?}: {}", path, Error::description(&why)),
[INFO] [stdout]     |                                                                       ^^^^^^^^^^^
[INFO] [stdout]     |
[INFO] [stdout]     = note: `#[warn(deprecated)]` on by default
[INFO] [stdout] 
[INFO] [stdout] 
[INFO] [stdout] warning: use of deprecated method `std::error::Error::description`: use the Display impl or to_string()
[INFO] [stdout]    --> src/cpu.rs:144:71
[INFO] [stdout]     |
[INFO] [stdout] 144 |             Err(why) => panic!("Couldn't open {:?}: {}", path, Error::description(&why)),
[INFO] [stdout]     |                                                                       ^^^^^^^^^^^
[INFO] [stdout] 
[INFO] [stdout] 
[INFO] [stdout] warning: use of deprecated method `std::error::Error::description`: use the Display impl or to_string()
[INFO] [stdout]    --> src/cpu.rs:152:85
[INFO] [stdout]     |
[INFO] [stdout] 152 |                 Err(why) => panic!("Couldn't read line from {:?}: {}", path, Error::description(&why)),
[INFO] [stdout]     |                                                                                     ^^^^^^^^^^^
[INFO] [stdout] 
[INFO] [stdout] 
[INFO] [stdout] warning: 3 warnings emitted
[INFO] [stdout] 
[INFO] [stdout] 
[INFO] [stdout] warning: 3 warnings emitted
[INFO] [stdout] 
[INFO] [stdout] 
[INFO] [stderr]     Finished test [unoptimized + debuginfo] target(s) in 0.22s
[INFO] running `Command { std: "docker" "inspect" "557373d4d1e64647291290356f33c7c97303899bbbcb4bb5372d524a9932a00d", kill_on_drop: false }`
[INFO] running `Command { std: "docker" "rm" "-f" "557373d4d1e64647291290356f33c7c97303899bbbcb4bb5372d524a9932a00d", kill_on_drop: false }`
[INFO] [stdout] 557373d4d1e64647291290356f33c7c97303899bbbcb4bb5372d524a9932a00d
[INFO] running `Command { std: "docker" "create" "-v" "/var/lib/crater-agent-workspace/builds/worker-0-tc1/target:/opt/rustwide/target:rw,Z" "-v" "/var/lib/crater-agent-workspace/builds/worker-0-tc1/source:/opt/rustwide/workdir:ro,Z" "-v" "/var/lib/crater-agent-workspace/cargo-home:/opt/rustwide/cargo-home:ro,Z" "-v" "/var/lib/crater-agent-workspace/rustup-home:/opt/rustwide/rustup-home:ro,Z" "-e" "SOURCE_DIR=/opt/rustwide/workdir" "-e" "CARGO_TARGET_DIR=/opt/rustwide/target" "-e" "CARGO_INCREMENTAL=0" "-e" "RUST_BACKTRACE=full" "-e" "RUSTFLAGS=--cap-lints=warn" "-e" "RUSTDOCFLAGS=--cap-lints=warn" "-e" "CARGO_HOME=/opt/rustwide/cargo-home" "-e" "RUSTUP_HOME=/opt/rustwide/rustup-home" "-w" "/opt/rustwide/workdir" "-m" "1610612736" "--user" "0:0" "--network" "none" "ghcr.io/rust-lang/crates-build-env/linux@sha256:2788e3201cd34a07e3172128adcd8b3090168a8e3bcc40d7c032b9dda1df7d1c" "/opt/rustwide/cargo-home/bin/cargo" "+1.75.0" "test" "--frozen", kill_on_drop: false }`
[INFO] [stdout] 55ccb8fc91df26987eba113580a1693f81d52610d742fbaf6254d1d3aa67b90a
[INFO] running `Command { std: "docker" "start" "-a" "55ccb8fc91df26987eba113580a1693f81d52610d742fbaf6254d1d3aa67b90a", kill_on_drop: false }`
[INFO] [stderr] warning: path `/opt/rustwide/workdir/src/cpu.rs` was erroneously implicitly accepted for library `cpu`,
[INFO] [stderr] please rename the file to `src/lib.rs` or set lib.path in Cargo.toml
[INFO] [stderr] warning: unused manifest key: lib.src
[INFO] [stderr] warning: use of deprecated method `std::error::Error::description`: use the Display impl or to_string()
[INFO] [stderr]    --> src/cpu.rs:114:71
[INFO] [stderr]     |
[INFO] [stderr] 114 |             Err(why) => panic!("Couldn't open {:?}: {}", path, Error::description(&why)),
[INFO] [stderr]     |                                                                       ^^^^^^^^^^^
[INFO] [stderr]     |
[INFO] [stderr]     = note: `#[warn(deprecated)]` on by default
[INFO] [stderr] 
[INFO] [stderr] warning: use of deprecated method `std::error::Error::description`: use the Display impl or to_string()
[INFO] [stderr]    --> src/cpu.rs:144:71
[INFO] [stderr]     |
[INFO] [stderr] 144 |             Err(why) => panic!("Couldn't open {:?}: {}", path, Error::description(&why)),
[INFO] [stderr]     |                                                                       ^^^^^^^^^^^
[INFO] [stderr] 
[INFO] [stderr] warning: use of deprecated method `std::error::Error::description`: use the Display impl or to_string()
[INFO] [stderr]    --> src/cpu.rs:152:85
[INFO] [stderr]     |
[INFO] [stderr] 152 |                 Err(why) => panic!("Couldn't read line from {:?}: {}", path, Error::description(&why)),
[INFO] [stderr]     |                                                                                     ^^^^^^^^^^^
[INFO] [stderr] 
[INFO] [stderr] warning: `nes` (lib) generated 3 warnings
[INFO] [stderr] warning: `nes` (bin "nes") generated 3 warnings (3 duplicates)
[INFO] [stderr] warning: `nes` (bin "nes" test) generated 3 warnings (3 duplicates)
[INFO] [stderr] warning: `nes` (lib test) generated 3 warnings (3 duplicates)
[INFO] [stderr]     Finished test [unoptimized + debuginfo] target(s) in 0.00s
[INFO] [stderr]      Running unittests src/cpu.rs (/opt/rustwide/target/debug/deps/cpu-bebb0368308c7cc5)
[INFO] [stdout] 
[INFO] [stdout] running 0 tests
[INFO] [stdout] 
[INFO] [stdout] test result: ok. 0 passed; 0 failed; 0 ignored; 0 measured; 0 filtered out; finished in 0.00s
[INFO] [stdout] 
[INFO] [stderr]      Running unittests src/nes.rs (/opt/rustwide/target/debug/deps/nes-0272eed0ccb1d8e7)
[INFO] [stdout] 
[INFO] [stdout] running 0 tests
[INFO] [stdout] 
[INFO] [stdout] test result: ok. 0 passed; 0 failed; 0 ignored; 0 measured; 0 filtered out; finished in 0.00s
[INFO] [stdout] 
[INFO] [stderr]      Running tests/lib.rs (/opt/rustwide/target/debug/deps/lib-b55d93fd703a972f)
[INFO] [stdout] 
[INFO] [stdout] running 1 test
[INFO] [stdout] test tests::nestest ... FAILED
[INFO] [stdout] 
[INFO] [stdout] failures:
[INFO] [stdout] 
[INFO] [stdout] ---- tests::nestest stdout ----
[INFO] [stdout] 
[INFO] [stdout] NOT IMPLEMENTED YET
[INFO] [stdout] C7B2  10 04     BPL $C7B8                       A:00 X:00 Y:00 P:26 SP:FB
[INFO] [stdout] thread 'tests::nestest' panicked at src/cpu.rs:165:13:
[INFO] [stdout] assertion `left == right` failed
[INFO] [stdout]   left: "C7B2  10 "
[INFO] [stdout]  right: "C7B2  10 04     BPL $C7B8                       A:00 X:00 Y:00 P:26 SP:FB"
[INFO] [stdout] stack backtrace:
[INFO] [stdout]    0:     0x558d6d78866c - std::backtrace_rs::backtrace::libunwind::trace::ha637c64ce894333a
[INFO] [stdout]                                at /rustc/82e1608dfa6e0b5569232559e3d385fea5a93112/library/std/src/../../backtrace/src/backtrace/libunwind.rs:104:5
[INFO] [stdout]    1:     0x558d6d78866c - std::backtrace_rs::backtrace::trace_unsynchronized::h47f62dea28e0c88d
[INFO] [stdout]                                at /rustc/82e1608dfa6e0b5569232559e3d385fea5a93112/library/std/src/../../backtrace/src/backtrace/mod.rs:66:5
[INFO] [stdout]    2:     0x558d6d78866c - std::sys_common::backtrace::_print_fmt::h9eef0abe20ede486
[INFO] [stdout]                                at /rustc/82e1608dfa6e0b5569232559e3d385fea5a93112/library/std/src/sys_common/backtrace.rs:67:5
[INFO] [stdout]    3:     0x558d6d78866c - <std::sys_common::backtrace::_print::DisplayBacktrace as core::fmt::Display>::fmt::hed7f999df88cc644
[INFO] [stdout]                                at /rustc/82e1608dfa6e0b5569232559e3d385fea5a93112/library/std/src/sys_common/backtrace.rs:44:22
[INFO] [stdout]    4:     0x558d6d7b2270 - core::fmt::rt::Argument::fmt::h1539a9308b8d058d
[INFO] [stdout]                                at /rustc/82e1608dfa6e0b5569232559e3d385fea5a93112/library/core/src/fmt/rt.rs:142:9
[INFO] [stdout]    5:     0x558d6d7b2270 - core::fmt::write::h3a39390d8560d9c9
[INFO] [stdout]                                at /rustc/82e1608dfa6e0b5569232559e3d385fea5a93112/library/core/src/fmt/mod.rs:1120:17
[INFO] [stdout]    6:     0x558d6d785e9f - std::io::Write::write_fmt::h040b369f3a0f9cbc
[INFO] [stdout]                                at /rustc/82e1608dfa6e0b5569232559e3d385fea5a93112/library/std/src/io/mod.rs:1762:15
[INFO] [stdout]    7:     0x558d6d788454 - std::sys_common::backtrace::_print::h894006fb5c6f3d45
[INFO] [stdout]                                at /rustc/82e1608dfa6e0b5569232559e3d385fea5a93112/library/std/src/sys_common/backtrace.rs:47:5
[INFO] [stdout]    8:     0x558d6d788454 - std::sys_common::backtrace::print::h23a2d212c6fff936
[INFO] [stdout]                                at /rustc/82e1608dfa6e0b5569232559e3d385fea5a93112/library/std/src/sys_common/backtrace.rs:34:9
[INFO] [stdout]    9:     0x558d6d78a117 - std::panicking::default_hook::{{closure}}::h8a1d2ee00185001a
[INFO] [stdout]   10:     0x558d6d789e03 - std::panicking::default_hook::h6038f2eba384e475
[INFO] [stdout]                                at /rustc/82e1608dfa6e0b5569232559e3d385fea5a93112/library/std/src/panicking.rs:289:9
[INFO] [stdout]   11:     0x558d6d74c487 - <alloc::boxed::Box<F,A> as core::ops::function::Fn<Args>>::call::h0ad024c9bdc6d768
[INFO] [stdout]                                at /rustc/82e1608dfa6e0b5569232559e3d385fea5a93112/library/alloc/src/boxed.rs:2021:9
[INFO] [stdout]   12:     0x558d6d74c487 - test::test_main::{{closure}}::h7500b54257359db6
[INFO] [stdout]                                at /rustc/82e1608dfa6e0b5569232559e3d385fea5a93112/library/test/src/lib.rs:138:21
[INFO] [stdout]   13:     0x558d6d78a728 - <alloc::boxed::Box<F,A> as core::ops::function::Fn<Args>>::call::h1f8f335eaa9cfaee
[INFO] [stdout]                                at /rustc/82e1608dfa6e0b5569232559e3d385fea5a93112/library/alloc/src/boxed.rs:2021:9
[INFO] [stdout]   14:     0x558d6d78a728 - std::panicking::rust_panic_with_hook::h2b5517d590cab22e
[INFO] [stdout]                                at /rustc/82e1608dfa6e0b5569232559e3d385fea5a93112/library/std/src/panicking.rs:783:13
[INFO] [stdout]   15:     0x558d6d78a47e - std::panicking::begin_panic_handler::{{closure}}::h233112c06e0ef43e
[INFO] [stdout]                                at /rustc/82e1608dfa6e0b5569232559e3d385fea5a93112/library/std/src/panicking.rs:657:13
[INFO] [stdout]   16:     0x558d6d788b36 - std::sys_common::backtrace::__rust_end_short_backtrace::h6e893f24d7ebbff8
[INFO] [stdout]                                at /rustc/82e1608dfa6e0b5569232559e3d385fea5a93112/library/std/src/sys_common/backtrace.rs:170:18
[INFO] [stdout]   17:     0x558d6d78a1e2 - rust_begin_unwind
[INFO] [stdout]                                at /rustc/82e1608dfa6e0b5569232559e3d385fea5a93112/library/std/src/panicking.rs:645:5
[INFO] [stdout]   18:     0x558d6d717cf5 - core::panicking::panic_fmt::hbf0e066aabfa482c
[INFO] [stdout]                                at /rustc/82e1608dfa6e0b5569232559e3d385fea5a93112/library/core/src/panicking.rs:72:14
[INFO] [stdout]   19:     0x558d6d71801b - core::panicking::assert_failed_inner::h0bba8b7c26ee4492
[INFO] [stdout]   20:     0x558d6d76335e - core::panicking::assert_failed::hf91942456f2c3b75
[INFO] [stdout]                                at /rustc/82e1608dfa6e0b5569232559e3d385fea5a93112/library/core/src/panicking.rs:279:5
[INFO] [stdout]   21:     0x558d6d758515 - cpu::CPU::test_run::hcd9b8ee8490803b5
[INFO] [stdout]                                at /opt/rustwide/workdir/src/cpu.rs:165:13
[INFO] [stdout]   22:     0x558d6d718a89 - lib::tests::nestest::h49b782382c3c1dba
[INFO] [stdout]                                at /opt/rustwide/workdir/tests/lib.rs:11:9
[INFO] [stdout]   23:     0x558d6d718a07 - lib::tests::nestest::{{closure}}::h9e0bef014e05bdec
[INFO] [stdout]                                at /opt/rustwide/workdir/tests/lib.rs:8:17
[INFO] [stdout]   24:     0x558d6d718736 - core::ops::function::FnOnce::call_once::h45f429baace0f8d4
[INFO] [stdout]                                at /rustc/82e1608dfa6e0b5569232559e3d385fea5a93112/library/core/src/ops/function.rs:250:5
[INFO] [stdout]   25:     0x558d6d751adf - core::ops::function::FnOnce::call_once::h2b5d431d5046312d
[INFO] [stdout]                                at /rustc/82e1608dfa6e0b5569232559e3d385fea5a93112/library/core/src/ops/function.rs:250:5
[INFO] [stdout]   26:     0x558d6d751adf - test::__rust_begin_short_backtrace::h7714669af176e207
[INFO] [stdout]                                at /rustc/82e1608dfa6e0b5569232559e3d385fea5a93112/library/test/src/lib.rs:628:18
[INFO] [stdout]   27:     0x558d6d750af5 - test::run_test_in_process::{{closure}}::h85218797dcbcec12
[INFO] [stdout]                                at /rustc/82e1608dfa6e0b5569232559e3d385fea5a93112/library/test/src/lib.rs:651:60
[INFO] [stdout]   28:     0x558d6d750af5 - <core::panic::unwind_safe::AssertUnwindSafe<F> as core::ops::function::FnOnce<()>>::call_once::h76c106ea31c14d7b
[INFO] [stdout]                                at /rustc/82e1608dfa6e0b5569232559e3d385fea5a93112/library/core/src/panic/unwind_safe.rs:272:9
[INFO] [stdout]   29:     0x558d6d750af5 - std::panicking::try::do_call::h3bd5d0f6620ee946
[INFO] [stdout]                                at /rustc/82e1608dfa6e0b5569232559e3d385fea5a93112/library/std/src/panicking.rs:552:40
[INFO] [stdout]   30:     0x558d6d750af5 - std::panicking::try::h232e535e4744fe31
[INFO] [stdout]                                at /rustc/82e1608dfa6e0b5569232559e3d385fea5a93112/library/std/src/panicking.rs:516:19
[INFO] [stdout]   31:     0x558d6d750af5 - std::panic::catch_unwind::h3ce3bd6ca8dbac68
[INFO] [stdout]                                at /rustc/82e1608dfa6e0b5569232559e3d385fea5a93112/library/std/src/panic.rs:142:14
[INFO] [stdout]   32:     0x558d6d750af5 - test::run_test_in_process::hc97b257c9621286a
[INFO] [stdout]                                at /rustc/82e1608dfa6e0b5569232559e3d385fea5a93112/library/test/src/lib.rs:651:27
[INFO] [stdout]   33:     0x558d6d750af5 - test::run_test::{{closure}}::h2aa798823a438d38
[INFO] [stdout]                                at /rustc/82e1608dfa6e0b5569232559e3d385fea5a93112/library/test/src/lib.rs:574:43
[INFO] [stdout]   34:     0x558d6d718db6 - test::run_test::{{closure}}::h87d231c78fb59832
[INFO] [stdout]                                at /rustc/82e1608dfa6e0b5569232559e3d385fea5a93112/library/test/src/lib.rs:602:41
[INFO] [stdout]   35:     0x558d6d718db6 - std::sys_common::backtrace::__rust_begin_short_backtrace::he6df152596625789
[INFO] [stdout]                                at /rustc/82e1608dfa6e0b5569232559e3d385fea5a93112/library/std/src/sys_common/backtrace.rs:154:18
[INFO] [stdout]   36:     0x558d6d71de67 - std::thread::Builder::spawn_unchecked_::{{closure}}::{{closure}}::ha94be15d1e0acf36
[INFO] [stdout]                                at /rustc/82e1608dfa6e0b5569232559e3d385fea5a93112/library/std/src/thread/mod.rs:529:17
[INFO] [stdout]   37:     0x558d6d71de67 - <core::panic::unwind_safe::AssertUnwindSafe<F> as core::ops::function::FnOnce<()>>::call_once::h9dc6bd6372f16606
[INFO] [stdout]                                at /rustc/82e1608dfa6e0b5569232559e3d385fea5a93112/library/core/src/panic/unwind_safe.rs:272:9
[INFO] [stdout]   38:     0x558d6d71de67 - std::panicking::try::do_call::h9057517f80303cd4
[INFO] [stdout]                                at /rustc/82e1608dfa6e0b5569232559e3d385fea5a93112/library/std/src/panicking.rs:552:40
[INFO] [stdout]   39:     0x558d6d71de67 - std::panicking::try::he3a30b11ee45340c
[INFO] [stdout]                                at /rustc/82e1608dfa6e0b5569232559e3d385fea5a93112/library/std/src/panicking.rs:516:19
[INFO] [stdout]   40:     0x558d6d71de67 - std::panic::catch_unwind::h410458cfd3528b8b
[INFO] [stdout]                                at /rustc/82e1608dfa6e0b5569232559e3d385fea5a93112/library/std/src/panic.rs:142:14
[INFO] [stdout]   41:     0x558d6d71de67 - std::thread::Builder::spawn_unchecked_::{{closure}}::h72ac3bdb567b737b
[INFO] [stdout]                                at /rustc/82e1608dfa6e0b5569232559e3d385fea5a93112/library/std/src/thread/mod.rs:528:30
[INFO] [stdout]   42:     0x558d6d71de67 - core::ops::function::FnOnce::call_once{{vtable.shim}}::h38f34da3654a8344
[INFO] [stdout]                                at /rustc/82e1608dfa6e0b5569232559e3d385fea5a93112/library/core/src/ops/function.rs:250:5
[INFO] [stdout]   43:     0x558d6d78f275 - <alloc::boxed::Box<F,A> as core::ops::function::FnOnce<Args>>::call_once::hc7eafaff61e32df9
[INFO] [stdout]                                at /rustc/82e1608dfa6e0b5569232559e3d385fea5a93112/library/alloc/src/boxed.rs:2007:9
[INFO] [stdout]   44:     0x558d6d78f275 - <alloc::boxed::Box<F,A> as core::ops::function::FnOnce<Args>>::call_once::h6ba4a5de48dd2304
[INFO] [stdout]                                at /rustc/82e1608dfa6e0b5569232559e3d385fea5a93112/library/alloc/src/boxed.rs:2007:9
[INFO] [stdout]   45:     0x558d6d78f275 - std::sys::unix::thread::Thread::new::thread_start::he469335aef763e45
[INFO] [stdout]                                at /rustc/82e1608dfa6e0b5569232559e3d385fea5a93112/library/std/src/sys/unix/thread.rs:108:17
[INFO] [stdout]   46:     0x7f810b717ac3 - <unknown>
[INFO] [stdout]   47:     0x7f810b7a8bf4 - __clone
[INFO] [stdout]   48:                0x0 - <unknown>
[INFO] [stdout] 
[INFO] [stdout] 
[INFO] [stdout] failures:
[INFO] [stdout]     tests::nestest
[INFO] [stdout] 
[INFO] [stdout] test result: FAILED. 0 passed; 1 failed; 0 ignored; 0 measured; 0 filtered out; finished in 0.03s
[INFO] [stdout] 
[INFO] [stderr] error: test failed, to rerun pass `--test lib`
[INFO] running `Command { std: "docker" "inspect" "55ccb8fc91df26987eba113580a1693f81d52610d742fbaf6254d1d3aa67b90a", kill_on_drop: false }`
[INFO] running `Command { std: "docker" "rm" "-f" "55ccb8fc91df26987eba113580a1693f81d52610d742fbaf6254d1d3aa67b90a", kill_on_drop: false }`
[INFO] [stdout] 55ccb8fc91df26987eba113580a1693f81d52610d742fbaf6254d1d3aa67b90a
