[INFO] cloning repository https://github.com/magnhalv/ray_tracer
[INFO] running `Command { std: "git" "-c" "credential.helper=" "-c" "credential.helper=/workspace/cargo-home/bin/git-credential-null" "clone" "--bare" "https://github.com/magnhalv/ray_tracer" "/workspace/cache/git-repos/https%3A%2F%2Fgithub.com%2Fmagnhalv%2Fray_tracer", kill_on_drop: false }`
[INFO] [stderr] Cloning into bare repository '/workspace/cache/git-repos/https%3A%2F%2Fgithub.com%2Fmagnhalv%2Fray_tracer'...
[INFO] running `Command { std: "git" "rev-parse" "HEAD", kill_on_drop: false }`
[INFO] [stdout] aa624e54b937f119022770b99e84bc1e4e54c275
[INFO] testing magnhalv/ray_tracer against 1.75.0 for beta-1.76-1
[INFO] running `Command { std: "git" "clone" "/workspace/cache/git-repos/https%3A%2F%2Fgithub.com%2Fmagnhalv%2Fray_tracer" "/workspace/builds/worker-2-tc1/source", kill_on_drop: false }`
[INFO] [stderr] Cloning into '/workspace/builds/worker-2-tc1/source'...
[INFO] [stderr] done.
[INFO] validating manifest of git repo https://github.com/magnhalv/ray_tracer on toolchain 1.75.0
[INFO] running `Command { std: CARGO_HOME="/workspace/cargo-home" RUSTUP_HOME="/workspace/rustup-home" "/workspace/cargo-home/bin/cargo" "+1.75.0" "metadata" "--manifest-path" "Cargo.toml" "--no-deps", kill_on_drop: false }`
[INFO] started tweaking git repo https://github.com/magnhalv/ray_tracer
[INFO] finished tweaking git repo https://github.com/magnhalv/ray_tracer
[INFO] tweaked toml for git repo https://github.com/magnhalv/ray_tracer written to /workspace/builds/worker-2-tc1/source/Cargo.toml
[INFO] crate git repo https://github.com/magnhalv/ray_tracer already has a lockfile, it will not be regenerated
[INFO] running `Command { std: CARGO_HOME="/workspace/cargo-home" RUSTUP_HOME="/workspace/rustup-home" "/workspace/cargo-home/bin/cargo" "+1.75.0" "fetch" "--manifest-path" "Cargo.toml", kill_on_drop: false }`
[INFO] [stderr]     Updating crates.io index
[INFO] [stderr]  Downloading crates ...
[INFO] [stderr]   Downloaded xkbcommon-sys v0.7.5
[INFO] [stderr]   Downloaded unidiff v0.3.3
[INFO] [stderr]   Downloaded minifb v0.19.3
[INFO] [stderr]   Downloaded nix v0.20.2
[INFO] [stderr]   Downloaded xkb v0.2.1
[INFO] [stderr]   Downloaded clang-sys v1.3.0
[INFO] [stderr]   Downloaded orbclient v0.3.31
[INFO] running `Command { std: "docker" "create" "-v" "/var/lib/crater-agent-workspace/builds/worker-2-tc1/target:/opt/rustwide/target:rw,Z" "-v" "/var/lib/crater-agent-workspace/builds/worker-2-tc1/source:/opt/rustwide/workdir:ro,Z" "-v" "/var/lib/crater-agent-workspace/cargo-home:/opt/rustwide/cargo-home:ro,Z" "-v" "/var/lib/crater-agent-workspace/rustup-home:/opt/rustwide/rustup-home:ro,Z" "-e" "SOURCE_DIR=/opt/rustwide/workdir" "-e" "CARGO_TARGET_DIR=/opt/rustwide/target" "-e" "CARGO_HOME=/opt/rustwide/cargo-home" "-e" "RUSTUP_HOME=/opt/rustwide/rustup-home" "-w" "/opt/rustwide/workdir" "-m" "1610612736" "--user" "0:0" "--network" "none" "ghcr.io/rust-lang/crates-build-env/linux@sha256:2788e3201cd34a07e3172128adcd8b3090168a8e3bcc40d7c032b9dda1df7d1c" "/opt/rustwide/cargo-home/bin/cargo" "+1.75.0" "metadata" "--no-deps" "--format-version=1", kill_on_drop: false }`
[INFO] [stdout] 8f43eca5f35c41584d232801f59185f0272a689b6d15349409d3a29fe473b66f
[INFO] running `Command { std: "docker" "start" "-a" "8f43eca5f35c41584d232801f59185f0272a689b6d15349409d3a29fe473b66f", kill_on_drop: false }`
[INFO] running `Command { std: "docker" "inspect" "8f43eca5f35c41584d232801f59185f0272a689b6d15349409d3a29fe473b66f", kill_on_drop: false }`
[INFO] running `Command { std: "docker" "rm" "-f" "8f43eca5f35c41584d232801f59185f0272a689b6d15349409d3a29fe473b66f", kill_on_drop: false }`
[INFO] [stdout] 8f43eca5f35c41584d232801f59185f0272a689b6d15349409d3a29fe473b66f
[INFO] running `Command { std: "docker" "create" "-v" "/var/lib/crater-agent-workspace/builds/worker-2-tc1/target:/opt/rustwide/target:rw,Z" "-v" "/var/lib/crater-agent-workspace/builds/worker-2-tc1/source:/opt/rustwide/workdir:ro,Z" "-v" "/var/lib/crater-agent-workspace/cargo-home:/opt/rustwide/cargo-home:ro,Z" "-v" "/var/lib/crater-agent-workspace/rustup-home:/opt/rustwide/rustup-home:ro,Z" "-e" "SOURCE_DIR=/opt/rustwide/workdir" "-e" "CARGO_TARGET_DIR=/opt/rustwide/target" "-e" "CARGO_INCREMENTAL=0" "-e" "RUST_BACKTRACE=full" "-e" "RUSTFLAGS=--cap-lints=warn" "-e" "RUSTDOCFLAGS=--cap-lints=warn" "-e" "CARGO_HOME=/opt/rustwide/cargo-home" "-e" "RUSTUP_HOME=/opt/rustwide/rustup-home" "-w" "/opt/rustwide/workdir" "-m" "1610612736" "--user" "0:0" "--network" "none" "ghcr.io/rust-lang/crates-build-env/linux@sha256:2788e3201cd34a07e3172128adcd8b3090168a8e3bcc40d7c032b9dda1df7d1c" "/opt/rustwide/cargo-home/bin/cargo" "+1.75.0" "build" "--frozen" "--message-format=json", kill_on_drop: false }`
[INFO] [stdout] d04419dde392a6f3a03f37d562285b8fbc0bbfa15dbdb0692fab6cc19797e432
[INFO] running `Command { std: "docker" "start" "-a" "d04419dde392a6f3a03f37d562285b8fbc0bbfa15dbdb0692fab6cc19797e432", kill_on_drop: false }`
[INFO] [stderr]    Compiling libc v0.2.107
[INFO] [stderr]    Compiling proc-macro2 v1.0.32
[INFO] [stderr]    Compiling memchr v2.4.1
[INFO] [stderr]    Compiling unicode-xid v0.2.2
[INFO] [stderr]    Compiling pkg-config v0.3.22
[INFO] [stderr]    Compiling version_check v0.9.3
[INFO] [stderr]    Compiling bitflags v1.2.1
[INFO] [stderr]    Compiling glob v0.3.0
[INFO] [stderr]    Compiling log v0.4.14
[INFO] [stderr]    Compiling nom v5.1.2
[INFO] [stderr]    Compiling autocfg v1.0.1
[INFO] [stderr]    Compiling regex-syntax v0.6.25
[INFO] [stderr]    Compiling clang-sys v1.3.0
[INFO] [stderr]    Compiling unicode-width v0.1.9
[INFO] [stderr]    Compiling wayland-sys v0.28.6
[INFO] [stderr]    Compiling textwrap v0.11.0
[INFO] [stderr]    Compiling memoffset v0.6.4
[INFO] [stderr]    Compiling libloading v0.7.1
[INFO] [stderr]    Compiling quote v1.0.10
[INFO] [stderr]    Compiling aho-corasick v0.7.18
[INFO] [stderr]    Compiling wayland-scanner v0.28.6
[INFO] [stderr]    Compiling humantime v2.1.0
[INFO] [stderr]    Compiling termcolor v1.1.2
[INFO] [stderr]    Compiling ansi_term v0.11.0
[INFO] [stderr]    Compiling bindgen v0.56.0
[INFO] [stderr]    Compiling atty v0.2.14
[INFO] [stderr]    Compiling vec_map v0.8.2
[INFO] [stderr]    Compiling strsim v0.8.0
[INFO] [stderr]    Compiling which v3.1.1
[INFO] [stderr]    Compiling clap v2.33.3
[INFO] [stderr]    Compiling peeking_take_while v0.1.2
[INFO] [stderr]    Compiling shlex v0.1.1
[INFO] [stderr]    Compiling rustc-hash v1.1.0
[INFO] [stderr]    Compiling lazycell v1.3.0
[INFO] [stderr]    Compiling nix v0.20.2
[INFO] [stderr]    Compiling getrandom v0.2.3
[INFO] [stderr]    Compiling nom v7.1.0
[INFO] [stderr]    Compiling regex v1.5.4
[INFO] [stderr]    Compiling wayland-client v0.28.6
[INFO] [stderr]    Compiling smallvec v1.7.0
[INFO] [stderr]    Compiling once_cell v1.8.0
[INFO] [stderr]    Compiling rand_core v0.6.3
[INFO] [stderr]    Compiling env_logger v0.8.4
[INFO] [stderr]    Compiling cexpr v0.4.0
[INFO] [stderr]    Compiling ppv-lite86 v0.2.15
[INFO] [stderr]    Compiling minimal-lexical v0.2.1
[INFO] [stderr]    Compiling rand_chacha v0.3.1
[INFO] [stderr]    Compiling wayland-protocols v0.28.6
[INFO] [stderr]    Compiling wayland-commons v0.28.6
[INFO] [stderr]    Compiling x11-dl v2.19.1
[INFO] [stderr]    Compiling cc v1.0.72
[INFO] [stderr]    Compiling rand v0.8.4
[INFO] [stderr]    Compiling xcursor v0.3.4
[INFO] [stderr]    Compiling remove_dir_all v0.5.3
[INFO] [stderr]    Compiling raw-window-handle v0.3.3
[INFO] [stderr]    Compiling wayland-cursor v0.28.6
[INFO] [stderr]    Compiling minifb v0.19.3
[INFO] [stderr]    Compiling tempfile v3.2.0
[INFO] [stderr]    Compiling xkbcommon-sys v0.7.5
[INFO] [stderr]    Compiling xkb v0.2.1
[INFO] [stderr]    Compiling ray_tracer v0.1.0 (/opt/rustwide/workdir)
[INFO] [stdout] warning: unused import: `time::Duration`
[INFO] [stdout]  --> src/main.rs:3:19
[INFO] [stdout]   |
[INFO] [stdout] 3 | use std::{thread, time::Duration};
[INFO] [stdout]   |                   ^^^^^^^^^^^^^^
[INFO] [stdout]   |
[INFO] [stdout]   = note: `#[warn(unused_imports)]` on by default
[INFO] [stdout] 
[INFO] [stdout] 
[INFO] [stdout] warning: unused import: `crate::world_generator::generate_test_world`
[INFO] [stdout]   --> src/main.rs:11:5
[INFO] [stdout]    |
[INFO] [stdout] 11 | use crate::world_generator::generate_test_world;
[INFO] [stdout]    |     ^^^^^^^^^^^^^^^^^^^^^^^^^^^^^^^^^^^^^^^^^^^
[INFO] [stdout] 
[INFO] [stdout] 
[INFO] [stdout] warning: unused import: `MouseButton`
[INFO] [stdout]   --> src/main.rs:13:19
[INFO] [stdout]    |
[INFO] [stdout] 13 | use minifb::{Key, MouseButton, MouseMode, Window, WindowOptions};
[INFO] [stdout]    |                   ^^^^^^^^^^^
[INFO] [stdout] 
[INFO] [stdout] 
[INFO] [stdout] warning: unused imports: `BLACK`, `WHITE`
[INFO] [stdout]  --> src/world_generator.rs:1:27
[INFO] [stdout]   |
[INFO] [stdout] 1 | use crate::color::{Color, BLACK, WHITE};
[INFO] [stdout]   |                           ^^^^^  ^^^^^
[INFO] [stdout] 
[INFO] [stdout] 
[INFO] [stdout] warning: unused variable: `bone_color`
[INFO] [stdout]   --> src/world_generator.rs:27:9
[INFO] [stdout]    |
[INFO] [stdout] 27 |     let bone_color = Color::new(205.0 / 255.0, 197.0 / 255.0, 180.0 / 255.0);
[INFO] [stdout]    |         ^^^^^^^^^^ help: if this is intentional, prefix it with an underscore: `_bone_color`
[INFO] [stdout]    |
[INFO] [stdout]    = note: `#[warn(unused_variables)]` on by default
[INFO] [stdout] 
[INFO] [stdout] 
[INFO] [stdout] warning: unused variable: `liliac_color`
[INFO] [stdout]   --> src/world_generator.rs:28:9
[INFO] [stdout]    |
[INFO] [stdout] 28 |     let liliac_color = Color::new(181.0 / 255.0, 157.0 / 255.0, 164.0 / 255.0);
[INFO] [stdout]    |         ^^^^^^^^^^^^ help: if this is intentional, prefix it with an underscore: `_liliac_color`
[INFO] [stdout] 
[INFO] [stdout] 
[INFO] [stdout] warning: unused variable: `dark_red_color`
[INFO] [stdout]   --> src/world_generator.rs:31:9
[INFO] [stdout]    |
[INFO] [stdout] 31 |     let dark_red_color = Color::new(85.0 / 255.0, 27.0 / 255.0, 20.0 / 255.0);
[INFO] [stdout]    |         ^^^^^^^^^^^^^^ help: if this is intentional, prefix it with an underscore: `_dark_red_color`
[INFO] [stdout] 
[INFO] [stdout] 
[INFO] [stdout] warning: unused variable: `color`
[INFO] [stdout]   --> src/main.rs:84:9
[INFO] [stdout]    |
[INFO] [stdout] 84 |     let color = render_at(240, 148, &camera, &world);        
[INFO] [stdout]    |         ^^^^^ help: if this is intentional, prefix it with an underscore: `_color`
[INFO] [stdout] 
[INFO] [stdout] 
[INFO] [stdout] warning: unused variable: `color2`
[INFO] [stdout]   --> src/main.rs:85:9
[INFO] [stdout]    |
[INFO] [stdout] 85 |     let color2 = render_at(32, 212, &camera, &world);
[INFO] [stdout]    |         ^^^^^^ help: if this is intentional, prefix it with an underscore: `_color2`
[INFO] [stdout] 
[INFO] [stdout] 
[INFO] [stdout] warning: constant `WHITE` is never used
[INFO] [stdout]   --> src/color.rs:10:11
[INFO] [stdout]    |
[INFO] [stdout] 10 | pub const WHITE: Color = Color {
[INFO] [stdout]    |           ^^^^^
[INFO] [stdout]    |
[INFO] [stdout]    = note: `#[warn(dead_code)]` on by default
[INFO] [stdout] 
[INFO] [stdout] 
[INFO] [stdout] warning: constant `PI` is never used
[INFO] [stdout]  --> src/math.rs:4:11
[INFO] [stdout]   |
[INFO] [stdout] 4 | pub const PI: f32 = core::f32::consts::PI;
[INFO] [stdout]   |           ^^
[INFO] [stdout] 
[INFO] [stdout] 
[INFO] [stdout] warning: function `shearing` is never used
[INFO] [stdout]    --> src/transformation.rs:110:8
[INFO] [stdout]     |
[INFO] [stdout] 110 | pub fn shearing(
[INFO] [stdout]     |        ^^^^^^^^
[INFO] [stdout] 
[INFO] [stdout] 
[INFO] [stdout] warning: constant `red` is never used
[INFO] [stdout]   --> src/world_generator.rs:15:7
[INFO] [stdout]    |
[INFO] [stdout] 15 | const red: Color = Color {
[INFO] [stdout]    |       ^^^
[INFO] [stdout] 
[INFO] [stdout] 
[INFO] [stdout] warning: constant `pink` is never used
[INFO] [stdout]   --> src/world_generator.rs:20:7
[INFO] [stdout]    |
[INFO] [stdout] 20 | const pink: Color = Color {
[INFO] [stdout]    |       ^^^^
[INFO] [stdout] 
[INFO] [stdout] 
[INFO] [stdout] warning: function `generate_test_world` is never used
[INFO] [stdout]    --> src/world_generator.rs:146:8
[INFO] [stdout]     |
[INFO] [stdout] 146 | pub fn generate_test_world() -> World {
[INFO] [stdout]     |        ^^^^^^^^^^^^^^^^^^^
[INFO] [stdout] 
[INFO] [stdout] 
[INFO] [stdout] warning: constant `red` should have an upper case name
[INFO] [stdout]   --> src/world_generator.rs:15:7
[INFO] [stdout]    |
[INFO] [stdout] 15 | const red: Color = Color {
[INFO] [stdout]    |       ^^^ help: convert the identifier to upper case: `RED`
[INFO] [stdout]    |
[INFO] [stdout]    = note: `#[warn(non_upper_case_globals)]` on by default
[INFO] [stdout] 
[INFO] [stdout] 
[INFO] [stdout] warning: constant `pink` should have an upper case name
[INFO] [stdout]   --> src/world_generator.rs:20:7
[INFO] [stdout]    |
[INFO] [stdout] 20 | const pink: Color = Color {
[INFO] [stdout]    |       ^^^^ help: convert the identifier to upper case: `PINK`
[INFO] [stdout] 
[INFO] [stdout] 
[INFO] [stdout] warning: 17 warnings emitted
[INFO] [stdout] 
[INFO] [stdout] 
[INFO] [stderr]     Finished dev [unoptimized + debuginfo] target(s) in 1m 04s
[INFO] [stderr] warning: the following packages contain code that will be rejected by a future version of Rust: nom v5.1.2
[INFO] [stderr] note: to see what the problems were, use the option `--future-incompat-report`, or run `cargo report future-incompatibilities --id 1`
[INFO] running `Command { std: "docker" "inspect" "d04419dde392a6f3a03f37d562285b8fbc0bbfa15dbdb0692fab6cc19797e432", kill_on_drop: false }`
[INFO] running `Command { std: "docker" "rm" "-f" "d04419dde392a6f3a03f37d562285b8fbc0bbfa15dbdb0692fab6cc19797e432", kill_on_drop: false }`
[INFO] [stdout] d04419dde392a6f3a03f37d562285b8fbc0bbfa15dbdb0692fab6cc19797e432
[INFO] running `Command { std: "docker" "create" "-v" "/var/lib/crater-agent-workspace/builds/worker-2-tc1/target:/opt/rustwide/target:rw,Z" "-v" "/var/lib/crater-agent-workspace/builds/worker-2-tc1/source:/opt/rustwide/workdir:ro,Z" "-v" "/var/lib/crater-agent-workspace/cargo-home:/opt/rustwide/cargo-home:ro,Z" "-v" "/var/lib/crater-agent-workspace/rustup-home:/opt/rustwide/rustup-home:ro,Z" "-e" "SOURCE_DIR=/opt/rustwide/workdir" "-e" "CARGO_TARGET_DIR=/opt/rustwide/target" "-e" "CARGO_INCREMENTAL=0" "-e" "RUST_BACKTRACE=full" "-e" "RUSTFLAGS=--cap-lints=warn" "-e" "RUSTDOCFLAGS=--cap-lints=warn" "-e" "CARGO_HOME=/opt/rustwide/cargo-home" "-e" "RUSTUP_HOME=/opt/rustwide/rustup-home" "-w" "/opt/rustwide/workdir" "-m" "1610612736" "--user" "0:0" "--network" "none" "ghcr.io/rust-lang/crates-build-env/linux@sha256:2788e3201cd34a07e3172128adcd8b3090168a8e3bcc40d7c032b9dda1df7d1c" "/opt/rustwide/cargo-home/bin/cargo" "+1.75.0" "test" "--frozen" "--no-run" "--message-format=json", kill_on_drop: false }`
[INFO] [stdout] 9306598c8d654aa8ea276ee952a95c2ca16cb6d760f41140fdba53972255677b
[INFO] running `Command { std: "docker" "start" "-a" "9306598c8d654aa8ea276ee952a95c2ca16cb6d760f41140fdba53972255677b", kill_on_drop: false }`
[INFO] [stderr]    Compiling ray_tracer v0.1.0 (/opt/rustwide/workdir)
[INFO] [stdout] warning: unused import: `time::Duration`
[INFO] [stdout]  --> src/main.rs:3:19
[INFO] [stdout]   |
[INFO] [stdout] 3 | use std::{thread, time::Duration};
[INFO] [stdout]   |                   ^^^^^^^^^^^^^^
[INFO] [stdout]   |
[INFO] [stdout]   = note: `#[warn(unused_imports)]` on by default
[INFO] [stdout] 
[INFO] [stdout] 
[INFO] [stdout] warning: unused import: `crate::world_generator::generate_test_world`
[INFO] [stdout]   --> src/main.rs:11:5
[INFO] [stdout]    |
[INFO] [stdout] 11 | use crate::world_generator::generate_test_world;
[INFO] [stdout]    |     ^^^^^^^^^^^^^^^^^^^^^^^^^^^^^^^^^^^^^^^^^^^
[INFO] [stdout] 
[INFO] [stdout] 
[INFO] [stdout] warning: unused import: `MouseButton`
[INFO] [stdout]   --> src/main.rs:13:19
[INFO] [stdout]    |
[INFO] [stdout] 13 | use minifb::{Key, MouseButton, MouseMode, Window, WindowOptions};
[INFO] [stdout]    |                   ^^^^^^^^^^^
[INFO] [stdout] 
[INFO] [stdout] 
[INFO] [stdout] warning: unused imports: `BLACK`, `WHITE`
[INFO] [stdout]  --> src/world_generator.rs:1:27
[INFO] [stdout]   |
[INFO] [stdout] 1 | use crate::color::{Color, BLACK, WHITE};
[INFO] [stdout]   |                           ^^^^^  ^^^^^
[INFO] [stdout] 
[INFO] [stdout] 
[INFO] [stdout] warning: unused variable: `bone_color`
[INFO] [stdout]   --> src/world_generator.rs:27:9
[INFO] [stdout]    |
[INFO] [stdout] 27 |     let bone_color = Color::new(205.0 / 255.0, 197.0 / 255.0, 180.0 / 255.0);
[INFO] [stdout]    |         ^^^^^^^^^^ help: if this is intentional, prefix it with an underscore: `_bone_color`
[INFO] [stdout]    |
[INFO] [stdout]    = note: `#[warn(unused_variables)]` on by default
[INFO] [stdout] 
[INFO] [stdout] 
[INFO] [stdout] warning: unused variable: `liliac_color`
[INFO] [stdout]   --> src/world_generator.rs:28:9
[INFO] [stdout]    |
[INFO] [stdout] 28 |     let liliac_color = Color::new(181.0 / 255.0, 157.0 / 255.0, 164.0 / 255.0);
[INFO] [stdout]    |         ^^^^^^^^^^^^ help: if this is intentional, prefix it with an underscore: `_liliac_color`
[INFO] [stdout] 
[INFO] [stdout] 
[INFO] [stdout] warning: unused variable: `dark_red_color`
[INFO] [stdout]   --> src/world_generator.rs:31:9
[INFO] [stdout]    |
[INFO] [stdout] 31 |     let dark_red_color = Color::new(85.0 / 255.0, 27.0 / 255.0, 20.0 / 255.0);
[INFO] [stdout]    |         ^^^^^^^^^^^^^^ help: if this is intentional, prefix it with an underscore: `_dark_red_color`
[INFO] [stdout] 
[INFO] [stdout] 
[INFO] [stdout] warning: unused variable: `color`
[INFO] [stdout]   --> src/main.rs:84:9
[INFO] [stdout]    |
[INFO] [stdout] 84 |     let color = render_at(240, 148, &camera, &world);        
[INFO] [stdout]    |         ^^^^^ help: if this is intentional, prefix it with an underscore: `_color`
[INFO] [stdout] 
[INFO] [stdout] 
[INFO] [stdout] warning: unused variable: `color2`
[INFO] [stdout]   --> src/main.rs:85:9
[INFO] [stdout]    |
[INFO] [stdout] 85 |     let color2 = render_at(32, 212, &camera, &world);
[INFO] [stdout]    |         ^^^^^^ help: if this is intentional, prefix it with an underscore: `_color2`
[INFO] [stdout] 
[INFO] [stdout] 
[INFO] [stdout] warning: constant `red` is never used
[INFO] [stdout]   --> src/world_generator.rs:15:7
[INFO] [stdout]    |
[INFO] [stdout] 15 | const red: Color = Color {
[INFO] [stdout]    |       ^^^
[INFO] [stdout]    |
[INFO] [stdout]    = note: `#[warn(dead_code)]` on by default
[INFO] [stdout] 
[INFO] [stdout] 
[INFO] [stdout] warning: constant `pink` is never used
[INFO] [stdout]   --> src/world_generator.rs:20:7
[INFO] [stdout]    |
[INFO] [stdout] 20 | const pink: Color = Color {
[INFO] [stdout]    |       ^^^^
[INFO] [stdout] 
[INFO] [stdout] 
[INFO] [stdout] warning: function `generate_test_world` is never used
[INFO] [stdout]    --> src/world_generator.rs:146:8
[INFO] [stdout]     |
[INFO] [stdout] 146 | pub fn generate_test_world() -> World {
[INFO] [stdout]     |        ^^^^^^^^^^^^^^^^^^^
[INFO] [stdout] 
[INFO] [stdout] 
[INFO] [stdout] warning: constant `red` should have an upper case name
[INFO] [stdout]   --> src/world_generator.rs:15:7
[INFO] [stdout]    |
[INFO] [stdout] 15 | const red: Color = Color {
[INFO] [stdout]    |       ^^^ help: convert the identifier to upper case: `RED`
[INFO] [stdout]    |
[INFO] [stdout]    = note: `#[warn(non_upper_case_globals)]` on by default
[INFO] [stdout] 
[INFO] [stdout] 
[INFO] [stdout] warning: constant `pink` should have an upper case name
[INFO] [stdout]   --> src/world_generator.rs:20:7
[INFO] [stdout]    |
[INFO] [stdout] 20 | const pink: Color = Color {
[INFO] [stdout]    |       ^^^^ help: convert the identifier to upper case: `PINK`
[INFO] [stdout] 
[INFO] [stdout] 
[INFO] [stdout] warning: 14 warnings emitted
[INFO] [stdout] 
[INFO] [stdout] 
[INFO] [stderr]     Finished test [unoptimized + debuginfo] target(s) in 1.29s
[INFO] [stderr] warning: the following packages contain code that will be rejected by a future version of Rust: nom v5.1.2
[INFO] [stderr] note: to see what the problems were, use the option `--future-incompat-report`, or run `cargo report future-incompatibilities --id 1`
[INFO] running `Command { std: "docker" "inspect" "9306598c8d654aa8ea276ee952a95c2ca16cb6d760f41140fdba53972255677b", kill_on_drop: false }`
[INFO] running `Command { std: "docker" "rm" "-f" "9306598c8d654aa8ea276ee952a95c2ca16cb6d760f41140fdba53972255677b", kill_on_drop: false }`
[INFO] [stdout] 9306598c8d654aa8ea276ee952a95c2ca16cb6d760f41140fdba53972255677b
[INFO] running `Command { std: "docker" "create" "-v" "/var/lib/crater-agent-workspace/builds/worker-2-tc1/target:/opt/rustwide/target:rw,Z" "-v" "/var/lib/crater-agent-workspace/builds/worker-2-tc1/source:/opt/rustwide/workdir:ro,Z" "-v" "/var/lib/crater-agent-workspace/cargo-home:/opt/rustwide/cargo-home:ro,Z" "-v" "/var/lib/crater-agent-workspace/rustup-home:/opt/rustwide/rustup-home:ro,Z" "-e" "SOURCE_DIR=/opt/rustwide/workdir" "-e" "CARGO_TARGET_DIR=/opt/rustwide/target" "-e" "CARGO_INCREMENTAL=0" "-e" "RUST_BACKTRACE=full" "-e" "RUSTFLAGS=--cap-lints=warn" "-e" "RUSTDOCFLAGS=--cap-lints=warn" "-e" "CARGO_HOME=/opt/rustwide/cargo-home" "-e" "RUSTUP_HOME=/opt/rustwide/rustup-home" "-w" "/opt/rustwide/workdir" "-m" "1610612736" "--user" "0:0" "--network" "none" "ghcr.io/rust-lang/crates-build-env/linux@sha256:2788e3201cd34a07e3172128adcd8b3090168a8e3bcc40d7c032b9dda1df7d1c" "/opt/rustwide/cargo-home/bin/cargo" "+1.75.0" "test" "--frozen", kill_on_drop: false }`
[INFO] [stdout] ba4941e2733d38cb46c42793e7fee6c92f3c79b12da5078b7e5089291ddd234f
[INFO] running `Command { std: "docker" "start" "-a" "ba4941e2733d38cb46c42793e7fee6c92f3c79b12da5078b7e5089291ddd234f", kill_on_drop: false }`
[INFO] [stderr] warning: unused import: `time::Duration`
[INFO] [stderr]  --> src/main.rs:3:19
[INFO] [stderr]   |
[INFO] [stderr] 3 | use std::{thread, time::Duration};
[INFO] [stderr]   |                   ^^^^^^^^^^^^^^
[INFO] [stderr]   |
[INFO] [stderr]   = note: `#[warn(unused_imports)]` on by default
[INFO] [stderr] 
[INFO] [stderr] warning: unused import: `crate::world_generator::generate_test_world`
[INFO] [stderr]   --> src/main.rs:11:5
[INFO] [stderr]    |
[INFO] [stderr] 11 | use crate::world_generator::generate_test_world;
[INFO] [stderr]    |     ^^^^^^^^^^^^^^^^^^^^^^^^^^^^^^^^^^^^^^^^^^^
[INFO] [stderr] 
[INFO] [stderr] warning: unused import: `MouseButton`
[INFO] [stderr]   --> src/main.rs:13:19
[INFO] [stderr]    |
[INFO] [stderr] 13 | use minifb::{Key, MouseButton, MouseMode, Window, WindowOptions};
[INFO] [stderr]    |                   ^^^^^^^^^^^
[INFO] [stderr] 
[INFO] [stderr] warning: unused imports: `BLACK`, `WHITE`
[INFO] [stderr]  --> src/world_generator.rs:1:27
[INFO] [stderr]   |
[INFO] [stderr] 1 | use crate::color::{Color, BLACK, WHITE};
[INFO] [stderr]   |                           ^^^^^  ^^^^^
[INFO] [stderr] 
[INFO] [stderr] warning: unused variable: `bone_color`
[INFO] [stderr]   --> src/world_generator.rs:27:9
[INFO] [stderr]    |
[INFO] [stderr] 27 |     let bone_color = Color::new(205.0 / 255.0, 197.0 / 255.0, 180.0 / 255.0);
[INFO] [stderr]    |         ^^^^^^^^^^ help: if this is intentional, prefix it with an underscore: `_bone_color`
[INFO] [stderr]    |
[INFO] [stderr]    = note: `#[warn(unused_variables)]` on by default
[INFO] [stderr] 
[INFO] [stderr] warning: unused variable: `liliac_color`
[INFO] [stderr]   --> src/world_generator.rs:28:9
[INFO] [stderr]    |
[INFO] [stderr] 28 |     let liliac_color = Color::new(181.0 / 255.0, 157.0 / 255.0, 164.0 / 255.0);
[INFO] [stderr]    |         ^^^^^^^^^^^^ help: if this is intentional, prefix it with an underscore: `_liliac_color`
[INFO] [stderr] 
[INFO] [stderr] warning: unused variable: `dark_red_color`
[INFO] [stderr]   --> src/world_generator.rs:31:9
[INFO] [stderr]    |
[INFO] [stderr] 31 |     let dark_red_color = Color::new(85.0 / 255.0, 27.0 / 255.0, 20.0 / 255.0);
[INFO] [stderr]    |         ^^^^^^^^^^^^^^ help: if this is intentional, prefix it with an underscore: `_dark_red_color`
[INFO] [stderr] 
[INFO] [stderr] warning: unused variable: `color`
[INFO] [stderr]   --> src/main.rs:84:9
[INFO] [stderr]    |
[INFO] [stderr] 84 |     let color = render_at(240, 148, &camera, &world);        
[INFO] [stderr]    |         ^^^^^ help: if this is intentional, prefix it with an underscore: `_color`
[INFO] [stderr] 
[INFO] [stderr] warning: unused variable: `color2`
[INFO] [stderr]   --> src/main.rs:85:9
[INFO] [stderr]    |
[INFO] [stderr] 85 |     let color2 = render_at(32, 212, &camera, &world);
[INFO] [stderr]    |         ^^^^^^ help: if this is intentional, prefix it with an underscore: `_color2`
[INFO] [stderr] 
[INFO] [stderr] warning: constant `red` is never used
[INFO] [stderr]   --> src/world_generator.rs:15:7
[INFO] [stderr]    |
[INFO] [stderr] 15 | const red: Color = Color {
[INFO] [stderr]    |       ^^^
[INFO] [stderr]    |
[INFO] [stderr]    = note: `#[warn(dead_code)]` on by default
[INFO] [stderr] 
[INFO] [stderr] warning: constant `pink` is never used
[INFO] [stderr]   --> src/world_generator.rs:20:7
[INFO] [stderr]    |
[INFO] [stderr] 20 | const pink: Color = Color {
[INFO] [stderr]    |       ^^^^
[INFO] [stderr] 
[INFO] [stderr] warning: function `generate_test_world` is never used
[INFO] [stderr]    --> src/world_generator.rs:146:8
[INFO] [stderr]     |
[INFO] [stderr] 146 | pub fn generate_test_world() -> World {
[INFO] [stderr]     |        ^^^^^^^^^^^^^^^^^^^
[INFO] [stderr] 
[INFO] [stderr] warning: constant `red` should have an upper case name
[INFO] [stderr]   --> src/world_generator.rs:15:7
[INFO] [stderr]    |
[INFO] [stderr] 15 | const red: Color = Color {
[INFO] [stderr]    |       ^^^ help: convert the identifier to upper case: `RED`
[INFO] [stderr]    |
[INFO] [stderr]    = note: `#[warn(non_upper_case_globals)]` on by default
[INFO] [stderr] 
[INFO] [stderr] warning: constant `pink` should have an upper case name
[INFO] [stderr]   --> src/world_generator.rs:20:7
[INFO] [stderr]    |
[INFO] [stderr] 20 | const pink: Color = Color {
[INFO] [stderr]    |       ^^^^ help: convert the identifier to upper case: `PINK`
[INFO] [stderr] 
[INFO] [stderr] warning: `ray_tracer` (bin "ray_tracer" test) generated 14 warnings (run `cargo fix --bin "ray_tracer" --tests` to apply 9 suggestions)
[INFO] [stderr]     Finished test [unoptimized + debuginfo] target(s) in 0.11s
[INFO] [stderr] warning: the following packages contain code that will be rejected by a future version of Rust: nom v5.1.2
[INFO] [stderr] note: to see what the problems were, use the option `--future-incompat-report`, or run `cargo report future-incompatibilities --id 1`
[INFO] [stderr]      Running unittests src/main.rs (/opt/rustwide/target/debug/deps/ray_tracer-4ebad1c4b71aaab5)
[INFO] [stdout] 
[INFO] [stdout] running 125 tests
[INFO] [stdout] test color::multiply_color_by_color ... ok
[INFO] [stdout] test color::add_colors ... ok
[INFO] [stdout] test cube::tests::a_ray_intersects_a_cube ... ok
[INFO] [stdout] test cube::tests::a_ray_misses_a_cube ... ok
[INFO] [stdout] test color::multiply_color_by_scalar ... ok
[INFO] [stdout] test cube::tests::the_normal_on_the_surface_of_a_cube ... ok
[INFO] [stdout] test lighting::lighting_tests::lighting_with_the_eye_between_the_light_and_the_surface ... ok
[INFO] [stdout] test color::sub_colors ... ok
[INFO] [stdout] test camera::camera_tests::the_pixel_size_for_a_vertical_canvas ... ok
[INFO] [stdout] test camera::camera_tests::constructing_a_ray_through_the_center_of_the_canvas ... ok
[INFO] [stdout] test lighting::lighting_tests::lighting_with_the_light_behind_the_surface ... ok
[INFO] [stdout] test lighting::lighting_tests::lighting_with_the_eye_oppsite_surface_light_offset_45deg ... ok
[INFO] [stdout] test lighting::lighting_tests::lighting_with_the_eye_between_light_and_the_surface_and_45deg_on_surface ... ok
[INFO] [stdout] test camera::camera_tests::constructing_a_ray_through_a_corner_of_the_canvas ... ok
[INFO] [stdout] test material::material_tests::lighting_with_a_pattern_applied ... ok
[INFO] [stdout] test lighting::lighting_tests::lighting_with_the_surface_in_shadow ... ok
[INFO] [stdout] test camera::camera_tests::the_pixel_size_for_a_horizontal_canvas ... ok
[INFO] [stdout] test camera::camera_tests::constructing_a_ray_when_the_camera_is_transformed ... ok
[INFO] [stdout] test lighting::lighting_tests::lighting_with_the_eye_in_the_path_of_the_reflection_vector ... ok
[INFO] [stdout] test matrix::tests::matrix4_is_invertibile ... ok
[INFO] [stdout] test matrix::tests::init_2x2_matrix ... ok
[INFO] [stdout] test matrix::tests::matrix3_determinant ... ok
[INFO] [stdout] test matrix::tests::matrix3_cofactor3 ... ok
[INFO] [stdout] test matrix::tests::matrix_submatrix ... ok
[INFO] [stdout] test matrix::tests::matrix_equals ... ok
[INFO] [stdout] test matrix::tests::matrix_transpose ... ok
[INFO] [stdout] test pattern::pattern_tests::a_gradient_linerarly_interpolates_between_colors ... ok
[INFO] [stdout] test pattern::pattern_tests::a_ring_shoud_extend_in_both_x_and_y ... ok
[INFO] [stdout] test pattern::pattern_tests::stripe_pattern_alternates_only_in_x ... ok
[INFO] [stdout] test pattern::pattern_tests::stripes_with_a_pattern_transformation ... ok
[INFO] [stdout] test pattern::pattern_tests::stripes_with_an_object_transformation ... ok
[INFO] [stdout] test plane::tests::a_ray_intersecting_a_plane_from_above ... ok
[INFO] [stdout] test plane::tests::a_ray_intersecting_a_plane_from_below ... ok
[INFO] [stdout] test matrix::tests::matrix_determinant ... ok
[INFO] [stdout] test matrix::tests::init_matrix ... ok
[INFO] [stdout] test pattern::pattern_tests::stripes_with_both_an_object_and_a_pattern_transformation ... ok
[INFO] [stdout] test matrix::tests::matrix4_determinant ... ok
[INFO] [stdout] test matrix::tests::matrix4_invert ... ok
[INFO] [stdout] test plane::tests::intersect_with_a_coplanar_ray ... ok
[INFO] [stdout] test matrix::tests::matrix_multiplication ... ok
[INFO] [stdout] test matrix::tests::matrix3_minor ... ok
[INFO] [stdout] test plane::tests::intersect_with_a_ray_parallel_to_the_plane ... ok
[INFO] [stdout] test plane::tests::the_normal_of_a_plane_is_constant_everywhere ... ok
[INFO] [stdout] test ray::ray_tests::hit_when_some_intersections_have_negative_t ... ok
[INFO] [stdout] test ray::ray_tests::hit_when_all_intersections_have_negative_t ... ok
[INFO] [stdout] test ray::ray_tests::finding_n1_and_n2_at_various_intersections ... ok
[INFO] [stdout] test ray::ray_tests::intersecting_a_scaled_sphere_with_a_ray ... ok
[INFO] [stdout] test ray::ray_tests::precomputing_the_reflection_vector ... ok
[INFO] [stdout] test ray::ray_tests::precomputing_the_state_of_an_intersection ... ok
[INFO] [stdout] test ray::ray_tests::hit_when_all_intersections_have_positive_t ... ok
[INFO] [stdout] test ray::ray_tests::ray_intersects_when_sphere_is_behind_ray ... ok
[INFO] [stdout] test ray::ray_tests::ray_interspects_but_misses_sphere ... ok
[INFO] [stdout] test ray::ray_tests::ray_intesects_a_sphere_at_a_tangent ... ok
[INFO] [stdout] test ray::ray_tests::ray_intesects_a_sphere_at_two_points ... ok
[INFO] [stdout] test ray::ray_tests::ray_intersects_when_it_originiates_inside_sphere ... ok
[INFO] [stdout] test ray::ray_tests::ray_position ... ok
[INFO] [stdout] test ray::ray_tests::the_hit_should_offset_the_point_to_avoid_acne ... ok
[INFO] [stdout] test ray::ray_tests::the_schlick_approximation_with_a_perpendicular_viewing_angle ... ok
[INFO] [stdout] test ray::ray_tests::the_hit_when_an_interection_occurs_on_the_outside ... ok
[INFO] [stdout] test ray::ray_tests::the_schlick_approximation_with_a_small_angle_and_n2_gt_n1 ... ok
[INFO] [stdout] test sphere::tests::the_normal_on_a_sphere_at_a_nonaxial_point ... ok
[INFO] [stdout] test sphere::tests::the_normal_on_a_sphere_at_a_point_on_the_x_axis ... ok
[INFO] [stdout] test ray::ray_tests::translate_a_ray ... ok
[INFO] [stdout] test ray::ray_tests::the_hit_when_an_interection_occurs_on_the_inside ... ok
[INFO] [stdout] test sphere::tests::the_normal_on_a_sphere_is_normalized ... ok
[INFO] [stdout] test sphere::tests::the_normal_on_a_sphere_at_a_point_on_the_z_axis ... ok
[INFO] [stdout] test sphere::tests::the_normal_on_a_sphere_transformed_sphere ... ok
[INFO] [stdout] test transformation::tests::chaining_fluent_transformations ... ok
[INFO] [stdout] test ray::ray_tests::scale_a_ray ... ok
[INFO] [stdout] test transformation::tests::chaining_transformations ... ok
[INFO] [stdout] test sphere::tests::the_normal_on_a_sphere_at_a_point_on_the_y_axis ... ok
[INFO] [stdout] test transformation::tests::a_view_transformation_matrix_looking_in_positive_z_direction ... ok
[INFO] [stdout] test ray::ray_tests::the_schlick_approximation_under_total_internal_reflection ... ok
[INFO] [stdout] test transformation::tests::an_arbitrary_view_transformation ... ok
[INFO] [stdout] test transformation::tests::rotation_x_axis ... ok
[INFO] [stdout] test transformation::tests::shearing_x_in_proportion_to_y ... ok
[INFO] [stdout] test transformation::tests::rotation_z_axis ... ok
[INFO] [stdout] test transformation::tests::shearing_y_in_proportion_to_z ... ok
[INFO] [stdout] test transformation::tests::scale_vector ... ok
[INFO] [stdout] test transformation::tests::shearing_z_in_proportion_to_x ... ok
[INFO] [stdout] test transformation::tests::the_view_transformation_matrix_for_the_default_orientation ... ok
[INFO] [stdout] test transformation::tests::the_view_transformation_matrix_moves_the_world ... ok
[INFO] [stdout] test transformation::tests::translate_point ... ok
[INFO] [stdout] test tuple::tests::add_vector_to_point_gives_point ... ok
[INFO] [stdout] test tuple::tests::add_vector_to_vector_gives_vector ... ok
[INFO] [stdout] test tuple::tests::cross_product_vector ... ok
[INFO] [stdout] test tuple::tests::dot_product_vector ... ok
[INFO] [stdout] test tuple::tests::magnitude_vector ... ok
[INFO] [stdout] test sphere::tests::the_normal_on_a_sphere_translated_sphere ... ok
[INFO] [stdout] test tuple::tests::negating_vector ... ok
[INFO] [stdout] test tuple::tests::multiply_point_by_scalar ... ok
[INFO] [stdout] test tuple::tests::negating_point ... ok
[INFO] [stdout] test transformation::tests::rotation_y_axis ... ok
[INFO] [stdout] test transformation::tests::shearing_x_in_proportion_to_z ... ok
[INFO] [stdout] test transformation::tests::scale_point ... ok
[INFO] [stdout] test tuple::tests::reflect_vector_at_45deg ... ok
[INFO] [stdout] test transformation::tests::shearing_y_in_proportion_to_x ... ok
[INFO] [stdout] test tuple::tests::sub_point_from_point_gives_vector ... ok
[INFO] [stdout] test tuple::tests::reflect_vector_at_slanted_surface ... ok
[INFO] [stdout] test tuple::tests::normalize_vector ... ok
[INFO] [stdout] test tuple::tests::sub_vector_from_vector_gives_vector ... ok
[INFO] [stdout] test tuple::tests::sub_vector_from_point_gives_point ... ok
[INFO] [stdout] test world::tests::shade_hit_is_given_an_intersection_in_shadow ... ok
[INFO] [stdout] test world::tests::shading_an_interection ... ok
[INFO] [stdout] test world::tests::shade_hit_with_a_reflective_material ... ok
[INFO] [stdout] test world::tests::shading_an_interection_from_the_inside ... ok
[INFO] [stdout] test world::tests::color_at_with_mutually_reflective_surfaces_completes ... ok
[INFO] [stdout] test world::tests::intersect_a_world_with_ray ... ok
[INFO] [stdout] test world::tests::shade_hit_with_a_transparent_material ... ok
[INFO] [stdout] test world::tests::shade_hit_with_a_reflective_transparent_material ... ok
[INFO] [stdout] test world::tests::a_refracted_color_with_an_opaque_surface ... ok
[INFO] [stdout] test transformation::tests::shearing_z_in_proportion_to_y ... ok
[INFO] [stdout] test world::tests::the_reflected_color_at_the_maximum_recursive_depth ... ok
[INFO] [stdout] test world::tests::the_reflected_color_for_a_nonreflective_material ... ok
[INFO] [stdout] test world::tests::the_refracted_color_at_the_maximum_recursive_depth ... ok
[INFO] [stdout] test world::tests::there_is_no_shadow_when_an_object_is_behind_the_point ... ok
[INFO] [stdout] test world::tests::there_is_no_shadow_when_an_object_is_behind_the_light ... ok
[INFO] [stdout] test world::tests::there_is_no_shadow_when_nothing_is_collinear_with_point_and_light ... ok
[INFO] [stdout] test world::tests::the_shadow_when_an_object_is_between_the_point_and_the_light ... ok
[INFO] [stdout] test world::tests::the_reflected_color_for_a_reflective_material ... ok
[INFO] [stdout] test world::tests::the_refracted_color_with_a_refracted_ray ... ok
[INFO] [stdout] test world::tests::the_color_when_a_ray_misses ... ok
[INFO] [stdout] test world::tests::the_refracted_color_under_total_internal_reflection ... ok
[INFO] [stdout] test world::tests::the_color_when_a_ray_hits ... ok
[INFO] [stdout] test world_generator::tests::test_basic_world ... FAILED
[INFO] [stdout] 
[INFO] [stdout] failures:
[INFO] [stdout] 
[INFO] [stdout] ---- world_generator::tests::test_basic_world stdout ----
[INFO] [stdout] thread 'world_generator::tests::test_basic_world' panicked at src/world_generator.rs:221:9:
[INFO] [stdout] assertion `left == right` failed
[INFO] [stdout]   left: Color { red: 0.0427451, green: 0.02392157, blue: 0.007843138 }
[INFO] [stdout]  right: Color { red: 0.124647096, green: 0.02392157, blue: 0.007843138 }
[INFO] [stdout] stack backtrace:
[INFO] [stdout]    0:     0x55ca8560c29c - std::backtrace_rs::backtrace::libunwind::trace::ha637c64ce894333a
[INFO] [stdout]                                at /rustc/82e1608dfa6e0b5569232559e3d385fea5a93112/library/std/src/../../backtrace/src/backtrace/libunwind.rs:104:5
[INFO] [stdout]    1:     0x55ca8560c29c - std::backtrace_rs::backtrace::trace_unsynchronized::h47f62dea28e0c88d
[INFO] [stdout]                                at /rustc/82e1608dfa6e0b5569232559e3d385fea5a93112/library/std/src/../../backtrace/src/backtrace/mod.rs:66:5
[INFO] [stdout]    2:     0x55ca8560c29c - std::sys_common::backtrace::_print_fmt::h9eef0abe20ede486
[INFO] [stdout]                                at /rustc/82e1608dfa6e0b5569232559e3d385fea5a93112/library/std/src/sys_common/backtrace.rs:67:5
[INFO] [stdout]    3:     0x55ca8560c29c - <std::sys_common::backtrace::_print::DisplayBacktrace as core::fmt::Display>::fmt::hed7f999df88cc644
[INFO] [stdout]                                at /rustc/82e1608dfa6e0b5569232559e3d385fea5a93112/library/std/src/sys_common/backtrace.rs:44:22
[INFO] [stdout]    4:     0x55ca856367f0 - core::fmt::rt::Argument::fmt::h1539a9308b8d058d
[INFO] [stdout]                                at /rustc/82e1608dfa6e0b5569232559e3d385fea5a93112/library/core/src/fmt/rt.rs:142:9
[INFO] [stdout]    5:     0x55ca856367f0 - core::fmt::write::h3a39390d8560d9c9
[INFO] [stdout]                                at /rustc/82e1608dfa6e0b5569232559e3d385fea5a93112/library/core/src/fmt/mod.rs:1120:17
[INFO] [stdout]    6:     0x55ca85609c4f - std::io::Write::write_fmt::h040b369f3a0f9cbc
[INFO] [stdout]                                at /rustc/82e1608dfa6e0b5569232559e3d385fea5a93112/library/std/src/io/mod.rs:1762:15
[INFO] [stdout]    7:     0x55ca8560c084 - std::sys_common::backtrace::_print::h894006fb5c6f3d45
[INFO] [stdout]                                at /rustc/82e1608dfa6e0b5569232559e3d385fea5a93112/library/std/src/sys_common/backtrace.rs:47:5
[INFO] [stdout]    8:     0x55ca8560c084 - std::sys_common::backtrace::print::h23a2d212c6fff936
[INFO] [stdout]                                at /rustc/82e1608dfa6e0b5569232559e3d385fea5a93112/library/std/src/sys_common/backtrace.rs:34:9
[INFO] [stdout]    9:     0x55ca8560dd47 - std::panicking::default_hook::{{closure}}::h8a1d2ee00185001a
[INFO] [stdout]   10:     0x55ca8560da33 - std::panicking::default_hook::h6038f2eba384e475
[INFO] [stdout]                                at /rustc/82e1608dfa6e0b5569232559e3d385fea5a93112/library/std/src/panicking.rs:289:9
[INFO] [stdout]   11:     0x55ca855db7f7 - <alloc::boxed::Box<F,A> as core::ops::function::Fn<Args>>::call::h0ad024c9bdc6d768
[INFO] [stdout]                                at /rustc/82e1608dfa6e0b5569232559e3d385fea5a93112/library/alloc/src/boxed.rs:2021:9
[INFO] [stdout]   12:     0x55ca855db7f7 - test::test_main::{{closure}}::h7500b54257359db6
[INFO] [stdout]                                at /rustc/82e1608dfa6e0b5569232559e3d385fea5a93112/library/test/src/lib.rs:138:21
[INFO] [stdout]   13:     0x55ca8560e358 - <alloc::boxed::Box<F,A> as core::ops::function::Fn<Args>>::call::h1f8f335eaa9cfaee
[INFO] [stdout]                                at /rustc/82e1608dfa6e0b5569232559e3d385fea5a93112/library/alloc/src/boxed.rs:2021:9
[INFO] [stdout]   14:     0x55ca8560e358 - std::panicking::rust_panic_with_hook::h2b5517d590cab22e
[INFO] [stdout]                                at /rustc/82e1608dfa6e0b5569232559e3d385fea5a93112/library/std/src/panicking.rs:783:13
[INFO] [stdout]   15:     0x55ca8560e0ae - std::panicking::begin_panic_handler::{{closure}}::h233112c06e0ef43e
[INFO] [stdout]                                at /rustc/82e1608dfa6e0b5569232559e3d385fea5a93112/library/std/src/panicking.rs:657:13
[INFO] [stdout]   16:     0x55ca8560c766 - std::sys_common::backtrace::__rust_end_short_backtrace::h6e893f24d7ebbff8
[INFO] [stdout]                                at /rustc/82e1608dfa6e0b5569232559e3d385fea5a93112/library/std/src/sys_common/backtrace.rs:170:18
[INFO] [stdout]   17:     0x55ca8560de12 - rust_begin_unwind
[INFO] [stdout]                                at /rustc/82e1608dfa6e0b5569232559e3d385fea5a93112/library/std/src/panicking.rs:645:5
[INFO] [stdout]   18:     0x55ca85579cf5 - core::panicking::panic_fmt::hbf0e066aabfa482c
[INFO] [stdout]                                at /rustc/82e1608dfa6e0b5569232559e3d385fea5a93112/library/core/src/panicking.rs:72:14
[INFO] [stdout]   19:     0x55ca8557a10b - core::panicking::assert_failed_inner::h0bba8b7c26ee4492
[INFO] [stdout]   20:     0x55ca8559ac5e - core::panicking::assert_failed::h7579ecdc4bf15c32
[INFO] [stdout]                                at /rustc/82e1608dfa6e0b5569232559e3d385fea5a93112/library/core/src/panicking.rs:279:5
[INFO] [stdout]   21:     0x55ca85591ba8 - ray_tracer::world_generator::tests::test_basic_world::hf69acc6ca9ddf8d7
[INFO] [stdout]                                at /opt/rustwide/workdir/src/world_generator.rs:221:9
[INFO] [stdout]   22:     0x55ca855919b7 - ray_tracer::world_generator::tests::test_basic_world::{{closure}}::h67052c9526bddec1
[INFO] [stdout]                                at /opt/rustwide/workdir/src/world_generator.rs:213:26
[INFO] [stdout]   23:     0x55ca85593a06 - core::ops::function::FnOnce::call_once::hd13fb0be4d8098a6
[INFO] [stdout]                                at /rustc/82e1608dfa6e0b5569232559e3d385fea5a93112/library/core/src/ops/function.rs:250:5
[INFO] [stdout]   24:     0x55ca855e0e4f - core::ops::function::FnOnce::call_once::h2b5d431d5046312d
[INFO] [stdout]                                at /rustc/82e1608dfa6e0b5569232559e3d385fea5a93112/library/core/src/ops/function.rs:250:5
[INFO] [stdout]   25:     0x55ca855e0e4f - test::__rust_begin_short_backtrace::h7714669af176e207
[INFO] [stdout]                                at /rustc/82e1608dfa6e0b5569232559e3d385fea5a93112/library/test/src/lib.rs:628:18
[INFO] [stdout]   26:     0x55ca855dfe65 - test::run_test_in_process::{{closure}}::h85218797dcbcec12
[INFO] [stdout]                                at /rustc/82e1608dfa6e0b5569232559e3d385fea5a93112/library/test/src/lib.rs:651:60
[INFO] [stdout]   27:     0x55ca855dfe65 - <core::panic::unwind_safe::AssertUnwindSafe<F> as core::ops::function::FnOnce<()>>::call_once::h76c106ea31c14d7b
[INFO] [stdout]                                at /rustc/82e1608dfa6e0b5569232559e3d385fea5a93112/library/core/src/panic/unwind_safe.rs:272:9
[INFO] [stdout]   28:     0x55ca855dfe65 - std::panicking::try::do_call::h3bd5d0f6620ee946
[INFO] [stdout]                                at /rustc/82e1608dfa6e0b5569232559e3d385fea5a93112/library/std/src/panicking.rs:552:40
[INFO] [stdout]   29:     0x55ca855dfe65 - std::panicking::try::h232e535e4744fe31
[INFO] [stdout]                                at /rustc/82e1608dfa6e0b5569232559e3d385fea5a93112/library/std/src/panicking.rs:516:19
[INFO] [stdout]   30:     0x55ca855dfe65 - std::panic::catch_unwind::h3ce3bd6ca8dbac68
[INFO] [stdout]                                at /rustc/82e1608dfa6e0b5569232559e3d385fea5a93112/library/std/src/panic.rs:142:14
[INFO] [stdout]   31:     0x55ca855dfe65 - test::run_test_in_process::hc97b257c9621286a
[INFO] [stdout]                                at /rustc/82e1608dfa6e0b5569232559e3d385fea5a93112/library/test/src/lib.rs:651:27
[INFO] [stdout]   32:     0x55ca855dfe65 - test::run_test::{{closure}}::h2aa798823a438d38
[INFO] [stdout]                                at /rustc/82e1608dfa6e0b5569232559e3d385fea5a93112/library/test/src/lib.rs:574:43
[INFO] [stdout]   33:     0x55ca855a8126 - test::run_test::{{closure}}::h87d231c78fb59832
[INFO] [stdout]                                at /rustc/82e1608dfa6e0b5569232559e3d385fea5a93112/library/test/src/lib.rs:602:41
[INFO] [stdout]   34:     0x55ca855a8126 - std::sys_common::backtrace::__rust_begin_short_backtrace::he6df152596625789
[INFO] [stdout]                                at /rustc/82e1608dfa6e0b5569232559e3d385fea5a93112/library/std/src/sys_common/backtrace.rs:154:18
[INFO] [stdout]   35:     0x55ca855ad1d7 - std::thread::Builder::spawn_unchecked_::{{closure}}::{{closure}}::ha94be15d1e0acf36
[INFO] [stdout]                                at /rustc/82e1608dfa6e0b5569232559e3d385fea5a93112/library/std/src/thread/mod.rs:529:17
[INFO] [stdout]   36:     0x55ca855ad1d7 - <core::panic::unwind_safe::AssertUnwindSafe<F> as core::ops::function::FnOnce<()>>::call_once::h9dc6bd6372f16606
[INFO] [stdout]                                at /rustc/82e1608dfa6e0b5569232559e3d385fea5a93112/library/core/src/panic/unwind_safe.rs:272:9
[INFO] [stdout]   37:     0x55ca855ad1d7 - std::panicking::try::do_call::h9057517f80303cd4
[INFO] [stdout]                                at /rustc/82e1608dfa6e0b5569232559e3d385fea5a93112/library/std/src/panicking.rs:552:40
[INFO] [stdout]   38:     0x55ca855ad1d7 - std::panicking::try::he3a30b11ee45340c
[INFO] [stdout]                                at /rustc/82e1608dfa6e0b5569232559e3d385fea5a93112/library/std/src/panicking.rs:516:19
[INFO] [stdout]   39:     0x55ca855ad1d7 - std::panic::catch_unwind::h410458cfd3528b8b
[INFO] [stdout]                                at /rustc/82e1608dfa6e0b5569232559e3d385fea5a93112/library/std/src/panic.rs:142:14
[INFO] [stdout]   40:     0x55ca855ad1d7 - std::thread::Builder::spawn_unchecked_::{{closure}}::h72ac3bdb567b737b
[INFO] [stdout]                                at /rustc/82e1608dfa6e0b5569232559e3d385fea5a93112/library/std/src/thread/mod.rs:528:30
[INFO] [stdout]   41:     0x55ca855ad1d7 - core::ops::function::FnOnce::call_once{{vtable.shim}}::h38f34da3654a8344
[INFO] [stdout]                                at /rustc/82e1608dfa6e0b5569232559e3d385fea5a93112/library/core/src/ops/function.rs:250:5
[INFO] [stdout]   42:     0x55ca85612de5 - <alloc::boxed::Box<F,A> as core::ops::function::FnOnce<Args>>::call_once::hc7eafaff61e32df9
[INFO] [stdout]                                at /rustc/82e1608dfa6e0b5569232559e3d385fea5a93112/library/alloc/src/boxed.rs:2007:9
[INFO] [stdout]   43:     0x55ca85612de5 - <alloc::boxed::Box<F,A> as core::ops::function::FnOnce<Args>>::call_once::h6ba4a5de48dd2304
[INFO] [stdout]                                at /rustc/82e1608dfa6e0b5569232559e3d385fea5a93112/library/alloc/src/boxed.rs:2007:9
[INFO] [stdout]   44:     0x55ca85612de5 - std::sys::unix::thread::Thread::new::thread_start::he469335aef763e45
[INFO] [stdout]                                at /rustc/82e1608dfa6e0b5569232559e3d385fea5a93112/library/std/src/sys/unix/thread.rs:108:17
[INFO] [stdout]   45:     0x7f03130b7ac3 - <unknown>
[INFO] [stdout]   46:     0x7f0313148bf4 - __clone
[INFO] [stdout]   47:                0x0 - <unknown>
[INFO] [stdout] 
[INFO] [stdout] 
[INFO] [stdout] failures:
[INFO] [stdout]     world_generator::tests::test_basic_world
[INFO] [stdout] 
[INFO] [stdout] test result: FAILED. 124 passed; 1 failed; 0 ignored; 0 measured; 0 filtered out; finished in 0.05s
[INFO] [stdout] 
[INFO] [stderr] error: test failed, to rerun pass `--bin ray_tracer`
[INFO] running `Command { std: "docker" "inspect" "ba4941e2733d38cb46c42793e7fee6c92f3c79b12da5078b7e5089291ddd234f", kill_on_drop: false }`
[INFO] running `Command { std: "docker" "rm" "-f" "ba4941e2733d38cb46c42793e7fee6c92f3c79b12da5078b7e5089291ddd234f", kill_on_drop: false }`
[INFO] [stdout] ba4941e2733d38cb46c42793e7fee6c92f3c79b12da5078b7e5089291ddd234f
[INFO] testing magnhalv/ray_tracer against beta-2023-12-22 for beta-1.76-1
[INFO] running `Command { std: "git" "clone" "/workspace/cache/git-repos/https%3A%2F%2Fgithub.com%2Fmagnhalv%2Fray_tracer" "/workspace/builds/worker-2-tc2/source", kill_on_drop: false }`
[INFO] [stderr] Cloning into '/workspace/builds/worker-2-tc2/source'...
[INFO] [stderr] done.
[INFO] validating manifest of git repo https://github.com/magnhalv/ray_tracer on toolchain beta-2023-12-22
[INFO] running `Command { std: CARGO_HOME="/workspace/cargo-home" RUSTUP_HOME="/workspace/rustup-home" "/workspace/cargo-home/bin/cargo" "+beta-2023-12-22" "metadata" "--manifest-path" "Cargo.toml" "--no-deps", kill_on_drop: false }`
[INFO] started tweaking git repo https://github.com/magnhalv/ray_tracer
[INFO] finished tweaking git repo https://github.com/magnhalv/ray_tracer
[INFO] tweaked toml for git repo https://github.com/magnhalv/ray_tracer written to /workspace/builds/worker-2-tc2/source/Cargo.toml
[INFO] crate git repo https://github.com/magnhalv/ray_tracer already has a lockfile, it will not be regenerated
[INFO] running `Command { std: CARGO_HOME="/workspace/cargo-home" RUSTUP_HOME="/workspace/rustup-home" "/workspace/cargo-home/bin/cargo" "+beta-2023-12-22" "fetch" "--manifest-path" "Cargo.toml", kill_on_drop: false }`
[INFO] running `Command { std: "docker" "create" "-v" "/var/lib/crater-agent-workspace/builds/worker-2-tc2/target:/opt/rustwide/target:rw,Z" "-v" "/var/lib/crater-agent-workspace/builds/worker-2-tc2/source:/opt/rustwide/workdir:ro,Z" "-v" "/var/lib/crater-agent-workspace/cargo-home:/opt/rustwide/cargo-home:ro,Z" "-v" "/var/lib/crater-agent-workspace/rustup-home:/opt/rustwide/rustup-home:ro,Z" "-e" "SOURCE_DIR=/opt/rustwide/workdir" "-e" "CARGO_TARGET_DIR=/opt/rustwide/target" "-e" "CARGO_HOME=/opt/rustwide/cargo-home" "-e" "RUSTUP_HOME=/opt/rustwide/rustup-home" "-w" "/opt/rustwide/workdir" "-m" "1610612736" "--user" "0:0" "--network" "none" "ghcr.io/rust-lang/crates-build-env/linux@sha256:2788e3201cd34a07e3172128adcd8b3090168a8e3bcc40d7c032b9dda1df7d1c" "/opt/rustwide/cargo-home/bin/cargo" "+beta-2023-12-22" "metadata" "--no-deps" "--format-version=1", kill_on_drop: false }`
[INFO] [stdout] c589f77a5b88375dde78c74657f4819e8f839af497611bd4b02bbeee867f3782
[INFO] running `Command { std: "docker" "start" "-a" "c589f77a5b88375dde78c74657f4819e8f839af497611bd4b02bbeee867f3782", kill_on_drop: false }`
[INFO] running `Command { std: "docker" "inspect" "c589f77a5b88375dde78c74657f4819e8f839af497611bd4b02bbeee867f3782", kill_on_drop: false }`
[INFO] running `Command { std: "docker" "rm" "-f" "c589f77a5b88375dde78c74657f4819e8f839af497611bd4b02bbeee867f3782", kill_on_drop: false }`
[INFO] [stdout] c589f77a5b88375dde78c74657f4819e8f839af497611bd4b02bbeee867f3782
[INFO] running `Command { std: "docker" "create" "-v" "/var/lib/crater-agent-workspace/builds/worker-2-tc2/target:/opt/rustwide/target:rw,Z" "-v" "/var/lib/crater-agent-workspace/builds/worker-2-tc2/source:/opt/rustwide/workdir:ro,Z" "-v" "/var/lib/crater-agent-workspace/cargo-home:/opt/rustwide/cargo-home:ro,Z" "-v" "/var/lib/crater-agent-workspace/rustup-home:/opt/rustwide/rustup-home:ro,Z" "-e" "SOURCE_DIR=/opt/rustwide/workdir" "-e" "CARGO_TARGET_DIR=/opt/rustwide/target" "-e" "CARGO_INCREMENTAL=0" "-e" "RUST_BACKTRACE=full" "-e" "RUSTFLAGS=--cap-lints=warn" "-e" "RUSTDOCFLAGS=--cap-lints=warn" "-e" "CARGO_HOME=/opt/rustwide/cargo-home" "-e" "RUSTUP_HOME=/opt/rustwide/rustup-home" "-w" "/opt/rustwide/workdir" "-m" "1610612736" "--user" "0:0" "--network" "none" "ghcr.io/rust-lang/crates-build-env/linux@sha256:2788e3201cd34a07e3172128adcd8b3090168a8e3bcc40d7c032b9dda1df7d1c" "/opt/rustwide/cargo-home/bin/cargo" "+beta-2023-12-22" "build" "--frozen" "--message-format=json", kill_on_drop: false }`
[INFO] [stdout] 5014215a1ae20e278df5f0c4a53c9c14fb5f33ef9183782e17be8ddadd7d7b8a
[INFO] running `Command { std: "docker" "start" "-a" "5014215a1ae20e278df5f0c4a53c9c14fb5f33ef9183782e17be8ddadd7d7b8a", kill_on_drop: false }`
[INFO] [stderr]    Compiling libc v0.2.107
[INFO] [stderr]    Compiling proc-macro2 v1.0.32
[INFO] [stderr]    Compiling unicode-xid v0.2.2
[INFO] [stderr]    Compiling memchr v2.4.1
[INFO] [stderr]    Compiling pkg-config v0.3.22
[INFO] [stderr]    Compiling version_check v0.9.3
[INFO] [stderr]    Compiling bitflags v1.2.1
[INFO] [stderr]    Compiling glob v0.3.0
[INFO] [stderr]    Compiling autocfg v1.0.1
[INFO] [stderr]    Compiling nom v5.1.2
[INFO] [stderr]    Compiling clang-sys v1.3.0
[INFO] [stderr]    Compiling log v0.4.14
[INFO] [stderr]    Compiling memoffset v0.6.4
[INFO] [stderr]    Compiling regex-syntax v0.6.25
[INFO] [stderr]    Compiling unicode-width v0.1.9
[INFO] [stderr]    Compiling textwrap v0.11.0
[INFO] [stderr]    Compiling wayland-sys v0.28.6
[INFO] [stderr]    Compiling libloading v0.7.1
[INFO] [stderr]    Compiling bindgen v0.56.0
[INFO] [stderr]    Compiling vec_map v0.8.2
[INFO] [stderr]    Compiling aho-corasick v0.7.18
[INFO] [stderr]    Compiling quote v1.0.10
[INFO] [stderr]    Compiling strsim v0.8.0
[INFO] [stderr]    Compiling wayland-scanner v0.28.6
[INFO] [stderr]    Compiling ansi_term v0.11.0
[INFO] [stderr]    Compiling termcolor v1.1.2
[INFO] [stderr]    Compiling humantime v2.1.0
[INFO] [stderr]    Compiling atty v0.2.14
[INFO] [stderr]    Compiling clap v2.33.3
[INFO] [stderr]    Compiling which v3.1.1
[INFO] [stderr]    Compiling regex v1.5.4
[INFO] [stderr]    Compiling lazycell v1.3.0
[INFO] [stderr]    Compiling peeking_take_while v0.1.2
[INFO] [stderr]    Compiling shlex v0.1.1
[INFO] [stderr]    Compiling rustc-hash v1.1.0
[INFO] [stderr]    Compiling cexpr v0.4.0
[INFO] [stderr]    Compiling nix v0.20.2
[INFO] [stderr]    Compiling getrandom v0.2.3
[INFO] [stderr]    Compiling env_logger v0.8.4
[INFO] [stderr]    Compiling nom v7.1.0
[INFO] [stderr]    Compiling wayland-client v0.28.6
[INFO] [stderr]    Compiling smallvec v1.7.0
[INFO] [stderr]    Compiling once_cell v1.8.0
[INFO] [stderr]    Compiling rand_core v0.6.3
[INFO] [stderr]    Compiling minimal-lexical v0.2.1
[INFO] [stderr]    Compiling ppv-lite86 v0.2.15
[INFO] [stderr]    Compiling wayland-protocols v0.28.6
[INFO] [stderr]    Compiling rand_chacha v0.3.1
[INFO] [stderr]    Compiling x11-dl v2.19.1
[INFO] [stderr]    Compiling cc v1.0.72
[INFO] [stderr]    Compiling xcursor v0.3.4
[INFO] [stderr]    Compiling wayland-commons v0.28.6
[INFO] [stderr]    Compiling rand v0.8.4
[INFO] [stderr]    Compiling remove_dir_all v0.5.3
[INFO] [stderr]    Compiling minifb v0.19.3
[INFO] [stderr]    Compiling raw-window-handle v0.3.3
[INFO] [stderr]    Compiling tempfile v3.2.0
[INFO] [stderr]    Compiling wayland-cursor v0.28.6
[INFO] [stderr]    Compiling xkbcommon-sys v0.7.5
[INFO] [stderr]    Compiling xkb v0.2.1
[INFO] [stderr]    Compiling ray_tracer v0.1.0 (/opt/rustwide/workdir)
[INFO] [stdout] warning: unused import: `time::Duration`
[INFO] [stdout]  --> src/main.rs:3:19
[INFO] [stdout]   |
[INFO] [stdout] 3 | use std::{thread, time::Duration};
[INFO] [stdout]   |                   ^^^^^^^^^^^^^^
[INFO] [stdout]   |
[INFO] [stdout]   = note: `#[warn(unused_imports)]` on by default
[INFO] [stdout] 
[INFO] [stdout] 
[INFO] [stdout] warning: unused import: `crate::world_generator::generate_test_world`
[INFO] [stdout]   --> src/main.rs:11:5
[INFO] [stdout]    |
[INFO] [stdout] 11 | use crate::world_generator::generate_test_world;
[INFO] [stdout]    |     ^^^^^^^^^^^^^^^^^^^^^^^^^^^^^^^^^^^^^^^^^^^
[INFO] [stdout] 
[INFO] [stdout] 
[INFO] [stdout] warning: unused import: `MouseButton`
[INFO] [stdout]   --> src/main.rs:13:19
[INFO] [stdout]    |
[INFO] [stdout] 13 | use minifb::{Key, MouseButton, MouseMode, Window, WindowOptions};
[INFO] [stdout]    |                   ^^^^^^^^^^^
[INFO] [stdout] 
[INFO] [stdout] 
[INFO] [stdout] warning: unused imports: `BLACK`, `WHITE`
[INFO] [stdout]  --> src/world_generator.rs:1:27
[INFO] [stdout]   |
[INFO] [stdout] 1 | use crate::color::{Color, BLACK, WHITE};
[INFO] [stdout]   |                           ^^^^^  ^^^^^
[INFO] [stdout] 
[INFO] [stdout] 
[INFO] [stdout] warning: unused variable: `bone_color`
[INFO] [stdout]   --> src/world_generator.rs:27:9
[INFO] [stdout]    |
[INFO] [stdout] 27 |     let bone_color = Color::new(205.0 / 255.0, 197.0 / 255.0, 180.0 / 255.0);
[INFO] [stdout]    |         ^^^^^^^^^^ help: if this is intentional, prefix it with an underscore: `_bone_color`
[INFO] [stdout]    |
[INFO] [stdout]    = note: `#[warn(unused_variables)]` on by default
[INFO] [stdout] 
[INFO] [stdout] 
[INFO] [stdout] warning: unused variable: `liliac_color`
[INFO] [stdout]   --> src/world_generator.rs:28:9
[INFO] [stdout]    |
[INFO] [stdout] 28 |     let liliac_color = Color::new(181.0 / 255.0, 157.0 / 255.0, 164.0 / 255.0);
[INFO] [stdout]    |         ^^^^^^^^^^^^ help: if this is intentional, prefix it with an underscore: `_liliac_color`
[INFO] [stdout] 
[INFO] [stdout] 
[INFO] [stdout] warning: unused variable: `dark_red_color`
[INFO] [stdout]   --> src/world_generator.rs:31:9
[INFO] [stdout]    |
[INFO] [stdout] 31 |     let dark_red_color = Color::new(85.0 / 255.0, 27.0 / 255.0, 20.0 / 255.0);
[INFO] [stdout]    |         ^^^^^^^^^^^^^^ help: if this is intentional, prefix it with an underscore: `_dark_red_color`
[INFO] [stdout] 
[INFO] [stdout] 
[INFO] [stdout] warning: unused variable: `color`
[INFO] [stdout]   --> src/main.rs:84:9
[INFO] [stdout]    |
[INFO] [stdout] 84 |     let color = render_at(240, 148, &camera, &world);        
[INFO] [stdout]    |         ^^^^^ help: if this is intentional, prefix it with an underscore: `_color`
[INFO] [stdout] 
[INFO] [stdout] 
[INFO] [stdout] warning: unused variable: `color2`
[INFO] [stdout]   --> src/main.rs:85:9
[INFO] [stdout]    |
[INFO] [stdout] 85 |     let color2 = render_at(32, 212, &camera, &world);
[INFO] [stdout]    |         ^^^^^^ help: if this is intentional, prefix it with an underscore: `_color2`
[INFO] [stdout] 
[INFO] [stdout] 
[INFO] [stdout] warning: constant `WHITE` is never used
[INFO] [stdout]   --> src/color.rs:10:11
[INFO] [stdout]    |
[INFO] [stdout] 10 | pub const WHITE: Color = Color {
[INFO] [stdout]    |           ^^^^^
[INFO] [stdout]    |
[INFO] [stdout]    = note: `#[warn(dead_code)]` on by default
[INFO] [stdout] 
[INFO] [stdout] 
[INFO] [stdout] warning: constant `PI` is never used
[INFO] [stdout]  --> src/math.rs:4:11
[INFO] [stdout]   |
[INFO] [stdout] 4 | pub const PI: f32 = core::f32::consts::PI;
[INFO] [stdout]   |           ^^
[INFO] [stdout] 
[INFO] [stdout] 
[INFO] [stdout] warning: function `shearing` is never used
[INFO] [stdout]    --> src/transformation.rs:110:8
[INFO] [stdout]     |
[INFO] [stdout] 110 | pub fn shearing(
[INFO] [stdout]     |        ^^^^^^^^
[INFO] [stdout] 
[INFO] [stdout] 
[INFO] [stdout] warning: constant `red` is never used
[INFO] [stdout]   --> src/world_generator.rs:15:7
[INFO] [stdout]    |
[INFO] [stdout] 15 | const red: Color = Color {
[INFO] [stdout]    |       ^^^
[INFO] [stdout] 
[INFO] [stdout] 
[INFO] [stdout] warning: constant `pink` is never used
[INFO] [stdout]   --> src/world_generator.rs:20:7
[INFO] [stdout]    |
[INFO] [stdout] 20 | const pink: Color = Color {
[INFO] [stdout]    |       ^^^^
[INFO] [stdout] 
[INFO] [stdout] 
[INFO] [stdout] warning: function `generate_test_world` is never used
[INFO] [stdout]    --> src/world_generator.rs:146:8
[INFO] [stdout]     |
[INFO] [stdout] 146 | pub fn generate_test_world() -> World {
[INFO] [stdout]     |        ^^^^^^^^^^^^^^^^^^^
[INFO] [stdout] 
[INFO] [stdout] 
[INFO] [stdout] warning: constant `red` should have an upper case name
[INFO] [stdout]   --> src/world_generator.rs:15:7
[INFO] [stdout]    |
[INFO] [stdout] 15 | const red: Color = Color {
[INFO] [stdout]    |       ^^^ help: convert the identifier to upper case: `RED`
[INFO] [stdout]    |
[INFO] [stdout]    = note: `#[warn(non_upper_case_globals)]` on by default
[INFO] [stdout] 
[INFO] [stdout] 
[INFO] [stdout] warning: constant `pink` should have an upper case name
[INFO] [stdout]   --> src/world_generator.rs:20:7
[INFO] [stdout]    |
[INFO] [stdout] 20 | const pink: Color = Color {
[INFO] [stdout]    |       ^^^^ help: convert the identifier to upper case: `PINK`
[INFO] [stdout] 
[INFO] [stdout] 
[INFO] [stdout] warning: 17 warnings emitted
[INFO] [stdout] 
[INFO] [stdout] 
[INFO] [stderr]     Finished dev [unoptimized + debuginfo] target(s) in 53.20s
[INFO] [stderr] warning: the following packages contain code that will be rejected by a future version of Rust: nom v5.1.2
[INFO] [stderr] note: to see what the problems were, use the option `--future-incompat-report`, or run `cargo report future-incompatibilities --id 1`
[INFO] running `Command { std: "docker" "inspect" "5014215a1ae20e278df5f0c4a53c9c14fb5f33ef9183782e17be8ddadd7d7b8a", kill_on_drop: false }`
[INFO] running `Command { std: "docker" "rm" "-f" "5014215a1ae20e278df5f0c4a53c9c14fb5f33ef9183782e17be8ddadd7d7b8a", kill_on_drop: false }`
[INFO] [stdout] 5014215a1ae20e278df5f0c4a53c9c14fb5f33ef9183782e17be8ddadd7d7b8a
[INFO] running `Command { std: "docker" "create" "-v" "/var/lib/crater-agent-workspace/builds/worker-2-tc2/target:/opt/rustwide/target:rw,Z" "-v" "/var/lib/crater-agent-workspace/builds/worker-2-tc2/source:/opt/rustwide/workdir:ro,Z" "-v" "/var/lib/crater-agent-workspace/cargo-home:/opt/rustwide/cargo-home:ro,Z" "-v" "/var/lib/crater-agent-workspace/rustup-home:/opt/rustwide/rustup-home:ro,Z" "-e" "SOURCE_DIR=/opt/rustwide/workdir" "-e" "CARGO_TARGET_DIR=/opt/rustwide/target" "-e" "CARGO_INCREMENTAL=0" "-e" "RUST_BACKTRACE=full" "-e" "RUSTFLAGS=--cap-lints=warn" "-e" "RUSTDOCFLAGS=--cap-lints=warn" "-e" "CARGO_HOME=/opt/rustwide/cargo-home" "-e" "RUSTUP_HOME=/opt/rustwide/rustup-home" "-w" "/opt/rustwide/workdir" "-m" "1610612736" "--user" "0:0" "--network" "none" "ghcr.io/rust-lang/crates-build-env/linux@sha256:2788e3201cd34a07e3172128adcd8b3090168a8e3bcc40d7c032b9dda1df7d1c" "/opt/rustwide/cargo-home/bin/cargo" "+beta-2023-12-22" "test" "--frozen" "--no-run" "--message-format=json", kill_on_drop: false }`
[INFO] [stdout] d5dcf4c265502844e20ebfd134d320eb88b48ba0648c5c274f73fdedc7fcc17a
[INFO] running `Command { std: "docker" "start" "-a" "d5dcf4c265502844e20ebfd134d320eb88b48ba0648c5c274f73fdedc7fcc17a", kill_on_drop: false }`
[INFO] [stderr]    Compiling ray_tracer v0.1.0 (/opt/rustwide/workdir)
[INFO] [stdout] warning: unused import: `time::Duration`
[INFO] [stdout]  --> src/main.rs:3:19
[INFO] [stdout]   |
[INFO] [stdout] 3 | use std::{thread, time::Duration};
[INFO] [stdout]   |                   ^^^^^^^^^^^^^^
[INFO] [stdout]   |
[INFO] [stdout]   = note: `#[warn(unused_imports)]` on by default
[INFO] [stdout] 
[INFO] [stdout] 
[INFO] [stdout] warning: unused import: `crate::world_generator::generate_test_world`
[INFO] [stdout]   --> src/main.rs:11:5
[INFO] [stdout]    |
[INFO] [stdout] 11 | use crate::world_generator::generate_test_world;
[INFO] [stdout]    |     ^^^^^^^^^^^^^^^^^^^^^^^^^^^^^^^^^^^^^^^^^^^
[INFO] [stdout] 
[INFO] [stdout] 
[INFO] [stdout] warning: unused import: `MouseButton`
[INFO] [stdout]   --> src/main.rs:13:19
[INFO] [stdout]    |
[INFO] [stdout] 13 | use minifb::{Key, MouseButton, MouseMode, Window, WindowOptions};
[INFO] [stdout]    |                   ^^^^^^^^^^^
[INFO] [stdout] 
[INFO] [stdout] 
[INFO] [stdout] warning: unused imports: `BLACK`, `WHITE`
[INFO] [stdout]  --> src/world_generator.rs:1:27
[INFO] [stdout]   |
[INFO] [stdout] 1 | use crate::color::{Color, BLACK, WHITE};
[INFO] [stdout]   |                           ^^^^^  ^^^^^
[INFO] [stdout] 
[INFO] [stdout] 
[INFO] [stdout] warning: unused variable: `bone_color`
[INFO] [stdout]   --> src/world_generator.rs:27:9
[INFO] [stdout]    |
[INFO] [stdout] 27 |     let bone_color = Color::new(205.0 / 255.0, 197.0 / 255.0, 180.0 / 255.0);
[INFO] [stdout]    |         ^^^^^^^^^^ help: if this is intentional, prefix it with an underscore: `_bone_color`
[INFO] [stdout]    |
[INFO] [stdout]    = note: `#[warn(unused_variables)]` on by default
[INFO] [stdout] 
[INFO] [stdout] 
[INFO] [stdout] warning: unused variable: `liliac_color`
[INFO] [stdout]   --> src/world_generator.rs:28:9
[INFO] [stdout]    |
[INFO] [stdout] 28 |     let liliac_color = Color::new(181.0 / 255.0, 157.0 / 255.0, 164.0 / 255.0);
[INFO] [stdout]    |         ^^^^^^^^^^^^ help: if this is intentional, prefix it with an underscore: `_liliac_color`
[INFO] [stdout] 
[INFO] [stdout] 
[INFO] [stdout] warning: unused variable: `dark_red_color`
[INFO] [stdout]   --> src/world_generator.rs:31:9
[INFO] [stdout]    |
[INFO] [stdout] 31 |     let dark_red_color = Color::new(85.0 / 255.0, 27.0 / 255.0, 20.0 / 255.0);
[INFO] [stdout]    |         ^^^^^^^^^^^^^^ help: if this is intentional, prefix it with an underscore: `_dark_red_color`
[INFO] [stdout] 
[INFO] [stdout] 
[INFO] [stdout] warning: unused variable: `color`
[INFO] [stdout]   --> src/main.rs:84:9
[INFO] [stdout]    |
[INFO] [stdout] 84 |     let color = render_at(240, 148, &camera, &world);        
[INFO] [stdout]    |         ^^^^^ help: if this is intentional, prefix it with an underscore: `_color`
[INFO] [stdout] 
[INFO] [stdout] 
[INFO] [stdout] warning: unused variable: `color2`
[INFO] [stdout]   --> src/main.rs:85:9
[INFO] [stdout]    |
[INFO] [stdout] 85 |     let color2 = render_at(32, 212, &camera, &world);
[INFO] [stdout]    |         ^^^^^^ help: if this is intentional, prefix it with an underscore: `_color2`
[INFO] [stdout] 
[INFO] [stdout] 
[INFO] [stdout] warning: constant `red` is never used
[INFO] [stdout]   --> src/world_generator.rs:15:7
[INFO] [stdout]    |
[INFO] [stdout] 15 | const red: Color = Color {
[INFO] [stdout]    |       ^^^
[INFO] [stdout]    |
[INFO] [stdout]    = note: `#[warn(dead_code)]` on by default
[INFO] [stdout] 
[INFO] [stdout] 
[INFO] [stdout] warning: constant `pink` is never used
[INFO] [stdout]   --> src/world_generator.rs:20:7
[INFO] [stdout]    |
[INFO] [stdout] 20 | const pink: Color = Color {
[INFO] [stdout]    |       ^^^^
[INFO] [stdout] 
[INFO] [stdout] 
[INFO] [stdout] warning: function `generate_test_world` is never used
[INFO] [stdout]    --> src/world_generator.rs:146:8
[INFO] [stdout]     |
[INFO] [stdout] 146 | pub fn generate_test_world() -> World {
[INFO] [stdout]     |        ^^^^^^^^^^^^^^^^^^^
[INFO] [stdout] 
[INFO] [stdout] 
[INFO] [stdout] warning: constant `red` should have an upper case name
[INFO] [stdout]   --> src/world_generator.rs:15:7
[INFO] [stdout]    |
[INFO] [stdout] 15 | const red: Color = Color {
[INFO] [stdout]    |       ^^^ help: convert the identifier to upper case: `RED`
[INFO] [stdout]    |
[INFO] [stdout]    = note: `#[warn(non_upper_case_globals)]` on by default
[INFO] [stdout] 
[INFO] [stdout] 
[INFO] [stdout] warning: constant `pink` should have an upper case name
[INFO] [stdout]   --> src/world_generator.rs:20:7
[INFO] [stdout]    |
[INFO] [stdout] 20 | const pink: Color = Color {
[INFO] [stdout]    |       ^^^^ help: convert the identifier to upper case: `PINK`
[INFO] [stdout] 
[INFO] [stdout] 
[INFO] [stdout] warning: 14 warnings emitted
[INFO] [stdout] 
[INFO] [stdout] 
[INFO] [stderr]     Finished test [unoptimized + debuginfo] target(s) in 1.44s
[INFO] [stderr] warning: the following packages contain code that will be rejected by a future version of Rust: nom v5.1.2
[INFO] [stderr] note: to see what the problems were, use the option `--future-incompat-report`, or run `cargo report future-incompatibilities --id 1`
[INFO] running `Command { std: "docker" "inspect" "d5dcf4c265502844e20ebfd134d320eb88b48ba0648c5c274f73fdedc7fcc17a", kill_on_drop: false }`
[INFO] running `Command { std: "docker" "rm" "-f" "d5dcf4c265502844e20ebfd134d320eb88b48ba0648c5c274f73fdedc7fcc17a", kill_on_drop: false }`
[INFO] [stdout] d5dcf4c265502844e20ebfd134d320eb88b48ba0648c5c274f73fdedc7fcc17a
[INFO] running `Command { std: "docker" "create" "-v" "/var/lib/crater-agent-workspace/builds/worker-2-tc2/target:/opt/rustwide/target:rw,Z" "-v" "/var/lib/crater-agent-workspace/builds/worker-2-tc2/source:/opt/rustwide/workdir:ro,Z" "-v" "/var/lib/crater-agent-workspace/cargo-home:/opt/rustwide/cargo-home:ro,Z" "-v" "/var/lib/crater-agent-workspace/rustup-home:/opt/rustwide/rustup-home:ro,Z" "-e" "SOURCE_DIR=/opt/rustwide/workdir" "-e" "CARGO_TARGET_DIR=/opt/rustwide/target" "-e" "CARGO_INCREMENTAL=0" "-e" "RUST_BACKTRACE=full" "-e" "RUSTFLAGS=--cap-lints=warn" "-e" "RUSTDOCFLAGS=--cap-lints=warn" "-e" "CARGO_HOME=/opt/rustwide/cargo-home" "-e" "RUSTUP_HOME=/opt/rustwide/rustup-home" "-w" "/opt/rustwide/workdir" "-m" "1610612736" "--user" "0:0" "--network" "none" "ghcr.io/rust-lang/crates-build-env/linux@sha256:2788e3201cd34a07e3172128adcd8b3090168a8e3bcc40d7c032b9dda1df7d1c" "/opt/rustwide/cargo-home/bin/cargo" "+beta-2023-12-22" "test" "--frozen", kill_on_drop: false }`
[INFO] [stdout] 55b78e567d558da88e3bca8a8d32c44a8a97ff8ff9fd5448c976458d1290f391
[INFO] running `Command { std: "docker" "start" "-a" "55b78e567d558da88e3bca8a8d32c44a8a97ff8ff9fd5448c976458d1290f391", kill_on_drop: false }`
[INFO] [stderr] warning: unused import: `time::Duration`
[INFO] [stderr]  --> src/main.rs:3:19
[INFO] [stderr]   |
[INFO] [stderr] 3 | use std::{thread, time::Duration};
[INFO] [stderr]   |                   ^^^^^^^^^^^^^^
[INFO] [stderr]   |
[INFO] [stderr]   = note: `#[warn(unused_imports)]` on by default
[INFO] [stderr] 
[INFO] [stderr] warning: unused import: `crate::world_generator::generate_test_world`
[INFO] [stderr]   --> src/main.rs:11:5
[INFO] [stderr]    |
[INFO] [stderr] 11 | use crate::world_generator::generate_test_world;
[INFO] [stderr]    |     ^^^^^^^^^^^^^^^^^^^^^^^^^^^^^^^^^^^^^^^^^^^
[INFO] [stderr] 
[INFO] [stderr] warning: unused import: `MouseButton`
[INFO] [stderr]   --> src/main.rs:13:19
[INFO] [stderr]    |
[INFO] [stderr] 13 | use minifb::{Key, MouseButton, MouseMode, Window, WindowOptions};
[INFO] [stderr]    |                   ^^^^^^^^^^^
[INFO] [stderr] 
[INFO] [stderr] warning: unused imports: `BLACK`, `WHITE`
[INFO] [stderr]  --> src/world_generator.rs:1:27
[INFO] [stderr]   |
[INFO] [stderr] 1 | use crate::color::{Color, BLACK, WHITE};
[INFO] [stderr]   |                           ^^^^^  ^^^^^
[INFO] [stderr] 
[INFO] [stderr] warning: unused variable: `bone_color`
[INFO] [stderr]   --> src/world_generator.rs:27:9
[INFO] [stderr]    |
[INFO] [stderr] 27 |     let bone_color = Color::new(205.0 / 255.0, 197.0 / 255.0, 180.0 / 255.0);
[INFO] [stderr]    |         ^^^^^^^^^^ help: if this is intentional, prefix it with an underscore: `_bone_color`
[INFO] [stderr]    |
[INFO] [stderr]    = note: `#[warn(unused_variables)]` on by default
[INFO] [stderr] 
[INFO] [stderr] warning: unused variable: `liliac_color`
[INFO] [stderr]   --> src/world_generator.rs:28:9
[INFO] [stderr]    |
[INFO] [stderr] 28 |     let liliac_color = Color::new(181.0 / 255.0, 157.0 / 255.0, 164.0 / 255.0);
[INFO] [stderr]    |         ^^^^^^^^^^^^ help: if this is intentional, prefix it with an underscore: `_liliac_color`
[INFO] [stderr] 
[INFO] [stderr] warning: unused variable: `dark_red_color`
[INFO] [stderr]   --> src/world_generator.rs:31:9
[INFO] [stderr]    |
[INFO] [stderr] 31 |     let dark_red_color = Color::new(85.0 / 255.0, 27.0 / 255.0, 20.0 / 255.0);
[INFO] [stderr]    |         ^^^^^^^^^^^^^^ help: if this is intentional, prefix it with an underscore: `_dark_red_color`
[INFO] [stderr] 
[INFO] [stderr] warning: unused variable: `color`
[INFO] [stderr]   --> src/main.rs:84:9
[INFO] [stderr]    |
[INFO] [stderr] 84 |     let color = render_at(240, 148, &camera, &world);        
[INFO] [stderr]    |         ^^^^^ help: if this is intentional, prefix it with an underscore: `_color`
[INFO] [stderr] 
[INFO] [stderr] warning: unused variable: `color2`
[INFO] [stderr]   --> src/main.rs:85:9
[INFO] [stderr]    |
[INFO] [stderr] 85 |     let color2 = render_at(32, 212, &camera, &world);
[INFO] [stderr]    |         ^^^^^^ help: if this is intentional, prefix it with an underscore: `_color2`
[INFO] [stderr] 
[INFO] [stderr] warning: constant `red` is never used
[INFO] [stderr]   --> src/world_generator.rs:15:7
[INFO] [stderr]    |
[INFO] [stderr] 15 | const red: Color = Color {
[INFO] [stderr]    |       ^^^
[INFO] [stderr]    |
[INFO] [stderr]    = note: `#[warn(dead_code)]` on by default
[INFO] [stderr] 
[INFO] [stderr] warning: constant `pink` is never used
[INFO] [stderr]   --> src/world_generator.rs:20:7
[INFO] [stderr]    |
[INFO] [stderr] 20 | const pink: Color = Color {
[INFO] [stderr]    |       ^^^^
[INFO] [stderr] 
[INFO] [stderr] warning: function `generate_test_world` is never used
[INFO] [stderr]    --> src/world_generator.rs:146:8
[INFO] [stderr]     |
[INFO] [stderr] 146 | pub fn generate_test_world() -> World {
[INFO] [stderr]     |        ^^^^^^^^^^^^^^^^^^^
[INFO] [stderr] 
[INFO] [stderr] warning: constant `red` should have an upper case name
[INFO] [stderr]   --> src/world_generator.rs:15:7
[INFO] [stderr]    |
[INFO] [stderr] 15 | const red: Color = Color {
[INFO] [stderr]    |       ^^^ help: convert the identifier to upper case: `RED`
[INFO] [stderr]    |
[INFO] [stderr]    = note: `#[warn(non_upper_case_globals)]` on by default
[INFO] [stderr] 
[INFO] [stderr] warning: constant `pink` should have an upper case name
[INFO] [stderr]   --> src/world_generator.rs:20:7
[INFO] [stderr]    |
[INFO] [stderr] 20 | const pink: Color = Color {
[INFO] [stderr]    |       ^^^^ help: convert the identifier to upper case: `PINK`
[INFO] [stderr] 
[INFO] [stderr] warning: `ray_tracer` (bin "ray_tracer" test) generated 14 warnings (run `cargo fix --bin "ray_tracer" --tests` to apply 9 suggestions)
[INFO] [stderr]     Finished test [unoptimized + debuginfo] target(s) in 0.12s
[INFO] [stderr] warning: the following packages contain code that will be rejected by a future version of Rust: nom v5.1.2
[INFO] [stderr] note: to see what the problems were, use the option `--future-incompat-report`, or run `cargo report future-incompatibilities --id 1`
[INFO] [stderr]      Running unittests src/main.rs (/opt/rustwide/target/debug/deps/ray_tracer-0c77eb24b76b8476)
[INFO] [stdout] 
[INFO] [stdout] running 125 tests
[INFO] [stdout] test color::add_colors ... ok
[INFO] [stdout] test camera::camera_tests::constructing_a_ray_through_the_center_of_the_canvas ... ok
[INFO] [stdout] test color::sub_colors ... ok
[INFO] [stdout] test camera::camera_tests::constructing_a_ray_when_the_camera_is_transformed ... ok
[INFO] [stdout] test cube::tests::a_ray_intersects_a_cube ... ok
[INFO] [stdout] test camera::camera_tests::constructing_a_ray_through_a_corner_of_the_canvas ... ok
[INFO] [stdout] test color::multiply_color_by_scalar ... ok
[INFO] [stdout] test camera::camera_tests::the_pixel_size_for_a_vertical_canvas ... ok
[INFO] [stdout] test camera::camera_tests::the_pixel_size_for_a_horizontal_canvas ... ok
[INFO] [stdout] test color::multiply_color_by_color ... ok
[INFO] [stdout] test lighting::lighting_tests::lighting_with_the_eye_between_the_light_and_the_surface ... ok
[INFO] [stdout] test cube::tests::the_normal_on_the_surface_of_a_cube ... ok
[INFO] [stdout] test lighting::lighting_tests::lighting_with_the_eye_between_light_and_the_surface_and_45deg_on_surface ... ok
[INFO] [stdout] test cube::tests::a_ray_misses_a_cube ... ok
[INFO] [stdout] test material::material_tests::lighting_with_a_pattern_applied ... ok
[INFO] [stdout] test lighting::lighting_tests::lighting_with_the_surface_in_shadow ... ok
[INFO] [stdout] test matrix::tests::init_2x2_matrix ... ok
[INFO] [stdout] test matrix::tests::init_matrix ... ok
[INFO] [stdout] test matrix::tests::matrix4_determinant ... ok
[INFO] [stdout] test lighting::lighting_tests::lighting_with_the_eye_in_the_path_of_the_reflection_vector ... ok
[INFO] [stdout] test matrix::tests::matrix3_cofactor3 ... ok
[INFO] [stdout] test lighting::lighting_tests::lighting_with_the_light_behind_the_surface ... ok
[INFO] [stdout] test matrix::tests::matrix3_determinant ... ok
[INFO] [stdout] test matrix::tests::matrix3_minor ... ok
[INFO] [stdout] test matrix::tests::matrix_determinant ... ok
[INFO] [stdout] test matrix::tests::matrix_equals ... ok
[INFO] [stdout] test matrix::tests::matrix_multiplication ... ok
[INFO] [stdout] test lighting::lighting_tests::lighting_with_the_eye_oppsite_surface_light_offset_45deg ... ok
[INFO] [stdout] test matrix::tests::matrix4_invert ... ok
[INFO] [stdout] test matrix::tests::matrix4_is_invertibile ... ok
[INFO] [stdout] test matrix::tests::matrix_submatrix ... ok
[INFO] [stdout] test matrix::tests::matrix_transpose ... ok
[INFO] [stdout] test pattern::pattern_tests::a_gradient_linerarly_interpolates_between_colors ... ok
[INFO] [stdout] test plane::tests::a_ray_intersecting_a_plane_from_above ... ok
[INFO] [stdout] test pattern::pattern_tests::a_ring_shoud_extend_in_both_x_and_y ... ok
[INFO] [stdout] test pattern::pattern_tests::stripe_pattern_alternates_only_in_x ... ok
[INFO] [stdout] test pattern::pattern_tests::stripes_with_a_pattern_transformation ... ok
[INFO] [stdout] test pattern::pattern_tests::stripes_with_an_object_transformation ... ok
[INFO] [stdout] test pattern::pattern_tests::stripes_with_both_an_object_and_a_pattern_transformation ... ok
[INFO] [stdout] test plane::tests::intersect_with_a_coplanar_ray ... ok
[INFO] [stdout] test plane::tests::the_normal_of_a_plane_is_constant_everywhere ... ok
[INFO] [stdout] test plane::tests::a_ray_intersecting_a_plane_from_below ... ok
[INFO] [stdout] test ray::ray_tests::hit_when_some_intersections_have_negative_t ... ok
[INFO] [stdout] test plane::tests::intersect_with_a_ray_parallel_to_the_plane ... ok
[INFO] [stdout] test ray::ray_tests::intersecting_a_scaled_sphere_with_a_ray ... ok
[INFO] [stdout] test ray::ray_tests::finding_n1_and_n2_at_various_intersections ... ok
[INFO] [stdout] test ray::ray_tests::hit_when_all_intersections_have_negative_t ... ok
[INFO] [stdout] test ray::ray_tests::ray_intersects_when_sphere_is_behind_ray ... ok
[INFO] [stdout] test ray::ray_tests::ray_interspects_but_misses_sphere ... ok
[INFO] [stdout] test ray::ray_tests::hit_when_all_intersections_have_positive_t ... ok
[INFO] [stdout] test ray::ray_tests::precomputing_the_state_of_an_intersection ... ok
[INFO] [stdout] test ray::ray_tests::precomputing_the_reflection_vector ... ok
[INFO] [stdout] test ray::ray_tests::ray_intersects_when_it_originiates_inside_sphere ... ok
[INFO] [stdout] test ray::ray_tests::ray_intesects_a_sphere_at_a_tangent ... ok
[INFO] [stdout] test ray::ray_tests::ray_intesects_a_sphere_at_two_points ... ok
[INFO] [stdout] test ray::ray_tests::ray_position ... ok
[INFO] [stdout] test ray::ray_tests::translate_a_ray ... ok
[INFO] [stdout] test sphere::tests::the_normal_on_a_sphere_at_a_nonaxial_point ... ok
[INFO] [stdout] test ray::ray_tests::the_schlick_approximation_under_total_internal_reflection ... ok
[INFO] [stdout] test ray::ray_tests::the_schlick_approximation_with_a_perpendicular_viewing_angle ... ok
[INFO] [stdout] test ray::ray_tests::scale_a_ray ... ok
[INFO] [stdout] test ray::ray_tests::the_hit_should_offset_the_point_to_avoid_acne ... ok
[INFO] [stdout] test ray::ray_tests::the_schlick_approximation_with_a_small_angle_and_n2_gt_n1 ... ok
[INFO] [stdout] test sphere::tests::the_normal_on_a_sphere_at_a_point_on_the_z_axis ... ok
[INFO] [stdout] test sphere::tests::the_normal_on_a_sphere_transformed_sphere ... ok
[INFO] [stdout] test sphere::tests::the_normal_on_a_sphere_is_normalized ... ok
[INFO] [stdout] test sphere::tests::the_normal_on_a_sphere_translated_sphere ... ok
[INFO] [stdout] test sphere::tests::the_normal_on_a_sphere_at_a_point_on_the_y_axis ... ok
[INFO] [stdout] test transformation::tests::chaining_fluent_transformations ... ok
[INFO] [stdout] test transformation::tests::chaining_transformations ... ok
[INFO] [stdout] test transformation::tests::rotation_x_axis ... ok
[INFO] [stdout] test sphere::tests::the_normal_on_a_sphere_at_a_point_on_the_x_axis ... ok
[INFO] [stdout] test transformation::tests::an_arbitrary_view_transformation ... ok
[INFO] [stdout] test transformation::tests::rotation_y_axis ... ok
[INFO] [stdout] test transformation::tests::rotation_z_axis ... ok
[INFO] [stdout] test transformation::tests::scale_point ... ok
[INFO] [stdout] test ray::ray_tests::the_hit_when_an_interection_occurs_on_the_inside ... ok
[INFO] [stdout] test transformation::tests::a_view_transformation_matrix_looking_in_positive_z_direction ... ok
[INFO] [stdout] test ray::ray_tests::the_hit_when_an_interection_occurs_on_the_outside ... ok
[INFO] [stdout] test transformation::tests::scale_vector ... ok
[INFO] [stdout] test transformation::tests::shearing_x_in_proportion_to_y ... ok
[INFO] [stdout] test transformation::tests::shearing_z_in_proportion_to_x ... ok
[INFO] [stdout] test transformation::tests::shearing_y_in_proportion_to_z ... ok
[INFO] [stdout] test transformation::tests::the_view_transformation_matrix_for_the_default_orientation ... ok
[INFO] [stdout] test transformation::tests::shearing_x_in_proportion_to_z ... ok
[INFO] [stdout] test transformation::tests::shearing_z_in_proportion_to_y ... ok
[INFO] [stdout] test transformation::tests::shearing_y_in_proportion_to_x ... ok
[INFO] [stdout] test tuple::tests::add_vector_to_point_gives_point ... ok
[INFO] [stdout] test tuple::tests::add_vector_to_vector_gives_vector ... ok
[INFO] [stdout] test tuple::tests::dot_product_vector ... ok
[INFO] [stdout] test transformation::tests::the_view_transformation_matrix_moves_the_world ... ok
[INFO] [stdout] test tuple::tests::magnitude_vector ... ok
[INFO] [stdout] test tuple::tests::cross_product_vector ... ok
[INFO] [stdout] test transformation::tests::translate_point ... ok
[INFO] [stdout] test tuple::tests::multiply_point_by_scalar ... ok
[INFO] [stdout] test tuple::tests::reflect_vector_at_slanted_surface ... ok
[INFO] [stdout] test tuple::tests::sub_vector_from_vector_gives_vector ... ok
[INFO] [stdout] test tuple::tests::normalize_vector ... ok
[INFO] [stdout] test tuple::tests::sub_vector_from_point_gives_point ... ok
[INFO] [stdout] test tuple::tests::reflect_vector_at_45deg ... ok
[INFO] [stdout] test tuple::tests::negating_point ... ok
[INFO] [stdout] test tuple::tests::negating_vector ... ok
[INFO] [stdout] test world::tests::intersect_a_world_with_ray ... ok
[INFO] [stdout] test tuple::tests::sub_point_from_point_gives_vector ... ok
[INFO] [stdout] test world::tests::shade_hit_is_given_an_intersection_in_shadow ... ok
[INFO] [stdout] test world::tests::shade_hit_with_a_reflective_material ... ok
[INFO] [stdout] test world::tests::shade_hit_with_a_transparent_material ... ok
[INFO] [stdout] test world::tests::shading_an_interection_from_the_inside ... ok
[INFO] [stdout] test world::tests::shading_an_interection ... ok
[INFO] [stdout] test world::tests::the_color_when_a_ray_misses ... ok
[INFO] [stdout] test world::tests::the_color_when_a_ray_hits ... ok
[INFO] [stdout] test world::tests::the_reflected_color_for_a_nonreflective_material ... ok
[INFO] [stdout] test world::tests::the_refracted_color_under_total_internal_reflection ... ok
[INFO] [stdout] test world::tests::a_refracted_color_with_an_opaque_surface ... ok
[INFO] [stdout] test world::tests::color_at_with_mutually_reflective_surfaces_completes ... ok
[INFO] [stdout] test world::tests::shade_hit_with_a_reflective_transparent_material ... ok
[INFO] [stdout] test world::tests::the_shadow_when_an_object_is_between_the_point_and_the_light ... ok
[INFO] [stdout] test world::tests::the_reflected_color_at_the_maximum_recursive_depth ... ok
[INFO] [stdout] test world::tests::there_is_no_shadow_when_an_object_is_behind_the_light ... ok
[INFO] [stdout] test world::tests::the_refracted_color_at_the_maximum_recursive_depth ... ok
[INFO] [stdout] test world::tests::there_is_no_shadow_when_an_object_is_behind_the_point ... ok
[INFO] [stdout] test world::tests::the_reflected_color_for_a_reflective_material ... ok
[INFO] [stdout] test world::tests::the_refracted_color_with_a_refracted_ray ... ok
[INFO] [stdout] test world::tests::there_is_no_shadow_when_nothing_is_collinear_with_point_and_light ... ok
[INFO] [stdout] test world_generator::tests::test_basic_world ... FAILED
[INFO] [stdout] 
[INFO] [stdout] failures:
[INFO] [stdout] 
[INFO] [stdout] ---- world_generator::tests::test_basic_world stdout ----
[INFO] [stdout] thread 'world_generator::tests::test_basic_world' panicked at src/world_generator.rs:221:9:
[INFO] [stdout] assertion `left == right` failed
[INFO] [stdout]   left: Color { red: 0.0427451, green: 0.02392157, blue: 0.007843138 }
[INFO] [stdout]  right: Color { red: 0.124647096, green: 0.02392157, blue: 0.007843138 }
[INFO] [stdout] stack backtrace:
[INFO] [stdout]    0:     0x56228f1c4376 - std::backtrace_rs::backtrace::libunwind::trace::h261606ad26a499c1
[INFO] [stdout]                                at /rustc/0e09125c6c3c2fd70d7de961bcf0e51575235fad/library/std/src/../../backtrace/src/backtrace/libunwind.rs:104:5
[INFO] [stdout]    1:     0x56228f1c4376 - std::backtrace_rs::backtrace::trace_unsynchronized::hd183f0625477fb28
[INFO] [stdout]                                at /rustc/0e09125c6c3c2fd70d7de961bcf0e51575235fad/library/std/src/../../backtrace/src/backtrace/mod.rs:66:5
[INFO] [stdout]    2:     0x56228f1c4376 - std::sys_common::backtrace::_print_fmt::hd7f8fef21b4eda67
[INFO] [stdout]                                at /rustc/0e09125c6c3c2fd70d7de961bcf0e51575235fad/library/std/src/sys_common/backtrace.rs:68:5
[INFO] [stdout]    3:     0x56228f1c4376 - <std::sys_common::backtrace::_print::DisplayBacktrace as core::fmt::Display>::fmt::h623d9b51f2f453f1
[INFO] [stdout]                                at /rustc/0e09125c6c3c2fd70d7de961bcf0e51575235fad/library/std/src/sys_common/backtrace.rs:44:22
[INFO] [stdout]    4:     0x56228f1edbd0 - core::fmt::rt::Argument::fmt::h9f417ac76a86f368
[INFO] [stdout]                                at /rustc/0e09125c6c3c2fd70d7de961bcf0e51575235fad/library/core/src/fmt/rt.rs:142:9
[INFO] [stdout]    5:     0x56228f1edbd0 - core::fmt::write::hc9b6faf4ac2aeff7
[INFO] [stdout]                                at /rustc/0e09125c6c3c2fd70d7de961bcf0e51575235fad/library/core/src/fmt/mod.rs:1120:17
[INFO] [stdout]    6:     0x56228f1c1ddf - std::io::Write::write_fmt::he04625a3a989fec3
[INFO] [stdout]                                at /rustc/0e09125c6c3c2fd70d7de961bcf0e51575235fad/library/std/src/io/mod.rs:1810:15
[INFO] [stdout]    7:     0x56228f1c4154 - std::sys_common::backtrace::_print::hd5d66399c7df88a2
[INFO] [stdout]                                at /rustc/0e09125c6c3c2fd70d7de961bcf0e51575235fad/library/std/src/sys_common/backtrace.rs:47:5
[INFO] [stdout]    8:     0x56228f1c4154 - std::sys_common::backtrace::print::he81ed2da642d37e5
[INFO] [stdout]                                at /rustc/0e09125c6c3c2fd70d7de961bcf0e51575235fad/library/std/src/sys_common/backtrace.rs:34:9
[INFO] [stdout]    9:     0x56228f1c5ec7 - std::panicking::default_hook::{{closure}}::h85773f4fa117163d
[INFO] [stdout]   10:     0x56228f1c5bad - std::panicking::default_hook::h6a1694a91d09b278
[INFO] [stdout]                                at /rustc/0e09125c6c3c2fd70d7de961bcf0e51575235fad/library/std/src/panicking.rs:289:9
[INFO] [stdout]   11:     0x56228f1936d7 - <alloc::boxed::Box<F,A> as core::ops::function::Fn<Args>>::call::h616ac37fa3cd6c8f
[INFO] [stdout]                                at /rustc/0e09125c6c3c2fd70d7de961bcf0e51575235fad/library/alloc/src/boxed.rs:2029:9
[INFO] [stdout]   12:     0x56228f1936d7 - test::test_main::{{closure}}::h00d84697cefdcbb6
[INFO] [stdout]                                at /rustc/0e09125c6c3c2fd70d7de961bcf0e51575235fad/library/test/src/lib.rs:138:21
[INFO] [stdout]   13:     0x56228f1c64e6 - <alloc::boxed::Box<F,A> as core::ops::function::Fn<Args>>::call::hcb3fe3b9bb537ba8
[INFO] [stdout]                                at /rustc/0e09125c6c3c2fd70d7de961bcf0e51575235fad/library/alloc/src/boxed.rs:2029:9
[INFO] [stdout]   14:     0x56228f1c64e6 - std::panicking::rust_panic_with_hook::h0a7ad96e90f7145b
[INFO] [stdout]                                at /rustc/0e09125c6c3c2fd70d7de961bcf0e51575235fad/library/std/src/panicking.rs:783:13
[INFO] [stdout]   15:     0x56228f1c6232 - std::panicking::begin_panic_handler::{{closure}}::h7919090525c6485e
[INFO] [stdout]                                at /rustc/0e09125c6c3c2fd70d7de961bcf0e51575235fad/library/std/src/panicking.rs:657:13
[INFO] [stdout]   16:     0x56228f1c4876 - std::sys_common::backtrace::__rust_end_short_backtrace::hf3289479464f7dfe
[INFO] [stdout]                                at /rustc/0e09125c6c3c2fd70d7de961bcf0e51575235fad/library/std/src/sys_common/backtrace.rs:171:18
[INFO] [stdout]   17:     0x56228f1c5f90 - rust_begin_unwind
[INFO] [stdout]                                at /rustc/0e09125c6c3c2fd70d7de961bcf0e51575235fad/library/std/src/panicking.rs:645:5
[INFO] [stdout]   18:     0x56228f130cd5 - core::panicking::panic_fmt::hcc9f77c5c132af55
[INFO] [stdout]                                at /rustc/0e09125c6c3c2fd70d7de961bcf0e51575235fad/library/core/src/panicking.rs:72:14
[INFO] [stdout]   19:     0x56228f13110b - core::panicking::assert_failed_inner::h9f13e27dd63c3a08
[INFO] [stdout]                                at /rustc/0e09125c6c3c2fd70d7de961bcf0e51575235fad/library/core/src/panicking.rs:342:17
[INFO] [stdout]   20:     0x56228f154ece - core::panicking::assert_failed::h902d68aa4258cb43
[INFO] [stdout]                                at /rustc/0e09125c6c3c2fd70d7de961bcf0e51575235fad/library/core/src/panicking.rs:297:5
[INFO] [stdout]   21:     0x56228f154708 - ray_tracer::world_generator::tests::test_basic_world::hf00ed5c8022b452f
[INFO] [stdout]                                at /opt/rustwide/workdir/src/world_generator.rs:221:9
[INFO] [stdout]   22:     0x56228f154517 - ray_tracer::world_generator::tests::test_basic_world::{{closure}}::h29267c4ae490f7a0
[INFO] [stdout]                                at /opt/rustwide/workdir/src/world_generator.rs:213:26
[INFO] [stdout]   23:     0x56228f14a966 - core::ops::function::FnOnce::call_once::hdd4bf28eeea74c80
[INFO] [stdout]                                at /rustc/0e09125c6c3c2fd70d7de961bcf0e51575235fad/library/core/src/ops/function.rs:250:5
[INFO] [stdout]   24:     0x56228f198faf - core::ops::function::FnOnce::call_once::hd64d26f405258157
[INFO] [stdout]                                at /rustc/0e09125c6c3c2fd70d7de961bcf0e51575235fad/library/core/src/ops/function.rs:250:5
[INFO] [stdout]   25:     0x56228f198faf - test::__rust_begin_short_backtrace::he21b0b7a6d731bf9
[INFO] [stdout]                                at /rustc/0e09125c6c3c2fd70d7de961bcf0e51575235fad/library/test/src/lib.rs:627:18
[INFO] [stdout]   26:     0x56228f197d31 - test::run_test_in_process::{{closure}}::hf5c73986d7bdfde2
[INFO] [stdout]                                at /rustc/0e09125c6c3c2fd70d7de961bcf0e51575235fad/library/test/src/lib.rs:650:60
[INFO] [stdout]   27:     0x56228f197d31 - <core::panic::unwind_safe::AssertUnwindSafe<F> as core::ops::function::FnOnce<()>>::call_once::h330011ad032aadc0
[INFO] [stdout]                                at /rustc/0e09125c6c3c2fd70d7de961bcf0e51575235fad/library/core/src/panic/unwind_safe.rs:272:9
[INFO] [stdout]   28:     0x56228f197d31 - std::panicking::try::do_call::he61b0a958b795a41
[INFO] [stdout]                                at /rustc/0e09125c6c3c2fd70d7de961bcf0e51575235fad/library/std/src/panicking.rs:552:40
[INFO] [stdout]   29:     0x56228f197d31 - std::panicking::try::h7309da130f906eb7
[INFO] [stdout]                                at /rustc/0e09125c6c3c2fd70d7de961bcf0e51575235fad/library/std/src/panicking.rs:516:19
[INFO] [stdout]   30:     0x56228f197d31 - std::panic::catch_unwind::hc5c3a06fdaf0a92a
[INFO] [stdout]                                at /rustc/0e09125c6c3c2fd70d7de961bcf0e51575235fad/library/std/src/panic.rs:142:14
[INFO] [stdout]   31:     0x56228f197d31 - test::run_test_in_process::h7e7b7c71c3324e0f
[INFO] [stdout]                                at /rustc/0e09125c6c3c2fd70d7de961bcf0e51575235fad/library/test/src/lib.rs:650:27
[INFO] [stdout]   32:     0x56228f197d31 - test::run_test::{{closure}}::h1f509f28f5cf20b1
[INFO] [stdout]                                at /rustc/0e09125c6c3c2fd70d7de961bcf0e51575235fad/library/test/src/lib.rs:573:43
[INFO] [stdout]   33:     0x56228f15f066 - test::run_test::{{closure}}::h1754218abf443f6d
[INFO] [stdout]                                at /rustc/0e09125c6c3c2fd70d7de961bcf0e51575235fad/library/test/src/lib.rs:601:41
[INFO] [stdout]   34:     0x56228f15f066 - std::sys_common::backtrace::__rust_begin_short_backtrace::h2ee174b9d5954948
[INFO] [stdout]                                at /rustc/0e09125c6c3c2fd70d7de961bcf0e51575235fad/library/std/src/sys_common/backtrace.rs:155:18
[INFO] [stdout]   35:     0x56228f1640c7 - std::thread::Builder::spawn_unchecked_::{{closure}}::{{closure}}::hf60bee9c1a17ef09
[INFO] [stdout]                                at /rustc/0e09125c6c3c2fd70d7de961bcf0e51575235fad/library/std/src/thread/mod.rs:529:17
[INFO] [stdout]   36:     0x56228f1640c7 - <core::panic::unwind_safe::AssertUnwindSafe<F> as core::ops::function::FnOnce<()>>::call_once::h33d0dddec5216160
[INFO] [stdout]                                at /rustc/0e09125c6c3c2fd70d7de961bcf0e51575235fad/library/core/src/panic/unwind_safe.rs:272:9
[INFO] [stdout]   37:     0x56228f1640c7 - std::panicking::try::do_call::h144b3048b546f835
[INFO] [stdout]                                at /rustc/0e09125c6c3c2fd70d7de961bcf0e51575235fad/library/std/src/panicking.rs:552:40
[INFO] [stdout]   38:     0x56228f1640c7 - std::panicking::try::h978244d04646189f
[INFO] [stdout]                                at /rustc/0e09125c6c3c2fd70d7de961bcf0e51575235fad/library/std/src/panicking.rs:516:19
[INFO] [stdout]   39:     0x56228f1640c7 - std::panic::catch_unwind::hdf436369d188fe86
[INFO] [stdout]                                at /rustc/0e09125c6c3c2fd70d7de961bcf0e51575235fad/library/std/src/panic.rs:142:14
[INFO] [stdout]   40:     0x56228f1640c7 - std::thread::Builder::spawn_unchecked_::{{closure}}::h87329cbdd33c79ec
[INFO] [stdout]                                at /rustc/0e09125c6c3c2fd70d7de961bcf0e51575235fad/library/std/src/thread/mod.rs:528:30
[INFO] [stdout]   41:     0x56228f1640c7 - core::ops::function::FnOnce::call_once{{vtable.shim}}::h401abbe67897d450
[INFO] [stdout]                                at /rustc/0e09125c6c3c2fd70d7de961bcf0e51575235fad/library/core/src/ops/function.rs:250:5
[INFO] [stdout]   42:     0x56228f1caf95 - <alloc::boxed::Box<F,A> as core::ops::function::FnOnce<Args>>::call_once::h5d7c8f150ab9c84c
[INFO] [stdout]                                at /rustc/0e09125c6c3c2fd70d7de961bcf0e51575235fad/library/alloc/src/boxed.rs:2015:9
[INFO] [stdout]   43:     0x56228f1caf95 - <alloc::boxed::Box<F,A> as core::ops::function::FnOnce<Args>>::call_once::h570d5b005c242c15
[INFO] [stdout]                                at /rustc/0e09125c6c3c2fd70d7de961bcf0e51575235fad/library/alloc/src/boxed.rs:2015:9
[INFO] [stdout]   44:     0x56228f1caf95 - std::sys::unix::thread::Thread::new::thread_start::h36b0a20c0b2361ad
[INFO] [stdout]                                at /rustc/0e09125c6c3c2fd70d7de961bcf0e51575235fad/library/std/src/sys/unix/thread.rs:108:17
[INFO] [stdout]   45:     0x7f1b55c03ac3 - <unknown>
[INFO] [stdout]   46:     0x7f1b55c94bf4 - __clone
[INFO] [stdout]   47:                0x0 - <unknown>
[INFO] [stdout] 
[INFO] [stdout] 
[INFO] [stdout] failures:
[INFO] [stdout]     world_generator::tests::test_basic_world
[INFO] [stdout] 
[INFO] [stdout] test result: FAILED. 124 passed; 1 failed; 0 ignored; 0 measured; 0 filtered out; finished in 0.12s
[INFO] [stdout] 
[INFO] [stderr] error: test failed, to rerun pass `--bin ray_tracer`
[INFO] running `Command { std: "docker" "inspect" "55b78e567d558da88e3bca8a8d32c44a8a97ff8ff9fd5448c976458d1290f391", kill_on_drop: false }`
[INFO] running `Command { std: "docker" "rm" "-f" "55b78e567d558da88e3bca8a8d32c44a8a97ff8ff9fd5448c976458d1290f391", kill_on_drop: false }`
[INFO] [stdout] 55b78e567d558da88e3bca8a8d32c44a8a97ff8ff9fd5448c976458d1290f391
