[INFO] cloning repository https://github.com/lvauvillier/dji-log-parser
[INFO] running `Command { std: "git" "-c" "credential.helper=" "-c" "credential.helper=/workspace/cargo-home/bin/git-credential-null" "clone" "--bare" "https://github.com/lvauvillier/dji-log-parser" "/workspace/cache/git-repos/https%3A%2F%2Fgithub.com%2Flvauvillier%2Fdji-log-parser", kill_on_drop: false }`
[INFO] [stderr] Cloning into bare repository '/workspace/cache/git-repos/https%3A%2F%2Fgithub.com%2Flvauvillier%2Fdji-log-parser'...
[INFO] running `Command { std: "git" "rev-parse" "HEAD", kill_on_drop: false }`
[INFO] [stdout] c084352537384c53f72a3df20cd9be6f083ce161
[INFO] testing lvauvillier/dji-log-parser against 1.75.0 for beta-1.76-1
[INFO] running `Command { std: "git" "clone" "/workspace/cache/git-repos/https%3A%2F%2Fgithub.com%2Flvauvillier%2Fdji-log-parser" "/workspace/builds/worker-5-tc1/source", kill_on_drop: false }`
[INFO] [stderr] Cloning into '/workspace/builds/worker-5-tc1/source'...
[INFO] [stderr] done.
[INFO] validating manifest of git repo https://github.com/lvauvillier/dji-log-parser on toolchain 1.75.0
[INFO] running `Command { std: CARGO_HOME="/workspace/cargo-home" RUSTUP_HOME="/workspace/rustup-home" "/workspace/cargo-home/bin/cargo" "+1.75.0" "metadata" "--manifest-path" "Cargo.toml" "--no-deps", kill_on_drop: false }`
[INFO] started tweaking git repo https://github.com/lvauvillier/dji-log-parser
[INFO] finished tweaking git repo https://github.com/lvauvillier/dji-log-parser
[INFO] tweaked toml for git repo https://github.com/lvauvillier/dji-log-parser written to /workspace/builds/worker-5-tc1/source/Cargo.toml
[INFO] crate git repo https://github.com/lvauvillier/dji-log-parser already has a lockfile, it will not be regenerated
[INFO] running `Command { std: CARGO_HOME="/workspace/cargo-home" RUSTUP_HOME="/workspace/rustup-home" "/workspace/cargo-home/bin/cargo" "+1.75.0" "fetch" "--manifest-path" "Cargo.toml", kill_on_drop: false }`
[INFO] [stderr]  Downloading crates ...
[INFO] [stderr]   Downloaded crc64 v2.0.0
[INFO] [stderr]   Downloaded binrw v0.13.3
[INFO] running `Command { std: "docker" "create" "-v" "/var/lib/crater-agent-workspace/builds/worker-5-tc1/target:/opt/rustwide/target:rw,Z" "-v" "/var/lib/crater-agent-workspace/builds/worker-5-tc1/source:/opt/rustwide/workdir:ro,Z" "-v" "/var/lib/crater-agent-workspace/cargo-home:/opt/rustwide/cargo-home:ro,Z" "-v" "/var/lib/crater-agent-workspace/rustup-home:/opt/rustwide/rustup-home:ro,Z" "-e" "SOURCE_DIR=/opt/rustwide/workdir" "-e" "CARGO_TARGET_DIR=/opt/rustwide/target" "-e" "CARGO_HOME=/opt/rustwide/cargo-home" "-e" "RUSTUP_HOME=/opt/rustwide/rustup-home" "-w" "/opt/rustwide/workdir" "-m" "1610612736" "--user" "0:0" "--network" "none" "ghcr.io/rust-lang/crates-build-env/linux@sha256:2788e3201cd34a07e3172128adcd8b3090168a8e3bcc40d7c032b9dda1df7d1c" "/opt/rustwide/cargo-home/bin/cargo" "+1.75.0" "metadata" "--no-deps" "--format-version=1", kill_on_drop: false }`
[INFO] [stdout] 7e3274035bc90f0e406f1273959a74d4e6ebc0d0a9ae17bf3e62372b0f7fbab4
[INFO] running `Command { std: "docker" "start" "-a" "7e3274035bc90f0e406f1273959a74d4e6ebc0d0a9ae17bf3e62372b0f7fbab4", kill_on_drop: false }`
[INFO] running `Command { std: "docker" "inspect" "7e3274035bc90f0e406f1273959a74d4e6ebc0d0a9ae17bf3e62372b0f7fbab4", kill_on_drop: false }`
[INFO] running `Command { std: "docker" "rm" "-f" "7e3274035bc90f0e406f1273959a74d4e6ebc0d0a9ae17bf3e62372b0f7fbab4", kill_on_drop: false }`
[INFO] [stdout] 7e3274035bc90f0e406f1273959a74d4e6ebc0d0a9ae17bf3e62372b0f7fbab4
[INFO] running `Command { std: "docker" "create" "-v" "/var/lib/crater-agent-workspace/builds/worker-5-tc1/target:/opt/rustwide/target:rw,Z" "-v" "/var/lib/crater-agent-workspace/builds/worker-5-tc1/source:/opt/rustwide/workdir:ro,Z" "-v" "/var/lib/crater-agent-workspace/cargo-home:/opt/rustwide/cargo-home:ro,Z" "-v" "/var/lib/crater-agent-workspace/rustup-home:/opt/rustwide/rustup-home:ro,Z" "-e" "SOURCE_DIR=/opt/rustwide/workdir" "-e" "CARGO_TARGET_DIR=/opt/rustwide/target" "-e" "CARGO_INCREMENTAL=0" "-e" "RUST_BACKTRACE=full" "-e" "RUSTFLAGS=--cap-lints=warn" "-e" "RUSTDOCFLAGS=--cap-lints=warn" "-e" "CARGO_HOME=/opt/rustwide/cargo-home" "-e" "RUSTUP_HOME=/opt/rustwide/rustup-home" "-w" "/opt/rustwide/workdir" "-m" "1610612736" "--user" "0:0" "--network" "none" "ghcr.io/rust-lang/crates-build-env/linux@sha256:2788e3201cd34a07e3172128adcd8b3090168a8e3bcc40d7c032b9dda1df7d1c" "/opt/rustwide/cargo-home/bin/cargo" "+1.75.0" "build" "--frozen" "--message-format=json", kill_on_drop: false }`
[INFO] [stdout] a40decd57db33266560e14d359647ace3017d3b51b6b8c56fabfd8c042931be6
[INFO] running `Command { std: "docker" "start" "-a" "a40decd57db33266560e14d359647ace3017d3b51b6b8c56fabfd8c042931be6", kill_on_drop: false }`
[INFO] [stderr]    Compiling proc-macro2 v1.0.70
[INFO] [stderr]    Compiling unicode-ident v1.0.12
[INFO] [stderr]    Compiling libc v0.2.151
[INFO] [stderr]    Compiling version_check v0.9.4
[INFO] [stderr]    Compiling cfg-if v1.0.0
[INFO] [stderr]    Compiling typenum v1.17.0
[INFO] [stderr]    Compiling tinyvec_macros v0.1.1
[INFO] [stderr]    Compiling spin v0.9.8
[INFO] [stderr]    Compiling untrusted v0.9.0
[INFO] [stderr]    Compiling syn v1.0.109
[INFO] [stderr]    Compiling utf8parse v0.2.1
[INFO] [stderr]    Compiling crc32fast v1.3.2
[INFO] [stderr]    Compiling autocfg v1.1.0
[INFO] [stderr]    Compiling serde v1.0.193
[INFO] [stderr]    Compiling adler v1.0.2
[INFO] [stderr]    Compiling binrw_derive v0.13.3
[INFO] [stderr]    Compiling tinyvec v1.6.0
[INFO] [stderr]    Compiling percent-encoding v2.3.1
[INFO] [stderr]    Compiling anstyle-parse v0.2.3
[INFO] [stderr]    Compiling colorchoice v1.0.0
[INFO] [stderr]    Compiling anstyle v1.0.4
[INFO] [stderr]    Compiling anstyle-query v1.0.2
[INFO] [stderr]    Compiling rustls v0.21.10
[INFO] [stderr]    Compiling unicode-bidi v0.3.14
[INFO] [stderr]    Compiling serde_json v1.0.108
[INFO] [stderr]    Compiling form_urlencoded v1.2.1
[INFO] [stderr]    Compiling miniz_oxide v0.7.1
[INFO] [stderr]    Compiling anstream v0.6.5
[INFO] [stderr]    Compiling log v0.4.20
[INFO] [stderr]    Compiling thiserror v1.0.51
[INFO] [stderr]    Compiling generic-array v0.14.7
[INFO] [stderr]    Compiling ryu v1.0.16
[INFO] [stderr]    Compiling num-traits v0.2.17
[INFO] [stderr]    Compiling binrw v0.13.3
[INFO] [stderr]    Compiling heck v0.4.1
[INFO] [stderr]    Compiling strsim v0.10.0
[INFO] [stderr]    Compiling itoa v1.0.10
[INFO] [stderr]    Compiling clap_lex v0.6.0
[INFO] [stderr]    Compiling either v1.9.0
[INFO] [stderr]    Compiling owo-colors v3.5.0
[INFO] [stderr]    Compiling bytemuck v1.14.0
[INFO] [stderr]    Compiling flate2 v1.0.28
[INFO] [stderr]    Compiling once_cell v1.19.0
[INFO] [stderr]    Compiling webpki-roots v0.25.3
[INFO] [stderr]    Compiling iana-time-zone v0.1.58
[INFO] [stderr]    Compiling quote v1.0.33
[INFO] [stderr]    Compiling clap_builder v4.4.11
[INFO] [stderr]    Compiling base64 v0.21.5
[INFO] [stderr]    Compiling cpufeatures v0.2.11
[INFO] [stderr]    Compiling syn v2.0.41
[INFO] [stderr]    Compiling unicode-normalization v0.1.22
[INFO] [stderr]    Compiling array-init v2.1.0
[INFO] [stderr]    Compiling crc64 v2.0.0
[INFO] [stderr]    Compiling cc v1.0.83
[INFO] [stderr]    Compiling getrandom v0.2.11
[INFO] [stderr]    Compiling idna v0.5.0
[INFO] [stderr]    Compiling url v2.5.0
[INFO] [stderr]    Compiling chrono v0.4.31
[INFO] [stderr]    Compiling block-padding v0.3.3
[INFO] [stderr]    Compiling crypto-common v0.1.6
[INFO] [stderr]    Compiling inout v0.1.3
[INFO] [stderr]    Compiling ring v0.17.7
[INFO] [stderr]    Compiling cipher v0.4.4
[INFO] [stderr]    Compiling cbc v0.1.2
[INFO] [stderr]    Compiling aes v0.8.3
[INFO] [stderr]    Compiling serde_derive v1.0.193
[INFO] [stderr]    Compiling clap_derive v4.4.7
[INFO] [stderr]    Compiling thiserror-impl v1.0.51
[INFO] [stderr]    Compiling clap v4.4.11
[INFO] [stderr]    Compiling rustls-webpki v0.101.7
[INFO] [stderr]    Compiling sct v0.7.1
[INFO] [stderr]    Compiling ureq v2.9.1
[INFO] [stderr]    Compiling dji-log-parser v0.1.0 (/opt/rustwide/workdir)
[INFO] [stdout] warning: unused variable: `unknown`
[INFO] [stdout]   --> src/layout/info.rs:46:5
[INFO] [stdout]    |
[INFO] [stdout] 46 |     unknown: i64,
[INFO] [stdout]    |     ^^^^^^^
[INFO] [stdout]    |
[INFO] [stdout] help: `unknown` is captured in macro and introduced a unused variable
[INFO] [stdout]   --> src/layout/info.rs:5:1
[INFO] [stdout]    |
[INFO] [stdout] 5  | #[binread]
[INFO] [stdout]    | ^^^^^^^^^^
[INFO] [stdout]    = note: `#[warn(unused_variables)]` on by default
[INFO] [stdout]    = note: this warning originates in the attribute macro `binread` (in Nightly builds, run with -Z macro-backtrace for more info)
[INFO] [stdout] 
[INFO] [stdout] 
[INFO] [stdout] warning: unused variable: `user_api_center_id_md5`
[INFO] [stdout]   --> src/layout/info.rs:48:5
[INFO] [stdout]    |
[INFO] [stdout] 48 |     user_api_center_id_md5: [u8; 16],
[INFO] [stdout]    |     ^^^^^^^^^^^^^^^^^^^^^^
[INFO] [stdout]    |
[INFO] [stdout] help: `user_api_center_id_md5` is captured in macro and introduced a unused variable
[INFO] [stdout]   --> src/layout/info.rs:5:1
[INFO] [stdout]    |
[INFO] [stdout] 5  | #[binread]
[INFO] [stdout]    | ^^^^^^^^^^
[INFO] [stdout]    = note: this warning originates in the attribute macro `binread` (in Nightly builds, run with -Z macro-backtrace for more info)
[INFO] [stdout] 
[INFO] [stdout] 
[INFO] [stdout] warning: unused variable: `unknown2`
[INFO] [stdout]   --> src/layout/info.rs:54:5
[INFO] [stdout]    |
[INFO] [stdout] 54 |     unknown2: i64,
[INFO] [stdout]    |     ^^^^^^^^
[INFO] [stdout]    |
[INFO] [stdout] help: `unknown2` is captured in macro and introduced a unused variable
[INFO] [stdout]   --> src/layout/info.rs:5:1
[INFO] [stdout]    |
[INFO] [stdout] 5  | #[binread]
[INFO] [stdout]    | ^^^^^^^^^^
[INFO] [stdout]    = note: this warning originates in the attribute macro `binread` (in Nightly builds, run with -Z macro-backtrace for more info)
[INFO] [stdout] 
[INFO] [stdout] 
[INFO] [stdout] warning: unused variable: `unknown3`
[INFO] [stdout]   --> src/layout/info.rs:79:5
[INFO] [stdout]    |
[INFO] [stdout] 79 |     unknown3: u8,
[INFO] [stdout]    |     ^^^^^^^^
[INFO] [stdout]    |
[INFO] [stdout] help: `unknown3` is captured in macro and introduced a unused variable
[INFO] [stdout]   --> src/layout/info.rs:5:1
[INFO] [stdout]    |
[INFO] [stdout] 5  | #[binread]
[INFO] [stdout]    | ^^^^^^^^^^
[INFO] [stdout]    = note: this warning originates in the attribute macro `binread` (in Nightly builds, run with -Z macro-backtrace for more info)
[INFO] [stdout] 
[INFO] [stdout] 
[INFO] [stdout] warning: unused variable: `reserved`
[INFO] [stdout]   --> src/layout/info.rs:81:5
[INFO] [stdout]    |
[INFO] [stdout] 81 |     reserved: [u8; 19],
[INFO] [stdout]    |     ^^^^^^^^
[INFO] [stdout]    |
[INFO] [stdout] help: `reserved` is captured in macro and introduced a unused variable
[INFO] [stdout]   --> src/layout/info.rs:5:1
[INFO] [stdout]    |
[INFO] [stdout] 5  | #[binread]
[INFO] [stdout]    | ^^^^^^^^^^
[INFO] [stdout]    = note: this warning originates in the attribute macro `binread` (in Nightly builds, run with -Z macro-backtrace for more info)
[INFO] [stdout] 
[INFO] [stdout] 
[INFO] [stdout] warning: unused variable: `uuid`
[INFO] [stdout]   --> src/layout/info.rs:83:9
[INFO] [stdout]    |
[INFO] [stdout] 83 |     pub uuid: UUID,
[INFO] [stdout]    |         ^^^^
[INFO] [stdout]    |
[INFO] [stdout] help: `uuid` is captured in macro and introduced a unused variable
[INFO] [stdout]   --> src/layout/info.rs:5:1
[INFO] [stdout]    |
[INFO] [stdout] 5  | #[binread]
[INFO] [stdout]    | ^^^^^^^^^^
[INFO] [stdout]    = note: this warning originates in the attribute macro `binread` (in Nightly builds, run with -Z macro-backtrace for more info)
[INFO] [stdout] 
[INFO] [stdout] 
[INFO] [stdout] warning: unused variable: `unknown`
[INFO] [stdout]   --> src/layout/prefix.rs:15:5
[INFO] [stdout]    |
[INFO] [stdout] 15 |     unknown: u8,
[INFO] [stdout]    |     ^^^^^^^
[INFO] [stdout]    |
[INFO] [stdout] help: `unknown` is captured in macro and introduced a unused variable
[INFO] [stdout]   --> src/layout/prefix.rs:7:1
[INFO] [stdout]    |
[INFO] [stdout] 7  | #[binread]
[INFO] [stdout]    | ^^^^^^^^^^
[INFO] [stdout]    = note: this warning originates in the attribute macro `binread` (in Nightly builds, run with -Z macro-backtrace for more info)
[INFO] [stdout] 
[INFO] [stdout] 
[INFO] [stdout] warning: unused variable: `encrypt_magic_version`
[INFO] [stdout]   --> src/layout/prefix.rs:17:5
[INFO] [stdout]    |
[INFO] [stdout] 17 |     encrypt_magic_version: u64,
[INFO] [stdout]    |     ^^^^^^^^^^^^^^^^^^^^^
[INFO] [stdout]    |
[INFO] [stdout] help: `encrypt_magic_version` is captured in macro and introduced a unused variable
[INFO] [stdout]   --> src/layout/prefix.rs:7:1
[INFO] [stdout]    |
[INFO] [stdout] 7  | #[binread]
[INFO] [stdout]    | ^^^^^^^^^^
[INFO] [stdout]    = note: this warning originates in the attribute macro `binread` (in Nightly builds, run with -Z macro-backtrace for more info)
[INFO] [stdout] 
[INFO] [stdout] 
[INFO] [stdout] warning: unused variable: `reserved`
[INFO] [stdout]   --> src/layout/prefix.rs:19:5
[INFO] [stdout]    |
[INFO] [stdout] 19 |     reserved: [u8; 80],
[INFO] [stdout]    |     ^^^^^^^^
[INFO] [stdout]    |
[INFO] [stdout] help: `reserved` is captured in macro and introduced a unused variable
[INFO] [stdout]   --> src/layout/prefix.rs:7:1
[INFO] [stdout]    |
[INFO] [stdout] 7  | #[binread]
[INFO] [stdout]    | ^^^^^^^^^^
[INFO] [stdout]    = note: this warning originates in the attribute macro `binread` (in Nightly builds, run with -Z macro-backtrace for more info)
[INFO] [stdout] 
[INFO] [stdout] 
[INFO] [stdout] warning: unused variable: `camera_shoot`
[INFO] [stdout]  --> src/record/custom.rs:9:5
[INFO] [stdout]   |
[INFO] [stdout] 9 |     camera_shoot: u8,
[INFO] [stdout]   |     ^^^^^^^^^^^^
[INFO] [stdout]   |
[INFO] [stdout] help: `camera_shoot` is captured in macro and introduced a unused variable
[INFO] [stdout]  --> src/record/custom.rs:4:1
[INFO] [stdout]   |
[INFO] [stdout] 4 | #[binread]
[INFO] [stdout]   | ^^^^^^^^^^
[INFO] [stdout]   = note: this warning originates in the attribute macro `binread` (in Nightly builds, run with -Z macro-backtrace for more info)
[INFO] [stdout] 
[INFO] [stdout] 
[INFO] [stdout] warning: unused variable: `video_shoot`
[INFO] [stdout]   --> src/record/custom.rs:11:5
[INFO] [stdout]    |
[INFO] [stdout] 11 |     video_shoot: u8,
[INFO] [stdout]    |     ^^^^^^^^^^^
[INFO] [stdout]    |
[INFO] [stdout] help: `video_shoot` is captured in macro and introduced a unused variable
[INFO] [stdout]   --> src/record/custom.rs:4:1
[INFO] [stdout]    |
[INFO] [stdout] 4  | #[binread]
[INFO] [stdout]    | ^^^^^^^^^^
[INFO] [stdout]    = note: this warning originates in the attribute macro `binread` (in Nightly builds, run with -Z macro-backtrace for more info)
[INFO] [stdout] 
[INFO] [stdout] 
[INFO] [stdout] warning: unused variable: `unknown`
[INFO] [stdout]   --> src/record/home.rs:59:5
[INFO] [stdout]    |
[INFO] [stdout] 59 |     unknown: [u8; 5],
[INFO] [stdout]    |     ^^^^^^^
[INFO] [stdout]    |
[INFO] [stdout] help: `unknown` is captured in macro and introduced a unused variable
[INFO] [stdout]   --> src/record/home.rs:6:1
[INFO] [stdout]    |
[INFO] [stdout] 6  | #[binread]
[INFO] [stdout]    | ^^^^^^^^^^
[INFO] [stdout]    = note: this warning originates in the attribute macro `binread` (in Nightly builds, run with -Z macro-backtrace for more info)
[INFO] [stdout] 
[INFO] [stdout] 
[INFO] [stdout] warning: unused variable: `unknown`
[INFO] [stdout]   --> src/record/smart_battery_group.rs:24:5
[INFO] [stdout]    |
[INFO] [stdout] 24 |     unknown: u16,
[INFO] [stdout]    |     ^^^^^^^
[INFO] [stdout]    |
[INFO] [stdout] help: `unknown` is captured in macro and introduced a unused variable
[INFO] [stdout]   --> src/record/smart_battery_group.rs:15:1
[INFO] [stdout]    |
[INFO] [stdout] 15 | #[binread]
[INFO] [stdout]    | ^^^^^^^^^^
[INFO] [stdout]    = note: this warning originates in the attribute macro `binread` (in Nightly builds, run with -Z macro-backtrace for more info)
[INFO] [stdout] 
[INFO] [stdout] 
[INFO] [stdout] warning: unused variable: `unknown2`
[INFO] [stdout]   --> src/record/smart_battery_group.rs:27:5
[INFO] [stdout]    |
[INFO] [stdout] 27 |     unknown2: [u8; 10],
[INFO] [stdout]    |     ^^^^^^^^
[INFO] [stdout]    |
[INFO] [stdout] help: `unknown2` is captured in macro and introduced a unused variable
[INFO] [stdout]   --> src/record/smart_battery_group.rs:15:1
[INFO] [stdout]    |
[INFO] [stdout] 15 | #[binread]
[INFO] [stdout]    | ^^^^^^^^^^
[INFO] [stdout]    = note: this warning originates in the attribute macro `binread` (in Nightly builds, run with -Z macro-backtrace for more info)
[INFO] [stdout] 
[INFO] [stdout] 
[INFO] [stdout] warning: unused variable: `unknown3`
[INFO] [stdout]   --> src/record/smart_battery_group.rs:29:5
[INFO] [stdout]    |
[INFO] [stdout] 29 |     unknown3: [u8; 5],
[INFO] [stdout]    |     ^^^^^^^^
[INFO] [stdout]    |
[INFO] [stdout] help: `unknown3` is captured in macro and introduced a unused variable
[INFO] [stdout]   --> src/record/smart_battery_group.rs:15:1
[INFO] [stdout]    |
[INFO] [stdout] 15 | #[binread]
[INFO] [stdout]    | ^^^^^^^^^^
[INFO] [stdout]    = note: this warning originates in the attribute macro `binread` (in Nightly builds, run with -Z macro-backtrace for more info)
[INFO] [stdout] 
[INFO] [stdout] 
[INFO] [stdout] warning: field `detail_length` is never read
[INFO] [stdout]   --> src/layout/prefix.rs:12:5
[INFO] [stdout]    |
[INFO] [stdout] 10 | pub struct Prefix {
[INFO] [stdout]    |            ------ field in this struct
[INFO] [stdout] 11 |     detail_offset: u64,
[INFO] [stdout] 12 |     detail_length: u16,
[INFO] [stdout]    |     ^^^^^^^^^^^^^
[INFO] [stdout]    |
[INFO] [stdout]    = note: `Prefix` has derived impls for the traits `Clone` and `Debug`, but these are intentionally ignored during dead code analysis
[INFO] [stdout]    = note: `#[warn(dead_code)]` on by default
[INFO] [stdout] 
[INFO] [stdout] 
[INFO] [stdout] warning: field `serial_number` is never read
[INFO] [stdout]   --> src/record/smart_battery_group.rs:25:5
[INFO] [stdout]    |
[INFO] [stdout] 18 | pub struct SmartBatteryStatic {
[INFO] [stdout]    |            ------------------ field in this struct
[INFO] [stdout] ...
[INFO] [stdout] 25 |     serial_number: u16,
[INFO] [stdout]    |     ^^^^^^^^^^^^^
[INFO] [stdout]    |
[INFO] [stdout]    = note: `SmartBatteryStatic` has a derived impl for the trait `Debug`, but this is intentionally ignored during dead code analysis
[INFO] [stdout] 
[INFO] [stdout] 
[INFO] [stdout] warning: unused `Result` that must be used
[INFO] [stdout]    --> src/decoder.rs:153:9
[INFO] [stdout]     |
[INFO] [stdout] 153 |         self.buffer.read(buf);
[INFO] [stdout]     |         ^^^^^^^^^^^^^^^^^^^^^
[INFO] [stdout]     |
[INFO] [stdout]     = note: this `Result` may be an `Err` variant, which should be handled
[INFO] [stdout]     = note: `#[warn(unused_must_use)]` on by default
[INFO] [stdout] help: use `let _ = ...` to ignore the resulting value
[INFO] [stdout]     |
[INFO] [stdout] 153 |         let _ = self.buffer.read(buf);
[INFO] [stdout]     |         +++++++
[INFO] [stdout] 
[INFO] [stdout] 
[INFO] [stdout] warning: structure field `updateTimeStamp` should have a snake case name
[INFO] [stdout]   --> src/record/custom.rs:15:9
[INFO] [stdout]    |
[INFO] [stdout] 15 |     pub updateTimeStamp: DateTime<Utc>,
[INFO] [stdout]    |         ^^^^^^^^^^^^^^^ help: convert the identifier to snake case: `update_time_stamp`
[INFO] [stdout]    |
[INFO] [stdout]    = note: `#[warn(non_snake_case)]` on by default
[INFO] [stdout] 
[INFO] [stdout] 
[INFO] [stdout] warning: 19 warnings emitted
[INFO] [stdout] 
[INFO] [stdout] 
[INFO] [stdout] warning: unused variable: `records`
[INFO] [stdout]   --> src/main.rs:30:9
[INFO] [stdout]    |
[INFO] [stdout] 30 |     let records = parser
[INFO] [stdout]    |         ^^^^^^^ help: if this is intentional, prefix it with an underscore: `_records`
[INFO] [stdout]    |
[INFO] [stdout]    = note: `#[warn(unused_variables)]` on by default
[INFO] [stdout] 
[INFO] [stdout] 
[INFO] [stdout] warning: 1 warning emitted
[INFO] [stdout] 
[INFO] [stdout] 
[INFO] [stderr]     Finished dev [unoptimized + debuginfo] target(s) in 16.86s
[INFO] running `Command { std: "docker" "inspect" "a40decd57db33266560e14d359647ace3017d3b51b6b8c56fabfd8c042931be6", kill_on_drop: false }`
[INFO] running `Command { std: "docker" "rm" "-f" "a40decd57db33266560e14d359647ace3017d3b51b6b8c56fabfd8c042931be6", kill_on_drop: false }`
[INFO] [stdout] a40decd57db33266560e14d359647ace3017d3b51b6b8c56fabfd8c042931be6
[INFO] running `Command { std: "docker" "create" "-v" "/var/lib/crater-agent-workspace/builds/worker-5-tc1/target:/opt/rustwide/target:rw,Z" "-v" "/var/lib/crater-agent-workspace/builds/worker-5-tc1/source:/opt/rustwide/workdir:ro,Z" "-v" "/var/lib/crater-agent-workspace/cargo-home:/opt/rustwide/cargo-home:ro,Z" "-v" "/var/lib/crater-agent-workspace/rustup-home:/opt/rustwide/rustup-home:ro,Z" "-e" "SOURCE_DIR=/opt/rustwide/workdir" "-e" "CARGO_TARGET_DIR=/opt/rustwide/target" "-e" "CARGO_INCREMENTAL=0" "-e" "RUST_BACKTRACE=full" "-e" "RUSTFLAGS=--cap-lints=warn" "-e" "RUSTDOCFLAGS=--cap-lints=warn" "-e" "CARGO_HOME=/opt/rustwide/cargo-home" "-e" "RUSTUP_HOME=/opt/rustwide/rustup-home" "-w" "/opt/rustwide/workdir" "-m" "1610612736" "--user" "0:0" "--network" "none" "ghcr.io/rust-lang/crates-build-env/linux@sha256:2788e3201cd34a07e3172128adcd8b3090168a8e3bcc40d7c032b9dda1df7d1c" "/opt/rustwide/cargo-home/bin/cargo" "+1.75.0" "test" "--frozen" "--no-run" "--message-format=json", kill_on_drop: false }`
[INFO] [stdout] 07f8ea55e2b5f62fe214405f90e4fc36e64f8434bed3212d9a7836df751116a4
[INFO] running `Command { std: "docker" "start" "-a" "07f8ea55e2b5f62fe214405f90e4fc36e64f8434bed3212d9a7836df751116a4", kill_on_drop: false }`
[INFO] [stdout] warning: unused variable: `unknown`
[INFO] [stdout]   --> src/layout/info.rs:46:5
[INFO] [stdout]    |
[INFO] [stdout] 46 |     unknown: i64,
[INFO] [stdout]    |     ^^^^^^^
[INFO] [stdout]    |
[INFO] [stdout] help: `unknown` is captured in macro and introduced a unused variable
[INFO] [stdout]   --> src/layout/info.rs:5:1
[INFO] [stdout]    |
[INFO] [stdout] 5  | #[binread]
[INFO] [stdout]    | ^^^^^^^^^^
[INFO] [stdout]    = note: `#[warn(unused_variables)]` on by default
[INFO] [stdout]    = note: this warning originates in the attribute macro `binread` (in Nightly builds, run with -Z macro-backtrace for more info)
[INFO] [stdout] 
[INFO] [stdout] 
[INFO] [stdout] warning: unused variable: `user_api_center_id_md5`
[INFO] [stdout]   --> src/layout/info.rs:48:5
[INFO] [stdout]    |
[INFO] [stdout] 48 |     user_api_center_id_md5: [u8; 16],
[INFO] [stdout]    |     ^^^^^^^^^^^^^^^^^^^^^^
[INFO] [stdout]    |
[INFO] [stdout] help: `user_api_center_id_md5` is captured in macro and introduced a unused variable
[INFO] [stdout]   --> src/layout/info.rs:5:1
[INFO] [stdout]    |
[INFO] [stdout] 5  | #[binread]
[INFO] [stdout]    | ^^^^^^^^^^
[INFO] [stdout]    = note: this warning originates in the attribute macro `binread` (in Nightly builds, run with -Z macro-backtrace for more info)
[INFO] [stdout] 
[INFO] [stdout] 
[INFO] [stdout] warning: unused variable: `unknown2`
[INFO] [stdout]   --> src/layout/info.rs:54:5
[INFO] [stdout]    |
[INFO] [stdout] 54 |     unknown2: i64,
[INFO] [stdout]    |     ^^^^^^^^
[INFO] [stdout]    |
[INFO] [stdout] help: `unknown2` is captured in macro and introduced a unused variable
[INFO] [stdout]   --> src/layout/info.rs:5:1
[INFO] [stdout]    |
[INFO] [stdout] 5  | #[binread]
[INFO] [stdout]    | ^^^^^^^^^^
[INFO] [stdout]    = note: this warning originates in the attribute macro `binread` (in Nightly builds, run with -Z macro-backtrace for more info)
[INFO] [stdout] 
[INFO] [stdout] 
[INFO] [stdout] warning: unused variable: `unknown3`
[INFO] [stdout]   --> src/layout/info.rs:79:5
[INFO] [stdout]    |
[INFO] [stdout] 79 |     unknown3: u8,
[INFO] [stdout]    |     ^^^^^^^^
[INFO] [stdout]    |
[INFO] [stdout] help: `unknown3` is captured in macro and introduced a unused variable
[INFO] [stdout]   --> src/layout/info.rs:5:1
[INFO] [stdout]    |
[INFO] [stdout] 5  | #[binread]
[INFO] [stdout]    | ^^^^^^^^^^
[INFO] [stdout]    = note: this warning originates in the attribute macro `binread` (in Nightly builds, run with -Z macro-backtrace for more info)
[INFO] [stdout] 
[INFO] [stdout] 
[INFO] [stdout] warning: unused variable: `reserved`
[INFO] [stdout]   --> src/layout/info.rs:81:5
[INFO] [stdout]    |
[INFO] [stdout] 81 |     reserved: [u8; 19],
[INFO] [stdout]    |     ^^^^^^^^
[INFO] [stdout]    |
[INFO] [stdout] help: `reserved` is captured in macro and introduced a unused variable
[INFO] [stdout]   --> src/layout/info.rs:5:1
[INFO] [stdout]    |
[INFO] [stdout] 5  | #[binread]
[INFO] [stdout]    | ^^^^^^^^^^
[INFO] [stdout]    = note: this warning originates in the attribute macro `binread` (in Nightly builds, run with -Z macro-backtrace for more info)
[INFO] [stdout] 
[INFO] [stdout] 
[INFO] [stdout] warning: unused variable: `uuid`
[INFO] [stdout]   --> src/layout/info.rs:83:9
[INFO] [stdout]    |
[INFO] [stdout] 83 |     pub uuid: UUID,
[INFO] [stdout]    |         ^^^^
[INFO] [stdout]    |
[INFO] [stdout] help: `uuid` is captured in macro and introduced a unused variable
[INFO] [stdout]   --> src/layout/info.rs:5:1
[INFO] [stdout]    |
[INFO] [stdout] 5  | #[binread]
[INFO] [stdout]    | ^^^^^^^^^^
[INFO] [stdout]    = note: this warning originates in the attribute macro `binread` (in Nightly builds, run with -Z macro-backtrace for more info)
[INFO] [stdout] 
[INFO] [stdout] 
[INFO] [stdout] warning: unused variable: `unknown`
[INFO] [stdout]   --> src/layout/prefix.rs:15:5
[INFO] [stdout]    |
[INFO] [stdout] 15 |     unknown: u8,
[INFO] [stdout]    |     ^^^^^^^
[INFO] [stdout]    |
[INFO] [stdout] help: `unknown` is captured in macro and introduced a unused variable
[INFO] [stdout]   --> src/layout/prefix.rs:7:1
[INFO] [stdout]    |
[INFO] [stdout] 7  | #[binread]
[INFO] [stdout]    | ^^^^^^^^^^
[INFO] [stdout]    = note: this warning originates in the attribute macro `binread` (in Nightly builds, run with -Z macro-backtrace for more info)
[INFO] [stdout] 
[INFO] [stdout] 
[INFO] [stdout] warning: unused variable: `encrypt_magic_version`
[INFO] [stdout]   --> src/layout/prefix.rs:17:5
[INFO] [stdout]    |
[INFO] [stdout] 17 |     encrypt_magic_version: u64,
[INFO] [stdout]    |     ^^^^^^^^^^^^^^^^^^^^^
[INFO] [stdout]    |
[INFO] [stdout] help: `encrypt_magic_version` is captured in macro and introduced a unused variable
[INFO] [stdout]   --> src/layout/prefix.rs:7:1
[INFO] [stdout]    |
[INFO] [stdout] 7  | #[binread]
[INFO] [stdout]    | ^^^^^^^^^^
[INFO] [stdout]    = note: this warning originates in the attribute macro `binread` (in Nightly builds, run with -Z macro-backtrace for more info)
[INFO] [stdout] 
[INFO] [stdout] 
[INFO] [stdout] warning: unused variable: `reserved`
[INFO] [stdout]   --> src/layout/prefix.rs:19:5
[INFO] [stdout]    |
[INFO] [stdout] 19 |     reserved: [u8; 80],
[INFO] [stdout]    |     ^^^^^^^^
[INFO] [stdout]    |
[INFO] [stdout] help: `reserved` is captured in macro and introduced a unused variable
[INFO] [stdout]   --> src/layout/prefix.rs:7:1
[INFO] [stdout]    |
[INFO] [stdout] 7  | #[binread]
[INFO] [stdout]    | ^^^^^^^^^^
[INFO] [stdout]    = note: this warning originates in the attribute macro `binread` (in Nightly builds, run with -Z macro-backtrace for more info)
[INFO] [stdout] 
[INFO] [stdout] 
[INFO] [stdout] warning: unused variable: `camera_shoot`
[INFO] [stdout]  --> src/record/custom.rs:9:5
[INFO] [stdout]   |
[INFO] [stdout] 9 |     camera_shoot: u8,
[INFO] [stdout]   |     ^^^^^^^^^^^^
[INFO] [stdout]   |
[INFO] [stdout] help: `camera_shoot` is captured in macro and introduced a unused variable
[INFO] [stdout]  --> src/record/custom.rs:4:1
[INFO] [stdout]   |
[INFO] [stdout] 4 | #[binread]
[INFO] [stdout]   | ^^^^^^^^^^
[INFO] [stdout]   = note: this warning originates in the attribute macro `binread` (in Nightly builds, run with -Z macro-backtrace for more info)
[INFO] [stdout] 
[INFO] [stdout] 
[INFO] [stdout] warning: unused variable: `video_shoot`
[INFO] [stdout]   --> src/record/custom.rs:11:5
[INFO] [stdout]    |
[INFO] [stdout] 11 |     video_shoot: u8,
[INFO] [stdout]    |     ^^^^^^^^^^^
[INFO] [stdout]    |
[INFO] [stdout] help: `video_shoot` is captured in macro and introduced a unused variable
[INFO] [stdout]   --> src/record/custom.rs:4:1
[INFO] [stdout]    |
[INFO] [stdout] 4  | #[binread]
[INFO] [stdout]    | ^^^^^^^^^^
[INFO] [stdout]    = note: this warning originates in the attribute macro `binread` (in Nightly builds, run with -Z macro-backtrace for more info)
[INFO] [stdout] 
[INFO] [stdout] 
[INFO] [stdout] warning: unused variable: `unknown`
[INFO] [stdout]   --> src/record/home.rs:59:5
[INFO] [stdout]    |
[INFO] [stdout] 59 |     unknown: [u8; 5],
[INFO] [stdout]    |     ^^^^^^^
[INFO] [stdout]    |
[INFO] [stdout] help: `unknown` is captured in macro and introduced a unused variable
[INFO] [stdout]   --> src/record/home.rs:6:1
[INFO] [stdout]    |
[INFO] [stdout] 6  | #[binread]
[INFO] [stdout]    | ^^^^^^^^^^
[INFO] [stdout]    = note: this warning originates in the attribute macro `binread` (in Nightly builds, run with -Z macro-backtrace for more info)
[INFO] [stdout] 
[INFO] [stdout] 
[INFO] [stdout] warning: unused variable: `unknown`
[INFO] [stdout]   --> src/record/smart_battery_group.rs:24:5
[INFO] [stdout]    |
[INFO] [stdout] 24 |     unknown: u16,
[INFO] [stdout]    |     ^^^^^^^
[INFO] [stdout]    |
[INFO] [stdout] help: `unknown` is captured in macro and introduced a unused variable
[INFO] [stdout]   --> src/record/smart_battery_group.rs:15:1
[INFO] [stdout]    |
[INFO] [stdout] 15 | #[binread]
[INFO] [stdout]    | ^^^^^^^^^^
[INFO] [stdout]    = note: this warning originates in the attribute macro `binread` (in Nightly builds, run with -Z macro-backtrace for more info)
[INFO] [stdout] 
[INFO] [stdout] 
[INFO] [stdout] warning: unused variable: `unknown2`
[INFO] [stdout]   --> src/record/smart_battery_group.rs:27:5
[INFO] [stdout]    |
[INFO] [stdout] 27 |     unknown2: [u8; 10],
[INFO] [stdout]    |     ^^^^^^^^
[INFO] [stdout]    |
[INFO] [stdout] help: `unknown2` is captured in macro and introduced a unused variable
[INFO] [stdout]   --> src/record/smart_battery_group.rs:15:1
[INFO] [stdout]    |
[INFO] [stdout] 15 | #[binread]
[INFO] [stdout]    | ^^^^^^^^^^
[INFO] [stdout]    = note: this warning originates in the attribute macro `binread` (in Nightly builds, run with -Z macro-backtrace for more info)
[INFO] [stdout] 
[INFO] [stdout] 
[INFO] [stdout] warning: unused variable: `unknown3`
[INFO] [stdout]   --> src/record/smart_battery_group.rs:29:5
[INFO] [stdout]    |
[INFO] [stdout] 29 |     unknown3: [u8; 5],
[INFO] [stdout]    |     ^^^^^^^^
[INFO] [stdout]    |
[INFO] [stdout] help: `unknown3` is captured in macro and introduced a unused variable
[INFO] [stdout]   --> src/record/smart_battery_group.rs:15:1
[INFO] [stdout]    |
[INFO] [stdout] 15 | #[binread]
[INFO] [stdout]    | ^^^^^^^^^^
[INFO] [stdout]    = note: this warning originates in the attribute macro `binread` (in Nightly builds, run with -Z macro-backtrace for more info)
[INFO] [stdout] 
[INFO] [stdout] 
[INFO] [stdout] warning: field `detail_length` is never read
[INFO] [stdout]   --> src/layout/prefix.rs:12:5
[INFO] [stdout]    |
[INFO] [stdout] 10 | pub struct Prefix {
[INFO] [stdout]    |            ------ field in this struct
[INFO] [stdout] 11 |     detail_offset: u64,
[INFO] [stdout] 12 |     detail_length: u16,
[INFO] [stdout]    |     ^^^^^^^^^^^^^
[INFO] [stdout]    |
[INFO] [stdout]    = note: `Prefix` has derived impls for the traits `Clone` and `Debug`, but these are intentionally ignored during dead code analysis
[INFO] [stdout]    = note: `#[warn(dead_code)]` on by default
[INFO] [stdout] 
[INFO] [stdout] 
[INFO] [stderr]    Compiling dji-log-parser v0.1.0 (/opt/rustwide/workdir)
[INFO] [stdout] warning: field `serial_number` is never read
[INFO] [stdout]   --> src/record/smart_battery_group.rs:25:5
[INFO] [stdout]    |
[INFO] [stdout] 18 | pub struct SmartBatteryStatic {
[INFO] [stdout]    |            ------------------ field in this struct
[INFO] [stdout] ...
[INFO] [stdout] 25 |     serial_number: u16,
[INFO] [stdout]    |     ^^^^^^^^^^^^^
[INFO] [stdout]    |
[INFO] [stdout]    = note: `SmartBatteryStatic` has a derived impl for the trait `Debug`, but this is intentionally ignored during dead code analysis
[INFO] [stdout] 
[INFO] [stdout] 
[INFO] [stdout] warning: unused `Result` that must be used
[INFO] [stdout]    --> src/decoder.rs:153:9
[INFO] [stdout]     |
[INFO] [stdout] 153 |         self.buffer.read(buf);
[INFO] [stdout]     |         ^^^^^^^^^^^^^^^^^^^^^
[INFO] [stdout]     |
[INFO] [stdout]     = note: this `Result` may be an `Err` variant, which should be handled
[INFO] [stdout]     = note: `#[warn(unused_must_use)]` on by default
[INFO] [stdout] help: use `let _ = ...` to ignore the resulting value
[INFO] [stdout]     |
[INFO] [stdout] 153 |         let _ = self.buffer.read(buf);
[INFO] [stdout]     |         +++++++
[INFO] [stdout] 
[INFO] [stdout] 
[INFO] [stdout] warning: structure field `updateTimeStamp` should have a snake case name
[INFO] [stdout]   --> src/record/custom.rs:15:9
[INFO] [stdout]    |
[INFO] [stdout] 15 |     pub updateTimeStamp: DateTime<Utc>,
[INFO] [stdout]    |         ^^^^^^^^^^^^^^^ help: convert the identifier to snake case: `update_time_stamp`
[INFO] [stdout]    |
[INFO] [stdout]    = note: `#[warn(non_snake_case)]` on by default
[INFO] [stdout] 
[INFO] [stdout] 
[INFO] [stdout] warning: 19 warnings emitted
[INFO] [stdout] 
[INFO] [stdout] 
[INFO] [stdout] warning: unused variable: `records`
[INFO] [stdout]   --> src/main.rs:30:9
[INFO] [stdout]    |
[INFO] [stdout] 30 |     let records = parser
[INFO] [stdout]    |         ^^^^^^^ help: if this is intentional, prefix it with an underscore: `_records`
[INFO] [stdout]    |
[INFO] [stdout]    = note: `#[warn(unused_variables)]` on by default
[INFO] [stdout] 
[INFO] [stdout] 
[INFO] [stdout] warning: 1 warning emitted
[INFO] [stdout] 
[INFO] [stdout] 
[INFO] [stdout] warning: unused variable: `unknown`
[INFO] [stdout]   --> src/layout/info.rs:46:5
[INFO] [stdout]    |
[INFO] [stdout] 46 |     unknown: i64,
[INFO] [stdout]    |     ^^^^^^^
[INFO] [stdout]    |
[INFO] [stdout] help: `unknown` is captured in macro and introduced a unused variable
[INFO] [stdout]   --> src/layout/info.rs:5:1
[INFO] [stdout]    |
[INFO] [stdout] 5  | #[binread]
[INFO] [stdout]    | ^^^^^^^^^^
[INFO] [stdout]    = note: `#[warn(unused_variables)]` on by default
[INFO] [stdout]    = note: this warning originates in the attribute macro `binread` (in Nightly builds, run with -Z macro-backtrace for more info)
[INFO] [stdout] 
[INFO] [stdout] 
[INFO] [stdout] warning: unused variable: `user_api_center_id_md5`
[INFO] [stdout]   --> src/layout/info.rs:48:5
[INFO] [stdout]    |
[INFO] [stdout] 48 |     user_api_center_id_md5: [u8; 16],
[INFO] [stdout]    |     ^^^^^^^^^^^^^^^^^^^^^^
[INFO] [stdout]    |
[INFO] [stdout] help: `user_api_center_id_md5` is captured in macro and introduced a unused variable
[INFO] [stdout]   --> src/layout/info.rs:5:1
[INFO] [stdout]    |
[INFO] [stdout] 5  | #[binread]
[INFO] [stdout]    | ^^^^^^^^^^
[INFO] [stdout]    = note: this warning originates in the attribute macro `binread` (in Nightly builds, run with -Z macro-backtrace for more info)
[INFO] [stdout] 
[INFO] [stdout] 
[INFO] [stdout] warning: unused variable: `unknown2`
[INFO] [stdout]   --> src/layout/info.rs:54:5
[INFO] [stdout]    |
[INFO] [stdout] 54 |     unknown2: i64,
[INFO] [stdout]    |     ^^^^^^^^
[INFO] [stdout]    |
[INFO] [stdout] help: `unknown2` is captured in macro and introduced a unused variable
[INFO] [stdout]   --> src/layout/info.rs:5:1
[INFO] [stdout]    |
[INFO] [stdout] 5  | #[binread]
[INFO] [stdout]    | ^^^^^^^^^^
[INFO] [stdout]    = note: this warning originates in the attribute macro `binread` (in Nightly builds, run with -Z macro-backtrace for more info)
[INFO] [stdout] 
[INFO] [stdout] 
[INFO] [stdout] warning: unused variable: `unknown3`
[INFO] [stdout]   --> src/layout/info.rs:79:5
[INFO] [stdout]    |
[INFO] [stdout] 79 |     unknown3: u8,
[INFO] [stdout]    |     ^^^^^^^^
[INFO] [stdout]    |
[INFO] [stdout] help: `unknown3` is captured in macro and introduced a unused variable
[INFO] [stdout]   --> src/layout/info.rs:5:1
[INFO] [stdout]    |
[INFO] [stdout] 5  | #[binread]
[INFO] [stdout]    | ^^^^^^^^^^
[INFO] [stdout]    = note: this warning originates in the attribute macro `binread` (in Nightly builds, run with -Z macro-backtrace for more info)
[INFO] [stdout] 
[INFO] [stdout] 
[INFO] [stdout] warning: unused variable: `reserved`
[INFO] [stdout]   --> src/layout/info.rs:81:5
[INFO] [stdout]    |
[INFO] [stdout] 81 |     reserved: [u8; 19],
[INFO] [stdout]    |     ^^^^^^^^
[INFO] [stdout]    |
[INFO] [stdout] help: `reserved` is captured in macro and introduced a unused variable
[INFO] [stdout]   --> src/layout/info.rs:5:1
[INFO] [stdout]    |
[INFO] [stdout] 5  | #[binread]
[INFO] [stdout]    | ^^^^^^^^^^
[INFO] [stdout]    = note: this warning originates in the attribute macro `binread` (in Nightly builds, run with -Z macro-backtrace for more info)
[INFO] [stdout] 
[INFO] [stdout] 
[INFO] [stdout] warning: unused variable: `uuid`
[INFO] [stdout]   --> src/layout/info.rs:83:9
[INFO] [stdout]    |
[INFO] [stdout] 83 |     pub uuid: UUID,
[INFO] [stdout]    |         ^^^^
[INFO] [stdout]    |
[INFO] [stdout] help: `uuid` is captured in macro and introduced a unused variable
[INFO] [stdout]   --> src/layout/info.rs:5:1
[INFO] [stdout]    |
[INFO] [stdout] 5  | #[binread]
[INFO] [stdout]    | ^^^^^^^^^^
[INFO] [stdout]    = note: this warning originates in the attribute macro `binread` (in Nightly builds, run with -Z macro-backtrace for more info)
[INFO] [stdout] 
[INFO] [stdout] 
[INFO] [stdout] warning: unused variable: `unknown`
[INFO] [stdout]   --> src/layout/prefix.rs:15:5
[INFO] [stdout]    |
[INFO] [stdout] 15 |     unknown: u8,
[INFO] [stdout]    |     ^^^^^^^
[INFO] [stdout]    |
[INFO] [stdout] help: `unknown` is captured in macro and introduced a unused variable
[INFO] [stdout]   --> src/layout/prefix.rs:7:1
[INFO] [stdout]    |
[INFO] [stdout] 7  | #[binread]
[INFO] [stdout]    | ^^^^^^^^^^
[INFO] [stdout]    = note: this warning originates in the attribute macro `binread` (in Nightly builds, run with -Z macro-backtrace for more info)
[INFO] [stdout] 
[INFO] [stdout] 
[INFO] [stdout] warning: unused variable: `encrypt_magic_version`
[INFO] [stdout]   --> src/layout/prefix.rs:17:5
[INFO] [stdout]    |
[INFO] [stdout] 17 |     encrypt_magic_version: u64,
[INFO] [stdout]    |     ^^^^^^^^^^^^^^^^^^^^^
[INFO] [stdout]    |
[INFO] [stdout] help: `encrypt_magic_version` is captured in macro and introduced a unused variable
[INFO] [stdout]   --> src/layout/prefix.rs:7:1
[INFO] [stdout]    |
[INFO] [stdout] 7  | #[binread]
[INFO] [stdout]    | ^^^^^^^^^^
[INFO] [stdout]    = note: this warning originates in the attribute macro `binread` (in Nightly builds, run with -Z macro-backtrace for more info)
[INFO] [stdout] 
[INFO] [stdout] 
[INFO] [stdout] warning: unused variable: `reserved`
[INFO] [stdout]   --> src/layout/prefix.rs:19:5
[INFO] [stdout]    |
[INFO] [stdout] 19 |     reserved: [u8; 80],
[INFO] [stdout]    |     ^^^^^^^^
[INFO] [stdout]    |
[INFO] [stdout] help: `reserved` is captured in macro and introduced a unused variable
[INFO] [stdout]   --> src/layout/prefix.rs:7:1
[INFO] [stdout]    |
[INFO] [stdout] 7  | #[binread]
[INFO] [stdout]    | ^^^^^^^^^^
[INFO] [stdout]    = note: this warning originates in the attribute macro `binread` (in Nightly builds, run with -Z macro-backtrace for more info)
[INFO] [stdout] 
[INFO] [stdout] 
[INFO] [stdout] warning: unused variable: `camera_shoot`
[INFO] [stdout]  --> src/record/custom.rs:9:5
[INFO] [stdout]   |
[INFO] [stdout] 9 |     camera_shoot: u8,
[INFO] [stdout]   |     ^^^^^^^^^^^^
[INFO] [stdout]   |
[INFO] [stdout] help: `camera_shoot` is captured in macro and introduced a unused variable
[INFO] [stdout]  --> src/record/custom.rs:4:1
[INFO] [stdout]   |
[INFO] [stdout] 4 | #[binread]
[INFO] [stdout]   | ^^^^^^^^^^
[INFO] [stdout]   = note: this warning originates in the attribute macro `binread` (in Nightly builds, run with -Z macro-backtrace for more info)
[INFO] [stdout] 
[INFO] [stdout] 
[INFO] [stdout] warning: unused variable: `video_shoot`
[INFO] [stdout]   --> src/record/custom.rs:11:5
[INFO] [stdout]    |
[INFO] [stdout] 11 |     video_shoot: u8,
[INFO] [stdout]    |     ^^^^^^^^^^^
[INFO] [stdout]    |
[INFO] [stdout] help: `video_shoot` is captured in macro and introduced a unused variable
[INFO] [stdout]   --> src/record/custom.rs:4:1
[INFO] [stdout]    |
[INFO] [stdout] 4  | #[binread]
[INFO] [stdout]    | ^^^^^^^^^^
[INFO] [stdout]    = note: this warning originates in the attribute macro `binread` (in Nightly builds, run with -Z macro-backtrace for more info)
[INFO] [stdout] 
[INFO] [stdout] 
[INFO] [stdout] warning: unused variable: `unknown`
[INFO] [stdout]   --> src/record/home.rs:59:5
[INFO] [stdout]    |
[INFO] [stdout] 59 |     unknown: [u8; 5],
[INFO] [stdout]    |     ^^^^^^^
[INFO] [stdout]    |
[INFO] [stdout] help: `unknown` is captured in macro and introduced a unused variable
[INFO] [stdout]   --> src/record/home.rs:6:1
[INFO] [stdout]    |
[INFO] [stdout] 6  | #[binread]
[INFO] [stdout]    | ^^^^^^^^^^
[INFO] [stdout]    = note: this warning originates in the attribute macro `binread` (in Nightly builds, run with -Z macro-backtrace for more info)
[INFO] [stdout] 
[INFO] [stdout] 
[INFO] [stdout] warning: unused variable: `unknown`
[INFO] [stdout]   --> src/record/smart_battery_group.rs:24:5
[INFO] [stdout]    |
[INFO] [stdout] 24 |     unknown: u16,
[INFO] [stdout]    |     ^^^^^^^
[INFO] [stdout]    |
[INFO] [stdout] help: `unknown` is captured in macro and introduced a unused variable
[INFO] [stdout]   --> src/record/smart_battery_group.rs:15:1
[INFO] [stdout]    |
[INFO] [stdout] 15 | #[binread]
[INFO] [stdout]    | ^^^^^^^^^^
[INFO] [stdout]    = note: this warning originates in the attribute macro `binread` (in Nightly builds, run with -Z macro-backtrace for more info)
[INFO] [stdout] 
[INFO] [stdout] 
[INFO] [stdout] warning: unused variable: `unknown2`
[INFO] [stdout]   --> src/record/smart_battery_group.rs:27:5
[INFO] [stdout]    |
[INFO] [stdout] 27 |     unknown2: [u8; 10],
[INFO] [stdout]    |     ^^^^^^^^
[INFO] [stdout]    |
[INFO] [stdout] help: `unknown2` is captured in macro and introduced a unused variable
[INFO] [stdout]   --> src/record/smart_battery_group.rs:15:1
[INFO] [stdout]    |
[INFO] [stdout] 15 | #[binread]
[INFO] [stdout]    | ^^^^^^^^^^
[INFO] [stdout]    = note: this warning originates in the attribute macro `binread` (in Nightly builds, run with -Z macro-backtrace for more info)
[INFO] [stdout] 
[INFO] [stdout] 
[INFO] [stdout] warning: unused variable: `unknown3`
[INFO] [stdout]   --> src/record/smart_battery_group.rs:29:5
[INFO] [stdout]    |
[INFO] [stdout] 29 |     unknown3: [u8; 5],
[INFO] [stdout]    |     ^^^^^^^^
[INFO] [stdout]    |
[INFO] [stdout] help: `unknown3` is captured in macro and introduced a unused variable
[INFO] [stdout]   --> src/record/smart_battery_group.rs:15:1
[INFO] [stdout]    |
[INFO] [stdout] 15 | #[binread]
[INFO] [stdout]    | ^^^^^^^^^^
[INFO] [stdout]    = note: this warning originates in the attribute macro `binread` (in Nightly builds, run with -Z macro-backtrace for more info)
[INFO] [stdout] 
[INFO] [stdout] 
[INFO] [stdout] warning: field `detail_length` is never read
[INFO] [stdout]   --> src/layout/prefix.rs:12:5
[INFO] [stdout]    |
[INFO] [stdout] 10 | pub struct Prefix {
[INFO] [stdout]    |            ------ field in this struct
[INFO] [stdout] 11 |     detail_offset: u64,
[INFO] [stdout] 12 |     detail_length: u16,
[INFO] [stdout]    |     ^^^^^^^^^^^^^
[INFO] [stdout]    |
[INFO] [stdout]    = note: `Prefix` has derived impls for the traits `Clone` and `Debug`, but these are intentionally ignored during dead code analysis
[INFO] [stdout]    = note: `#[warn(dead_code)]` on by default
[INFO] [stdout] 
[INFO] [stdout] 
[INFO] [stdout] warning: field `serial_number` is never read
[INFO] [stdout]   --> src/record/smart_battery_group.rs:25:5
[INFO] [stdout]    |
[INFO] [stdout] 18 | pub struct SmartBatteryStatic {
[INFO] [stdout]    |            ------------------ field in this struct
[INFO] [stdout] ...
[INFO] [stdout] 25 |     serial_number: u16,
[INFO] [stdout]    |     ^^^^^^^^^^^^^
[INFO] [stdout]    |
[INFO] [stdout]    = note: `SmartBatteryStatic` has a derived impl for the trait `Debug`, but this is intentionally ignored during dead code analysis
[INFO] [stdout] 
[INFO] [stdout] 
[INFO] [stdout] warning: unused `Result` that must be used
[INFO] [stdout]    --> src/decoder.rs:153:9
[INFO] [stdout]     |
[INFO] [stdout] 153 |         self.buffer.read(buf);
[INFO] [stdout]     |         ^^^^^^^^^^^^^^^^^^^^^
[INFO] [stdout]     |
[INFO] [stdout]     = note: this `Result` may be an `Err` variant, which should be handled
[INFO] [stdout]     = note: `#[warn(unused_must_use)]` on by default
[INFO] [stdout] help: use `let _ = ...` to ignore the resulting value
[INFO] [stdout]     |
[INFO] [stdout] 153 |         let _ = self.buffer.read(buf);
[INFO] [stdout]     |         +++++++
[INFO] [stdout] 
[INFO] [stdout] 
[INFO] [stdout] warning: structure field `updateTimeStamp` should have a snake case name
[INFO] [stdout]   --> src/record/custom.rs:15:9
[INFO] [stdout]    |
[INFO] [stdout] 15 |     pub updateTimeStamp: DateTime<Utc>,
[INFO] [stdout]    |         ^^^^^^^^^^^^^^^ help: convert the identifier to snake case: `update_time_stamp`
[INFO] [stdout]    |
[INFO] [stdout]    = note: `#[warn(non_snake_case)]` on by default
[INFO] [stdout] 
[INFO] [stdout] 
[INFO] [stdout] warning: 19 warnings emitted
[INFO] [stdout] 
[INFO] [stdout] 
[INFO] [stderr]     Finished test [unoptimized + debuginfo] target(s) in 1.12s
[INFO] running `Command { std: "docker" "inspect" "07f8ea55e2b5f62fe214405f90e4fc36e64f8434bed3212d9a7836df751116a4", kill_on_drop: false }`
[INFO] running `Command { std: "docker" "rm" "-f" "07f8ea55e2b5f62fe214405f90e4fc36e64f8434bed3212d9a7836df751116a4", kill_on_drop: false }`
[INFO] [stdout] 07f8ea55e2b5f62fe214405f90e4fc36e64f8434bed3212d9a7836df751116a4
[INFO] running `Command { std: "docker" "create" "-v" "/var/lib/crater-agent-workspace/builds/worker-5-tc1/target:/opt/rustwide/target:rw,Z" "-v" "/var/lib/crater-agent-workspace/builds/worker-5-tc1/source:/opt/rustwide/workdir:ro,Z" "-v" "/var/lib/crater-agent-workspace/cargo-home:/opt/rustwide/cargo-home:ro,Z" "-v" "/var/lib/crater-agent-workspace/rustup-home:/opt/rustwide/rustup-home:ro,Z" "-e" "SOURCE_DIR=/opt/rustwide/workdir" "-e" "CARGO_TARGET_DIR=/opt/rustwide/target" "-e" "CARGO_INCREMENTAL=0" "-e" "RUST_BACKTRACE=full" "-e" "RUSTFLAGS=--cap-lints=warn" "-e" "RUSTDOCFLAGS=--cap-lints=warn" "-e" "CARGO_HOME=/opt/rustwide/cargo-home" "-e" "RUSTUP_HOME=/opt/rustwide/rustup-home" "-w" "/opt/rustwide/workdir" "-m" "1610612736" "--user" "0:0" "--network" "none" "ghcr.io/rust-lang/crates-build-env/linux@sha256:2788e3201cd34a07e3172128adcd8b3090168a8e3bcc40d7c032b9dda1df7d1c" "/opt/rustwide/cargo-home/bin/cargo" "+1.75.0" "test" "--frozen", kill_on_drop: false }`
[INFO] [stdout] 345d64d0f431a6039e27d2a40f6c7c15dc9f2cd9b1c14609db5f9461456a91f0
[INFO] running `Command { std: "docker" "start" "-a" "345d64d0f431a6039e27d2a40f6c7c15dc9f2cd9b1c14609db5f9461456a91f0", kill_on_drop: false }`
[INFO] [stderr] warning: unused variable: `unknown`
[INFO] [stderr]   --> src/layout/info.rs:46:5
[INFO] [stderr]    |
[INFO] [stderr] 46 |     unknown: i64,
[INFO] [stderr]    |     ^^^^^^^
[INFO] [stderr]    |
[INFO] [stderr] help: `unknown` is captured in macro and introduced a unused variable
[INFO] [stderr]   --> src/layout/info.rs:5:1
[INFO] [stderr]    |
[INFO] [stderr] 5  | #[binread]
[INFO] [stderr]    | ^^^^^^^^^^
[INFO] [stderr]    = note: `#[warn(unused_variables)]` on by default
[INFO] [stderr]    = note: this warning originates in the attribute macro `binread` (in Nightly builds, run with -Z macro-backtrace for more info)
[INFO] [stderr] 
[INFO] [stderr] warning: unused variable: `user_api_center_id_md5`
[INFO] [stderr]   --> src/layout/info.rs:48:5
[INFO] [stderr]    |
[INFO] [stderr] 48 |     user_api_center_id_md5: [u8; 16],
[INFO] [stderr]    |     ^^^^^^^^^^^^^^^^^^^^^^
[INFO] [stderr]    |
[INFO] [stderr] help: `user_api_center_id_md5` is captured in macro and introduced a unused variable
[INFO] [stderr]   --> src/layout/info.rs:5:1
[INFO] [stderr]    |
[INFO] [stderr] 5  | #[binread]
[INFO] [stderr]    | ^^^^^^^^^^
[INFO] [stderr]    = note: this warning originates in the attribute macro `binread` (in Nightly builds, run with -Z macro-backtrace for more info)
[INFO] [stderr] 
[INFO] [stderr] warning: unused variable: `unknown2`
[INFO] [stderr]   --> src/layout/info.rs:54:5
[INFO] [stderr]    |
[INFO] [stderr] 54 |     unknown2: i64,
[INFO] [stderr]    |     ^^^^^^^^
[INFO] [stderr]    |
[INFO] [stderr] help: `unknown2` is captured in macro and introduced a unused variable
[INFO] [stderr]   --> src/layout/info.rs:5:1
[INFO] [stderr]    |
[INFO] [stderr] 5  | #[binread]
[INFO] [stderr]    | ^^^^^^^^^^
[INFO] [stderr]    = note: this warning originates in the attribute macro `binread` (in Nightly builds, run with -Z macro-backtrace for more info)
[INFO] [stderr] 
[INFO] [stderr] warning: unused variable: `unknown3`
[INFO] [stderr]   --> src/layout/info.rs:79:5
[INFO] [stderr]    |
[INFO] [stderr] 79 |     unknown3: u8,
[INFO] [stderr]    |     ^^^^^^^^
[INFO] [stderr]    |
[INFO] [stderr] help: `unknown3` is captured in macro and introduced a unused variable
[INFO] [stderr]   --> src/layout/info.rs:5:1
[INFO] [stderr]    |
[INFO] [stderr] 5  | #[binread]
[INFO] [stderr]    | ^^^^^^^^^^
[INFO] [stderr]    = note: this warning originates in the attribute macro `binread` (in Nightly builds, run with -Z macro-backtrace for more info)
[INFO] [stderr] 
[INFO] [stderr] warning: unused variable: `reserved`
[INFO] [stderr]   --> src/layout/info.rs:81:5
[INFO] [stderr]    |
[INFO] [stderr] 81 |     reserved: [u8; 19],
[INFO] [stderr]    |     ^^^^^^^^
[INFO] [stderr]    |
[INFO] [stderr] help: `reserved` is captured in macro and introduced a unused variable
[INFO] [stderr]   --> src/layout/info.rs:5:1
[INFO] [stderr]    |
[INFO] [stderr] 5  | #[binread]
[INFO] [stderr]    | ^^^^^^^^^^
[INFO] [stderr]    = note: this warning originates in the attribute macro `binread` (in Nightly builds, run with -Z macro-backtrace for more info)
[INFO] [stderr] 
[INFO] [stderr] warning: unused variable: `uuid`
[INFO] [stderr]   --> src/layout/info.rs:83:9
[INFO] [stderr]    |
[INFO] [stderr] 83 |     pub uuid: UUID,
[INFO] [stderr]    |         ^^^^
[INFO] [stderr]    |
[INFO] [stderr] help: `uuid` is captured in macro and introduced a unused variable
[INFO] [stderr]   --> src/layout/info.rs:5:1
[INFO] [stderr]    |
[INFO] [stderr] 5  | #[binread]
[INFO] [stderr]    | ^^^^^^^^^^
[INFO] [stderr]    = note: this warning originates in the attribute macro `binread` (in Nightly builds, run with -Z macro-backtrace for more info)
[INFO] [stderr] 
[INFO] [stderr] warning: unused variable: `unknown`
[INFO] [stderr]   --> src/layout/prefix.rs:15:5
[INFO] [stderr]    |
[INFO] [stderr] 15 |     unknown: u8,
[INFO] [stderr]    |     ^^^^^^^
[INFO] [stderr]    |
[INFO] [stderr] help: `unknown` is captured in macro and introduced a unused variable
[INFO] [stderr]   --> src/layout/prefix.rs:7:1
[INFO] [stderr]    |
[INFO] [stderr] 7  | #[binread]
[INFO] [stderr]    | ^^^^^^^^^^
[INFO] [stderr]    = note: this warning originates in the attribute macro `binread` (in Nightly builds, run with -Z macro-backtrace for more info)
[INFO] [stderr] 
[INFO] [stderr] warning: unused variable: `encrypt_magic_version`
[INFO] [stderr]   --> src/layout/prefix.rs:17:5
[INFO] [stderr]    |
[INFO] [stderr] 17 |     encrypt_magic_version: u64,
[INFO] [stderr]    |     ^^^^^^^^^^^^^^^^^^^^^
[INFO] [stderr]    |
[INFO] [stderr] help: `encrypt_magic_version` is captured in macro and introduced a unused variable
[INFO] [stderr]   --> src/layout/prefix.rs:7:1
[INFO] [stderr]    |
[INFO] [stderr] 7  | #[binread]
[INFO] [stderr]    | ^^^^^^^^^^
[INFO] [stderr]    = note: this warning originates in the attribute macro `binread` (in Nightly builds, run with -Z macro-backtrace for more info)
[INFO] [stderr] 
[INFO] [stderr] warning: unused variable: `reserved`
[INFO] [stderr]   --> src/layout/prefix.rs:19:5
[INFO] [stderr]    |
[INFO] [stderr] 19 |     reserved: [u8; 80],
[INFO] [stderr]    |     ^^^^^^^^
[INFO] [stderr]    |
[INFO] [stderr] help: `reserved` is captured in macro and introduced a unused variable
[INFO] [stderr]   --> src/layout/prefix.rs:7:1
[INFO] [stderr]    |
[INFO] [stderr] 7  | #[binread]
[INFO] [stderr]    | ^^^^^^^^^^
[INFO] [stderr]    = note: this warning originates in the attribute macro `binread` (in Nightly builds, run with -Z macro-backtrace for more info)
[INFO] [stderr] 
[INFO] [stderr] warning: unused variable: `camera_shoot`
[INFO] [stderr]  --> src/record/custom.rs:9:5
[INFO] [stderr]   |
[INFO] [stderr] 9 |     camera_shoot: u8,
[INFO] [stderr]   |     ^^^^^^^^^^^^
[INFO] [stderr]   |
[INFO] [stderr] help: `camera_shoot` is captured in macro and introduced a unused variable
[INFO] [stderr]  --> src/record/custom.rs:4:1
[INFO] [stderr]   |
[INFO] [stderr] 4 | #[binread]
[INFO] [stderr]   | ^^^^^^^^^^
[INFO] [stderr]   = note: this warning originates in the attribute macro `binread` (in Nightly builds, run with -Z macro-backtrace for more info)
[INFO] [stderr] 
[INFO] [stderr] warning: unused variable: `video_shoot`
[INFO] [stderr]   --> src/record/custom.rs:11:5
[INFO] [stderr]    |
[INFO] [stderr] 11 |     video_shoot: u8,
[INFO] [stderr]    |     ^^^^^^^^^^^
[INFO] [stderr]    |
[INFO] [stderr] help: `video_shoot` is captured in macro and introduced a unused variable
[INFO] [stderr]   --> src/record/custom.rs:4:1
[INFO] [stderr]    |
[INFO] [stderr] 4  | #[binread]
[INFO] [stderr]    | ^^^^^^^^^^
[INFO] [stderr]    = note: this warning originates in the attribute macro `binread` (in Nightly builds, run with -Z macro-backtrace for more info)
[INFO] [stderr] 
[INFO] [stderr] warning: unused variable: `unknown`
[INFO] [stderr]   --> src/record/home.rs:59:5
[INFO] [stderr]    |
[INFO] [stderr] 59 |     unknown: [u8; 5],
[INFO] [stderr]    |     ^^^^^^^
[INFO] [stderr]    |
[INFO] [stderr] help: `unknown` is captured in macro and introduced a unused variable
[INFO] [stderr]   --> src/record/home.rs:6:1
[INFO] [stderr]    |
[INFO] [stderr] 6  | #[binread]
[INFO] [stderr]    | ^^^^^^^^^^
[INFO] [stderr]    = note: this warning originates in the attribute macro `binread` (in Nightly builds, run with -Z macro-backtrace for more info)
[INFO] [stderr] 
[INFO] [stderr] warning: unused variable: `unknown`
[INFO] [stderr]   --> src/record/smart_battery_group.rs:24:5
[INFO] [stderr]    |
[INFO] [stderr] 24 |     unknown: u16,
[INFO] [stderr]    |     ^^^^^^^
[INFO] [stderr]    |
[INFO] [stderr] help: `unknown` is captured in macro and introduced a unused variable
[INFO] [stderr]   --> src/record/smart_battery_group.rs:15:1
[INFO] [stderr]    |
[INFO] [stderr] 15 | #[binread]
[INFO] [stderr]    | ^^^^^^^^^^
[INFO] [stderr]    = note: this warning originates in the attribute macro `binread` (in Nightly builds, run with -Z macro-backtrace for more info)
[INFO] [stderr] 
[INFO] [stderr] warning: unused variable: `unknown2`
[INFO] [stderr]   --> src/record/smart_battery_group.rs:27:5
[INFO] [stderr]    |
[INFO] [stderr] 27 |     unknown2: [u8; 10],
[INFO] [stderr]    |     ^^^^^^^^
[INFO] [stderr]    |
[INFO] [stderr] help: `unknown2` is captured in macro and introduced a unused variable
[INFO] [stderr]   --> src/record/smart_battery_group.rs:15:1
[INFO] [stderr]    |
[INFO] [stderr] 15 | #[binread]
[INFO] [stderr]    | ^^^^^^^^^^
[INFO] [stderr]    = note: this warning originates in the attribute macro `binread` (in Nightly builds, run with -Z macro-backtrace for more info)
[INFO] [stderr] 
[INFO] [stderr] warning: unused variable: `unknown3`
[INFO] [stderr]   --> src/record/smart_battery_group.rs:29:5
[INFO] [stderr]    |
[INFO] [stderr] 29 |     unknown3: [u8; 5],
[INFO] [stderr]    |     ^^^^^^^^
[INFO] [stderr]    |
[INFO] [stderr] help: `unknown3` is captured in macro and introduced a unused variable
[INFO] [stderr]   --> src/record/smart_battery_group.rs:15:1
[INFO] [stderr]    |
[INFO] [stderr] 15 | #[binread]
[INFO] [stderr]    | ^^^^^^^^^^
[INFO] [stderr]    = note: this warning originates in the attribute macro `binread` (in Nightly builds, run with -Z macro-backtrace for more info)
[INFO] [stderr] 
[INFO] [stderr] warning: field `detail_length` is never read
[INFO] [stderr]   --> src/layout/prefix.rs:12:5
[INFO] [stderr]    |
[INFO] [stderr] 10 | pub struct Prefix {
[INFO] [stderr]    |            ------ field in this struct
[INFO] [stderr] 11 |     detail_offset: u64,
[INFO] [stderr] 12 |     detail_length: u16,
[INFO] [stderr]    |     ^^^^^^^^^^^^^
[INFO] [stderr]    |
[INFO] [stderr]    = note: `Prefix` has derived impls for the traits `Clone` and `Debug`, but these are intentionally ignored during dead code analysis
[INFO] [stderr]    = note: `#[warn(dead_code)]` on by default
[INFO] [stderr] 
[INFO] [stderr] warning: field `serial_number` is never read
[INFO] [stderr]   --> src/record/smart_battery_group.rs:25:5
[INFO] [stderr]    |
[INFO] [stderr] 18 | pub struct SmartBatteryStatic {
[INFO] [stderr]    |            ------------------ field in this struct
[INFO] [stderr] ...
[INFO] [stderr] 25 |     serial_number: u16,
[INFO] [stderr]    |     ^^^^^^^^^^^^^
[INFO] [stderr]    |
[INFO] [stderr]    = note: `SmartBatteryStatic` has a derived impl for the trait `Debug`, but this is intentionally ignored during dead code analysis
[INFO] [stderr] 
[INFO] [stderr] warning: unused `Result` that must be used
[INFO] [stderr]    --> src/decoder.rs:153:9
[INFO] [stderr]     |
[INFO] [stderr] 153 |         self.buffer.read(buf);
[INFO] [stderr]     |         ^^^^^^^^^^^^^^^^^^^^^
[INFO] [stderr]     |
[INFO] [stderr]     = note: this `Result` may be an `Err` variant, which should be handled
[INFO] [stderr]     = note: `#[warn(unused_must_use)]` on by default
[INFO] [stderr] help: use `let _ = ...` to ignore the resulting value
[INFO] [stderr]     |
[INFO] [stderr] 153 |         let _ = self.buffer.read(buf);
[INFO] [stderr]     |         +++++++
[INFO] [stderr] 
[INFO] [stderr] warning: structure field `updateTimeStamp` should have a snake case name
[INFO] [stderr]   --> src/record/custom.rs:15:9
[INFO] [stderr]    |
[INFO] [stderr] 15 |     pub updateTimeStamp: DateTime<Utc>,
[INFO] [stderr]    |         ^^^^^^^^^^^^^^^ help: convert the identifier to snake case: `update_time_stamp`
[INFO] [stderr]    |
[INFO] [stderr]    = note: `#[warn(non_snake_case)]` on by default
[INFO] [stderr] 
[INFO] [stderr] warning: `dji-log-parser` (lib) generated 19 warnings
[INFO] [stderr] warning: `dji-log-parser` (lib test) generated 19 warnings (19 duplicates)
[INFO] [stderr] warning: unused variable: `records`
[INFO] [stderr]   --> src/main.rs:30:9
[INFO] [stderr]    |
[INFO] [stderr] 30 |     let records = parser
[INFO] [stderr]    |         ^^^^^^^ help: if this is intentional, prefix it with an underscore: `_records`
[INFO] [stderr]    |
[INFO] [stderr]    = note: `#[warn(unused_variables)]` on by default
[INFO] [stderr] 
[INFO] [stderr] warning: `dji-log-parser` (bin "dji-log-parser" test) generated 1 warning (run `cargo fix --bin "dji-log-parser" --tests` to apply 1 suggestion)
[INFO] [stderr]     Finished test [unoptimized + debuginfo] target(s) in 0.05s
[INFO] [stderr]      Running unittests src/lib.rs (/opt/rustwide/target/debug/deps/dji_log_parser-77081b9e288ef7d8)
[INFO] [stdout] 
[INFO] [stdout] running 0 tests
[INFO] [stdout] 
[INFO] [stdout] test result: ok. 0 passed; 0 failed; 0 ignored; 0 measured; 0 filtered out; finished in 0.00s
[INFO] [stdout] 
[INFO] [stderr]      Running unittests src/main.rs (/opt/rustwide/target/debug/deps/dji_log_parser-0d9b45e81431aaff)
[INFO] [stdout] 
[INFO] [stdout] running 0 tests
[INFO] [stdout] 
[INFO] [stdout] test result: ok. 0 passed; 0 failed; 0 ignored; 0 measured; 0 filtered out; finished in 0.00s
[INFO] [stdout] 
[INFO] [stderr]    Doc-tests dji-log-parser
[INFO] [stdout] 
[INFO] [stdout] running 3 tests
[INFO] [stdout] test src/lib.rs - DJILog<'a>::from_bytes (line 140) ... FAILED
[INFO] [stdout] test src/utils.rs - utils::sub_byte_field (line 36) ... FAILED
[INFO] [stdout] test src/utils.rs - utils::read_u16 (line 18) ... ok
[INFO] [stdout] 
[INFO] [stdout] failures:
[INFO] [stdout] 
[INFO] [stdout] ---- src/lib.rs - DJILog<'a>::from_bytes (line 140) stdout ----
[INFO] [stdout] error: couldn't read src/path/to/log/file: No such file or directory (os error 2)
[INFO] [stdout]  --> src/lib.rs:143:17
[INFO] [stdout]   |
[INFO] [stdout] 5 | let log_bytes = include_bytes!("path/to/log/file");
[INFO] [stdout]   |                 ^^^^^^^^^^^^^^^^^^^^^^^^^^^^^^^^^^
[INFO] [stdout]   |
[INFO] [stdout]   = note: this error originates in the macro `include_bytes` (in Nightly builds, run with -Z macro-backtrace for more info)
[INFO] [stdout] 
[INFO] [stdout] error[E0432]: unresolved import `djilog_parser`
[INFO] [stdout]  --> src/lib.rs:141:5
[INFO] [stdout]   |
[INFO] [stdout] 3 | use djilog_parser::DJILog;
[INFO] [stdout]   |     ^^^^^^^^^^^^^ use of undeclared crate or module `djilog_parser`
[INFO] [stdout]   |
[INFO] [stdout] help: there is a crate or module with a similar name
[INFO] [stdout]   |
[INFO] [stdout] 3 | use dji_log_parser::DJILog;
[INFO] [stdout]   |     ~~~~~~~~~~~~~~
[INFO] [stdout] 
[INFO] [stdout] error: aborting due to 2 previous errors
[INFO] [stdout] 
[INFO] [stdout] For more information about this error, try `rustc --explain E0432`.
[INFO] [stdout] Couldn't compile the test.
[INFO] [stdout] ---- src/utils.rs - utils::sub_byte_field (line 36) stdout ----
[INFO] [stdout] error[E0425]: cannot find function `sub_byte_field` in this scope
[INFO] [stdout]  --> src/utils.rs:39:12
[INFO] [stdout]   |
[INFO] [stdout] 5 | assert_eq!(sub_byte_field(byte, mask), 0b00000101);
[INFO] [stdout]   |            ^^^^^^^^^^^^^^ not found in this scope
[INFO] [stdout] 
[INFO] [stdout] error: aborting due to previous error
[INFO] [stdout] 
[INFO] [stdout] For more information about this error, try `rustc --explain E0425`.
[INFO] [stdout] Couldn't compile the test.
[INFO] [stdout] 
[INFO] [stdout] failures:
[INFO] [stdout]     src/lib.rs - DJILog<'a>::from_bytes (line 140)
[INFO] [stdout]     src/utils.rs - utils::sub_byte_field (line 36)
[INFO] [stdout] 
[INFO] [stdout] test result: FAILED. 1 passed; 2 failed; 0 ignored; 0 measured; 0 filtered out; finished in 0.14s
[INFO] [stdout] 
[INFO] [stderr] error: doctest failed, to rerun pass `--doc`
[INFO] running `Command { std: "docker" "inspect" "345d64d0f431a6039e27d2a40f6c7c15dc9f2cd9b1c14609db5f9461456a91f0", kill_on_drop: false }`
[INFO] running `Command { std: "docker" "rm" "-f" "345d64d0f431a6039e27d2a40f6c7c15dc9f2cd9b1c14609db5f9461456a91f0", kill_on_drop: false }`
[INFO] [stdout] 345d64d0f431a6039e27d2a40f6c7c15dc9f2cd9b1c14609db5f9461456a91f0
[INFO] testing lvauvillier/dji-log-parser against beta-2023-12-22 for beta-1.76-1
[INFO] running `Command { std: "git" "clone" "/workspace/cache/git-repos/https%3A%2F%2Fgithub.com%2Flvauvillier%2Fdji-log-parser" "/workspace/builds/worker-5-tc2/source", kill_on_drop: false }`
[INFO] [stderr] Cloning into '/workspace/builds/worker-5-tc2/source'...
[INFO] [stderr] done.
[INFO] validating manifest of git repo https://github.com/lvauvillier/dji-log-parser on toolchain beta-2023-12-22
[INFO] running `Command { std: CARGO_HOME="/workspace/cargo-home" RUSTUP_HOME="/workspace/rustup-home" "/workspace/cargo-home/bin/cargo" "+beta-2023-12-22" "metadata" "--manifest-path" "Cargo.toml" "--no-deps", kill_on_drop: false }`
[INFO] started tweaking git repo https://github.com/lvauvillier/dji-log-parser
[INFO] finished tweaking git repo https://github.com/lvauvillier/dji-log-parser
[INFO] tweaked toml for git repo https://github.com/lvauvillier/dji-log-parser written to /workspace/builds/worker-5-tc2/source/Cargo.toml
[INFO] crate git repo https://github.com/lvauvillier/dji-log-parser already has a lockfile, it will not be regenerated
[INFO] running `Command { std: CARGO_HOME="/workspace/cargo-home" RUSTUP_HOME="/workspace/rustup-home" "/workspace/cargo-home/bin/cargo" "+beta-2023-12-22" "fetch" "--manifest-path" "Cargo.toml", kill_on_drop: false }`
[INFO] running `Command { std: "docker" "create" "-v" "/var/lib/crater-agent-workspace/builds/worker-5-tc2/target:/opt/rustwide/target:rw,Z" "-v" "/var/lib/crater-agent-workspace/builds/worker-5-tc2/source:/opt/rustwide/workdir:ro,Z" "-v" "/var/lib/crater-agent-workspace/cargo-home:/opt/rustwide/cargo-home:ro,Z" "-v" "/var/lib/crater-agent-workspace/rustup-home:/opt/rustwide/rustup-home:ro,Z" "-e" "SOURCE_DIR=/opt/rustwide/workdir" "-e" "CARGO_TARGET_DIR=/opt/rustwide/target" "-e" "CARGO_HOME=/opt/rustwide/cargo-home" "-e" "RUSTUP_HOME=/opt/rustwide/rustup-home" "-w" "/opt/rustwide/workdir" "-m" "1610612736" "--user" "0:0" "--network" "none" "ghcr.io/rust-lang/crates-build-env/linux@sha256:2788e3201cd34a07e3172128adcd8b3090168a8e3bcc40d7c032b9dda1df7d1c" "/opt/rustwide/cargo-home/bin/cargo" "+beta-2023-12-22" "metadata" "--no-deps" "--format-version=1", kill_on_drop: false }`
[INFO] [stdout] 42733b8832a157027d35a2c8e310a0ee575358f92396cdcf68fea688279e774c
[INFO] running `Command { std: "docker" "start" "-a" "42733b8832a157027d35a2c8e310a0ee575358f92396cdcf68fea688279e774c", kill_on_drop: false }`
[INFO] running `Command { std: "docker" "inspect" "42733b8832a157027d35a2c8e310a0ee575358f92396cdcf68fea688279e774c", kill_on_drop: false }`
[INFO] running `Command { std: "docker" "rm" "-f" "42733b8832a157027d35a2c8e310a0ee575358f92396cdcf68fea688279e774c", kill_on_drop: false }`
[INFO] [stdout] 42733b8832a157027d35a2c8e310a0ee575358f92396cdcf68fea688279e774c
[INFO] running `Command { std: "docker" "create" "-v" "/var/lib/crater-agent-workspace/builds/worker-5-tc2/target:/opt/rustwide/target:rw,Z" "-v" "/var/lib/crater-agent-workspace/builds/worker-5-tc2/source:/opt/rustwide/workdir:ro,Z" "-v" "/var/lib/crater-agent-workspace/cargo-home:/opt/rustwide/cargo-home:ro,Z" "-v" "/var/lib/crater-agent-workspace/rustup-home:/opt/rustwide/rustup-home:ro,Z" "-e" "SOURCE_DIR=/opt/rustwide/workdir" "-e" "CARGO_TARGET_DIR=/opt/rustwide/target" "-e" "CARGO_INCREMENTAL=0" "-e" "RUST_BACKTRACE=full" "-e" "RUSTFLAGS=--cap-lints=warn" "-e" "RUSTDOCFLAGS=--cap-lints=warn" "-e" "CARGO_HOME=/opt/rustwide/cargo-home" "-e" "RUSTUP_HOME=/opt/rustwide/rustup-home" "-w" "/opt/rustwide/workdir" "-m" "1610612736" "--user" "0:0" "--network" "none" "ghcr.io/rust-lang/crates-build-env/linux@sha256:2788e3201cd34a07e3172128adcd8b3090168a8e3bcc40d7c032b9dda1df7d1c" "/opt/rustwide/cargo-home/bin/cargo" "+beta-2023-12-22" "build" "--frozen" "--message-format=json", kill_on_drop: false }`
[INFO] [stdout] 977bcec6915811142f103e6cf38d0d93e0cf08d9639c33ad39069b24c5b96004
[INFO] running `Command { std: "docker" "start" "-a" "977bcec6915811142f103e6cf38d0d93e0cf08d9639c33ad39069b24c5b96004", kill_on_drop: false }`
[INFO] [stderr]    Compiling proc-macro2 v1.0.70
[INFO] [stderr]    Compiling unicode-ident v1.0.12
[INFO] [stderr]    Compiling libc v0.2.151
[INFO] [stderr]    Compiling version_check v0.9.4
[INFO] [stderr]    Compiling cfg-if v1.0.0
[INFO] [stderr]    Compiling typenum v1.17.0
[INFO] [stderr]    Compiling untrusted v0.9.0
[INFO] [stderr]    Compiling spin v0.9.8
[INFO] [stderr]    Compiling tinyvec_macros v0.1.1
[INFO] [stderr]    Compiling crc32fast v1.3.2
[INFO] [stderr]    Compiling utf8parse v0.2.1
[INFO] [stderr]    Compiling autocfg v1.1.0
[INFO] [stderr]    Compiling syn v1.0.109
[INFO] [stderr]    Compiling serde v1.0.193
[INFO] [stderr]    Compiling adler v1.0.2
[INFO] [stderr]    Compiling anstyle-query v1.0.2
[INFO] [stderr]    Compiling serde_json v1.0.108
[INFO] [stderr]    Compiling tinyvec v1.6.0
[INFO] [stderr]    Compiling anstyle-parse v0.2.3
[INFO] [stderr]    Compiling binrw_derive v0.13.3
[INFO] [stderr]    Compiling rustls v0.21.10
[INFO] [stderr]    Compiling unicode-bidi v0.3.14
[INFO] [stderr]    Compiling percent-encoding v2.3.1
[INFO] [stderr]    Compiling colorchoice v1.0.0
[INFO] [stderr]    Compiling anstyle v1.0.4
[INFO] [stderr]    Compiling form_urlencoded v1.2.1
[INFO] [stderr]    Compiling miniz_oxide v0.7.1
[INFO] [stderr]    Compiling owo-colors v3.5.0
[INFO] [stderr]    Compiling strsim v0.10.0
[INFO] [stderr]    Compiling generic-array v0.14.7
[INFO] [stderr]    Compiling anstream v0.6.5
[INFO] [stderr]    Compiling either v1.9.0
[INFO] [stderr]    Compiling num-traits v0.2.17
[INFO] [stderr]    Compiling clap_lex v0.6.0
[INFO] [stderr]    Compiling itoa v1.0.10
[INFO] [stderr]    Compiling ryu v1.0.16
[INFO] [stderr]    Compiling log v0.4.20
[INFO] [stderr]    Compiling binrw v0.13.3
[INFO] [stderr]    Compiling heck v0.4.1
[INFO] [stderr]    Compiling thiserror v1.0.51
[INFO] [stderr]    Compiling clap_builder v4.4.11
[INFO] [stderr]    Compiling cpufeatures v0.2.11
[INFO] [stderr]    Compiling array-init v2.1.0
[INFO] [stderr]    Compiling flate2 v1.0.28
[INFO] [stderr]    Compiling bytemuck v1.14.0
[INFO] [stderr]    Compiling base64 v0.21.5
[INFO] [stderr]    Compiling iana-time-zone v0.1.58
[INFO] [stderr]    Compiling quote v1.0.33
[INFO] [stderr]    Compiling webpki-roots v0.25.3
[INFO] [stderr]    Compiling once_cell v1.19.0
[INFO] [stderr]    Compiling crc64 v2.0.0
[INFO] [stderr]    Compiling syn v2.0.41
[INFO] [stderr]    Compiling unicode-normalization v0.1.22
[INFO] [stderr]    Compiling cc v1.0.83
[INFO] [stderr]    Compiling getrandom v0.2.11
[INFO] [stderr]    Compiling idna v0.5.0
[INFO] [stderr]    Compiling chrono v0.4.31
[INFO] [stderr]    Compiling block-padding v0.3.3
[INFO] [stderr]    Compiling crypto-common v0.1.6
[INFO] [stderr]    Compiling inout v0.1.3
[INFO] [stderr]    Compiling url v2.5.0
[INFO] [stderr]    Compiling ring v0.17.7
[INFO] [stderr]    Compiling cipher v0.4.4
[INFO] [stderr]    Compiling aes v0.8.3
[INFO] [stderr]    Compiling cbc v0.1.2
[INFO] [stderr]    Compiling serde_derive v1.0.193
[INFO] [stderr]    Compiling clap_derive v4.4.7
[INFO] [stderr]    Compiling thiserror-impl v1.0.51
[INFO] [stderr]    Compiling clap v4.4.11
[INFO] [stderr]    Compiling rustls-webpki v0.101.7
[INFO] [stderr]    Compiling sct v0.7.1
[INFO] [stderr]    Compiling ureq v2.9.1
[INFO] [stderr]    Compiling dji-log-parser v0.1.0 (/opt/rustwide/workdir)
[INFO] [stdout] warning: unused variable: `unknown`
[INFO] [stdout]   --> src/layout/info.rs:46:5
[INFO] [stdout]    |
[INFO] [stdout] 46 |     unknown: i64,
[INFO] [stdout]    |     ^^^^^^^
[INFO] [stdout]    |
[INFO] [stdout] help: `unknown` is captured in macro and introduced a unused variable
[INFO] [stdout]   --> src/layout/info.rs:5:1
[INFO] [stdout]    |
[INFO] [stdout] 5  | #[binread]
[INFO] [stdout]    | ^^^^^^^^^^
[INFO] [stdout]    = note: `#[warn(unused_variables)]` on by default
[INFO] [stdout]    = note: this warning originates in the attribute macro `binread` (in Nightly builds, run with -Z macro-backtrace for more info)
[INFO] [stdout] 
[INFO] [stdout] 
[INFO] [stdout] warning: unused variable: `user_api_center_id_md5`
[INFO] [stdout]   --> src/layout/info.rs:48:5
[INFO] [stdout]    |
[INFO] [stdout] 48 |     user_api_center_id_md5: [u8; 16],
[INFO] [stdout]    |     ^^^^^^^^^^^^^^^^^^^^^^
[INFO] [stdout]    |
[INFO] [stdout] help: `user_api_center_id_md5` is captured in macro and introduced a unused variable
[INFO] [stdout]   --> src/layout/info.rs:5:1
[INFO] [stdout]    |
[INFO] [stdout] 5  | #[binread]
[INFO] [stdout]    | ^^^^^^^^^^
[INFO] [stdout]    = note: this warning originates in the attribute macro `binread` (in Nightly builds, run with -Z macro-backtrace for more info)
[INFO] [stdout] 
[INFO] [stdout] 
[INFO] [stdout] warning: unused variable: `unknown2`
[INFO] [stdout]   --> src/layout/info.rs:54:5
[INFO] [stdout]    |
[INFO] [stdout] 54 |     unknown2: i64,
[INFO] [stdout]    |     ^^^^^^^^
[INFO] [stdout]    |
[INFO] [stdout] help: `unknown2` is captured in macro and introduced a unused variable
[INFO] [stdout]   --> src/layout/info.rs:5:1
[INFO] [stdout]    |
[INFO] [stdout] 5  | #[binread]
[INFO] [stdout]    | ^^^^^^^^^^
[INFO] [stdout]    = note: this warning originates in the attribute macro `binread` (in Nightly builds, run with -Z macro-backtrace for more info)
[INFO] [stdout] 
[INFO] [stdout] 
[INFO] [stdout] warning: unused variable: `unknown3`
[INFO] [stdout]   --> src/layout/info.rs:79:5
[INFO] [stdout]    |
[INFO] [stdout] 79 |     unknown3: u8,
[INFO] [stdout]    |     ^^^^^^^^
[INFO] [stdout]    |
[INFO] [stdout] help: `unknown3` is captured in macro and introduced a unused variable
[INFO] [stdout]   --> src/layout/info.rs:5:1
[INFO] [stdout]    |
[INFO] [stdout] 5  | #[binread]
[INFO] [stdout]    | ^^^^^^^^^^
[INFO] [stdout]    = note: this warning originates in the attribute macro `binread` (in Nightly builds, run with -Z macro-backtrace for more info)
[INFO] [stdout] 
[INFO] [stdout] 
[INFO] [stdout] warning: unused variable: `reserved`
[INFO] [stdout]   --> src/layout/info.rs:81:5
[INFO] [stdout]    |
[INFO] [stdout] 81 |     reserved: [u8; 19],
[INFO] [stdout]    |     ^^^^^^^^
[INFO] [stdout]    |
[INFO] [stdout] help: `reserved` is captured in macro and introduced a unused variable
[INFO] [stdout]   --> src/layout/info.rs:5:1
[INFO] [stdout]    |
[INFO] [stdout] 5  | #[binread]
[INFO] [stdout]    | ^^^^^^^^^^
[INFO] [stdout]    = note: this warning originates in the attribute macro `binread` (in Nightly builds, run with -Z macro-backtrace for more info)
[INFO] [stdout] 
[INFO] [stdout] 
[INFO] [stdout] warning: unused variable: `uuid`
[INFO] [stdout]   --> src/layout/info.rs:83:9
[INFO] [stdout]    |
[INFO] [stdout] 83 |     pub uuid: UUID,
[INFO] [stdout]    |         ^^^^
[INFO] [stdout]    |
[INFO] [stdout] help: `uuid` is captured in macro and introduced a unused variable
[INFO] [stdout]   --> src/layout/info.rs:5:1
[INFO] [stdout]    |
[INFO] [stdout] 5  | #[binread]
[INFO] [stdout]    | ^^^^^^^^^^
[INFO] [stdout]    = note: this warning originates in the attribute macro `binread` (in Nightly builds, run with -Z macro-backtrace for more info)
[INFO] [stdout] 
[INFO] [stdout] 
[INFO] [stdout] warning: unused variable: `unknown`
[INFO] [stdout]   --> src/layout/prefix.rs:15:5
[INFO] [stdout]    |
[INFO] [stdout] 15 |     unknown: u8,
[INFO] [stdout]    |     ^^^^^^^
[INFO] [stdout]    |
[INFO] [stdout] help: `unknown` is captured in macro and introduced a unused variable
[INFO] [stdout]   --> src/layout/prefix.rs:7:1
[INFO] [stdout]    |
[INFO] [stdout] 7  | #[binread]
[INFO] [stdout]    | ^^^^^^^^^^
[INFO] [stdout]    = note: this warning originates in the attribute macro `binread` (in Nightly builds, run with -Z macro-backtrace for more info)
[INFO] [stdout] 
[INFO] [stdout] 
[INFO] [stdout] warning: unused variable: `encrypt_magic_version`
[INFO] [stdout]   --> src/layout/prefix.rs:17:5
[INFO] [stdout]    |
[INFO] [stdout] 17 |     encrypt_magic_version: u64,
[INFO] [stdout]    |     ^^^^^^^^^^^^^^^^^^^^^
[INFO] [stdout]    |
[INFO] [stdout] help: `encrypt_magic_version` is captured in macro and introduced a unused variable
[INFO] [stdout]   --> src/layout/prefix.rs:7:1
[INFO] [stdout]    |
[INFO] [stdout] 7  | #[binread]
[INFO] [stdout]    | ^^^^^^^^^^
[INFO] [stdout]    = note: this warning originates in the attribute macro `binread` (in Nightly builds, run with -Z macro-backtrace for more info)
[INFO] [stdout] 
[INFO] [stdout] 
[INFO] [stdout] warning: unused variable: `reserved`
[INFO] [stdout]   --> src/layout/prefix.rs:19:5
[INFO] [stdout]    |
[INFO] [stdout] 19 |     reserved: [u8; 80],
[INFO] [stdout]    |     ^^^^^^^^
[INFO] [stdout]    |
[INFO] [stdout] help: `reserved` is captured in macro and introduced a unused variable
[INFO] [stdout]   --> src/layout/prefix.rs:7:1
[INFO] [stdout]    |
[INFO] [stdout] 7  | #[binread]
[INFO] [stdout]    | ^^^^^^^^^^
[INFO] [stdout]    = note: this warning originates in the attribute macro `binread` (in Nightly builds, run with -Z macro-backtrace for more info)
[INFO] [stdout] 
[INFO] [stdout] 
[INFO] [stdout] warning: unused variable: `camera_shoot`
[INFO] [stdout]  --> src/record/custom.rs:9:5
[INFO] [stdout]   |
[INFO] [stdout] 9 |     camera_shoot: u8,
[INFO] [stdout]   |     ^^^^^^^^^^^^
[INFO] [stdout]   |
[INFO] [stdout] help: `camera_shoot` is captured in macro and introduced a unused variable
[INFO] [stdout]  --> src/record/custom.rs:4:1
[INFO] [stdout]   |
[INFO] [stdout] 4 | #[binread]
[INFO] [stdout]   | ^^^^^^^^^^
[INFO] [stdout]   = note: this warning originates in the attribute macro `binread` (in Nightly builds, run with -Z macro-backtrace for more info)
[INFO] [stdout] 
[INFO] [stdout] 
[INFO] [stdout] warning: unused variable: `video_shoot`
[INFO] [stdout]   --> src/record/custom.rs:11:5
[INFO] [stdout]    |
[INFO] [stdout] 11 |     video_shoot: u8,
[INFO] [stdout]    |     ^^^^^^^^^^^
[INFO] [stdout]    |
[INFO] [stdout] help: `video_shoot` is captured in macro and introduced a unused variable
[INFO] [stdout]   --> src/record/custom.rs:4:1
[INFO] [stdout]    |
[INFO] [stdout] 4  | #[binread]
[INFO] [stdout]    | ^^^^^^^^^^
[INFO] [stdout]    = note: this warning originates in the attribute macro `binread` (in Nightly builds, run with -Z macro-backtrace for more info)
[INFO] [stdout] 
[INFO] [stdout] 
[INFO] [stdout] warning: unused variable: `unknown`
[INFO] [stdout]   --> src/record/home.rs:59:5
[INFO] [stdout]    |
[INFO] [stdout] 59 |     unknown: [u8; 5],
[INFO] [stdout]    |     ^^^^^^^
[INFO] [stdout]    |
[INFO] [stdout] help: `unknown` is captured in macro and introduced a unused variable
[INFO] [stdout]   --> src/record/home.rs:6:1
[INFO] [stdout]    |
[INFO] [stdout] 6  | #[binread]
[INFO] [stdout]    | ^^^^^^^^^^
[INFO] [stdout]    = note: this warning originates in the attribute macro `binread` (in Nightly builds, run with -Z macro-backtrace for more info)
[INFO] [stdout] 
[INFO] [stdout] 
[INFO] [stdout] warning: unused variable: `unknown`
[INFO] [stdout]   --> src/record/smart_battery_group.rs:24:5
[INFO] [stdout]    |
[INFO] [stdout] 24 |     unknown: u16,
[INFO] [stdout]    |     ^^^^^^^
[INFO] [stdout]    |
[INFO] [stdout] help: `unknown` is captured in macro and introduced a unused variable
[INFO] [stdout]   --> src/record/smart_battery_group.rs:15:1
[INFO] [stdout]    |
[INFO] [stdout] 15 | #[binread]
[INFO] [stdout]    | ^^^^^^^^^^
[INFO] [stdout]    = note: this warning originates in the attribute macro `binread` (in Nightly builds, run with -Z macro-backtrace for more info)
[INFO] [stdout] 
[INFO] [stdout] 
[INFO] [stdout] warning: unused variable: `unknown2`
[INFO] [stdout]   --> src/record/smart_battery_group.rs:27:5
[INFO] [stdout]    |
[INFO] [stdout] 27 |     unknown2: [u8; 10],
[INFO] [stdout]    |     ^^^^^^^^
[INFO] [stdout]    |
[INFO] [stdout] help: `unknown2` is captured in macro and introduced a unused variable
[INFO] [stdout]   --> src/record/smart_battery_group.rs:15:1
[INFO] [stdout]    |
[INFO] [stdout] 15 | #[binread]
[INFO] [stdout]    | ^^^^^^^^^^
[INFO] [stdout]    = note: this warning originates in the attribute macro `binread` (in Nightly builds, run with -Z macro-backtrace for more info)
[INFO] [stdout] 
[INFO] [stdout] 
[INFO] [stdout] warning: unused variable: `unknown3`
[INFO] [stdout]   --> src/record/smart_battery_group.rs:29:5
[INFO] [stdout]    |
[INFO] [stdout] 29 |     unknown3: [u8; 5],
[INFO] [stdout]    |     ^^^^^^^^
[INFO] [stdout]    |
[INFO] [stdout] help: `unknown3` is captured in macro and introduced a unused variable
[INFO] [stdout]   --> src/record/smart_battery_group.rs:15:1
[INFO] [stdout]    |
[INFO] [stdout] 15 | #[binread]
[INFO] [stdout]    | ^^^^^^^^^^
[INFO] [stdout]    = note: this warning originates in the attribute macro `binread` (in Nightly builds, run with -Z macro-backtrace for more info)
[INFO] [stdout] 
[INFO] [stdout] 
[INFO] [stdout] warning: field `detail_length` is never read
[INFO] [stdout]   --> src/layout/prefix.rs:12:5
[INFO] [stdout]    |
[INFO] [stdout] 10 | pub struct Prefix {
[INFO] [stdout]    |            ------ field in this struct
[INFO] [stdout] 11 |     detail_offset: u64,
[INFO] [stdout] 12 |     detail_length: u16,
[INFO] [stdout]    |     ^^^^^^^^^^^^^
[INFO] [stdout]    |
[INFO] [stdout]    = note: `Prefix` has derived impls for the traits `Clone` and `Debug`, but these are intentionally ignored during dead code analysis
[INFO] [stdout]    = note: `#[warn(dead_code)]` on by default
[INFO] [stdout] 
[INFO] [stdout] 
[INFO] [stdout] warning: field `serial_number` is never read
[INFO] [stdout]   --> src/record/smart_battery_group.rs:25:5
[INFO] [stdout]    |
[INFO] [stdout] 18 | pub struct SmartBatteryStatic {
[INFO] [stdout]    |            ------------------ field in this struct
[INFO] [stdout] ...
[INFO] [stdout] 25 |     serial_number: u16,
[INFO] [stdout]    |     ^^^^^^^^^^^^^
[INFO] [stdout]    |
[INFO] [stdout]    = note: `SmartBatteryStatic` has a derived impl for the trait `Debug`, but this is intentionally ignored during dead code analysis
[INFO] [stdout] 
[INFO] [stdout] 
[INFO] [stdout] warning: unused `Result` that must be used
[INFO] [stdout]    --> src/decoder.rs:153:9
[INFO] [stdout]     |
[INFO] [stdout] 153 |         self.buffer.read(buf);
[INFO] [stdout]     |         ^^^^^^^^^^^^^^^^^^^^^
[INFO] [stdout]     |
[INFO] [stdout]     = note: this `Result` may be an `Err` variant, which should be handled
[INFO] [stdout]     = note: `#[warn(unused_must_use)]` on by default
[INFO] [stdout] help: use `let _ = ...` to ignore the resulting value
[INFO] [stdout]     |
[INFO] [stdout] 153 |         let _ = self.buffer.read(buf);
[INFO] [stdout]     |         +++++++
[INFO] [stdout] 
[INFO] [stdout] 
[INFO] [stdout] warning: structure field `updateTimeStamp` should have a snake case name
[INFO] [stdout]   --> src/record/custom.rs:15:9
[INFO] [stdout]    |
[INFO] [stdout] 15 |     pub updateTimeStamp: DateTime<Utc>,
[INFO] [stdout]    |         ^^^^^^^^^^^^^^^ help: convert the identifier to snake case: `update_time_stamp`
[INFO] [stdout]    |
[INFO] [stdout]    = note: `#[warn(non_snake_case)]` on by default
[INFO] [stdout] 
[INFO] [stdout] 
[INFO] [stdout] warning: 19 warnings emitted
[INFO] [stdout] 
[INFO] [stdout] 
[INFO] [stdout] warning: unused variable: `records`
[INFO] [stdout]   --> src/main.rs:30:9
[INFO] [stdout]    |
[INFO] [stdout] 30 |     let records = parser
[INFO] [stdout]    |         ^^^^^^^ help: if this is intentional, prefix it with an underscore: `_records`
[INFO] [stdout]    |
[INFO] [stdout]    = note: `#[warn(unused_variables)]` on by default
[INFO] [stdout] 
[INFO] [stdout] 
[INFO] [stdout] warning: 1 warning emitted
[INFO] [stdout] 
[INFO] [stdout] 
[INFO] [stderr]     Finished dev [unoptimized + debuginfo] target(s) in 16.31s
[INFO] running `Command { std: "docker" "inspect" "977bcec6915811142f103e6cf38d0d93e0cf08d9639c33ad39069b24c5b96004", kill_on_drop: false }`
[INFO] running `Command { std: "docker" "rm" "-f" "977bcec6915811142f103e6cf38d0d93e0cf08d9639c33ad39069b24c5b96004", kill_on_drop: false }`
[INFO] [stdout] 977bcec6915811142f103e6cf38d0d93e0cf08d9639c33ad39069b24c5b96004
[INFO] running `Command { std: "docker" "create" "-v" "/var/lib/crater-agent-workspace/builds/worker-5-tc2/target:/opt/rustwide/target:rw,Z" "-v" "/var/lib/crater-agent-workspace/builds/worker-5-tc2/source:/opt/rustwide/workdir:ro,Z" "-v" "/var/lib/crater-agent-workspace/cargo-home:/opt/rustwide/cargo-home:ro,Z" "-v" "/var/lib/crater-agent-workspace/rustup-home:/opt/rustwide/rustup-home:ro,Z" "-e" "SOURCE_DIR=/opt/rustwide/workdir" "-e" "CARGO_TARGET_DIR=/opt/rustwide/target" "-e" "CARGO_INCREMENTAL=0" "-e" "RUST_BACKTRACE=full" "-e" "RUSTFLAGS=--cap-lints=warn" "-e" "RUSTDOCFLAGS=--cap-lints=warn" "-e" "CARGO_HOME=/opt/rustwide/cargo-home" "-e" "RUSTUP_HOME=/opt/rustwide/rustup-home" "-w" "/opt/rustwide/workdir" "-m" "1610612736" "--user" "0:0" "--network" "none" "ghcr.io/rust-lang/crates-build-env/linux@sha256:2788e3201cd34a07e3172128adcd8b3090168a8e3bcc40d7c032b9dda1df7d1c" "/opt/rustwide/cargo-home/bin/cargo" "+beta-2023-12-22" "test" "--frozen" "--no-run" "--message-format=json", kill_on_drop: false }`
[INFO] [stdout] c6e9913410326c5850820115b8ed88cbc7ee5338a35f91371ea6748147b7f37e
[INFO] running `Command { std: "docker" "start" "-a" "c6e9913410326c5850820115b8ed88cbc7ee5338a35f91371ea6748147b7f37e", kill_on_drop: false }`
[INFO] [stdout] warning: unused variable: `unknown`
[INFO] [stdout]   --> src/layout/info.rs:46:5
[INFO] [stdout]    |
[INFO] [stdout] 46 |     unknown: i64,
[INFO] [stdout]    |     ^^^^^^^
[INFO] [stdout]    |
[INFO] [stdout] help: `unknown` is captured in macro and introduced a unused variable
[INFO] [stdout]   --> src/layout/info.rs:5:1
[INFO] [stdout]    |
[INFO] [stdout] 5  | #[binread]
[INFO] [stdout]    | ^^^^^^^^^^
[INFO] [stdout]    = note: `#[warn(unused_variables)]` on by default
[INFO] [stdout]    = note: this warning originates in the attribute macro `binread` (in Nightly builds, run with -Z macro-backtrace for more info)
[INFO] [stdout] 
[INFO] [stdout] 
[INFO] [stdout] warning: unused variable: `user_api_center_id_md5`
[INFO] [stdout]   --> src/layout/info.rs:48:5
[INFO] [stdout]    |
[INFO] [stdout] 48 |     user_api_center_id_md5: [u8; 16],
[INFO] [stdout]    |     ^^^^^^^^^^^^^^^^^^^^^^
[INFO] [stdout]    |
[INFO] [stdout] help: `user_api_center_id_md5` is captured in macro and introduced a unused variable
[INFO] [stdout]   --> src/layout/info.rs:5:1
[INFO] [stdout]    |
[INFO] [stdout] 5  | #[binread]
[INFO] [stdout]    | ^^^^^^^^^^
[INFO] [stdout]    = note: this warning originates in the attribute macro `binread` (in Nightly builds, run with -Z macro-backtrace for more info)
[INFO] [stdout] 
[INFO] [stdout] 
[INFO] [stdout] warning: unused variable: `unknown2`
[INFO] [stdout]   --> src/layout/info.rs:54:5
[INFO] [stdout]    |
[INFO] [stdout] 54 |     unknown2: i64,
[INFO] [stdout]    |     ^^^^^^^^
[INFO] [stdout]    |
[INFO] [stdout] help: `unknown2` is captured in macro and introduced a unused variable
[INFO] [stdout]   --> src/layout/info.rs:5:1
[INFO] [stdout]    |
[INFO] [stdout] 5  | #[binread]
[INFO] [stdout]    | ^^^^^^^^^^
[INFO] [stdout]    = note: this warning originates in the attribute macro `binread` (in Nightly builds, run with -Z macro-backtrace for more info)
[INFO] [stdout] 
[INFO] [stdout] 
[INFO] [stdout] warning: unused variable: `unknown3`
[INFO] [stdout]   --> src/layout/info.rs:79:5
[INFO] [stdout]    |
[INFO] [stdout] 79 |     unknown3: u8,
[INFO] [stdout]    |     ^^^^^^^^
[INFO] [stdout]    |
[INFO] [stdout] help: `unknown3` is captured in macro and introduced a unused variable
[INFO] [stdout]   --> src/layout/info.rs:5:1
[INFO] [stdout]    |
[INFO] [stdout] 5  | #[binread]
[INFO] [stdout]    | ^^^^^^^^^^
[INFO] [stdout]    = note: this warning originates in the attribute macro `binread` (in Nightly builds, run with -Z macro-backtrace for more info)
[INFO] [stdout] 
[INFO] [stdout] 
[INFO] [stdout] warning: unused variable: `reserved`
[INFO] [stdout]   --> src/layout/info.rs:81:5
[INFO] [stdout]    |
[INFO] [stdout] 81 |     reserved: [u8; 19],
[INFO] [stdout]    |     ^^^^^^^^
[INFO] [stdout]    |
[INFO] [stdout] help: `reserved` is captured in macro and introduced a unused variable
[INFO] [stdout]   --> src/layout/info.rs:5:1
[INFO] [stdout]    |
[INFO] [stdout] 5  | #[binread]
[INFO] [stdout]    | ^^^^^^^^^^
[INFO] [stdout]    = note: this warning originates in the attribute macro `binread` (in Nightly builds, run with -Z macro-backtrace for more info)
[INFO] [stdout] 
[INFO] [stdout] 
[INFO] [stdout] warning: unused variable: `uuid`
[INFO] [stdout]   --> src/layout/info.rs:83:9
[INFO] [stdout]    |
[INFO] [stdout] 83 |     pub uuid: UUID,
[INFO] [stdout]    |         ^^^^
[INFO] [stdout]    |
[INFO] [stdout] help: `uuid` is captured in macro and introduced a unused variable
[INFO] [stdout]   --> src/layout/info.rs:5:1
[INFO] [stdout]    |
[INFO] [stdout] 5  | #[binread]
[INFO] [stdout]    | ^^^^^^^^^^
[INFO] [stdout]    = note: this warning originates in the attribute macro `binread` (in Nightly builds, run with -Z macro-backtrace for more info)
[INFO] [stdout] 
[INFO] [stdout] 
[INFO] [stdout] warning: unused variable: `unknown`
[INFO] [stdout]   --> src/layout/prefix.rs:15:5
[INFO] [stdout]    |
[INFO] [stdout] 15 |     unknown: u8,
[INFO] [stdout]    |     ^^^^^^^
[INFO] [stdout]    |
[INFO] [stdout] help: `unknown` is captured in macro and introduced a unused variable
[INFO] [stdout]   --> src/layout/prefix.rs:7:1
[INFO] [stdout]    |
[INFO] [stdout] 7  | #[binread]
[INFO] [stdout]    | ^^^^^^^^^^
[INFO] [stdout]    = note: this warning originates in the attribute macro `binread` (in Nightly builds, run with -Z macro-backtrace for more info)
[INFO] [stdout] 
[INFO] [stdout] 
[INFO] [stdout] warning: unused variable: `encrypt_magic_version`
[INFO] [stdout]   --> src/layout/prefix.rs:17:5
[INFO] [stdout]    |
[INFO] [stdout] 17 |     encrypt_magic_version: u64,
[INFO] [stdout]    |     ^^^^^^^^^^^^^^^^^^^^^
[INFO] [stdout]    |
[INFO] [stdout] help: `encrypt_magic_version` is captured in macro and introduced a unused variable
[INFO] [stdout]   --> src/layout/prefix.rs:7:1
[INFO] [stdout]    |
[INFO] [stdout] 7  | #[binread]
[INFO] [stdout]    | ^^^^^^^^^^
[INFO] [stdout]    = note: this warning originates in the attribute macro `binread` (in Nightly builds, run with -Z macro-backtrace for more info)
[INFO] [stdout] 
[INFO] [stdout] 
[INFO] [stdout] warning: unused variable: `reserved`
[INFO] [stdout]   --> src/layout/prefix.rs:19:5
[INFO] [stdout]    |
[INFO] [stdout] 19 |     reserved: [u8; 80],
[INFO] [stdout]    |     ^^^^^^^^
[INFO] [stdout]    |
[INFO] [stdout] help: `reserved` is captured in macro and introduced a unused variable
[INFO] [stdout]   --> src/layout/prefix.rs:7:1
[INFO] [stdout]    |
[INFO] [stdout] 7  | #[binread]
[INFO] [stdout]    | ^^^^^^^^^^
[INFO] [stdout]    = note: this warning originates in the attribute macro `binread` (in Nightly builds, run with -Z macro-backtrace for more info)
[INFO] [stdout] 
[INFO] [stdout] 
[INFO] [stdout] warning: unused variable: `camera_shoot`
[INFO] [stdout]  --> src/record/custom.rs:9:5
[INFO] [stdout]   |
[INFO] [stdout] 9 |     camera_shoot: u8,
[INFO] [stdout]   |     ^^^^^^^^^^^^
[INFO] [stdout]   |
[INFO] [stdout] help: `camera_shoot` is captured in macro and introduced a unused variable
[INFO] [stdout]  --> src/record/custom.rs:4:1
[INFO] [stdout]   |
[INFO] [stdout] 4 | #[binread]
[INFO] [stdout]   | ^^^^^^^^^^
[INFO] [stdout]   = note: this warning originates in the attribute macro `binread` (in Nightly builds, run with -Z macro-backtrace for more info)
[INFO] [stdout] 
[INFO] [stdout] 
[INFO] [stdout] warning: unused variable: `video_shoot`
[INFO] [stdout]   --> src/record/custom.rs:11:5
[INFO] [stdout]    |
[INFO] [stdout] 11 |     video_shoot: u8,
[INFO] [stdout]    |     ^^^^^^^^^^^
[INFO] [stdout]    |
[INFO] [stdout] help: `video_shoot` is captured in macro and introduced a unused variable
[INFO] [stdout]   --> src/record/custom.rs:4:1
[INFO] [stdout]    |
[INFO] [stdout] 4  | #[binread]
[INFO] [stdout]    | ^^^^^^^^^^
[INFO] [stdout]    = note: this warning originates in the attribute macro `binread` (in Nightly builds, run with -Z macro-backtrace for more info)
[INFO] [stdout] 
[INFO] [stdout] 
[INFO] [stdout] warning: unused variable: `unknown`
[INFO] [stdout]   --> src/record/home.rs:59:5
[INFO] [stdout]    |
[INFO] [stdout] 59 |     unknown: [u8; 5],
[INFO] [stdout]    |     ^^^^^^^
[INFO] [stdout]    |
[INFO] [stdout] help: `unknown` is captured in macro and introduced a unused variable
[INFO] [stdout]   --> src/record/home.rs:6:1
[INFO] [stdout]    |
[INFO] [stdout] 6  | #[binread]
[INFO] [stdout]    | ^^^^^^^^^^
[INFO] [stdout]    = note: this warning originates in the attribute macro `binread` (in Nightly builds, run with -Z macro-backtrace for more info)
[INFO] [stdout] 
[INFO] [stdout] 
[INFO] [stderr]    Compiling dji-log-parser v0.1.0 (/opt/rustwide/workdir)
[INFO] [stdout] warning: unused variable: `unknown`
[INFO] [stdout]   --> src/record/smart_battery_group.rs:24:5
[INFO] [stdout]    |
[INFO] [stdout] 24 |     unknown: u16,
[INFO] [stdout]    |     ^^^^^^^
[INFO] [stdout]    |
[INFO] [stdout] help: `unknown` is captured in macro and introduced a unused variable
[INFO] [stdout]   --> src/record/smart_battery_group.rs:15:1
[INFO] [stdout]    |
[INFO] [stdout] 15 | #[binread]
[INFO] [stdout]    | ^^^^^^^^^^
[INFO] [stdout]    = note: this warning originates in the attribute macro `binread` (in Nightly builds, run with -Z macro-backtrace for more info)
[INFO] [stdout] 
[INFO] [stdout] 
[INFO] [stdout] warning: unused variable: `unknown2`
[INFO] [stdout]   --> src/record/smart_battery_group.rs:27:5
[INFO] [stdout]    |
[INFO] [stdout] 27 |     unknown2: [u8; 10],
[INFO] [stdout]    |     ^^^^^^^^
[INFO] [stdout]    |
[INFO] [stdout] help: `unknown2` is captured in macro and introduced a unused variable
[INFO] [stdout]   --> src/record/smart_battery_group.rs:15:1
[INFO] [stdout]    |
[INFO] [stdout] 15 | #[binread]
[INFO] [stdout]    | ^^^^^^^^^^
[INFO] [stdout]    = note: this warning originates in the attribute macro `binread` (in Nightly builds, run with -Z macro-backtrace for more info)
[INFO] [stdout] 
[INFO] [stdout] 
[INFO] [stdout] warning: unused variable: `unknown3`
[INFO] [stdout]   --> src/record/smart_battery_group.rs:29:5
[INFO] [stdout]    |
[INFO] [stdout] 29 |     unknown3: [u8; 5],
[INFO] [stdout]    |     ^^^^^^^^
[INFO] [stdout]    |
[INFO] [stdout] help: `unknown3` is captured in macro and introduced a unused variable
[INFO] [stdout]   --> src/record/smart_battery_group.rs:15:1
[INFO] [stdout]    |
[INFO] [stdout] 15 | #[binread]
[INFO] [stdout]    | ^^^^^^^^^^
[INFO] [stdout]    = note: this warning originates in the attribute macro `binread` (in Nightly builds, run with -Z macro-backtrace for more info)
[INFO] [stdout] 
[INFO] [stdout] 
[INFO] [stdout] warning: field `detail_length` is never read
[INFO] [stdout]   --> src/layout/prefix.rs:12:5
[INFO] [stdout]    |
[INFO] [stdout] 10 | pub struct Prefix {
[INFO] [stdout]    |            ------ field in this struct
[INFO] [stdout] 11 |     detail_offset: u64,
[INFO] [stdout] 12 |     detail_length: u16,
[INFO] [stdout]    |     ^^^^^^^^^^^^^
[INFO] [stdout]    |
[INFO] [stdout]    = note: `Prefix` has derived impls for the traits `Clone` and `Debug`, but these are intentionally ignored during dead code analysis
[INFO] [stdout]    = note: `#[warn(dead_code)]` on by default
[INFO] [stdout] 
[INFO] [stdout] 
[INFO] [stdout] warning: field `serial_number` is never read
[INFO] [stdout]   --> src/record/smart_battery_group.rs:25:5
[INFO] [stdout]    |
[INFO] [stdout] 18 | pub struct SmartBatteryStatic {
[INFO] [stdout]    |            ------------------ field in this struct
[INFO] [stdout] ...
[INFO] [stdout] 25 |     serial_number: u16,
[INFO] [stdout]    |     ^^^^^^^^^^^^^
[INFO] [stdout]    |
[INFO] [stdout]    = note: `SmartBatteryStatic` has a derived impl for the trait `Debug`, but this is intentionally ignored during dead code analysis
[INFO] [stdout] 
[INFO] [stdout] 
[INFO] [stdout] warning: unused `Result` that must be used
[INFO] [stdout]    --> src/decoder.rs:153:9
[INFO] [stdout]     |
[INFO] [stdout] 153 |         self.buffer.read(buf);
[INFO] [stdout]     |         ^^^^^^^^^^^^^^^^^^^^^
[INFO] [stdout]     |
[INFO] [stdout]     = note: this `Result` may be an `Err` variant, which should be handled
[INFO] [stdout]     = note: `#[warn(unused_must_use)]` on by default
[INFO] [stdout] help: use `let _ = ...` to ignore the resulting value
[INFO] [stdout]     |
[INFO] [stdout] 153 |         let _ = self.buffer.read(buf);
[INFO] [stdout]     |         +++++++
[INFO] [stdout] 
[INFO] [stdout] 
[INFO] [stdout] warning: structure field `updateTimeStamp` should have a snake case name
[INFO] [stdout]   --> src/record/custom.rs:15:9
[INFO] [stdout]    |
[INFO] [stdout] 15 |     pub updateTimeStamp: DateTime<Utc>,
[INFO] [stdout]    |         ^^^^^^^^^^^^^^^ help: convert the identifier to snake case: `update_time_stamp`
[INFO] [stdout]    |
[INFO] [stdout]    = note: `#[warn(non_snake_case)]` on by default
[INFO] [stdout] 
[INFO] [stdout] 
[INFO] [stdout] warning: 19 warnings emitted
[INFO] [stdout] 
[INFO] [stdout] 
[INFO] [stdout] warning: unused variable: `records`
[INFO] [stdout]   --> src/main.rs:30:9
[INFO] [stdout]    |
[INFO] [stdout] 30 |     let records = parser
[INFO] [stdout]    |         ^^^^^^^ help: if this is intentional, prefix it with an underscore: `_records`
[INFO] [stdout]    |
[INFO] [stdout]    = note: `#[warn(unused_variables)]` on by default
[INFO] [stdout] 
[INFO] [stdout] 
[INFO] [stdout] warning: 1 warning emitted
[INFO] [stdout] 
[INFO] [stdout] 
[INFO] [stdout] warning: unused variable: `unknown`
[INFO] [stdout]   --> src/layout/info.rs:46:5
[INFO] [stdout]    |
[INFO] [stdout] 46 |     unknown: i64,
[INFO] [stdout]    |     ^^^^^^^
[INFO] [stdout]    |
[INFO] [stdout] help: `unknown` is captured in macro and introduced a unused variable
[INFO] [stdout]   --> src/layout/info.rs:5:1
[INFO] [stdout]    |
[INFO] [stdout] 5  | #[binread]
[INFO] [stdout]    | ^^^^^^^^^^
[INFO] [stdout]    = note: `#[warn(unused_variables)]` on by default
[INFO] [stdout]    = note: this warning originates in the attribute macro `binread` (in Nightly builds, run with -Z macro-backtrace for more info)
[INFO] [stdout] 
[INFO] [stdout] 
[INFO] [stdout] warning: unused variable: `user_api_center_id_md5`
[INFO] [stdout]   --> src/layout/info.rs:48:5
[INFO] [stdout]    |
[INFO] [stdout] 48 |     user_api_center_id_md5: [u8; 16],
[INFO] [stdout]    |     ^^^^^^^^^^^^^^^^^^^^^^
[INFO] [stdout]    |
[INFO] [stdout] help: `user_api_center_id_md5` is captured in macro and introduced a unused variable
[INFO] [stdout]   --> src/layout/info.rs:5:1
[INFO] [stdout]    |
[INFO] [stdout] 5  | #[binread]
[INFO] [stdout]    | ^^^^^^^^^^
[INFO] [stdout]    = note: this warning originates in the attribute macro `binread` (in Nightly builds, run with -Z macro-backtrace for more info)
[INFO] [stdout] 
[INFO] [stdout] 
[INFO] [stdout] warning: unused variable: `unknown2`
[INFO] [stdout]   --> src/layout/info.rs:54:5
[INFO] [stdout]    |
[INFO] [stdout] 54 |     unknown2: i64,
[INFO] [stdout]    |     ^^^^^^^^
[INFO] [stdout]    |
[INFO] [stdout] help: `unknown2` is captured in macro and introduced a unused variable
[INFO] [stdout]   --> src/layout/info.rs:5:1
[INFO] [stdout]    |
[INFO] [stdout] 5  | #[binread]
[INFO] [stdout]    | ^^^^^^^^^^
[INFO] [stdout]    = note: this warning originates in the attribute macro `binread` (in Nightly builds, run with -Z macro-backtrace for more info)
[INFO] [stdout] 
[INFO] [stdout] 
[INFO] [stdout] warning: unused variable: `unknown3`
[INFO] [stdout]   --> src/layout/info.rs:79:5
[INFO] [stdout]    |
[INFO] [stdout] 79 |     unknown3: u8,
[INFO] [stdout]    |     ^^^^^^^^
[INFO] [stdout]    |
[INFO] [stdout] help: `unknown3` is captured in macro and introduced a unused variable
[INFO] [stdout]   --> src/layout/info.rs:5:1
[INFO] [stdout]    |
[INFO] [stdout] 5  | #[binread]
[INFO] [stdout]    | ^^^^^^^^^^
[INFO] [stdout]    = note: this warning originates in the attribute macro `binread` (in Nightly builds, run with -Z macro-backtrace for more info)
[INFO] [stdout] 
[INFO] [stdout] 
[INFO] [stdout] warning: unused variable: `reserved`
[INFO] [stdout]   --> src/layout/info.rs:81:5
[INFO] [stdout]    |
[INFO] [stdout] 81 |     reserved: [u8; 19],
[INFO] [stdout]    |     ^^^^^^^^
[INFO] [stdout]    |
[INFO] [stdout] help: `reserved` is captured in macro and introduced a unused variable
[INFO] [stdout]   --> src/layout/info.rs:5:1
[INFO] [stdout]    |
[INFO] [stdout] 5  | #[binread]
[INFO] [stdout]    | ^^^^^^^^^^
[INFO] [stdout]    = note: this warning originates in the attribute macro `binread` (in Nightly builds, run with -Z macro-backtrace for more info)
[INFO] [stdout] 
[INFO] [stdout] 
[INFO] [stdout] warning: unused variable: `uuid`
[INFO] [stdout]   --> src/layout/info.rs:83:9
[INFO] [stdout]    |
[INFO] [stdout] 83 |     pub uuid: UUID,
[INFO] [stdout]    |         ^^^^
[INFO] [stdout]    |
[INFO] [stdout] help: `uuid` is captured in macro and introduced a unused variable
[INFO] [stdout]   --> src/layout/info.rs:5:1
[INFO] [stdout]    |
[INFO] [stdout] 5  | #[binread]
[INFO] [stdout]    | ^^^^^^^^^^
[INFO] [stdout]    = note: this warning originates in the attribute macro `binread` (in Nightly builds, run with -Z macro-backtrace for more info)
[INFO] [stdout] 
[INFO] [stdout] 
[INFO] [stdout] warning: unused variable: `unknown`
[INFO] [stdout]   --> src/layout/prefix.rs:15:5
[INFO] [stdout]    |
[INFO] [stdout] 15 |     unknown: u8,
[INFO] [stdout]    |     ^^^^^^^
[INFO] [stdout]    |
[INFO] [stdout] help: `unknown` is captured in macro and introduced a unused variable
[INFO] [stdout]   --> src/layout/prefix.rs:7:1
[INFO] [stdout]    |
[INFO] [stdout] 7  | #[binread]
[INFO] [stdout]    | ^^^^^^^^^^
[INFO] [stdout]    = note: this warning originates in the attribute macro `binread` (in Nightly builds, run with -Z macro-backtrace for more info)
[INFO] [stdout] 
[INFO] [stdout] 
[INFO] [stdout] warning: unused variable: `encrypt_magic_version`
[INFO] [stdout]   --> src/layout/prefix.rs:17:5
[INFO] [stdout]    |
[INFO] [stdout] 17 |     encrypt_magic_version: u64,
[INFO] [stdout]    |     ^^^^^^^^^^^^^^^^^^^^^
[INFO] [stdout]    |
[INFO] [stdout] help: `encrypt_magic_version` is captured in macro and introduced a unused variable
[INFO] [stdout]   --> src/layout/prefix.rs:7:1
[INFO] [stdout]    |
[INFO] [stdout] 7  | #[binread]
[INFO] [stdout]    | ^^^^^^^^^^
[INFO] [stdout]    = note: this warning originates in the attribute macro `binread` (in Nightly builds, run with -Z macro-backtrace for more info)
[INFO] [stdout] 
[INFO] [stdout] 
[INFO] [stdout] warning: unused variable: `reserved`
[INFO] [stdout]   --> src/layout/prefix.rs:19:5
[INFO] [stdout]    |
[INFO] [stdout] 19 |     reserved: [u8; 80],
[INFO] [stdout]    |     ^^^^^^^^
[INFO] [stdout]    |
[INFO] [stdout] help: `reserved` is captured in macro and introduced a unused variable
[INFO] [stdout]   --> src/layout/prefix.rs:7:1
[INFO] [stdout]    |
[INFO] [stdout] 7  | #[binread]
[INFO] [stdout]    | ^^^^^^^^^^
[INFO] [stdout]    = note: this warning originates in the attribute macro `binread` (in Nightly builds, run with -Z macro-backtrace for more info)
[INFO] [stdout] 
[INFO] [stdout] 
[INFO] [stdout] warning: unused variable: `camera_shoot`
[INFO] [stdout]  --> src/record/custom.rs:9:5
[INFO] [stdout]   |
[INFO] [stdout] 9 |     camera_shoot: u8,
[INFO] [stdout]   |     ^^^^^^^^^^^^
[INFO] [stdout]   |
[INFO] [stdout] help: `camera_shoot` is captured in macro and introduced a unused variable
[INFO] [stdout]  --> src/record/custom.rs:4:1
[INFO] [stdout]   |
[INFO] [stdout] 4 | #[binread]
[INFO] [stdout]   | ^^^^^^^^^^
[INFO] [stdout]   = note: this warning originates in the attribute macro `binread` (in Nightly builds, run with -Z macro-backtrace for more info)
[INFO] [stdout] 
[INFO] [stdout] 
[INFO] [stdout] warning: unused variable: `video_shoot`
[INFO] [stdout]   --> src/record/custom.rs:11:5
[INFO] [stdout]    |
[INFO] [stdout] 11 |     video_shoot: u8,
[INFO] [stdout]    |     ^^^^^^^^^^^
[INFO] [stdout]    |
[INFO] [stdout] help: `video_shoot` is captured in macro and introduced a unused variable
[INFO] [stdout]   --> src/record/custom.rs:4:1
[INFO] [stdout]    |
[INFO] [stdout] 4  | #[binread]
[INFO] [stdout]    | ^^^^^^^^^^
[INFO] [stdout]    = note: this warning originates in the attribute macro `binread` (in Nightly builds, run with -Z macro-backtrace for more info)
[INFO] [stdout] 
[INFO] [stdout] 
[INFO] [stdout] warning: unused variable: `unknown`
[INFO] [stdout]   --> src/record/home.rs:59:5
[INFO] [stdout]    |
[INFO] [stdout] 59 |     unknown: [u8; 5],
[INFO] [stdout]    |     ^^^^^^^
[INFO] [stdout]    |
[INFO] [stdout] help: `unknown` is captured in macro and introduced a unused variable
[INFO] [stdout]   --> src/record/home.rs:6:1
[INFO] [stdout]    |
[INFO] [stdout] 6  | #[binread]
[INFO] [stdout]    | ^^^^^^^^^^
[INFO] [stdout]    = note: this warning originates in the attribute macro `binread` (in Nightly builds, run with -Z macro-backtrace for more info)
[INFO] [stdout] 
[INFO] [stdout] 
[INFO] [stdout] warning: unused variable: `unknown`
[INFO] [stdout]   --> src/record/smart_battery_group.rs:24:5
[INFO] [stdout]    |
[INFO] [stdout] 24 |     unknown: u16,
[INFO] [stdout]    |     ^^^^^^^
[INFO] [stdout]    |
[INFO] [stdout] help: `unknown` is captured in macro and introduced a unused variable
[INFO] [stdout]   --> src/record/smart_battery_group.rs:15:1
[INFO] [stdout]    |
[INFO] [stdout] 15 | #[binread]
[INFO] [stdout]    | ^^^^^^^^^^
[INFO] [stdout]    = note: this warning originates in the attribute macro `binread` (in Nightly builds, run with -Z macro-backtrace for more info)
[INFO] [stdout] 
[INFO] [stdout] 
[INFO] [stdout] warning: unused variable: `unknown2`
[INFO] [stdout]   --> src/record/smart_battery_group.rs:27:5
[INFO] [stdout]    |
[INFO] [stdout] 27 |     unknown2: [u8; 10],
[INFO] [stdout]    |     ^^^^^^^^
[INFO] [stdout]    |
[INFO] [stdout] help: `unknown2` is captured in macro and introduced a unused variable
[INFO] [stdout]   --> src/record/smart_battery_group.rs:15:1
[INFO] [stdout]    |
[INFO] [stdout] 15 | #[binread]
[INFO] [stdout]    | ^^^^^^^^^^
[INFO] [stdout]    = note: this warning originates in the attribute macro `binread` (in Nightly builds, run with -Z macro-backtrace for more info)
[INFO] [stdout] 
[INFO] [stdout] 
[INFO] [stdout] warning: unused variable: `unknown3`
[INFO] [stdout]   --> src/record/smart_battery_group.rs:29:5
[INFO] [stdout]    |
[INFO] [stdout] 29 |     unknown3: [u8; 5],
[INFO] [stdout]    |     ^^^^^^^^
[INFO] [stdout]    |
[INFO] [stdout] help: `unknown3` is captured in macro and introduced a unused variable
[INFO] [stdout]   --> src/record/smart_battery_group.rs:15:1
[INFO] [stdout]    |
[INFO] [stdout] 15 | #[binread]
[INFO] [stdout]    | ^^^^^^^^^^
[INFO] [stdout]    = note: this warning originates in the attribute macro `binread` (in Nightly builds, run with -Z macro-backtrace for more info)
[INFO] [stdout] 
[INFO] [stdout] 
[INFO] [stdout] warning: field `detail_length` is never read
[INFO] [stdout]   --> src/layout/prefix.rs:12:5
[INFO] [stdout]    |
[INFO] [stdout] 10 | pub struct Prefix {
[INFO] [stdout]    |            ------ field in this struct
[INFO] [stdout] 11 |     detail_offset: u64,
[INFO] [stdout] 12 |     detail_length: u16,
[INFO] [stdout]    |     ^^^^^^^^^^^^^
[INFO] [stdout]    |
[INFO] [stdout]    = note: `Prefix` has derived impls for the traits `Clone` and `Debug`, but these are intentionally ignored during dead code analysis
[INFO] [stdout]    = note: `#[warn(dead_code)]` on by default
[INFO] [stdout] 
[INFO] [stdout] 
[INFO] [stdout] warning: field `serial_number` is never read
[INFO] [stdout]   --> src/record/smart_battery_group.rs:25:5
[INFO] [stdout]    |
[INFO] [stdout] 18 | pub struct SmartBatteryStatic {
[INFO] [stdout]    |            ------------------ field in this struct
[INFO] [stdout] ...
[INFO] [stdout] 25 |     serial_number: u16,
[INFO] [stdout]    |     ^^^^^^^^^^^^^
[INFO] [stdout]    |
[INFO] [stdout]    = note: `SmartBatteryStatic` has a derived impl for the trait `Debug`, but this is intentionally ignored during dead code analysis
[INFO] [stdout] 
[INFO] [stdout] 
[INFO] [stdout] warning: unused `Result` that must be used
[INFO] [stdout]    --> src/decoder.rs:153:9
[INFO] [stdout]     |
[INFO] [stdout] 153 |         self.buffer.read(buf);
[INFO] [stdout]     |         ^^^^^^^^^^^^^^^^^^^^^
[INFO] [stdout]     |
[INFO] [stdout]     = note: this `Result` may be an `Err` variant, which should be handled
[INFO] [stdout]     = note: `#[warn(unused_must_use)]` on by default
[INFO] [stdout] help: use `let _ = ...` to ignore the resulting value
[INFO] [stdout]     |
[INFO] [stdout] 153 |         let _ = self.buffer.read(buf);
[INFO] [stdout]     |         +++++++
[INFO] [stdout] 
[INFO] [stdout] 
[INFO] [stdout] warning: structure field `updateTimeStamp` should have a snake case name
[INFO] [stdout]   --> src/record/custom.rs:15:9
[INFO] [stdout]    |
[INFO] [stdout] 15 |     pub updateTimeStamp: DateTime<Utc>,
[INFO] [stdout]    |         ^^^^^^^^^^^^^^^ help: convert the identifier to snake case: `update_time_stamp`
[INFO] [stdout]    |
[INFO] [stdout]    = note: `#[warn(non_snake_case)]` on by default
[INFO] [stdout] 
[INFO] [stdout] 
[INFO] [stdout] warning: 19 warnings emitted
[INFO] [stdout] 
[INFO] [stdout] 
[INFO] [stderr]     Finished test [unoptimized + debuginfo] target(s) in 1.30s
[INFO] running `Command { std: "docker" "inspect" "c6e9913410326c5850820115b8ed88cbc7ee5338a35f91371ea6748147b7f37e", kill_on_drop: false }`
[INFO] running `Command { std: "docker" "rm" "-f" "c6e9913410326c5850820115b8ed88cbc7ee5338a35f91371ea6748147b7f37e", kill_on_drop: false }`
[INFO] [stdout] c6e9913410326c5850820115b8ed88cbc7ee5338a35f91371ea6748147b7f37e
[INFO] running `Command { std: "docker" "create" "-v" "/var/lib/crater-agent-workspace/builds/worker-5-tc2/target:/opt/rustwide/target:rw,Z" "-v" "/var/lib/crater-agent-workspace/builds/worker-5-tc2/source:/opt/rustwide/workdir:ro,Z" "-v" "/var/lib/crater-agent-workspace/cargo-home:/opt/rustwide/cargo-home:ro,Z" "-v" "/var/lib/crater-agent-workspace/rustup-home:/opt/rustwide/rustup-home:ro,Z" "-e" "SOURCE_DIR=/opt/rustwide/workdir" "-e" "CARGO_TARGET_DIR=/opt/rustwide/target" "-e" "CARGO_INCREMENTAL=0" "-e" "RUST_BACKTRACE=full" "-e" "RUSTFLAGS=--cap-lints=warn" "-e" "RUSTDOCFLAGS=--cap-lints=warn" "-e" "CARGO_HOME=/opt/rustwide/cargo-home" "-e" "RUSTUP_HOME=/opt/rustwide/rustup-home" "-w" "/opt/rustwide/workdir" "-m" "1610612736" "--user" "0:0" "--network" "none" "ghcr.io/rust-lang/crates-build-env/linux@sha256:2788e3201cd34a07e3172128adcd8b3090168a8e3bcc40d7c032b9dda1df7d1c" "/opt/rustwide/cargo-home/bin/cargo" "+beta-2023-12-22" "test" "--frozen", kill_on_drop: false }`
[INFO] [stdout] 7d1f3c101711aa9f92d34d28abd6bccc8cd3276556016370e635d673c4b8b169
[INFO] running `Command { std: "docker" "start" "-a" "7d1f3c101711aa9f92d34d28abd6bccc8cd3276556016370e635d673c4b8b169", kill_on_drop: false }`
[INFO] [stderr] warning: unused variable: `unknown`
[INFO] [stderr]   --> src/layout/info.rs:46:5
[INFO] [stderr]    |
[INFO] [stderr] 46 |     unknown: i64,
[INFO] [stderr]    |     ^^^^^^^
[INFO] [stderr]    |
[INFO] [stderr] help: `unknown` is captured in macro and introduced a unused variable
[INFO] [stderr]   --> src/layout/info.rs:5:1
[INFO] [stderr]    |
[INFO] [stderr] 5  | #[binread]
[INFO] [stderr]    | ^^^^^^^^^^
[INFO] [stderr]    = note: `#[warn(unused_variables)]` on by default
[INFO] [stderr]    = note: this warning originates in the attribute macro `binread` (in Nightly builds, run with -Z macro-backtrace for more info)
[INFO] [stderr] 
[INFO] [stderr] warning: unused variable: `user_api_center_id_md5`
[INFO] [stderr]   --> src/layout/info.rs:48:5
[INFO] [stderr]    |
[INFO] [stderr] 48 |     user_api_center_id_md5: [u8; 16],
[INFO] [stderr]    |     ^^^^^^^^^^^^^^^^^^^^^^
[INFO] [stderr]    |
[INFO] [stderr] help: `user_api_center_id_md5` is captured in macro and introduced a unused variable
[INFO] [stderr]   --> src/layout/info.rs:5:1
[INFO] [stderr]    |
[INFO] [stderr] 5  | #[binread]
[INFO] [stderr]    | ^^^^^^^^^^
[INFO] [stderr]    = note: this warning originates in the attribute macro `binread` (in Nightly builds, run with -Z macro-backtrace for more info)
[INFO] [stderr] 
[INFO] [stderr] warning: unused variable: `unknown2`
[INFO] [stderr]   --> src/layout/info.rs:54:5
[INFO] [stderr]    |
[INFO] [stderr] 54 |     unknown2: i64,
[INFO] [stderr]    |     ^^^^^^^^
[INFO] [stderr]    |
[INFO] [stderr] help: `unknown2` is captured in macro and introduced a unused variable
[INFO] [stderr]   --> src/layout/info.rs:5:1
[INFO] [stderr]    |
[INFO] [stderr] 5  | #[binread]
[INFO] [stderr]    | ^^^^^^^^^^
[INFO] [stderr]    = note: this warning originates in the attribute macro `binread` (in Nightly builds, run with -Z macro-backtrace for more info)
[INFO] [stderr] 
[INFO] [stderr] warning: unused variable: `unknown3`
[INFO] [stderr]   --> src/layout/info.rs:79:5
[INFO] [stderr]    |
[INFO] [stderr] 79 |     unknown3: u8,
[INFO] [stderr]    |     ^^^^^^^^
[INFO] [stderr]    |
[INFO] [stderr] help: `unknown3` is captured in macro and introduced a unused variable
[INFO] [stderr]   --> src/layout/info.rs:5:1
[INFO] [stderr]    |
[INFO] [stderr] 5  | #[binread]
[INFO] [stderr]    | ^^^^^^^^^^
[INFO] [stderr]    = note: this warning originates in the attribute macro `binread` (in Nightly builds, run with -Z macro-backtrace for more info)
[INFO] [stderr] 
[INFO] [stderr] warning: unused variable: `reserved`
[INFO] [stderr]   --> src/layout/info.rs:81:5
[INFO] [stderr]    |
[INFO] [stderr] 81 |     reserved: [u8; 19],
[INFO] [stderr]    |     ^^^^^^^^
[INFO] [stderr]    |
[INFO] [stderr] help: `reserved` is captured in macro and introduced a unused variable
[INFO] [stderr]   --> src/layout/info.rs:5:1
[INFO] [stderr]    |
[INFO] [stderr] 5  | #[binread]
[INFO] [stderr]    | ^^^^^^^^^^
[INFO] [stderr]    = note: this warning originates in the attribute macro `binread` (in Nightly builds, run with -Z macro-backtrace for more info)
[INFO] [stderr] 
[INFO] [stderr] warning: unused variable: `uuid`
[INFO] [stderr]   --> src/layout/info.rs:83:9
[INFO] [stderr]    |
[INFO] [stderr] 83 |     pub uuid: UUID,
[INFO] [stderr]    |         ^^^^
[INFO] [stderr]    |
[INFO] [stderr] help: `uuid` is captured in macro and introduced a unused variable
[INFO] [stderr]   --> src/layout/info.rs:5:1
[INFO] [stderr]    |
[INFO] [stderr] 5  | #[binread]
[INFO] [stderr]    | ^^^^^^^^^^
[INFO] [stderr]    = note: this warning originates in the attribute macro `binread` (in Nightly builds, run with -Z macro-backtrace for more info)
[INFO] [stderr] 
[INFO] [stderr] warning: unused variable: `unknown`
[INFO] [stderr]   --> src/layout/prefix.rs:15:5
[INFO] [stderr]    |
[INFO] [stderr] 15 |     unknown: u8,
[INFO] [stderr]    |     ^^^^^^^
[INFO] [stderr]    |
[INFO] [stderr] help: `unknown` is captured in macro and introduced a unused variable
[INFO] [stderr]   --> src/layout/prefix.rs:7:1
[INFO] [stderr]    |
[INFO] [stderr] 7  | #[binread]
[INFO] [stderr]    | ^^^^^^^^^^
[INFO] [stderr]    = note: this warning originates in the attribute macro `binread` (in Nightly builds, run with -Z macro-backtrace for more info)
[INFO] [stderr] 
[INFO] [stderr] warning: unused variable: `encrypt_magic_version`
[INFO] [stderr]   --> src/layout/prefix.rs:17:5
[INFO] [stderr]    |
[INFO] [stderr] 17 |     encrypt_magic_version: u64,
[INFO] [stderr]    |     ^^^^^^^^^^^^^^^^^^^^^
[INFO] [stderr]    |
[INFO] [stderr] help: `encrypt_magic_version` is captured in macro and introduced a unused variable
[INFO] [stderr]   --> src/layout/prefix.rs:7:1
[INFO] [stderr]    |
[INFO] [stderr] 7  | #[binread]
[INFO] [stderr]    | ^^^^^^^^^^
[INFO] [stderr]    = note: this warning originates in the attribute macro `binread` (in Nightly builds, run with -Z macro-backtrace for more info)
[INFO] [stderr] 
[INFO] [stderr] warning: unused variable: `reserved`
[INFO] [stderr]   --> src/layout/prefix.rs:19:5
[INFO] [stderr]    |
[INFO] [stderr] 19 |     reserved: [u8; 80],
[INFO] [stderr]    |     ^^^^^^^^
[INFO] [stderr]    |
[INFO] [stderr] help: `reserved` is captured in macro and introduced a unused variable
[INFO] [stderr]   --> src/layout/prefix.rs:7:1
[INFO] [stderr]    |
[INFO] [stderr] 7  | #[binread]
[INFO] [stderr]    | ^^^^^^^^^^
[INFO] [stderr]    = note: this warning originates in the attribute macro `binread` (in Nightly builds, run with -Z macro-backtrace for more info)
[INFO] [stderr] 
[INFO] [stderr] warning: unused variable: `camera_shoot`
[INFO] [stderr]  --> src/record/custom.rs:9:5
[INFO] [stderr]   |
[INFO] [stderr] 9 |     camera_shoot: u8,
[INFO] [stderr]   |     ^^^^^^^^^^^^
[INFO] [stderr]   |
[INFO] [stderr] help: `camera_shoot` is captured in macro and introduced a unused variable
[INFO] [stderr]  --> src/record/custom.rs:4:1
[INFO] [stderr]   |
[INFO] [stderr] 4 | #[binread]
[INFO] [stderr]   | ^^^^^^^^^^
[INFO] [stderr]   = note: this warning originates in the attribute macro `binread` (in Nightly builds, run with -Z macro-backtrace for more info)
[INFO] [stderr] 
[INFO] [stderr] warning: unused variable: `video_shoot`
[INFO] [stderr]   --> src/record/custom.rs:11:5
[INFO] [stderr]    |
[INFO] [stderr] 11 |     video_shoot: u8,
[INFO] [stderr]    |     ^^^^^^^^^^^
[INFO] [stderr]    |
[INFO] [stderr] help: `video_shoot` is captured in macro and introduced a unused variable
[INFO] [stderr]   --> src/record/custom.rs:4:1
[INFO] [stderr]    |
[INFO] [stderr] 4  | #[binread]
[INFO] [stderr]    | ^^^^^^^^^^
[INFO] [stderr]    = note: this warning originates in the attribute macro `binread` (in Nightly builds, run with -Z macro-backtrace for more info)
[INFO] [stderr] 
[INFO] [stderr] warning: unused variable: `unknown`
[INFO] [stderr]   --> src/record/home.rs:59:5
[INFO] [stderr]    |
[INFO] [stderr] 59 |     unknown: [u8; 5],
[INFO] [stderr]    |     ^^^^^^^
[INFO] [stderr]    |
[INFO] [stderr] help: `unknown` is captured in macro and introduced a unused variable
[INFO] [stderr]   --> src/record/home.rs:6:1
[INFO] [stderr]    |
[INFO] [stderr] 6  | #[binread]
[INFO] [stderr]    | ^^^^^^^^^^
[INFO] [stderr]    = note: this warning originates in the attribute macro `binread` (in Nightly builds, run with -Z macro-backtrace for more info)
[INFO] [stderr] 
[INFO] [stderr] warning: unused variable: `unknown`
[INFO] [stderr]   --> src/record/smart_battery_group.rs:24:5
[INFO] [stderr]    |
[INFO] [stderr] 24 |     unknown: u16,
[INFO] [stderr]    |     ^^^^^^^
[INFO] [stderr]    |
[INFO] [stderr] help: `unknown` is captured in macro and introduced a unused variable
[INFO] [stderr]   --> src/record/smart_battery_group.rs:15:1
[INFO] [stderr]    |
[INFO] [stderr] 15 | #[binread]
[INFO] [stderr]    | ^^^^^^^^^^
[INFO] [stderr]    = note: this warning originates in the attribute macro `binread` (in Nightly builds, run with -Z macro-backtrace for more info)
[INFO] [stderr] 
[INFO] [stderr] warning: unused variable: `unknown2`
[INFO] [stderr]   --> src/record/smart_battery_group.rs:27:5
[INFO] [stderr]    |
[INFO] [stderr] 27 |     unknown2: [u8; 10],
[INFO] [stderr]    |     ^^^^^^^^
[INFO] [stderr]    |
[INFO] [stderr] help: `unknown2` is captured in macro and introduced a unused variable
[INFO] [stderr]   --> src/record/smart_battery_group.rs:15:1
[INFO] [stderr]    |
[INFO] [stderr] 15 | #[binread]
[INFO] [stderr]    | ^^^^^^^^^^
[INFO] [stderr]    = note: this warning originates in the attribute macro `binread` (in Nightly builds, run with -Z macro-backtrace for more info)
[INFO] [stderr] 
[INFO] [stderr] warning: unused variable: `unknown3`
[INFO] [stderr]   --> src/record/smart_battery_group.rs:29:5
[INFO] [stderr]    |
[INFO] [stderr] 29 |     unknown3: [u8; 5],
[INFO] [stderr]    |     ^^^^^^^^
[INFO] [stderr]    |
[INFO] [stderr] help: `unknown3` is captured in macro and introduced a unused variable
[INFO] [stderr]   --> src/record/smart_battery_group.rs:15:1
[INFO] [stderr]    |
[INFO] [stderr] 15 | #[binread]
[INFO] [stderr]    | ^^^^^^^^^^
[INFO] [stderr]    = note: this warning originates in the attribute macro `binread` (in Nightly builds, run with -Z macro-backtrace for more info)
[INFO] [stderr] 
[INFO] [stderr] warning: field `detail_length` is never read
[INFO] [stderr]   --> src/layout/prefix.rs:12:5
[INFO] [stderr]    |
[INFO] [stderr] 10 | pub struct Prefix {
[INFO] [stderr]    |            ------ field in this struct
[INFO] [stderr] 11 |     detail_offset: u64,
[INFO] [stderr] 12 |     detail_length: u16,
[INFO] [stderr]    |     ^^^^^^^^^^^^^
[INFO] [stderr]    |
[INFO] [stderr]    = note: `Prefix` has derived impls for the traits `Clone` and `Debug`, but these are intentionally ignored during dead code analysis
[INFO] [stderr]    = note: `#[warn(dead_code)]` on by default
[INFO] [stderr] 
[INFO] [stderr] warning: field `serial_number` is never read
[INFO] [stderr]   --> src/record/smart_battery_group.rs:25:5
[INFO] [stderr]    |
[INFO] [stderr] 18 | pub struct SmartBatteryStatic {
[INFO] [stderr]    |            ------------------ field in this struct
[INFO] [stderr] ...
[INFO] [stderr] 25 |     serial_number: u16,
[INFO] [stderr]    |     ^^^^^^^^^^^^^
[INFO] [stderr]    |
[INFO] [stderr]    = note: `SmartBatteryStatic` has a derived impl for the trait `Debug`, but this is intentionally ignored during dead code analysis
[INFO] [stderr] 
[INFO] [stderr] warning: unused `Result` that must be used
[INFO] [stderr]    --> src/decoder.rs:153:9
[INFO] [stderr]     |
[INFO] [stderr] 153 |         self.buffer.read(buf);
[INFO] [stderr]     |         ^^^^^^^^^^^^^^^^^^^^^
[INFO] [stderr]     |
[INFO] [stderr]     = note: this `Result` may be an `Err` variant, which should be handled
[INFO] [stderr]     = note: `#[warn(unused_must_use)]` on by default
[INFO] [stderr] help: use `let _ = ...` to ignore the resulting value
[INFO] [stderr]     |
[INFO] [stderr] 153 |         let _ = self.buffer.read(buf);
[INFO] [stderr]     |         +++++++
[INFO] [stderr] 
[INFO] [stderr] warning: structure field `updateTimeStamp` should have a snake case name
[INFO] [stderr]   --> src/record/custom.rs:15:9
[INFO] [stderr]    |
[INFO] [stderr] 15 |     pub updateTimeStamp: DateTime<Utc>,
[INFO] [stderr]    |         ^^^^^^^^^^^^^^^ help: convert the identifier to snake case: `update_time_stamp`
[INFO] [stderr]    |
[INFO] [stderr]    = note: `#[warn(non_snake_case)]` on by default
[INFO] [stderr] 
[INFO] [stderr] warning: `dji-log-parser` (lib) generated 19 warnings
[INFO] [stderr] warning: `dji-log-parser` (lib test) generated 19 warnings (19 duplicates)
[INFO] [stderr] warning: unused variable: `records`
[INFO] [stderr]   --> src/main.rs:30:9
[INFO] [stderr]    |
[INFO] [stderr] 30 |     let records = parser
[INFO] [stderr]    |         ^^^^^^^ help: if this is intentional, prefix it with an underscore: `_records`
[INFO] [stderr]    |
[INFO] [stderr]    = note: `#[warn(unused_variables)]` on by default
[INFO] [stderr] 
[INFO] [stderr] warning: `dji-log-parser` (bin "dji-log-parser" test) generated 1 warning (run `cargo fix --bin "dji-log-parser" --tests` to apply 1 suggestion)
[INFO] [stderr]     Finished test [unoptimized + debuginfo] target(s) in 0.07s
[INFO] [stderr]      Running unittests src/lib.rs (/opt/rustwide/target/debug/deps/dji_log_parser-90a79504701d4017)
[INFO] [stdout] 
[INFO] [stdout] running 0 tests
[INFO] [stdout] 
[INFO] [stdout] test result: ok. 0 passed; 0 failed; 0 ignored; 0 measured; 0 filtered out; finished in 0.00s
[INFO] [stdout] 
[INFO] [stderr]      Running unittests src/main.rs (/opt/rustwide/target/debug/deps/dji_log_parser-33a531268a1cbfb5)
[INFO] [stdout] 
[INFO] [stdout] running 0 tests
[INFO] [stdout] 
[INFO] [stdout] test result: ok. 0 passed; 0 failed; 0 ignored; 0 measured; 0 filtered out; finished in 0.00s
[INFO] [stdout] 
[INFO] [stderr]    Doc-tests dji-log-parser
[INFO] [stdout] 
[INFO] [stdout] running 3 tests
[INFO] [stdout] test src/lib.rs - DJILog<'a>::from_bytes (line 140) ... FAILED
[INFO] [stdout] test src/utils.rs - utils::sub_byte_field (line 36) ... FAILED
[INFO] [stdout] test src/utils.rs - utils::read_u16 (line 18) ... ok
[INFO] [stdout] 
[INFO] [stdout] failures:
[INFO] [stdout] 
[INFO] [stdout] ---- src/lib.rs - DJILog<'a>::from_bytes (line 140) stdout ----
[INFO] [stdout] error: couldn't read src/path/to/log/file: No such file or directory (os error 2)
[INFO] [stdout]  --> src/lib.rs:143:17
[INFO] [stdout]   |
[INFO] [stdout] 5 | let log_bytes = include_bytes!("path/to/log/file");
[INFO] [stdout]   |                 ^^^^^^^^^^^^^^^^^^^^^^^^^^^^^^^^^^
[INFO] [stdout]   |
[INFO] [stdout]   = note: this error originates in the macro `include_bytes` (in Nightly builds, run with -Z macro-backtrace for more info)
[INFO] [stdout] 
[INFO] [stdout] error[E0432]: unresolved import `djilog_parser`
[INFO] [stdout]  --> src/lib.rs:141:5
[INFO] [stdout]   |
[INFO] [stdout] 3 | use djilog_parser::DJILog;
[INFO] [stdout]   |     ^^^^^^^^^^^^^ use of undeclared crate or module `djilog_parser`
[INFO] [stdout]   |
[INFO] [stdout] help: there is a crate or module with a similar name
[INFO] [stdout]   |
[INFO] [stdout] 3 | use dji_log_parser::DJILog;
[INFO] [stdout]   |     ~~~~~~~~~~~~~~
[INFO] [stdout] 
[INFO] [stdout] error: aborting due to 2 previous errors
[INFO] [stdout] 
[INFO] [stdout] For more information about this error, try `rustc --explain E0432`.
[INFO] [stdout] Couldn't compile the test.
[INFO] [stdout] ---- src/utils.rs - utils::sub_byte_field (line 36) stdout ----
[INFO] [stdout] error[E0425]: cannot find function `sub_byte_field` in this scope
[INFO] [stdout]  --> src/utils.rs:39:12
[INFO] [stdout]   |
[INFO] [stdout] 5 | assert_eq!(sub_byte_field(byte, mask), 0b00000101);
[INFO] [stdout]   |            ^^^^^^^^^^^^^^ not found in this scope
[INFO] [stdout] 
[INFO] [stdout] error: aborting due to 1 previous error
[INFO] [stdout] 
[INFO] [stdout] For more information about this error, try `rustc --explain E0425`.
[INFO] [stdout] Couldn't compile the test.
[INFO] [stdout] 
[INFO] [stdout] failures:
[INFO] [stdout]     src/lib.rs - DJILog<'a>::from_bytes (line 140)
[INFO] [stdout]     src/utils.rs - utils::sub_byte_field (line 36)
[INFO] [stdout] 
[INFO] [stdout] test result: FAILED. 1 passed; 2 failed; 0 ignored; 0 measured; 0 filtered out; finished in 0.15s
[INFO] [stdout] 
[INFO] [stderr] error: doctest failed, to rerun pass `--doc`
[INFO] running `Command { std: "docker" "inspect" "7d1f3c101711aa9f92d34d28abd6bccc8cd3276556016370e635d673c4b8b169", kill_on_drop: false }`
[INFO] running `Command { std: "docker" "rm" "-f" "7d1f3c101711aa9f92d34d28abd6bccc8cd3276556016370e635d673c4b8b169", kill_on_drop: false }`
[INFO] [stdout] 7d1f3c101711aa9f92d34d28abd6bccc8cd3276556016370e635d673c4b8b169
