[INFO] cloning repository https://github.com/lukunz/advent-of-code
[INFO] running `Command { std: "git" "-c" "credential.helper=" "-c" "credential.helper=/workspace/cargo-home/bin/git-credential-null" "clone" "--bare" "https://github.com/lukunz/advent-of-code" "/workspace/cache/git-repos/https%3A%2F%2Fgithub.com%2Flukunz%2Fadvent-of-code", kill_on_drop: false }`
[INFO] [stderr] Cloning into bare repository '/workspace/cache/git-repos/https%3A%2F%2Fgithub.com%2Flukunz%2Fadvent-of-code'...
[INFO] running `Command { std: "git" "rev-parse" "HEAD", kill_on_drop: false }`
[INFO] [stdout] c74252562959ce42a2c54cbc8f6e32375a0b8cf4
[INFO] testing lukunz/advent-of-code against 1.75.0 for beta-1.76-1
[INFO] running `Command { std: "git" "clone" "/workspace/cache/git-repos/https%3A%2F%2Fgithub.com%2Flukunz%2Fadvent-of-code" "/workspace/builds/worker-5-tc1/source", kill_on_drop: false }`
[INFO] [stderr] Cloning into '/workspace/builds/worker-5-tc1/source'...
[INFO] [stderr] done.
[INFO] validating manifest of git repo https://github.com/lukunz/advent-of-code on toolchain 1.75.0
[INFO] running `Command { std: CARGO_HOME="/workspace/cargo-home" RUSTUP_HOME="/workspace/rustup-home" "/workspace/cargo-home/bin/cargo" "+1.75.0" "metadata" "--manifest-path" "Cargo.toml" "--no-deps", kill_on_drop: false }`
[INFO] started tweaking git repo https://github.com/lukunz/advent-of-code
[INFO] finished tweaking git repo https://github.com/lukunz/advent-of-code
[INFO] tweaked toml for git repo https://github.com/lukunz/advent-of-code written to /workspace/builds/worker-5-tc1/source/Cargo.toml
[INFO] crate git repo https://github.com/lukunz/advent-of-code already has a lockfile, it will not be regenerated
[INFO] running `Command { std: CARGO_HOME="/workspace/cargo-home" RUSTUP_HOME="/workspace/rustup-home" "/workspace/cargo-home/bin/cargo" "+1.75.0" "fetch" "--manifest-path" "Cargo.toml", kill_on_drop: false }`
[INFO] running `Command { std: "docker" "create" "-v" "/var/lib/crater-agent-workspace/builds/worker-5-tc1/target:/opt/rustwide/target:rw,Z" "-v" "/var/lib/crater-agent-workspace/builds/worker-5-tc1/source:/opt/rustwide/workdir:ro,Z" "-v" "/var/lib/crater-agent-workspace/cargo-home:/opt/rustwide/cargo-home:ro,Z" "-v" "/var/lib/crater-agent-workspace/rustup-home:/opt/rustwide/rustup-home:ro,Z" "-e" "SOURCE_DIR=/opt/rustwide/workdir" "-e" "CARGO_TARGET_DIR=/opt/rustwide/target" "-e" "CARGO_HOME=/opt/rustwide/cargo-home" "-e" "RUSTUP_HOME=/opt/rustwide/rustup-home" "-w" "/opt/rustwide/workdir" "-m" "1610612736" "--user" "0:0" "--network" "none" "ghcr.io/rust-lang/crates-build-env/linux@sha256:2788e3201cd34a07e3172128adcd8b3090168a8e3bcc40d7c032b9dda1df7d1c" "/opt/rustwide/cargo-home/bin/cargo" "+1.75.0" "metadata" "--no-deps" "--format-version=1", kill_on_drop: false }`
[INFO] [stdout] 9486d6a526e273aa50325cf18eba0e007dc32d097a739cc0e5871f0bb14a11d2
[INFO] running `Command { std: "docker" "start" "-a" "9486d6a526e273aa50325cf18eba0e007dc32d097a739cc0e5871f0bb14a11d2", kill_on_drop: false }`
[INFO] running `Command { std: "docker" "inspect" "9486d6a526e273aa50325cf18eba0e007dc32d097a739cc0e5871f0bb14a11d2", kill_on_drop: false }`
[INFO] running `Command { std: "docker" "rm" "-f" "9486d6a526e273aa50325cf18eba0e007dc32d097a739cc0e5871f0bb14a11d2", kill_on_drop: false }`
[INFO] [stdout] 9486d6a526e273aa50325cf18eba0e007dc32d097a739cc0e5871f0bb14a11d2
[INFO] running `Command { std: "docker" "create" "-v" "/var/lib/crater-agent-workspace/builds/worker-5-tc1/target:/opt/rustwide/target:rw,Z" "-v" "/var/lib/crater-agent-workspace/builds/worker-5-tc1/source:/opt/rustwide/workdir:ro,Z" "-v" "/var/lib/crater-agent-workspace/cargo-home:/opt/rustwide/cargo-home:ro,Z" "-v" "/var/lib/crater-agent-workspace/rustup-home:/opt/rustwide/rustup-home:ro,Z" "-e" "SOURCE_DIR=/opt/rustwide/workdir" "-e" "CARGO_TARGET_DIR=/opt/rustwide/target" "-e" "CARGO_INCREMENTAL=0" "-e" "RUST_BACKTRACE=full" "-e" "RUSTFLAGS=--cap-lints=warn" "-e" "RUSTDOCFLAGS=--cap-lints=warn" "-e" "CARGO_HOME=/opt/rustwide/cargo-home" "-e" "RUSTUP_HOME=/opt/rustwide/rustup-home" "-w" "/opt/rustwide/workdir" "-m" "1610612736" "--user" "0:0" "--network" "none" "ghcr.io/rust-lang/crates-build-env/linux@sha256:2788e3201cd34a07e3172128adcd8b3090168a8e3bcc40d7c032b9dda1df7d1c" "/opt/rustwide/cargo-home/bin/cargo" "+1.75.0" "build" "--frozen" "--message-format=json", kill_on_drop: false }`
[INFO] [stdout] d1b1142b73161dc1c7f1f37ebb1af5f2b58b8b5704020c499a1ab466e97e6738
[INFO] running `Command { std: "docker" "start" "-a" "d1b1142b73161dc1c7f1f37ebb1af5f2b58b8b5704020c499a1ab466e97e6738", kill_on_drop: false }`
[INFO] [stderr]    Compiling autocfg v1.1.0
[INFO] [stderr]    Compiling crossbeam-utils v0.8.17
[INFO] [stderr]    Compiling cfg-if v1.0.0
[INFO] [stderr]    Compiling memchr v2.6.4
[INFO] [stderr]    Compiling rayon-core v1.12.0
[INFO] [stderr]    Compiling regex-syntax v0.8.2
[INFO] [stderr]    Compiling either v1.9.0
[INFO] [stderr]    Compiling day13 v0.1.0 (/opt/rustwide/workdir/2022/day13)
[INFO] [stderr]    Compiling day5 v0.1.0 (/opt/rustwide/workdir/2022/day5)
[INFO] [stderr]    Compiling aoc2023-day13 v0.1.0 (/opt/rustwide/workdir/2023/day13)
[INFO] [stderr]    Compiling aoc2023-day19 v0.1.0 (/opt/rustwide/workdir/2023/day19)
[INFO] [stderr]    Compiling day14 v0.1.0 (/opt/rustwide/workdir/2022/day14)
[INFO] [stderr]    Compiling aoc2023-day14 v0.1.0 (/opt/rustwide/workdir/2023/day14)
[INFO] [stderr]    Compiling day03 v0.1.0 (/opt/rustwide/workdir/2023/day03)
[INFO] [stderr]    Compiling aoc2023-day23 v0.1.0 (/opt/rustwide/workdir/2023/day23)
[INFO] [stderr]    Compiling day4 v0.1.0 (/opt/rustwide/workdir/2022/day4)
[INFO] [stderr]    Compiling aoc2023-day21 v0.1.0 (/opt/rustwide/workdir/2023/day21)
[INFO] [stdout] warning: field `offset_y` is never read
[INFO] [stdout]   --> 2022/day14/src/main.rs:27:5
[INFO] [stdout]    |
[INFO] [stdout] 25 | struct Map {
[INFO] [stdout]    |        --- field in this struct
[INFO] [stdout] 26 |     offset_x: u64,
[INFO] [stdout] 27 |     offset_y: u64,
[INFO] [stdout]    |     ^^^^^^^^
[INFO] [stdout]    |
[INFO] [stdout]    = note: `#[warn(dead_code)]` on by default
[INFO] [stdout] 
[INFO] [stdout] 
[INFO] [stdout] warning: method `print` is never used
[INFO] [stdout]    --> 2022/day14/src/main.rs:137:8
[INFO] [stdout]     |
[INFO] [stdout] 83  | impl Map {
[INFO] [stdout]     | -------- method in this implementation
[INFO] [stdout] ...
[INFO] [stdout] 137 |     fn print(&self) {
[INFO] [stdout]     |        ^^^^^
[INFO] [stdout] 
[INFO] [stdout] 
[INFO] [stderr]    Compiling aoc2023-day17 v0.1.0 (/opt/rustwide/workdir/2023/day17)
[INFO] [stderr]    Compiling day06 v0.1.0 (/opt/rustwide/workdir/2023/day06)
[INFO] [stderr]    Compiling memoffset v0.9.0
[INFO] [stderr]    Compiling day16 v0.1.0 (/opt/rustwide/workdir/2022/day16)
[INFO] [stderr]    Compiling day07 v0.1.0 (/opt/rustwide/workdir/2023/day07)
[INFO] [stderr]    Compiling aoc2023-day10 v0.1.0 (/opt/rustwide/workdir/2023/day10)
[INFO] [stderr]    Compiling day11 v0.1.0 (/opt/rustwide/workdir/2022/day11)
[INFO] [stdout] warning: unused variable: `node`
[INFO] [stdout]    --> 2022/day16/src/main.rs:303:9
[INFO] [stdout]     |
[INFO] [stdout] 303 |     let node = game_state.graph.nodes.get(&node_id).unwrap();
[INFO] [stdout]     |         ^^^^ help: if this is intentional, prefix it with an underscore: `_node`
[INFO] [stdout]     |
[INFO] [stdout]     = note: `#[warn(unused_variables)]` on by default
[INFO] [stdout] 
[INFO] [stdout] 
[INFO] [stdout] warning: variable does not need to be mutable
[INFO] [stdout]    --> 2022/day16/src/main.rs:357:24
[INFO] [stdout]     |
[INFO] [stdout] 357 | fn calculate_distances(mut graph: &mut Graph) -> BTreeMap<(u32, u32), u32> {
[INFO] [stdout]     |                        ----^^^^^
[INFO] [stdout]     |                        |
[INFO] [stdout]     |                        help: remove this `mut`
[INFO] [stdout]     |
[INFO] [stdout]     = note: `#[warn(unused_mut)]` on by default
[INFO] [stdout] 
[INFO] [stdout] 
[INFO] [stdout] warning: method `to_dot` is never used
[INFO] [stdout]    --> 2022/day16/src/main.rs:109:8
[INFO] [stdout]     |
[INFO] [stdout] 73  | impl Graph {
[INFO] [stdout]     | ---------- method in this implementation
[INFO] [stdout] ...
[INFO] [stdout] 109 |     fn to_dot(&self) -> String {
[INFO] [stdout]     |        ^^^^^^
[INFO] [stdout]     |
[INFO] [stdout]     = note: `#[warn(dead_code)]` on by default
[INFO] [stdout] 
[INFO] [stdout] 
[INFO] [stdout] warning: method `untick` is never used
[INFO] [stdout]    --> 2022/day16/src/main.rs:279:8
[INFO] [stdout]     |
[INFO] [stdout] 251 | impl<'a> GameState<'a> {
[INFO] [stdout]     | ---------------------- method in this implementation
[INFO] [stdout] ...
[INFO] [stdout] 279 |     fn untick(&mut self, rounds: u32) {
[INFO] [stdout]     |        ^^^^^^
[INFO] [stdout] 
[INFO] [stdout] 
[INFO] [stdout] warning: using `.clone()` on a double reference, which returns `&u32` instead of cloning the inner type
[INFO] [stdout]    --> 2022/day16/src/main.rs:211:19
[INFO] [stdout]     |
[INFO] [stdout] 211 |                   .0
[INFO] [stdout]     |  ___________________^
[INFO] [stdout] 212 | |                 .clone();
[INFO] [stdout]     | |________________________^
[INFO] [stdout]     |
[INFO] [stdout]     = note: `#[warn(suspicious_double_ref_op)]` on by default
[INFO] [stdout] 
[INFO] [stdout] 
[INFO] [stdout] warning: 2 warnings emitted
[INFO] [stdout] 
[INFO] [stdout] 
[INFO] [stderr]    Compiling aho-corasick v1.1.2
[INFO] [stderr]    Compiling day7 v0.1.0 (/opt/rustwide/workdir/2022/day7)
[INFO] [stderr]    Compiling aoc2023-day11 v0.1.0 (/opt/rustwide/workdir/2023/day11)
[INFO] [stderr]    Compiling aoc2023-day20 v0.1.0 (/opt/rustwide/workdir/2023/day20)
[INFO] [stderr]    Compiling day10 v0.1.0 (/opt/rustwide/workdir/2022/day10)
[INFO] [stderr]    Compiling day6 v0.1.0 (/opt/rustwide/workdir/2022/day6)
[INFO] [stderr]    Compiling day09 v0.1.0 (/opt/rustwide/workdir/2023/day09)
[INFO] [stderr]    Compiling aoc2023-day22 v0.1.0 (/opt/rustwide/workdir/2023/day22)
[INFO] [stderr]    Compiling crossbeam-epoch v0.9.16
[INFO] [stderr]    Compiling day3 v0.1.0 (/opt/rustwide/workdir/2022/day3)
[INFO] [stderr]    Compiling day2 v0.1.0 (/opt/rustwide/workdir/2022/day2)
[INFO] [stderr]    Compiling aoc2023-day24 v0.1.0 (/opt/rustwide/workdir/2023/day24)
[INFO] [stderr]    Compiling aoc2023-day15 v0.1.0 (/opt/rustwide/workdir/2023/day15)
[INFO] [stderr]    Compiling aoc2023-day12 v0.1.0 (/opt/rustwide/workdir/2023/day12)
[INFO] [stderr]    Compiling day02 v0.1.0 (/opt/rustwide/workdir/2023/day02)
[INFO] [stderr]    Compiling day15 v0.1.0 (/opt/rustwide/workdir/2022/day15)
[INFO] [stderr]    Compiling crossbeam-deque v0.8.4
[INFO] [stderr]    Compiling day04 v0.1.0 (/opt/rustwide/workdir/2023/day04)
[INFO] [stderr]    Compiling day12 v0.1.0 (/opt/rustwide/workdir/2022/day12)
[INFO] [stderr]    Compiling day05 v0.1.0 (/opt/rustwide/workdir/2023/day05)
[INFO] [stderr]    Compiling day1 v0.1.0 (/opt/rustwide/workdir/2022/day1)
[INFO] [stderr]    Compiling day8 v0.1.0 (/opt/rustwide/workdir/2022/day8)
[INFO] [stderr]    Compiling day9 v0.1.0 (/opt/rustwide/workdir/2022/day9)
[INFO] [stderr]    Compiling rayon v1.8.0
[INFO] [stderr]    Compiling regex-automata v0.4.3
[INFO] [stdout] warning: 5 warnings emitted
[INFO] [stdout] 
[INFO] [stdout] 
[INFO] [stderr]    Compiling aoc2023-day16 v0.1.0 (/opt/rustwide/workdir/2023/day16)
[INFO] [stderr]    Compiling aoc2023-day18 v0.1.0 (/opt/rustwide/workdir/2023/day18)
[INFO] [stdout] warning: method `print` is never used
[INFO] [stdout]    --> 2023/day18/src/main.rs:238:8
[INFO] [stdout]     |
[INFO] [stdout] 135 | impl Map {
[INFO] [stdout]     | -------- method in this implementation
[INFO] [stdout] ...
[INFO] [stdout] 238 |     fn print(&self) {
[INFO] [stdout]     |        ^^^^^
[INFO] [stdout]     |
[INFO] [stdout]     = note: `#[warn(dead_code)]` on by default
[INFO] [stdout] 
[INFO] [stdout] 
[INFO] [stderr]    Compiling regex v1.10.2
[INFO] [stdout] warning: 1 warning emitted
[INFO] [stdout] 
[INFO] [stdout] 
[INFO] [stderr]    Compiling day08 v0.1.0 (/opt/rustwide/workdir/2023/day08)
[INFO] [stderr]    Compiling aod2023 v0.1.0 (/opt/rustwide/workdir/2023/day01)
[INFO] [stderr]     Finished dev [unoptimized + debuginfo] target(s) in 5.49s
[INFO] running `Command { std: "docker" "inspect" "d1b1142b73161dc1c7f1f37ebb1af5f2b58b8b5704020c499a1ab466e97e6738", kill_on_drop: false }`
[INFO] running `Command { std: "docker" "rm" "-f" "d1b1142b73161dc1c7f1f37ebb1af5f2b58b8b5704020c499a1ab466e97e6738", kill_on_drop: false }`
[INFO] [stdout] d1b1142b73161dc1c7f1f37ebb1af5f2b58b8b5704020c499a1ab466e97e6738
[INFO] running `Command { std: "docker" "create" "-v" "/var/lib/crater-agent-workspace/builds/worker-5-tc1/target:/opt/rustwide/target:rw,Z" "-v" "/var/lib/crater-agent-workspace/builds/worker-5-tc1/source:/opt/rustwide/workdir:ro,Z" "-v" "/var/lib/crater-agent-workspace/cargo-home:/opt/rustwide/cargo-home:ro,Z" "-v" "/var/lib/crater-agent-workspace/rustup-home:/opt/rustwide/rustup-home:ro,Z" "-e" "SOURCE_DIR=/opt/rustwide/workdir" "-e" "CARGO_TARGET_DIR=/opt/rustwide/target" "-e" "CARGO_INCREMENTAL=0" "-e" "RUST_BACKTRACE=full" "-e" "RUSTFLAGS=--cap-lints=warn" "-e" "RUSTDOCFLAGS=--cap-lints=warn" "-e" "CARGO_HOME=/opt/rustwide/cargo-home" "-e" "RUSTUP_HOME=/opt/rustwide/rustup-home" "-w" "/opt/rustwide/workdir" "-m" "1610612736" "--user" "0:0" "--network" "none" "ghcr.io/rust-lang/crates-build-env/linux@sha256:2788e3201cd34a07e3172128adcd8b3090168a8e3bcc40d7c032b9dda1df7d1c" "/opt/rustwide/cargo-home/bin/cargo" "+1.75.0" "test" "--frozen" "--no-run" "--message-format=json", kill_on_drop: false }`
[INFO] [stdout] 8ba49b0797649830c090e3ff704299de7795b4fc05e765e3c3ced7b85a600cec
[INFO] running `Command { std: "docker" "start" "-a" "8ba49b0797649830c090e3ff704299de7795b4fc05e765e3c3ced7b85a600cec", kill_on_drop: false }`
[INFO] [stderr]    Compiling day12 v0.1.0 (/opt/rustwide/workdir/2022/day12)
[INFO] [stderr]    Compiling aoc2023-day21 v0.1.0 (/opt/rustwide/workdir/2023/day21)
[INFO] [stderr]    Compiling day14 v0.1.0 (/opt/rustwide/workdir/2022/day14)
[INFO] [stderr]    Compiling day06 v0.1.0 (/opt/rustwide/workdir/2023/day06)
[INFO] [stderr]    Compiling day02 v0.1.0 (/opt/rustwide/workdir/2023/day02)
[INFO] [stderr]    Compiling aoc2023-day12 v0.1.0 (/opt/rustwide/workdir/2023/day12)
[INFO] [stderr]    Compiling day04 v0.1.0 (/opt/rustwide/workdir/2023/day04)
[INFO] [stderr]    Compiling aoc2023-day22 v0.1.0 (/opt/rustwide/workdir/2023/day22)
[INFO] [stderr]    Compiling aoc2023-day20 v0.1.0 (/opt/rustwide/workdir/2023/day20)
[INFO] [stderr]    Compiling aoc2023-day24 v0.1.0 (/opt/rustwide/workdir/2023/day24)
[INFO] [stderr]    Compiling day05 v0.1.0 (/opt/rustwide/workdir/2023/day05)
[INFO] [stderr]    Compiling day13 v0.1.0 (/opt/rustwide/workdir/2022/day13)
[INFO] [stderr]    Compiling day8 v0.1.0 (/opt/rustwide/workdir/2022/day8)
[INFO] [stderr]    Compiling day4 v0.1.0 (/opt/rustwide/workdir/2022/day4)
[INFO] [stderr]    Compiling aod2023 v0.1.0 (/opt/rustwide/workdir/2023/day01)
[INFO] [stderr]    Compiling aoc2023-day16 v0.1.0 (/opt/rustwide/workdir/2023/day16)
[INFO] [stdout] warning: field `offset_y` is never read
[INFO] [stdout]   --> 2022/day14/src/main.rs:27:5
[INFO] [stdout]    |
[INFO] [stdout] 25 | struct Map {
[INFO] [stdout]    |        --- field in this struct
[INFO] [stdout] 26 |     offset_x: u64,
[INFO] [stdout] 27 |     offset_y: u64,
[INFO] [stdout]    |     ^^^^^^^^
[INFO] [stdout]    |
[INFO] [stdout]    = note: `#[warn(dead_code)]` on by default
[INFO] [stdout] 
[INFO] [stdout] 
[INFO] [stdout] warning: method `print` is never used
[INFO] [stdout]    --> 2022/day14/src/main.rs:137:8
[INFO] [stdout]     |
[INFO] [stdout] 83  | impl Map {
[INFO] [stdout]     | -------- method in this implementation
[INFO] [stdout] ...
[INFO] [stdout] 137 |     fn print(&self) {
[INFO] [stdout]     |        ^^^^^
[INFO] [stdout] 
[INFO] [stdout] 
[INFO] [stderr]    Compiling aoc2023-day18 v0.1.0 (/opt/rustwide/workdir/2023/day18)
[INFO] [stderr]    Compiling day08 v0.1.0 (/opt/rustwide/workdir/2023/day08)
[INFO] [stderr]    Compiling day03 v0.1.0 (/opt/rustwide/workdir/2023/day03)
[INFO] [stderr]    Compiling day5 v0.1.0 (/opt/rustwide/workdir/2022/day5)
[INFO] [stderr]    Compiling day09 v0.1.0 (/opt/rustwide/workdir/2023/day09)
[INFO] [stderr]    Compiling aoc2023-day19 v0.1.0 (/opt/rustwide/workdir/2023/day19)
[INFO] [stderr]    Compiling day11 v0.1.0 (/opt/rustwide/workdir/2022/day11)
[INFO] [stdout] warning: 2 warnings emitted
[INFO] [stdout] 
[INFO] [stdout] 
[INFO] [stderr]    Compiling day10 v0.1.0 (/opt/rustwide/workdir/2022/day10)
[INFO] [stderr]    Compiling aoc2023-day13 v0.1.0 (/opt/rustwide/workdir/2023/day13)
[INFO] [stderr]    Compiling aoc2023-day17 v0.1.0 (/opt/rustwide/workdir/2023/day17)
[INFO] [stderr]    Compiling aoc2023-day23 v0.1.0 (/opt/rustwide/workdir/2023/day23)
[INFO] [stderr]    Compiling aoc2023-day15 v0.1.0 (/opt/rustwide/workdir/2023/day15)
[INFO] [stdout] warning: method `print` is never used
[INFO] [stdout]    --> 2023/day18/src/main.rs:238:8
[INFO] [stdout]     |
[INFO] [stdout] 135 | impl Map {
[INFO] [stdout]     | -------- method in this implementation
[INFO] [stdout] ...
[INFO] [stdout] 238 |     fn print(&self) {
[INFO] [stdout]     |        ^^^^^
[INFO] [stdout]     |
[INFO] [stdout]     = note: `#[warn(dead_code)]` on by default
[INFO] [stdout] 
[INFO] [stdout] 
[INFO] [stderr]    Compiling day07 v0.1.0 (/opt/rustwide/workdir/2023/day07)
[INFO] [stderr]    Compiling day3 v0.1.0 (/opt/rustwide/workdir/2022/day3)
[INFO] [stderr]    Compiling day9 v0.1.0 (/opt/rustwide/workdir/2022/day9)
[INFO] [stderr]    Compiling day16 v0.1.0 (/opt/rustwide/workdir/2022/day16)
[INFO] [stderr]    Compiling day7 v0.1.0 (/opt/rustwide/workdir/2022/day7)
[INFO] [stderr]    Compiling day1 v0.1.0 (/opt/rustwide/workdir/2022/day1)
[INFO] [stderr]    Compiling day2 v0.1.0 (/opt/rustwide/workdir/2022/day2)
[INFO] [stderr]    Compiling aoc2023-day10 v0.1.0 (/opt/rustwide/workdir/2023/day10)
[INFO] [stderr]    Compiling day6 v0.1.0 (/opt/rustwide/workdir/2022/day6)
[INFO] [stdout] warning: unused variable: `node`
[INFO] [stdout]    --> 2022/day16/src/main.rs:303:9
[INFO] [stdout]     |
[INFO] [stdout] 303 |     let node = game_state.graph.nodes.get(&node_id).unwrap();
[INFO] [stdout]     |         ^^^^ help: if this is intentional, prefix it with an underscore: `_node`
[INFO] [stdout]     |
[INFO] [stdout]     = note: `#[warn(unused_variables)]` on by default
[INFO] [stdout] 
[INFO] [stdout] 
[INFO] [stdout] warning: 1 warning emitted
[INFO] [stdout] 
[INFO] [stdout] 
[INFO] [stdout] warning: variable does not need to be mutable
[INFO] [stdout]    --> 2022/day16/src/main.rs:357:24
[INFO] [stdout]     |
[INFO] [stdout] 357 | fn calculate_distances(mut graph: &mut Graph) -> BTreeMap<(u32, u32), u32> {
[INFO] [stdout]     |                        ----^^^^^
[INFO] [stdout]     |                        |
[INFO] [stdout]     |                        help: remove this `mut`
[INFO] [stdout]     |
[INFO] [stdout]     = note: `#[warn(unused_mut)]` on by default
[INFO] [stdout] 
[INFO] [stdout] 
[INFO] [stderr]    Compiling aoc2023-day14 v0.1.0 (/opt/rustwide/workdir/2023/day14)
[INFO] [stderr]    Compiling day15 v0.1.0 (/opt/rustwide/workdir/2022/day15)
[INFO] [stderr]    Compiling aoc2023-day11 v0.1.0 (/opt/rustwide/workdir/2023/day11)
[INFO] [stdout] warning: method `to_dot` is never used
[INFO] [stdout]    --> 2022/day16/src/main.rs:109:8
[INFO] [stdout]     |
[INFO] [stdout] 73  | impl Graph {
[INFO] [stdout]     | ---------- method in this implementation
[INFO] [stdout] ...
[INFO] [stdout] 109 |     fn to_dot(&self) -> String {
[INFO] [stdout]     |        ^^^^^^
[INFO] [stdout]     |
[INFO] [stdout]     = note: `#[warn(dead_code)]` on by default
[INFO] [stdout] 
[INFO] [stdout] 
[INFO] [stdout] warning: method `untick` is never used
[INFO] [stdout]    --> 2022/day16/src/main.rs:279:8
[INFO] [stdout]     |
[INFO] [stdout] 251 | impl<'a> GameState<'a> {
[INFO] [stdout]     | ---------------------- method in this implementation
[INFO] [stdout] ...
[INFO] [stdout] 279 |     fn untick(&mut self, rounds: u32) {
[INFO] [stdout]     |        ^^^^^^
[INFO] [stdout] 
[INFO] [stdout] 
[INFO] [stdout] warning: using `.clone()` on a double reference, which returns `&u32` instead of cloning the inner type
[INFO] [stdout]    --> 2022/day16/src/main.rs:211:19
[INFO] [stdout]     |
[INFO] [stdout] 211 |                   .0
[INFO] [stdout]     |  ___________________^
[INFO] [stdout] 212 | |                 .clone();
[INFO] [stdout]     | |________________________^
[INFO] [stdout]     |
[INFO] [stdout]     = note: `#[warn(suspicious_double_ref_op)]` on by default
[INFO] [stdout] 
[INFO] [stdout] 
[INFO] [stdout] warning: 5 warnings emitted
[INFO] [stdout] 
[INFO] [stdout] 
[INFO] [stderr]     Finished test [unoptimized + debuginfo] target(s) in 2.21s
[INFO] running `Command { std: "docker" "inspect" "8ba49b0797649830c090e3ff704299de7795b4fc05e765e3c3ced7b85a600cec", kill_on_drop: false }`
[INFO] running `Command { std: "docker" "rm" "-f" "8ba49b0797649830c090e3ff704299de7795b4fc05e765e3c3ced7b85a600cec", kill_on_drop: false }`
[INFO] [stdout] 8ba49b0797649830c090e3ff704299de7795b4fc05e765e3c3ced7b85a600cec
[INFO] running `Command { std: "docker" "create" "-v" "/var/lib/crater-agent-workspace/builds/worker-5-tc1/target:/opt/rustwide/target:rw,Z" "-v" "/var/lib/crater-agent-workspace/builds/worker-5-tc1/source:/opt/rustwide/workdir:ro,Z" "-v" "/var/lib/crater-agent-workspace/cargo-home:/opt/rustwide/cargo-home:ro,Z" "-v" "/var/lib/crater-agent-workspace/rustup-home:/opt/rustwide/rustup-home:ro,Z" "-e" "SOURCE_DIR=/opt/rustwide/workdir" "-e" "CARGO_TARGET_DIR=/opt/rustwide/target" "-e" "CARGO_INCREMENTAL=0" "-e" "RUST_BACKTRACE=full" "-e" "RUSTFLAGS=--cap-lints=warn" "-e" "RUSTDOCFLAGS=--cap-lints=warn" "-e" "CARGO_HOME=/opt/rustwide/cargo-home" "-e" "RUSTUP_HOME=/opt/rustwide/rustup-home" "-w" "/opt/rustwide/workdir" "-m" "1610612736" "--user" "0:0" "--network" "none" "ghcr.io/rust-lang/crates-build-env/linux@sha256:2788e3201cd34a07e3172128adcd8b3090168a8e3bcc40d7c032b9dda1df7d1c" "/opt/rustwide/cargo-home/bin/cargo" "+1.75.0" "test" "--frozen", kill_on_drop: false }`
[INFO] [stdout] 9dd2b5e9677094eb6437d24b58525cd5ec19d2c6b1a0966ff95ff544d3488a8f
[INFO] running `Command { std: "docker" "start" "-a" "9dd2b5e9677094eb6437d24b58525cd5ec19d2c6b1a0966ff95ff544d3488a8f", kill_on_drop: false }`
[INFO] [stderr] warning: unused variable: `node`
[INFO] [stderr]    --> 2022/day16/src/main.rs:303:9
[INFO] [stderr]     |
[INFO] [stderr] 303 |     let node = game_state.graph.nodes.get(&node_id).unwrap();
[INFO] [stderr]     |         ^^^^ help: if this is intentional, prefix it with an underscore: `_node`
[INFO] [stderr]     |
[INFO] [stderr]     = note: `#[warn(unused_variables)]` on by default
[INFO] [stderr] 
[INFO] [stderr] warning: variable does not need to be mutable
[INFO] [stderr]    --> 2022/day16/src/main.rs:357:24
[INFO] [stderr]     |
[INFO] [stderr] 357 | fn calculate_distances(mut graph: &mut Graph) -> BTreeMap<(u32, u32), u32> {
[INFO] [stderr]     |                        ----^^^^^
[INFO] [stderr]     |                        |
[INFO] [stderr]     |                        help: remove this `mut`
[INFO] [stderr]     |
[INFO] [stderr]     = note: `#[warn(unused_mut)]` on by default
[INFO] [stderr] 
[INFO] [stderr] warning: method `to_dot` is never used
[INFO] [stderr]    --> 2022/day16/src/main.rs:109:8
[INFO] [stderr]     |
[INFO] [stderr] 73  | impl Graph {
[INFO] [stderr]     | ---------- method in this implementation
[INFO] [stderr] ...
[INFO] [stderr] 109 |     fn to_dot(&self) -> String {
[INFO] [stderr]     |        ^^^^^^
[INFO] [stderr]     |
[INFO] [stderr]     = note: `#[warn(dead_code)]` on by default
[INFO] [stderr] 
[INFO] [stderr] warning: method `untick` is never used
[INFO] [stderr]    --> 2022/day16/src/main.rs:279:8
[INFO] [stderr]     |
[INFO] [stderr] 251 | impl<'a> GameState<'a> {
[INFO] [stderr]     | ---------------------- method in this implementation
[INFO] [stderr] ...
[INFO] [stderr] 279 |     fn untick(&mut self, rounds: u32) {
[INFO] [stderr]     |        ^^^^^^
[INFO] [stderr] 
[INFO] [stderr] warning: using `.clone()` on a double reference, which returns `&u32` instead of cloning the inner type
[INFO] [stderr]    --> 2022/day16/src/main.rs:211:19
[INFO] [stderr]     |
[INFO] [stderr] 211 |                   .0
[INFO] [stderr]     |  ___________________^
[INFO] [stderr] 212 | |                 .clone();
[INFO] [stderr]     | |________________________^
[INFO] [stderr]     |
[INFO] [stderr]     = note: `#[warn(suspicious_double_ref_op)]` on by default
[INFO] [stderr] 
[INFO] [stderr] warning: `day16` (bin "day16" test) generated 5 warnings (run `cargo fix --bin "day16" --tests` to apply 2 suggestions)
[INFO] [stderr] warning: field `offset_y` is never read
[INFO] [stderr]   --> 2022/day14/src/main.rs:27:5
[INFO] [stderr]    |
[INFO] [stderr] 25 | struct Map {
[INFO] [stderr]    |        --- field in this struct
[INFO] [stderr] 26 |     offset_x: u64,
[INFO] [stderr] 27 |     offset_y: u64,
[INFO] [stderr]    |     ^^^^^^^^
[INFO] [stderr]    |
[INFO] [stderr]    = note: `#[warn(dead_code)]` on by default
[INFO] [stderr] 
[INFO] [stderr] warning: method `print` is never used
[INFO] [stderr]    --> 2022/day14/src/main.rs:137:8
[INFO] [stderr]     |
[INFO] [stderr] 83  | impl Map {
[INFO] [stderr]     | -------- method in this implementation
[INFO] [stderr] ...
[INFO] [stderr] 137 |     fn print(&self) {
[INFO] [stderr]     |        ^^^^^
[INFO] [stderr] 
[INFO] [stderr] warning: `day14` (bin "day14" test) generated 2 warnings
[INFO] [stderr] warning: method `print` is never used
[INFO] [stderr]    --> 2023/day18/src/main.rs:238:8
[INFO] [stderr]     |
[INFO] [stderr] 135 | impl Map {
[INFO] [stderr]     | -------- method in this implementation
[INFO] [stderr] ...
[INFO] [stderr] 238 |     fn print(&self) {
[INFO] [stderr]     |        ^^^^^
[INFO] [stderr]     |
[INFO] [stderr]     = note: `#[warn(dead_code)]` on by default
[INFO] [stderr] 
[INFO] [stderr] warning: `aoc2023-day18` (bin "aoc2023-day18" test) generated 1 warning
[INFO] [stderr]     Finished test [unoptimized + debuginfo] target(s) in 0.02s
[INFO] [stderr]      Running unittests src/main.rs (/opt/rustwide/target/debug/deps/aoc2023_day10-3837db6f8fbd63d3)
[INFO] [stdout] 
[INFO] [stdout] running 0 tests
[INFO] [stdout] 
[INFO] [stdout] test result: ok. 0 passed; 0 failed; 0 ignored; 0 measured; 0 filtered out; finished in 0.00s
[INFO] [stdout] 
[INFO] [stderr]      Running unittests src/main.rs (/opt/rustwide/target/debug/deps/aoc2023_day11-e2b6e69d1b7ba53e)
[INFO] [stdout] 
[INFO] [stdout] running 0 tests
[INFO] [stdout] 
[INFO] [stdout] test result: ok. 0 passed; 0 failed; 0 ignored; 0 measured; 0 filtered out; finished in 0.00s
[INFO] [stdout] 
[INFO] [stderr]      Running unittests src/main.rs (/opt/rustwide/target/debug/deps/aoc2023_day12-d0f78b9fb93f261b)
[INFO] [stdout] 
[INFO] [stdout] running 0 tests
[INFO] [stdout] 
[INFO] [stdout] test result: ok. 0 passed; 0 failed; 0 ignored; 0 measured; 0 filtered out; finished in 0.00s
[INFO] [stdout] 
[INFO] [stderr]      Running unittests src/main.rs (/opt/rustwide/target/debug/deps/aoc2023_day13-273d852d7b60b3b6)
[INFO] [stdout] 
[INFO] [stdout] running 0 tests
[INFO] [stdout] 
[INFO] [stdout] test result: ok. 0 passed; 0 failed; 0 ignored; 0 measured; 0 filtered out; finished in 0.00s
[INFO] [stdout] 
[INFO] [stderr]      Running unittests src/main.rs (/opt/rustwide/target/debug/deps/aoc2023_day14-a55c17a0f75464cb)
[INFO] [stdout] 
[INFO] [stdout] running 0 tests
[INFO] [stdout] 
[INFO] [stdout] test result: ok. 0 passed; 0 failed; 0 ignored; 0 measured; 0 filtered out; finished in 0.00s
[INFO] [stdout] 
[INFO] [stderr]      Running unittests src/main.rs (/opt/rustwide/target/debug/deps/aoc2023_day15-a581db6e56a0df0d)
[INFO] [stdout] 
[INFO] [stdout] running 0 tests
[INFO] [stdout] 
[INFO] [stdout] test result: ok. 0 passed; 0 failed; 0 ignored; 0 measured; 0 filtered out; finished in 0.00s
[INFO] [stdout] 
[INFO] [stderr]      Running unittests src/main.rs (/opt/rustwide/target/debug/deps/aoc2023_day16-426b227f332d2241)
[INFO] [stdout] 
[INFO] [stdout] running 0 tests
[INFO] [stdout] 
[INFO] [stdout] test result: ok. 0 passed; 0 failed; 0 ignored; 0 measured; 0 filtered out; finished in 0.00s
[INFO] [stdout] 
[INFO] [stderr]      Running unittests src/main.rs (/opt/rustwide/target/debug/deps/aoc2023_day17-ae92a3b2ee43ee79)
[INFO] [stdout] 
[INFO] [stdout] running 0 tests
[INFO] [stdout] 
[INFO] [stdout] test result: ok. 0 passed; 0 failed; 0 ignored; 0 measured; 0 filtered out; finished in 0.00s
[INFO] [stdout] 
[INFO] [stderr]      Running unittests src/main.rs (/opt/rustwide/target/debug/deps/aoc2023_day18-a46eb8afe60f5c45)
[INFO] [stdout] 
[INFO] [stdout] running 0 tests
[INFO] [stdout] 
[INFO] [stdout] test result: ok. 0 passed; 0 failed; 0 ignored; 0 measured; 0 filtered out; finished in 0.00s
[INFO] [stdout] 
[INFO] [stderr]      Running unittests src/main.rs (/opt/rustwide/target/debug/deps/aoc2023_day19-a6f3b90212a1c141)
[INFO] [stdout] 
[INFO] [stdout] running 0 tests
[INFO] [stdout] 
[INFO] [stdout] test result: ok. 0 passed; 0 failed; 0 ignored; 0 measured; 0 filtered out; finished in 0.00s
[INFO] [stdout] 
[INFO] [stderr]      Running unittests src/main.rs (/opt/rustwide/target/debug/deps/aoc2023_day20-050b2380365bd0b5)
[INFO] [stdout] 
[INFO] [stdout] running 0 tests
[INFO] [stdout] 
[INFO] [stdout] test result: ok. 0 passed; 0 failed; 0 ignored; 0 measured; 0 filtered out; finished in 0.00s
[INFO] [stdout] 
[INFO] [stderr]      Running unittests src/main.rs (/opt/rustwide/target/debug/deps/aoc2023_day21-e75b87da6b167736)
[INFO] [stdout] 
[INFO] [stdout] running 0 tests
[INFO] [stdout] 
[INFO] [stdout] test result: ok. 0 passed; 0 failed; 0 ignored; 0 measured; 0 filtered out; finished in 0.00s
[INFO] [stdout] 
[INFO] [stderr]      Running unittests src/main.rs (/opt/rustwide/target/debug/deps/aoc2023_day22-0623eca8521735a3)
[INFO] [stdout] 
[INFO] [stdout] running 0 tests
[INFO] [stdout] 
[INFO] [stdout] test result: ok. 0 passed; 0 failed; 0 ignored; 0 measured; 0 filtered out; finished in 0.00s
[INFO] [stdout] 
[INFO] [stderr]      Running unittests src/main.rs (/opt/rustwide/target/debug/deps/aoc2023_day23-dd0e18b4280236c7)
[INFO] [stdout] 
[INFO] [stdout] running 0 tests
[INFO] [stdout] 
[INFO] [stdout] test result: ok. 0 passed; 0 failed; 0 ignored; 0 measured; 0 filtered out; finished in 0.00s
[INFO] [stdout] 
[INFO] [stderr]      Running unittests src/main.rs (/opt/rustwide/target/debug/deps/aoc2023_day24-78a452188e75ef53)
[INFO] [stdout] 
[INFO] [stdout] running 0 tests
[INFO] [stdout] 
[INFO] [stdout] test result: ok. 0 passed; 0 failed; 0 ignored; 0 measured; 0 filtered out; finished in 0.00s
[INFO] [stdout] 
[INFO] [stderr]      Running unittests src/main.rs (/opt/rustwide/target/debug/deps/aod2023-b1d47524c01e133d)
[INFO] [stdout] 
[INFO] [stdout] running 0 tests
[INFO] [stdout] 
[INFO] [stdout] test result: ok. 0 passed; 0 failed; 0 ignored; 0 measured; 0 filtered out; finished in 0.00s
[INFO] [stdout] 
[INFO] [stderr]      Running unittests src/main.rs (/opt/rustwide/target/debug/deps/day02-a3a5402ee84f52b8)
[INFO] [stdout] 
[INFO] [stdout] running 0 tests
[INFO] [stdout] 
[INFO] [stdout] test result: ok. 0 passed; 0 failed; 0 ignored; 0 measured; 0 filtered out; finished in 0.00s
[INFO] [stdout] 
[INFO] [stderr]      Running unittests src/main.rs (/opt/rustwide/target/debug/deps/day03-4cb7f369cf421276)
[INFO] [stdout] 
[INFO] [stdout] running 0 tests
[INFO] [stdout] 
[INFO] [stdout] test result: ok. 0 passed; 0 failed; 0 ignored; 0 measured; 0 filtered out; finished in 0.00s
[INFO] [stdout] 
[INFO] [stderr]      Running unittests src/main.rs (/opt/rustwide/target/debug/deps/day04-5732e266fe09bc52)
[INFO] [stdout] 
[INFO] [stdout] running 0 tests
[INFO] [stdout] 
[INFO] [stdout] test result: ok. 0 passed; 0 failed; 0 ignored; 0 measured; 0 filtered out; finished in 0.00s
[INFO] [stdout] 
[INFO] [stderr]      Running unittests src/main.rs (/opt/rustwide/target/debug/deps/day05-0148b222588a16f3)
[INFO] [stdout] 
[INFO] [stdout] running 2 tests
[INFO] [stdout] test tests::test_range_diff ... ok
[INFO] [stdout] test tests::test_range_intersect ... ok
[INFO] [stdout] 
[INFO] [stdout] test result: ok. 2 passed; 0 failed; 0 ignored; 0 measured; 0 filtered out; finished in 0.00s
[INFO] [stdout] 
[INFO] [stderr]      Running unittests src/main.rs (/opt/rustwide/target/debug/deps/day06-de6b30e8dc30fbc0)
[INFO] [stdout] 
[INFO] [stdout] running 0 tests
[INFO] [stdout] 
[INFO] [stdout] test result: ok. 0 passed; 0 failed; 0 ignored; 0 measured; 0 filtered out; finished in 0.00s
[INFO] [stdout] 
[INFO] [stderr]      Running unittests src/main.rs (/opt/rustwide/target/debug/deps/day07-a23f9893bd9e7dfe)
[INFO] [stdout] 
[INFO] [stdout] running 0 tests
[INFO] [stdout] 
[INFO] [stdout] test result: ok. 0 passed; 0 failed; 0 ignored; 0 measured; 0 filtered out; finished in 0.00s
[INFO] [stdout] 
[INFO] [stderr]      Running unittests src/main.rs (/opt/rustwide/target/debug/deps/day08-3c34cab4d8e5c491)
[INFO] [stdout] 
[INFO] [stdout] running 0 tests
[INFO] [stdout] 
[INFO] [stdout] test result: ok. 0 passed; 0 failed; 0 ignored; 0 measured; 0 filtered out; finished in 0.00s
[INFO] [stdout] 
[INFO] [stderr]      Running unittests src/main.rs (/opt/rustwide/target/debug/deps/day09-3b1c70d9f3d45127)
[INFO] [stdout] 
[INFO] [stdout] running 0 tests
[INFO] [stdout] 
[INFO] [stdout] test result: ok. 0 passed; 0 failed; 0 ignored; 0 measured; 0 filtered out; finished in 0.00s
[INFO] [stdout] 
[INFO] [stderr]      Running unittests src/main.rs (/opt/rustwide/target/debug/deps/day1-416ad90d5e489bce)
[INFO] [stdout] 
[INFO] [stdout] running 0 tests
[INFO] [stdout] 
[INFO] [stdout] test result: ok. 0 passed; 0 failed; 0 ignored; 0 measured; 0 filtered out; finished in 0.00s
[INFO] [stdout] 
[INFO] [stderr]      Running unittests src/main.rs (/opt/rustwide/target/debug/deps/day10-756b8aabc8cbc265)
[INFO] [stdout] 
[INFO] [stdout] running 0 tests
[INFO] [stdout] 
[INFO] [stdout] test result: ok. 0 passed; 0 failed; 0 ignored; 0 measured; 0 filtered out; finished in 0.00s
[INFO] [stdout] 
[INFO] [stderr]      Running unittests src/main.rs (/opt/rustwide/target/debug/deps/day11-c066cbc432ce3e4d)
[INFO] [stdout] 
[INFO] [stdout] running 0 tests
[INFO] [stdout] 
[INFO] [stdout] test result: ok. 0 passed; 0 failed; 0 ignored; 0 measured; 0 filtered out; finished in 0.00s
[INFO] [stdout] 
[INFO] [stderr]      Running unittests src/main.rs (/opt/rustwide/target/debug/deps/day12-52d4eee71c8d2884)
[INFO] [stdout] 
[INFO] [stdout] running 3 tests
[INFO] [stdout] test tests::test_neighbours ... ok
[INFO] [stdout] test tests::test_height ... ok
[INFO] [stdout] test tests::test_contains ... ok
[INFO] [stdout] 
[INFO] [stdout] test result: ok. 3 passed; 0 failed; 0 ignored; 0 measured; 0 filtered out; finished in 0.00s
[INFO] [stdout] 
[INFO] [stderr]      Running unittests src/main.rs (/opt/rustwide/target/debug/deps/day13-87c51a5a42915a0b)
[INFO] [stdout] 
[INFO] [stdout] running 1 test
[INFO] [stdout] test tests::test_lex_line ... ok
[INFO] [stdout] 
[INFO] [stdout] test result: ok. 1 passed; 0 failed; 0 ignored; 0 measured; 0 filtered out; finished in 0.00s
[INFO] [stdout] 
[INFO] [stderr]      Running unittests src/main.rs (/opt/rustwide/target/debug/deps/day14-59aa48b5b0fde50c)
[INFO] [stdout] 
[INFO] [stdout] running 0 tests
[INFO] [stdout] 
[INFO] [stdout] test result: ok. 0 passed; 0 failed; 0 ignored; 0 measured; 0 filtered out; finished in 0.00s
[INFO] [stdout] 
[INFO] [stderr]      Running unittests src/main.rs (/opt/rustwide/target/debug/deps/day15-6fd1fc18e43cd4dd)
[INFO] [stdout] 
[INFO] [stdout] running 4 tests
[INFO] [stdout] test test::test_parse_point ... ok
[INFO] [stdout] test test::test_part_two_small ... ok
[INFO] [stdout] test test::test_part_one_small ... ok
[INFO] [stdout] test test::test_part_one ... FAILED
[INFO] [stdout] 
[INFO] [stdout] failures:
[INFO] [stdout] 
[INFO] [stdout] ---- test::test_part_one stdout ----
[INFO] [stdout] thread 'test::test_part_one' panicked at 2022/day15/src/main.rs:63:41:
[INFO] [stdout] Can't read input file: Os { code: 2, kind: NotFound, message: "No such file or directory" }
[INFO] [stdout] stack backtrace:
[INFO] [stdout]    0:     0x555fd3782bec - std::backtrace_rs::backtrace::libunwind::trace::ha637c64ce894333a
[INFO] [stdout]                                at /rustc/82e1608dfa6e0b5569232559e3d385fea5a93112/library/std/src/../../backtrace/src/backtrace/libunwind.rs:104:5
[INFO] [stdout]    1:     0x555fd3782bec - std::backtrace_rs::backtrace::trace_unsynchronized::h47f62dea28e0c88d
[INFO] [stdout]                                at /rustc/82e1608dfa6e0b5569232559e3d385fea5a93112/library/std/src/../../backtrace/src/backtrace/mod.rs:66:5
[INFO] [stdout]    2:     0x555fd3782bec - std::sys_common::backtrace::_print_fmt::h9eef0abe20ede486
[INFO] [stdout]                                at /rustc/82e1608dfa6e0b5569232559e3d385fea5a93112/library/std/src/sys_common/backtrace.rs:67:5
[INFO] [stdout]    3:     0x555fd3782bec - <std::sys_common::backtrace::_print::DisplayBacktrace as core::fmt::Display>::fmt::hed7f999df88cc644
[INFO] [stdout]                                at /rustc/82e1608dfa6e0b5569232559e3d385fea5a93112/library/std/src/sys_common/backtrace.rs:44:22
[INFO] [stdout]    4:     0x555fd37aca40 - core::fmt::rt::Argument::fmt::h1539a9308b8d058d
[INFO] [stdout]                                at /rustc/82e1608dfa6e0b5569232559e3d385fea5a93112/library/core/src/fmt/rt.rs:142:9
[INFO] [stdout]    5:     0x555fd37aca40 - core::fmt::write::h3a39390d8560d9c9
[INFO] [stdout]                                at /rustc/82e1608dfa6e0b5569232559e3d385fea5a93112/library/core/src/fmt/mod.rs:1120:17
[INFO] [stdout]    6:     0x555fd378059f - std::io::Write::write_fmt::h040b369f3a0f9cbc
[INFO] [stdout]                                at /rustc/82e1608dfa6e0b5569232559e3d385fea5a93112/library/std/src/io/mod.rs:1762:15
[INFO] [stdout]    7:     0x555fd37829d4 - std::sys_common::backtrace::_print::h894006fb5c6f3d45
[INFO] [stdout]                                at /rustc/82e1608dfa6e0b5569232559e3d385fea5a93112/library/std/src/sys_common/backtrace.rs:47:5
[INFO] [stdout]    8:     0x555fd37829d4 - std::sys_common::backtrace::print::h23a2d212c6fff936
[INFO] [stdout]                                at /rustc/82e1608dfa6e0b5569232559e3d385fea5a93112/library/std/src/sys_common/backtrace.rs:34:9
[INFO] [stdout]    9:     0x555fd3784697 - std::panicking::default_hook::{{closure}}::h8a1d2ee00185001a
[INFO] [stdout]   10:     0x555fd3784383 - std::panicking::default_hook::h6038f2eba384e475
[INFO] [stdout]                                at /rustc/82e1608dfa6e0b5569232559e3d385fea5a93112/library/std/src/panicking.rs:289:9
[INFO] [stdout]   11:     0x555fd37547d7 - <alloc::boxed::Box<F,A> as core::ops::function::Fn<Args>>::call::h0ad024c9bdc6d768
[INFO] [stdout]                                at /rustc/82e1608dfa6e0b5569232559e3d385fea5a93112/library/alloc/src/boxed.rs:2021:9
[INFO] [stdout]   12:     0x555fd37547d7 - test::test_main::{{closure}}::h7500b54257359db6
[INFO] [stdout]                                at /rustc/82e1608dfa6e0b5569232559e3d385fea5a93112/library/test/src/lib.rs:138:21
[INFO] [stdout]   13:     0x555fd3784ca8 - <alloc::boxed::Box<F,A> as core::ops::function::Fn<Args>>::call::h1f8f335eaa9cfaee
[INFO] [stdout]                                at /rustc/82e1608dfa6e0b5569232559e3d385fea5a93112/library/alloc/src/boxed.rs:2021:9
[INFO] [stdout]   14:     0x555fd3784ca8 - std::panicking::rust_panic_with_hook::h2b5517d590cab22e
[INFO] [stdout]                                at /rustc/82e1608dfa6e0b5569232559e3d385fea5a93112/library/std/src/panicking.rs:783:13
[INFO] [stdout]   15:     0x555fd37849fe - std::panicking::begin_panic_handler::{{closure}}::h233112c06e0ef43e
[INFO] [stdout]                                at /rustc/82e1608dfa6e0b5569232559e3d385fea5a93112/library/std/src/panicking.rs:657:13
[INFO] [stdout]   16:     0x555fd37830b6 - std::sys_common::backtrace::__rust_end_short_backtrace::h6e893f24d7ebbff8
[INFO] [stdout]                                at /rustc/82e1608dfa6e0b5569232559e3d385fea5a93112/library/std/src/sys_common/backtrace.rs:170:18
[INFO] [stdout]   17:     0x555fd3784762 - rust_begin_unwind
[INFO] [stdout]                                at /rustc/82e1608dfa6e0b5569232559e3d385fea5a93112/library/std/src/panicking.rs:645:5
[INFO] [stdout]   18:     0x555fd370ecf5 - core::panicking::panic_fmt::hbf0e066aabfa482c
[INFO] [stdout]                                at /rustc/82e1608dfa6e0b5569232559e3d385fea5a93112/library/core/src/panicking.rs:72:14
[INFO] [stdout]   19:     0x555fd370f193 - core::result::unwrap_failed::hddb4fea594200c52
[INFO] [stdout]                                at /rustc/82e1608dfa6e0b5569232559e3d385fea5a93112/library/core/src/result.rs:1653:5
[INFO] [stdout]   20:     0x555fd371c77e - core::result::Result<T,E>::expect::h3c0e7fbe44ad72ad
[INFO] [stdout]                                at /rustc/82e1608dfa6e0b5569232559e3d385fea5a93112/library/core/src/result.rs:1034:23
[INFO] [stdout]   21:     0x555fd371d7d7 - day15::parse_file::h2afc22fe12a25db3
[INFO] [stdout]                                at /opt/rustwide/workdir/2022/day15/src/main.rs:63:16
[INFO] [stdout]   22:     0x555fd371e752 - day15::test::test_part_one::he61f751b384a9160
[INFO] [stdout]                                at /opt/rustwide/workdir/2022/day15/src/main.rs:172:23
[INFO] [stdout]   23:     0x555fd371e717 - day15::test::test_part_one::{{closure}}::h7df974b5bda4f070
[INFO] [stdout]                                at /opt/rustwide/workdir/2022/day15/src/main.rs:171:23
[INFO] [stdout]   24:     0x555fd3717a56 - core::ops::function::FnOnce::call_once::hbfce1569bbbe6239
[INFO] [stdout]                                at /rustc/82e1608dfa6e0b5569232559e3d385fea5a93112/library/core/src/ops/function.rs:250:5
[INFO] [stdout]   25:     0x555fd3759e2f - core::ops::function::FnOnce::call_once::h2b5d431d5046312d
[INFO] [stdout]                                at /rustc/82e1608dfa6e0b5569232559e3d385fea5a93112/library/core/src/ops/function.rs:250:5
[INFO] [stdout]   26:     0x555fd3759e2f - test::__rust_begin_short_backtrace::h7714669af176e207
[INFO] [stdout]                                at /rustc/82e1608dfa6e0b5569232559e3d385fea5a93112/library/test/src/lib.rs:628:18
[INFO] [stdout]   27:     0x555fd3758e45 - test::run_test_in_process::{{closure}}::h85218797dcbcec12
[INFO] [stdout]                                at /rustc/82e1608dfa6e0b5569232559e3d385fea5a93112/library/test/src/lib.rs:651:60
[INFO] [stdout]   28:     0x555fd3758e45 - <core::panic::unwind_safe::AssertUnwindSafe<F> as core::ops::function::FnOnce<()>>::call_once::h76c106ea31c14d7b
[INFO] [stdout]                                at /rustc/82e1608dfa6e0b5569232559e3d385fea5a93112/library/core/src/panic/unwind_safe.rs:272:9
[INFO] [stdout]   29:     0x555fd3758e45 - std::panicking::try::do_call::h3bd5d0f6620ee946
[INFO] [stdout]                                at /rustc/82e1608dfa6e0b5569232559e3d385fea5a93112/library/std/src/panicking.rs:552:40
[INFO] [stdout]   30:     0x555fd3758e45 - std::panicking::try::h232e535e4744fe31
[INFO] [stdout]                                at /rustc/82e1608dfa6e0b5569232559e3d385fea5a93112/library/std/src/panicking.rs:516:19
[INFO] [stdout]   31:     0x555fd3758e45 - std::panic::catch_unwind::h3ce3bd6ca8dbac68
[INFO] [stdout]                                at /rustc/82e1608dfa6e0b5569232559e3d385fea5a93112/library/std/src/panic.rs:142:14
[INFO] [stdout]   32:     0x555fd3758e45 - test::run_test_in_process::hc97b257c9621286a
[INFO] [stdout]                                at /rustc/82e1608dfa6e0b5569232559e3d385fea5a93112/library/test/src/lib.rs:651:27
[INFO] [stdout]   33:     0x555fd3758e45 - test::run_test::{{closure}}::h2aa798823a438d38
[INFO] [stdout]                                at /rustc/82e1608dfa6e0b5569232559e3d385fea5a93112/library/test/src/lib.rs:574:43
[INFO] [stdout]   34:     0x555fd3721106 - test::run_test::{{closure}}::h87d231c78fb59832
[INFO] [stdout]                                at /rustc/82e1608dfa6e0b5569232559e3d385fea5a93112/library/test/src/lib.rs:602:41
[INFO] [stdout]   35:     0x555fd3721106 - std::sys_common::backtrace::__rust_begin_short_backtrace::he6df152596625789
[INFO] [stdout]                                at /rustc/82e1608dfa6e0b5569232559e3d385fea5a93112/library/std/src/sys_common/backtrace.rs:154:18
[INFO] [stdout]   36:     0x555fd37261b7 - std::thread::Builder::spawn_unchecked_::{{closure}}::{{closure}}::ha94be15d1e0acf36
[INFO] [stdout]                                at /rustc/82e1608dfa6e0b5569232559e3d385fea5a93112/library/std/src/thread/mod.rs:529:17
[INFO] [stdout]   37:     0x555fd37261b7 - <core::panic::unwind_safe::AssertUnwindSafe<F> as core::ops::function::FnOnce<()>>::call_once::h9dc6bd6372f16606
[INFO] [stdout]                                at /rustc/82e1608dfa6e0b5569232559e3d385fea5a93112/library/core/src/panic/unwind_safe.rs:272:9
[INFO] [stdout]   38:     0x555fd37261b7 - std::panicking::try::do_call::h9057517f80303cd4
[INFO] [stdout]                                at /rustc/82e1608dfa6e0b5569232559e3d385fea5a93112/library/std/src/panicking.rs:552:40
[INFO] [stdout]   39:     0x555fd37261b7 - std::panicking::try::he3a30b11ee45340c
[INFO] [stdout]                                at /rustc/82e1608dfa6e0b5569232559e3d385fea5a93112/library/std/src/panicking.rs:516:19
[INFO] [stdout]   40:     0x555fd37261b7 - std::panic::catch_unwind::h410458cfd3528b8b
[INFO] [stdout]                                at /rustc/82e1608dfa6e0b5569232559e3d385fea5a93112/library/std/src/panic.rs:142:14
[INFO] [stdout]   41:     0x555fd37261b7 - std::thread::Builder::spawn_unchecked_::{{closure}}::h72ac3bdb567b737b
[INFO] [stdout]                                at /rustc/82e1608dfa6e0b5569232559e3d385fea5a93112/library/std/src/thread/mod.rs:528:30
[INFO] [stdout]   42:     0x555fd37261b7 - core::ops::function::FnOnce::call_once{{vtable.shim}}::h38f34da3654a8344
[INFO] [stdout]                                at /rustc/82e1608dfa6e0b5569232559e3d385fea5a93112/library/core/src/ops/function.rs:250:5
[INFO] [stdout]   43:     0x555fd3789735 - <alloc::boxed::Box<F,A> as core::ops::function::FnOnce<Args>>::call_once::hc7eafaff61e32df9
[INFO] [stdout]                                at /rustc/82e1608dfa6e0b5569232559e3d385fea5a93112/library/alloc/src/boxed.rs:2007:9
[INFO] [stdout]   44:     0x555fd3789735 - <alloc::boxed::Box<F,A> as core::ops::function::FnOnce<Args>>::call_once::h6ba4a5de48dd2304
[INFO] [stdout]                                at /rustc/82e1608dfa6e0b5569232559e3d385fea5a93112/library/alloc/src/boxed.rs:2007:9
[INFO] [stdout]   45:     0x555fd3789735 - std::sys::unix::thread::Thread::new::thread_start::he469335aef763e45
[INFO] [stdout]                                at /rustc/82e1608dfa6e0b5569232559e3d385fea5a93112/library/std/src/sys/unix/thread.rs:108:17
[INFO] [stdout]   46:     0x7f13e1dc6ac3 - <unknown>
[INFO] [stdout]   47:     0x7f13e1e57bf4 - __clone
[INFO] [stdout]   48:                0x0 - <unknown>
[INFO] [stdout] 
[INFO] [stdout] 
[INFO] [stdout] failures:
[INFO] [stdout]     test::test_part_one
[INFO] [stdout] 
[INFO] [stdout] test result: FAILED. 3 passed; 1 failed; 0 ignored; 0 measured; 0 filtered out; finished in 0.01s
[INFO] [stdout] 
[INFO] [stderr] error: test failed, to rerun pass `-p day15 --bin day15`
[INFO] running `Command { std: "docker" "inspect" "9dd2b5e9677094eb6437d24b58525cd5ec19d2c6b1a0966ff95ff544d3488a8f", kill_on_drop: false }`
[INFO] running `Command { std: "docker" "rm" "-f" "9dd2b5e9677094eb6437d24b58525cd5ec19d2c6b1a0966ff95ff544d3488a8f", kill_on_drop: false }`
[INFO] [stdout] 9dd2b5e9677094eb6437d24b58525cd5ec19d2c6b1a0966ff95ff544d3488a8f
[INFO] testing lukunz/advent-of-code against beta-2023-12-22 for beta-1.76-1
[INFO] running `Command { std: "git" "clone" "/workspace/cache/git-repos/https%3A%2F%2Fgithub.com%2Flukunz%2Fadvent-of-code" "/workspace/builds/worker-5-tc2/source", kill_on_drop: false }`
[INFO] [stderr] Cloning into '/workspace/builds/worker-5-tc2/source'...
[INFO] [stderr] done.
[INFO] validating manifest of git repo https://github.com/lukunz/advent-of-code on toolchain beta-2023-12-22
[INFO] running `Command { std: CARGO_HOME="/workspace/cargo-home" RUSTUP_HOME="/workspace/rustup-home" "/workspace/cargo-home/bin/cargo" "+beta-2023-12-22" "metadata" "--manifest-path" "Cargo.toml" "--no-deps", kill_on_drop: false }`
[INFO] started tweaking git repo https://github.com/lukunz/advent-of-code
[INFO] finished tweaking git repo https://github.com/lukunz/advent-of-code
[INFO] tweaked toml for git repo https://github.com/lukunz/advent-of-code written to /workspace/builds/worker-5-tc2/source/Cargo.toml
[INFO] crate git repo https://github.com/lukunz/advent-of-code already has a lockfile, it will not be regenerated
[INFO] running `Command { std: CARGO_HOME="/workspace/cargo-home" RUSTUP_HOME="/workspace/rustup-home" "/workspace/cargo-home/bin/cargo" "+beta-2023-12-22" "fetch" "--manifest-path" "Cargo.toml", kill_on_drop: false }`
[INFO] running `Command { std: "docker" "create" "-v" "/var/lib/crater-agent-workspace/builds/worker-5-tc2/target:/opt/rustwide/target:rw,Z" "-v" "/var/lib/crater-agent-workspace/builds/worker-5-tc2/source:/opt/rustwide/workdir:ro,Z" "-v" "/var/lib/crater-agent-workspace/cargo-home:/opt/rustwide/cargo-home:ro,Z" "-v" "/var/lib/crater-agent-workspace/rustup-home:/opt/rustwide/rustup-home:ro,Z" "-e" "SOURCE_DIR=/opt/rustwide/workdir" "-e" "CARGO_TARGET_DIR=/opt/rustwide/target" "-e" "CARGO_HOME=/opt/rustwide/cargo-home" "-e" "RUSTUP_HOME=/opt/rustwide/rustup-home" "-w" "/opt/rustwide/workdir" "-m" "1610612736" "--user" "0:0" "--network" "none" "ghcr.io/rust-lang/crates-build-env/linux@sha256:2788e3201cd34a07e3172128adcd8b3090168a8e3bcc40d7c032b9dda1df7d1c" "/opt/rustwide/cargo-home/bin/cargo" "+beta-2023-12-22" "metadata" "--no-deps" "--format-version=1", kill_on_drop: false }`
[INFO] [stdout] e4c817f8a20fda66ab6afd848da12b1fb52e0dee3c4768b571151a17088c5a04
[INFO] running `Command { std: "docker" "start" "-a" "e4c817f8a20fda66ab6afd848da12b1fb52e0dee3c4768b571151a17088c5a04", kill_on_drop: false }`
[INFO] running `Command { std: "docker" "inspect" "e4c817f8a20fda66ab6afd848da12b1fb52e0dee3c4768b571151a17088c5a04", kill_on_drop: false }`
[INFO] running `Command { std: "docker" "rm" "-f" "e4c817f8a20fda66ab6afd848da12b1fb52e0dee3c4768b571151a17088c5a04", kill_on_drop: false }`
[INFO] [stdout] e4c817f8a20fda66ab6afd848da12b1fb52e0dee3c4768b571151a17088c5a04
[INFO] running `Command { std: "docker" "create" "-v" "/var/lib/crater-agent-workspace/builds/worker-5-tc2/target:/opt/rustwide/target:rw,Z" "-v" "/var/lib/crater-agent-workspace/builds/worker-5-tc2/source:/opt/rustwide/workdir:ro,Z" "-v" "/var/lib/crater-agent-workspace/cargo-home:/opt/rustwide/cargo-home:ro,Z" "-v" "/var/lib/crater-agent-workspace/rustup-home:/opt/rustwide/rustup-home:ro,Z" "-e" "SOURCE_DIR=/opt/rustwide/workdir" "-e" "CARGO_TARGET_DIR=/opt/rustwide/target" "-e" "CARGO_INCREMENTAL=0" "-e" "RUST_BACKTRACE=full" "-e" "RUSTFLAGS=--cap-lints=warn" "-e" "RUSTDOCFLAGS=--cap-lints=warn" "-e" "CARGO_HOME=/opt/rustwide/cargo-home" "-e" "RUSTUP_HOME=/opt/rustwide/rustup-home" "-w" "/opt/rustwide/workdir" "-m" "1610612736" "--user" "0:0" "--network" "none" "ghcr.io/rust-lang/crates-build-env/linux@sha256:2788e3201cd34a07e3172128adcd8b3090168a8e3bcc40d7c032b9dda1df7d1c" "/opt/rustwide/cargo-home/bin/cargo" "+beta-2023-12-22" "build" "--frozen" "--message-format=json", kill_on_drop: false }`
[INFO] [stdout] a0496f3a6e8396faee7ac7d4b21f229a12e8e7bd9548c313d27dd53afd56c357
[INFO] running `Command { std: "docker" "start" "-a" "a0496f3a6e8396faee7ac7d4b21f229a12e8e7bd9548c313d27dd53afd56c357", kill_on_drop: false }`
[INFO] [stderr]    Compiling autocfg v1.1.0
[INFO] [stderr]    Compiling crossbeam-utils v0.8.17
[INFO] [stderr]    Compiling cfg-if v1.0.0
[INFO] [stderr]    Compiling rayon-core v1.12.0
[INFO] [stderr]    Compiling memchr v2.6.4
[INFO] [stderr]    Compiling regex-syntax v0.8.2
[INFO] [stderr]    Compiling either v1.9.0
[INFO] [stderr]    Compiling day03 v0.1.0 (/opt/rustwide/workdir/2023/day03)
[INFO] [stderr]    Compiling day7 v0.1.0 (/opt/rustwide/workdir/2022/day7)
[INFO] [stderr]    Compiling day11 v0.1.0 (/opt/rustwide/workdir/2022/day11)
[INFO] [stderr]    Compiling day04 v0.1.0 (/opt/rustwide/workdir/2023/day04)
[INFO] [stderr]    Compiling aoc2023-day20 v0.1.0 (/opt/rustwide/workdir/2023/day20)
[INFO] [stderr]    Compiling day16 v0.1.0 (/opt/rustwide/workdir/2022/day16)
[INFO] [stderr]    Compiling day12 v0.1.0 (/opt/rustwide/workdir/2022/day12)
[INFO] [stderr]    Compiling day5 v0.1.0 (/opt/rustwide/workdir/2022/day5)
[INFO] [stderr]    Compiling day8 v0.1.0 (/opt/rustwide/workdir/2022/day8)
[INFO] [stderr]    Compiling day10 v0.1.0 (/opt/rustwide/workdir/2022/day10)
[INFO] [stderr]    Compiling aoc2023-day11 v0.1.0 (/opt/rustwide/workdir/2023/day11)
[INFO] [stdout] warning: unused variable: `node`
[INFO] [stdout]    --> 2022/day16/src/main.rs:303:9
[INFO] [stdout]     |
[INFO] [stdout] 303 |     let node = game_state.graph.nodes.get(&node_id).unwrap();
[INFO] [stdout]     |         ^^^^ help: if this is intentional, prefix it with an underscore: `_node`
[INFO] [stdout]     |
[INFO] [stdout]     = note: `#[warn(unused_variables)]` on by default
[INFO] [stdout] 
[INFO] [stdout] 
[INFO] [stdout] warning: variable does not need to be mutable
[INFO] [stdout]    --> 2022/day16/src/main.rs:357:24
[INFO] [stdout]     |
[INFO] [stdout] 357 | fn calculate_distances(mut graph: &mut Graph) -> BTreeMap<(u32, u32), u32> {
[INFO] [stdout]     |                        ----^^^^^
[INFO] [stdout]     |                        |
[INFO] [stdout]     |                        help: remove this `mut`
[INFO] [stdout]     |
[INFO] [stdout]     = note: `#[warn(unused_mut)]` on by default
[INFO] [stdout] 
[INFO] [stdout] 
[INFO] [stdout] warning: method `to_dot` is never used
[INFO] [stdout]    --> 2022/day16/src/main.rs:109:8
[INFO] [stdout]     |
[INFO] [stdout] 73  | impl Graph {
[INFO] [stdout]     | ---------- method in this implementation
[INFO] [stdout] ...
[INFO] [stdout] 109 |     fn to_dot(&self) -> String {
[INFO] [stdout]     |        ^^^^^^
[INFO] [stdout]     |
[INFO] [stdout]     = note: `#[warn(dead_code)]` on by default
[INFO] [stdout] 
[INFO] [stdout] 
[INFO] [stdout] warning: method `untick` is never used
[INFO] [stdout]    --> 2022/day16/src/main.rs:279:8
[INFO] [stdout]     |
[INFO] [stdout] 251 | impl<'a> GameState<'a> {
[INFO] [stdout]     | ---------------------- method in this implementation
[INFO] [stdout] ...
[INFO] [stdout] 279 |     fn untick(&mut self, rounds: u32) {
[INFO] [stdout]     |        ^^^^^^
[INFO] [stdout] 
[INFO] [stdout] 
[INFO] [stdout] warning: using `.clone()` on a double reference, which returns `&u32` instead of cloning the inner type
[INFO] [stdout]    --> 2022/day16/src/main.rs:211:19
[INFO] [stdout]     |
[INFO] [stdout] 211 |                   .0
[INFO] [stdout]     |  ___________________^
[INFO] [stdout] 212 | |                 .clone();
[INFO] [stdout]     | |________________________^
[INFO] [stdout]     |
[INFO] [stdout]     = note: `#[warn(suspicious_double_ref_op)]` on by default
[INFO] [stdout] 
[INFO] [stdout] 
[INFO] [stderr]    Compiling day2 v0.1.0 (/opt/rustwide/workdir/2022/day2)
[INFO] [stderr]    Compiling memoffset v0.9.0
[INFO] [stderr]    Compiling day07 v0.1.0 (/opt/rustwide/workdir/2023/day07)
[INFO] [stderr]    Compiling aoc2023-day12 v0.1.0 (/opt/rustwide/workdir/2023/day12)
[INFO] [stderr]    Compiling aoc2023-day24 v0.1.0 (/opt/rustwide/workdir/2023/day24)
[INFO] [stderr]    Compiling aoc2023-day10 v0.1.0 (/opt/rustwide/workdir/2023/day10)
[INFO] [stderr]    Compiling aoc2023-day14 v0.1.0 (/opt/rustwide/workdir/2023/day14)
[INFO] [stderr]    Compiling day14 v0.1.0 (/opt/rustwide/workdir/2022/day14)
[INFO] [stderr]    Compiling aoc2023-day15 v0.1.0 (/opt/rustwide/workdir/2023/day15)
[INFO] [stderr]    Compiling day3 v0.1.0 (/opt/rustwide/workdir/2022/day3)
[INFO] [stdout] warning: field `offset_y` is never read
[INFO] [stdout]   --> 2022/day14/src/main.rs:27:5
[INFO] [stdout]    |
[INFO] [stdout] 25 | struct Map {
[INFO] [stdout]    |        --- field in this struct
[INFO] [stdout] 26 |     offset_x: u64,
[INFO] [stdout] 27 |     offset_y: u64,
[INFO] [stdout]    |     ^^^^^^^^
[INFO] [stdout]    |
[INFO] [stdout]    = note: `#[warn(dead_code)]` on by default
[INFO] [stdout] 
[INFO] [stdout] 
[INFO] [stdout] warning: method `print` is never used
[INFO] [stdout]    --> 2022/day14/src/main.rs:137:8
[INFO] [stdout]     |
[INFO] [stdout] 83  | impl Map {
[INFO] [stdout]     | -------- method in this implementation
[INFO] [stdout] ...
[INFO] [stdout] 137 |     fn print(&self) {
[INFO] [stdout]     |        ^^^^^
[INFO] [stdout] 
[INFO] [stdout] 
[INFO] [stderr]    Compiling day09 v0.1.0 (/opt/rustwide/workdir/2023/day09)
[INFO] [stderr]    Compiling day6 v0.1.0 (/opt/rustwide/workdir/2022/day6)
[INFO] [stderr]    Compiling aho-corasick v1.1.2
[INFO] [stderr]    Compiling aoc2023-day13 v0.1.0 (/opt/rustwide/workdir/2023/day13)
[INFO] [stderr]    Compiling crossbeam-epoch v0.9.16
[INFO] [stderr]    Compiling day4 v0.1.0 (/opt/rustwide/workdir/2022/day4)
[INFO] [stderr]    Compiling day15 v0.1.0 (/opt/rustwide/workdir/2022/day15)
[INFO] [stderr]    Compiling day06 v0.1.0 (/opt/rustwide/workdir/2023/day06)
[INFO] [stderr]    Compiling day02 v0.1.0 (/opt/rustwide/workdir/2023/day02)
[INFO] [stdout] warning: 2 warnings emitted
[INFO] [stdout] 
[INFO] [stdout] 
[INFO] [stderr]    Compiling day05 v0.1.0 (/opt/rustwide/workdir/2023/day05)
[INFO] [stderr]    Compiling aoc2023-day23 v0.1.0 (/opt/rustwide/workdir/2023/day23)
[INFO] [stderr]    Compiling crossbeam-deque v0.8.4
[INFO] [stderr]    Compiling day13 v0.1.0 (/opt/rustwide/workdir/2022/day13)
[INFO] [stderr]    Compiling aoc2023-day21 v0.1.0 (/opt/rustwide/workdir/2023/day21)
[INFO] [stderr]    Compiling aoc2023-day22 v0.1.0 (/opt/rustwide/workdir/2023/day22)
[INFO] [stderr]    Compiling day1 v0.1.0 (/opt/rustwide/workdir/2022/day1)
[INFO] [stderr]    Compiling aoc2023-day19 v0.1.0 (/opt/rustwide/workdir/2023/day19)
[INFO] [stderr]    Compiling aoc2023-day17 v0.1.0 (/opt/rustwide/workdir/2023/day17)
[INFO] [stderr]    Compiling day9 v0.1.0 (/opt/rustwide/workdir/2022/day9)
[INFO] [stderr]    Compiling rayon v1.8.0
[INFO] [stderr]    Compiling regex-automata v0.4.3
[INFO] [stdout] warning: 5 warnings emitted
[INFO] [stdout] 
[INFO] [stdout] 
[INFO] [stderr]    Compiling aoc2023-day16 v0.1.0 (/opt/rustwide/workdir/2023/day16)
[INFO] [stderr]    Compiling aoc2023-day18 v0.1.0 (/opt/rustwide/workdir/2023/day18)
[INFO] [stdout] warning: method `print` is never used
[INFO] [stdout]    --> 2023/day18/src/main.rs:238:8
[INFO] [stdout]     |
[INFO] [stdout] 135 | impl Map {
[INFO] [stdout]     | -------- method in this implementation
[INFO] [stdout] ...
[INFO] [stdout] 238 |     fn print(&self) {
[INFO] [stdout]     |        ^^^^^
[INFO] [stdout]     |
[INFO] [stdout]     = note: `#[warn(dead_code)]` on by default
[INFO] [stdout] 
[INFO] [stdout] 
[INFO] [stderr]    Compiling regex v1.10.2
[INFO] [stdout] warning: 1 warning emitted
[INFO] [stdout] 
[INFO] [stdout] 
[INFO] [stderr]    Compiling aod2023 v0.1.0 (/opt/rustwide/workdir/2023/day01)
[INFO] [stderr]    Compiling day08 v0.1.0 (/opt/rustwide/workdir/2023/day08)
[INFO] [stderr]     Finished dev [unoptimized + debuginfo] target(s) in 7.33s
[INFO] running `Command { std: "docker" "inspect" "a0496f3a6e8396faee7ac7d4b21f229a12e8e7bd9548c313d27dd53afd56c357", kill_on_drop: false }`
[INFO] running `Command { std: "docker" "rm" "-f" "a0496f3a6e8396faee7ac7d4b21f229a12e8e7bd9548c313d27dd53afd56c357", kill_on_drop: false }`
[INFO] [stdout] a0496f3a6e8396faee7ac7d4b21f229a12e8e7bd9548c313d27dd53afd56c357
[INFO] running `Command { std: "docker" "create" "-v" "/var/lib/crater-agent-workspace/builds/worker-5-tc2/target:/opt/rustwide/target:rw,Z" "-v" "/var/lib/crater-agent-workspace/builds/worker-5-tc2/source:/opt/rustwide/workdir:ro,Z" "-v" "/var/lib/crater-agent-workspace/cargo-home:/opt/rustwide/cargo-home:ro,Z" "-v" "/var/lib/crater-agent-workspace/rustup-home:/opt/rustwide/rustup-home:ro,Z" "-e" "SOURCE_DIR=/opt/rustwide/workdir" "-e" "CARGO_TARGET_DIR=/opt/rustwide/target" "-e" "CARGO_INCREMENTAL=0" "-e" "RUST_BACKTRACE=full" "-e" "RUSTFLAGS=--cap-lints=warn" "-e" "RUSTDOCFLAGS=--cap-lints=warn" "-e" "CARGO_HOME=/opt/rustwide/cargo-home" "-e" "RUSTUP_HOME=/opt/rustwide/rustup-home" "-w" "/opt/rustwide/workdir" "-m" "1610612736" "--user" "0:0" "--network" "none" "ghcr.io/rust-lang/crates-build-env/linux@sha256:2788e3201cd34a07e3172128adcd8b3090168a8e3bcc40d7c032b9dda1df7d1c" "/opt/rustwide/cargo-home/bin/cargo" "+beta-2023-12-22" "test" "--frozen" "--no-run" "--message-format=json", kill_on_drop: false }`
[INFO] [stdout] c3129522545fa1ffb78cd4e009cc28560ae906c4f7b6444b679d15ca8cf0cc7f
[INFO] running `Command { std: "docker" "start" "-a" "c3129522545fa1ffb78cd4e009cc28560ae906c4f7b6444b679d15ca8cf0cc7f", kill_on_drop: false }`
[INFO] [stderr]    Compiling aoc2023-day13 v0.1.0 (/opt/rustwide/workdir/2023/day13)
[INFO] [stderr]    Compiling aoc2023-day19 v0.1.0 (/opt/rustwide/workdir/2023/day19)
[INFO] [stderr]    Compiling day12 v0.1.0 (/opt/rustwide/workdir/2022/day12)
[INFO] [stderr]    Compiling aoc2023-day10 v0.1.0 (/opt/rustwide/workdir/2023/day10)
[INFO] [stderr]    Compiling day7 v0.1.0 (/opt/rustwide/workdir/2022/day7)
[INFO] [stderr]    Compiling day1 v0.1.0 (/opt/rustwide/workdir/2022/day1)
[INFO] [stderr]    Compiling aoc2023-day23 v0.1.0 (/opt/rustwide/workdir/2023/day23)
[INFO] [stderr]    Compiling aoc2023-day12 v0.1.0 (/opt/rustwide/workdir/2023/day12)
[INFO] [stderr]    Compiling day09 v0.1.0 (/opt/rustwide/workdir/2023/day09)
[INFO] [stderr]    Compiling day6 v0.1.0 (/opt/rustwide/workdir/2022/day6)
[INFO] [stderr]    Compiling aoc2023-day11 v0.1.0 (/opt/rustwide/workdir/2023/day11)
[INFO] [stderr]    Compiling day15 v0.1.0 (/opt/rustwide/workdir/2022/day15)
[INFO] [stderr]    Compiling day03 v0.1.0 (/opt/rustwide/workdir/2023/day03)
[INFO] [stderr]    Compiling aoc2023-day20 v0.1.0 (/opt/rustwide/workdir/2023/day20)
[INFO] [stderr]    Compiling day08 v0.1.0 (/opt/rustwide/workdir/2023/day08)
[INFO] [stderr]    Compiling aoc2023-day16 v0.1.0 (/opt/rustwide/workdir/2023/day16)
[INFO] [stderr]    Compiling aoc2023-day18 v0.1.0 (/opt/rustwide/workdir/2023/day18)
[INFO] [stderr]    Compiling aod2023 v0.1.0 (/opt/rustwide/workdir/2023/day01)
[INFO] [stderr]    Compiling aoc2023-day14 v0.1.0 (/opt/rustwide/workdir/2023/day14)
[INFO] [stderr]    Compiling aoc2023-day22 v0.1.0 (/opt/rustwide/workdir/2023/day22)
[INFO] [stderr]    Compiling aoc2023-day15 v0.1.0 (/opt/rustwide/workdir/2023/day15)
[INFO] [stderr]    Compiling day11 v0.1.0 (/opt/rustwide/workdir/2022/day11)
[INFO] [stderr]    Compiling day3 v0.1.0 (/opt/rustwide/workdir/2022/day3)
[INFO] [stderr]    Compiling aoc2023-day17 v0.1.0 (/opt/rustwide/workdir/2023/day17)
[INFO] [stderr]    Compiling day9 v0.1.0 (/opt/rustwide/workdir/2022/day9)
[INFO] [stderr]    Compiling day10 v0.1.0 (/opt/rustwide/workdir/2022/day10)
[INFO] [stderr]    Compiling day5 v0.1.0 (/opt/rustwide/workdir/2022/day5)
[INFO] [stderr]    Compiling day8 v0.1.0 (/opt/rustwide/workdir/2022/day8)
[INFO] [stdout] warning: method `print` is never used
[INFO] [stdout]    --> 2023/day18/src/main.rs:238:8
[INFO] [stdout]     |
[INFO] [stdout] 135 | impl Map {
[INFO] [stdout]     | -------- method in this implementation
[INFO] [stdout] ...
[INFO] [stdout] 238 |     fn print(&self) {
[INFO] [stdout]     |        ^^^^^
[INFO] [stdout]     |
[INFO] [stdout]     = note: `#[warn(dead_code)]` on by default
[INFO] [stdout] 
[INFO] [stdout] 
[INFO] [stderr]    Compiling day14 v0.1.0 (/opt/rustwide/workdir/2022/day14)
[INFO] [stderr]    Compiling day05 v0.1.0 (/opt/rustwide/workdir/2023/day05)
[INFO] [stderr]    Compiling day4 v0.1.0 (/opt/rustwide/workdir/2022/day4)
[INFO] [stderr]    Compiling day06 v0.1.0 (/opt/rustwide/workdir/2023/day06)
[INFO] [stdout] warning: field `offset_y` is never read
[INFO] [stdout]   --> 2022/day14/src/main.rs:27:5
[INFO] [stdout]    |
[INFO] [stdout] 25 | struct Map {
[INFO] [stdout]    |        --- field in this struct
[INFO] [stdout] 26 |     offset_x: u64,
[INFO] [stdout] 27 |     offset_y: u64,
[INFO] [stdout]    |     ^^^^^^^^
[INFO] [stdout]    |
[INFO] [stdout]    = note: `#[warn(dead_code)]` on by default
[INFO] [stdout] 
[INFO] [stdout] 
[INFO] [stdout] warning: method `print` is never used
[INFO] [stdout]    --> 2022/day14/src/main.rs:137:8
[INFO] [stdout]     |
[INFO] [stdout] 83  | impl Map {
[INFO] [stdout]     | -------- method in this implementation
[INFO] [stdout] ...
[INFO] [stdout] 137 |     fn print(&self) {
[INFO] [stdout]     |        ^^^^^
[INFO] [stdout] 
[INFO] [stdout] 
[INFO] [stderr]    Compiling day16 v0.1.0 (/opt/rustwide/workdir/2022/day16)
[INFO] [stderr]    Compiling day04 v0.1.0 (/opt/rustwide/workdir/2023/day04)
[INFO] [stderr]    Compiling aoc2023-day21 v0.1.0 (/opt/rustwide/workdir/2023/day21)
[INFO] [stderr]    Compiling day13 v0.1.0 (/opt/rustwide/workdir/2022/day13)
[INFO] [stderr]    Compiling day2 v0.1.0 (/opt/rustwide/workdir/2022/day2)
[INFO] [stderr]    Compiling aoc2023-day24 v0.1.0 (/opt/rustwide/workdir/2023/day24)
[INFO] [stderr]    Compiling day02 v0.1.0 (/opt/rustwide/workdir/2023/day02)
[INFO] [stderr]    Compiling day07 v0.1.0 (/opt/rustwide/workdir/2023/day07)
[INFO] [stdout] warning: 1 warning emitted
[INFO] [stdout] 
[INFO] [stdout] 
[INFO] [stdout] warning: unused variable: `node`
[INFO] [stdout]    --> 2022/day16/src/main.rs:303:9
[INFO] [stdout]     |
[INFO] [stdout] 303 |     let node = game_state.graph.nodes.get(&node_id).unwrap();
[INFO] [stdout]     |         ^^^^ help: if this is intentional, prefix it with an underscore: `_node`
[INFO] [stdout]     |
[INFO] [stdout]     = note: `#[warn(unused_variables)]` on by default
[INFO] [stdout] 
[INFO] [stdout] 
[INFO] [stdout] warning: variable does not need to be mutable
[INFO] [stdout]    --> 2022/day16/src/main.rs:357:24
[INFO] [stdout]     |
[INFO] [stdout] 357 | fn calculate_distances(mut graph: &mut Graph) -> BTreeMap<(u32, u32), u32> {
[INFO] [stdout]     |                        ----^^^^^
[INFO] [stdout]     |                        |
[INFO] [stdout]     |                        help: remove this `mut`
[INFO] [stdout]     |
[INFO] [stdout]     = note: `#[warn(unused_mut)]` on by default
[INFO] [stdout] 
[INFO] [stdout] 
[INFO] [stdout] warning: method `to_dot` is never used
[INFO] [stdout]    --> 2022/day16/src/main.rs:109:8
[INFO] [stdout]     |
[INFO] [stdout] 73  | impl Graph {
[INFO] [stdout]     | ---------- method in this implementation
[INFO] [stdout] ...
[INFO] [stdout] 109 |     fn to_dot(&self) -> String {
[INFO] [stdout]     |        ^^^^^^
[INFO] [stdout]     |
[INFO] [stdout]     = note: `#[warn(dead_code)]` on by default
[INFO] [stdout] 
[INFO] [stdout] 
[INFO] [stdout] warning: method `untick` is never used
[INFO] [stdout]    --> 2022/day16/src/main.rs:279:8
[INFO] [stdout]     |
[INFO] [stdout] 251 | impl<'a> GameState<'a> {
[INFO] [stdout]     | ---------------------- method in this implementation
[INFO] [stdout] ...
[INFO] [stdout] 279 |     fn untick(&mut self, rounds: u32) {
[INFO] [stdout]     |        ^^^^^^
[INFO] [stdout] 
[INFO] [stdout] 
[INFO] [stdout] warning: using `.clone()` on a double reference, which returns `&u32` instead of cloning the inner type
[INFO] [stdout]    --> 2022/day16/src/main.rs:211:19
[INFO] [stdout]     |
[INFO] [stdout] 211 |                   .0
[INFO] [stdout]     |  ___________________^
[INFO] [stdout] 212 | |                 .clone();
[INFO] [stdout]     | |________________________^
[INFO] [stdout]     |
[INFO] [stdout]     = note: `#[warn(suspicious_double_ref_op)]` on by default
[INFO] [stdout] 
[INFO] [stdout] 
[INFO] [stdout] warning: 2 warnings emitted
[INFO] [stdout] 
[INFO] [stdout] 
[INFO] [stdout] warning: 5 warnings emitted
[INFO] [stdout] 
[INFO] [stdout] 
[INFO] [stderr]     Finished test [unoptimized + debuginfo] target(s) in 1.91s
[INFO] running `Command { std: "docker" "inspect" "c3129522545fa1ffb78cd4e009cc28560ae906c4f7b6444b679d15ca8cf0cc7f", kill_on_drop: false }`
[INFO] running `Command { std: "docker" "rm" "-f" "c3129522545fa1ffb78cd4e009cc28560ae906c4f7b6444b679d15ca8cf0cc7f", kill_on_drop: false }`
[INFO] [stdout] c3129522545fa1ffb78cd4e009cc28560ae906c4f7b6444b679d15ca8cf0cc7f
[INFO] running `Command { std: "docker" "create" "-v" "/var/lib/crater-agent-workspace/builds/worker-5-tc2/target:/opt/rustwide/target:rw,Z" "-v" "/var/lib/crater-agent-workspace/builds/worker-5-tc2/source:/opt/rustwide/workdir:ro,Z" "-v" "/var/lib/crater-agent-workspace/cargo-home:/opt/rustwide/cargo-home:ro,Z" "-v" "/var/lib/crater-agent-workspace/rustup-home:/opt/rustwide/rustup-home:ro,Z" "-e" "SOURCE_DIR=/opt/rustwide/workdir" "-e" "CARGO_TARGET_DIR=/opt/rustwide/target" "-e" "CARGO_INCREMENTAL=0" "-e" "RUST_BACKTRACE=full" "-e" "RUSTFLAGS=--cap-lints=warn" "-e" "RUSTDOCFLAGS=--cap-lints=warn" "-e" "CARGO_HOME=/opt/rustwide/cargo-home" "-e" "RUSTUP_HOME=/opt/rustwide/rustup-home" "-w" "/opt/rustwide/workdir" "-m" "1610612736" "--user" "0:0" "--network" "none" "ghcr.io/rust-lang/crates-build-env/linux@sha256:2788e3201cd34a07e3172128adcd8b3090168a8e3bcc40d7c032b9dda1df7d1c" "/opt/rustwide/cargo-home/bin/cargo" "+beta-2023-12-22" "test" "--frozen", kill_on_drop: false }`
[INFO] [stdout] 0af8afa59737123b4410b86d539db49b24c822233ce71626556a828bc5f9e473
[INFO] running `Command { std: "docker" "start" "-a" "0af8afa59737123b4410b86d539db49b24c822233ce71626556a828bc5f9e473", kill_on_drop: false }`
[INFO] [stderr] warning: unused variable: `node`
[INFO] [stderr]    --> 2022/day16/src/main.rs:303:9
[INFO] [stderr]     |
[INFO] [stderr] 303 |     let node = game_state.graph.nodes.get(&node_id).unwrap();
[INFO] [stderr]     |         ^^^^ help: if this is intentional, prefix it with an underscore: `_node`
[INFO] [stderr]     |
[INFO] [stderr]     = note: `#[warn(unused_variables)]` on by default
[INFO] [stderr] 
[INFO] [stderr] warning: variable does not need to be mutable
[INFO] [stderr]    --> 2022/day16/src/main.rs:357:24
[INFO] [stderr]     |
[INFO] [stderr] 357 | fn calculate_distances(mut graph: &mut Graph) -> BTreeMap<(u32, u32), u32> {
[INFO] [stderr]     |                        ----^^^^^
[INFO] [stderr]     |                        |
[INFO] [stderr]     |                        help: remove this `mut`
[INFO] [stderr]     |
[INFO] [stderr]     = note: `#[warn(unused_mut)]` on by default
[INFO] [stderr] 
[INFO] [stderr] warning: method `to_dot` is never used
[INFO] [stderr]    --> 2022/day16/src/main.rs:109:8
[INFO] [stderr]     |
[INFO] [stderr] 73  | impl Graph {
[INFO] [stderr]     | ---------- method in this implementation
[INFO] [stderr] ...
[INFO] [stderr] 109 |     fn to_dot(&self) -> String {
[INFO] [stderr]     |        ^^^^^^
[INFO] [stderr]     |
[INFO] [stderr]     = note: `#[warn(dead_code)]` on by default
[INFO] [stderr] 
[INFO] [stderr] warning: method `untick` is never used
[INFO] [stderr]    --> 2022/day16/src/main.rs:279:8
[INFO] [stderr]     |
[INFO] [stderr] 251 | impl<'a> GameState<'a> {
[INFO] [stderr]     | ---------------------- method in this implementation
[INFO] [stderr] ...
[INFO] [stderr] 279 |     fn untick(&mut self, rounds: u32) {
[INFO] [stderr]     |        ^^^^^^
[INFO] [stderr] 
[INFO] [stderr] warning: using `.clone()` on a double reference, which returns `&u32` instead of cloning the inner type
[INFO] [stderr]    --> 2022/day16/src/main.rs:211:19
[INFO] [stderr]     |
[INFO] [stderr] 211 |                   .0
[INFO] [stderr]     |  ___________________^
[INFO] [stderr] 212 | |                 .clone();
[INFO] [stderr]     | |________________________^
[INFO] [stderr]     |
[INFO] [stderr]     = note: `#[warn(suspicious_double_ref_op)]` on by default
[INFO] [stderr] 
[INFO] [stderr] warning: `day16` (bin "day16" test) generated 5 warnings (run `cargo fix --bin "day16" --tests` to apply 2 suggestions)
[INFO] [stderr] warning: field `offset_y` is never read
[INFO] [stderr]   --> 2022/day14/src/main.rs:27:5
[INFO] [stderr]    |
[INFO] [stderr] 25 | struct Map {
[INFO] [stderr]    |        --- field in this struct
[INFO] [stderr] 26 |     offset_x: u64,
[INFO] [stderr] 27 |     offset_y: u64,
[INFO] [stderr]    |     ^^^^^^^^
[INFO] [stderr]    |
[INFO] [stderr]    = note: `#[warn(dead_code)]` on by default
[INFO] [stderr] 
[INFO] [stderr] warning: method `print` is never used
[INFO] [stderr]    --> 2022/day14/src/main.rs:137:8
[INFO] [stderr]     |
[INFO] [stderr] 83  | impl Map {
[INFO] [stderr]     | -------- method in this implementation
[INFO] [stderr] ...
[INFO] [stderr] 137 |     fn print(&self) {
[INFO] [stderr]     |        ^^^^^
[INFO] [stderr] 
[INFO] [stderr] warning: `day14` (bin "day14" test) generated 2 warnings
[INFO] [stderr] warning: method `print` is never used
[INFO] [stderr]    --> 2023/day18/src/main.rs:238:8
[INFO] [stderr]     |
[INFO] [stderr] 135 | impl Map {
[INFO] [stderr]     | -------- method in this implementation
[INFO] [stderr] ...
[INFO] [stderr] 238 |     fn print(&self) {
[INFO] [stderr]     |        ^^^^^
[INFO] [stderr]     |
[INFO] [stderr]     = note: `#[warn(dead_code)]` on by default
[INFO] [stderr] 
[INFO] [stderr] warning: `aoc2023-day18` (bin "aoc2023-day18" test) generated 1 warning
[INFO] [stderr]     Finished test [unoptimized + debuginfo] target(s) in 0.02s
[INFO] [stderr]      Running unittests src/main.rs (/opt/rustwide/target/debug/deps/aoc2023_day10-27383ca325d0c5a3)
[INFO] [stdout] 
[INFO] [stdout] running 0 tests
[INFO] [stdout] 
[INFO] [stdout] test result: ok. 0 passed; 0 failed; 0 ignored; 0 measured; 0 filtered out; finished in 0.00s
[INFO] [stdout] 
[INFO] [stderr]      Running unittests src/main.rs (/opt/rustwide/target/debug/deps/aoc2023_day11-94445bffbac486b4)
[INFO] [stdout] 
[INFO] [stdout] running 0 tests
[INFO] [stdout] 
[INFO] [stdout] test result: ok. 0 passed; 0 failed; 0 ignored; 0 measured; 0 filtered out; finished in 0.00s
[INFO] [stdout] 
[INFO] [stderr]      Running unittests src/main.rs (/opt/rustwide/target/debug/deps/aoc2023_day12-84820933e28197b4)
[INFO] [stdout] 
[INFO] [stdout] running 0 tests
[INFO] [stdout] 
[INFO] [stdout] test result: ok. 0 passed; 0 failed; 0 ignored; 0 measured; 0 filtered out; finished in 0.00s
[INFO] [stdout] 
[INFO] [stderr]      Running unittests src/main.rs (/opt/rustwide/target/debug/deps/aoc2023_day13-727be2e3b1f97824)
[INFO] [stdout] 
[INFO] [stdout] running 0 tests
[INFO] [stdout] 
[INFO] [stdout] test result: ok. 0 passed; 0 failed; 0 ignored; 0 measured; 0 filtered out; finished in 0.00s
[INFO] [stdout] 
[INFO] [stderr]      Running unittests src/main.rs (/opt/rustwide/target/debug/deps/aoc2023_day14-667c5ec26ed83ea7)
[INFO] [stdout] 
[INFO] [stdout] running 0 tests
[INFO] [stdout] 
[INFO] [stdout] test result: ok. 0 passed; 0 failed; 0 ignored; 0 measured; 0 filtered out; finished in 0.00s
[INFO] [stdout] 
[INFO] [stderr]      Running unittests src/main.rs (/opt/rustwide/target/debug/deps/aoc2023_day15-352c65ad395ce4fd)
[INFO] [stdout] 
[INFO] [stdout] running 0 tests
[INFO] [stdout] 
[INFO] [stdout] test result: ok. 0 passed; 0 failed; 0 ignored; 0 measured; 0 filtered out; finished in 0.00s
[INFO] [stdout] 
[INFO] [stderr]      Running unittests src/main.rs (/opt/rustwide/target/debug/deps/aoc2023_day16-08e77e00f32393fa)
[INFO] [stdout] 
[INFO] [stdout] running 0 tests
[INFO] [stdout] 
[INFO] [stdout] test result: ok. 0 passed; 0 failed; 0 ignored; 0 measured; 0 filtered out; finished in 0.00s
[INFO] [stdout] 
[INFO] [stderr]      Running unittests src/main.rs (/opt/rustwide/target/debug/deps/aoc2023_day17-e1b030d376773f13)
[INFO] [stdout] 
[INFO] [stdout] running 0 tests
[INFO] [stdout] 
[INFO] [stdout] test result: ok. 0 passed; 0 failed; 0 ignored; 0 measured; 0 filtered out; finished in 0.00s
[INFO] [stdout] 
[INFO] [stderr]      Running unittests src/main.rs (/opt/rustwide/target/debug/deps/aoc2023_day18-bb7f378619c81c56)
[INFO] [stdout] 
[INFO] [stdout] running 0 tests
[INFO] [stdout] 
[INFO] [stdout] test result: ok. 0 passed; 0 failed; 0 ignored; 0 measured; 0 filtered out; finished in 0.00s
[INFO] [stdout] 
[INFO] [stderr]      Running unittests src/main.rs (/opt/rustwide/target/debug/deps/aoc2023_day19-42d853dc21c5ea5e)
[INFO] [stdout] 
[INFO] [stdout] running 0 tests
[INFO] [stdout] 
[INFO] [stdout] test result: ok. 0 passed; 0 failed; 0 ignored; 0 measured; 0 filtered out; finished in 0.00s
[INFO] [stdout] 
[INFO] [stderr]      Running unittests src/main.rs (/opt/rustwide/target/debug/deps/aoc2023_day20-8a1c9568973eddba)
[INFO] [stdout] 
[INFO] [stdout] running 0 tests
[INFO] [stdout] 
[INFO] [stdout] test result: ok. 0 passed; 0 failed; 0 ignored; 0 measured; 0 filtered out; finished in 0.00s
[INFO] [stdout] 
[INFO] [stderr]      Running unittests src/main.rs (/opt/rustwide/target/debug/deps/aoc2023_day21-8b62c012ac851231)
[INFO] [stdout] 
[INFO] [stdout] running 0 tests
[INFO] [stdout] 
[INFO] [stdout] test result: ok. 0 passed; 0 failed; 0 ignored; 0 measured; 0 filtered out; finished in 0.00s
[INFO] [stdout] 
[INFO] [stderr]      Running unittests src/main.rs (/opt/rustwide/target/debug/deps/aoc2023_day22-97676741dd2cd130)
[INFO] [stdout] 
[INFO] [stdout] running 0 tests
[INFO] [stdout] 
[INFO] [stdout] test result: ok. 0 passed; 0 failed; 0 ignored; 0 measured; 0 filtered out; finished in 0.00s
[INFO] [stdout] 
[INFO] [stderr]      Running unittests src/main.rs (/opt/rustwide/target/debug/deps/aoc2023_day23-3f90fa1a93542bb2)
[INFO] [stdout] 
[INFO] [stdout] running 0 tests
[INFO] [stdout] 
[INFO] [stdout] test result: ok. 0 passed; 0 failed; 0 ignored; 0 measured; 0 filtered out; finished in 0.00s
[INFO] [stdout] 
[INFO] [stderr]      Running unittests src/main.rs (/opt/rustwide/target/debug/deps/aoc2023_day24-3eda9ea0e542d55c)
[INFO] [stdout] 
[INFO] [stdout] running 0 tests
[INFO] [stdout] 
[INFO] [stdout] test result: ok. 0 passed; 0 failed; 0 ignored; 0 measured; 0 filtered out; finished in 0.00s
[INFO] [stdout] 
[INFO] [stderr]      Running unittests src/main.rs (/opt/rustwide/target/debug/deps/aod2023-51ed4b898daaf816)
[INFO] [stdout] 
[INFO] [stdout] running 0 tests
[INFO] [stdout] 
[INFO] [stdout] test result: ok. 0 passed; 0 failed; 0 ignored; 0 measured; 0 filtered out; finished in 0.00s
[INFO] [stdout] 
[INFO] [stderr]      Running unittests src/main.rs (/opt/rustwide/target/debug/deps/day02-86eb26b065c2031e)
[INFO] [stdout] 
[INFO] [stdout] running 0 tests
[INFO] [stdout] 
[INFO] [stdout] test result: ok. 0 passed; 0 failed; 0 ignored; 0 measured; 0 filtered out; finished in 0.00s
[INFO] [stdout] 
[INFO] [stderr]      Running unittests src/main.rs (/opt/rustwide/target/debug/deps/day03-9f9b28b1a767b54a)
[INFO] [stdout] 
[INFO] [stdout] running 0 tests
[INFO] [stdout] 
[INFO] [stdout] test result: ok. 0 passed; 0 failed; 0 ignored; 0 measured; 0 filtered out; finished in 0.00s
[INFO] [stdout] 
[INFO] [stderr]      Running unittests src/main.rs (/opt/rustwide/target/debug/deps/day04-f74d270f1595eab6)
[INFO] [stdout] 
[INFO] [stdout] running 0 tests
[INFO] [stdout] 
[INFO] [stdout] test result: ok. 0 passed; 0 failed; 0 ignored; 0 measured; 0 filtered out; finished in 0.00s
[INFO] [stdout] 
[INFO] [stderr]      Running unittests src/main.rs (/opt/rustwide/target/debug/deps/day05-0c12a0bd448620a8)
[INFO] [stdout] 
[INFO] [stdout] running 2 tests
[INFO] [stdout] test tests::test_range_diff ... ok
[INFO] [stdout] test tests::test_range_intersect ... ok
[INFO] [stdout] 
[INFO] [stdout] test result: ok. 2 passed; 0 failed; 0 ignored; 0 measured; 0 filtered out; finished in 0.00s
[INFO] [stdout] 
[INFO] [stderr]      Running unittests src/main.rs (/opt/rustwide/target/debug/deps/day06-f5ba2f217916b37c)
[INFO] [stdout] 
[INFO] [stdout] running 0 tests
[INFO] [stdout] 
[INFO] [stdout] test result: ok. 0 passed; 0 failed; 0 ignored; 0 measured; 0 filtered out; finished in 0.00s
[INFO] [stdout] 
[INFO] [stderr]      Running unittests src/main.rs (/opt/rustwide/target/debug/deps/day07-0e285ae2280e84fb)
[INFO] [stdout] 
[INFO] [stdout] running 0 tests
[INFO] [stdout] 
[INFO] [stdout] test result: ok. 0 passed; 0 failed; 0 ignored; 0 measured; 0 filtered out; finished in 0.00s
[INFO] [stdout] 
[INFO] [stderr]      Running unittests src/main.rs (/opt/rustwide/target/debug/deps/day08-48e8869db1067d4b)
[INFO] [stdout] 
[INFO] [stdout] running 0 tests
[INFO] [stdout] 
[INFO] [stdout] test result: ok. 0 passed; 0 failed; 0 ignored; 0 measured; 0 filtered out; finished in 0.00s
[INFO] [stdout] 
[INFO] [stderr]      Running unittests src/main.rs (/opt/rustwide/target/debug/deps/day09-5a4e38e23faa439f)
[INFO] [stdout] 
[INFO] [stdout] running 0 tests
[INFO] [stdout] 
[INFO] [stdout] test result: ok. 0 passed; 0 failed; 0 ignored; 0 measured; 0 filtered out; finished in 0.00s
[INFO] [stdout] 
[INFO] [stderr]      Running unittests src/main.rs (/opt/rustwide/target/debug/deps/day1-31506cd99588628e)
[INFO] [stdout] 
[INFO] [stdout] running 0 tests
[INFO] [stdout] 
[INFO] [stdout] test result: ok. 0 passed; 0 failed; 0 ignored; 0 measured; 0 filtered out; finished in 0.00s
[INFO] [stdout] 
[INFO] [stderr]      Running unittests src/main.rs (/opt/rustwide/target/debug/deps/day10-a5b5ead8d69a5aa6)
[INFO] [stdout] 
[INFO] [stdout] running 0 tests
[INFO] [stdout] 
[INFO] [stdout] test result: ok. 0 passed; 0 failed; 0 ignored; 0 measured; 0 filtered out; finished in 0.00s
[INFO] [stdout] 
[INFO] [stderr]      Running unittests src/main.rs (/opt/rustwide/target/debug/deps/day11-9be01641b2492e74)
[INFO] [stdout] 
[INFO] [stdout] running 0 tests
[INFO] [stdout] 
[INFO] [stdout] test result: ok. 0 passed; 0 failed; 0 ignored; 0 measured; 0 filtered out; finished in 0.00s
[INFO] [stdout] 
[INFO] [stderr]      Running unittests src/main.rs (/opt/rustwide/target/debug/deps/day12-ed78260842e97eb3)
[INFO] [stdout] 
[INFO] [stdout] running 3 tests
[INFO] [stdout] test tests::test_contains ... ok
[INFO] [stdout] test tests::test_height ... ok
[INFO] [stdout] test tests::test_neighbours ... ok
[INFO] [stdout] 
[INFO] [stdout] test result: ok. 3 passed; 0 failed; 0 ignored; 0 measured; 0 filtered out; finished in 0.00s
[INFO] [stdout] 
[INFO] [stderr]      Running unittests src/main.rs (/opt/rustwide/target/debug/deps/day13-7755e31916595708)
[INFO] [stdout] 
[INFO] [stdout] running 1 test
[INFO] [stdout] test tests::test_lex_line ... ok
[INFO] [stdout] 
[INFO] [stdout] test result: ok. 1 passed; 0 failed; 0 ignored; 0 measured; 0 filtered out; finished in 0.00s
[INFO] [stdout] 
[INFO] [stderr]      Running unittests src/main.rs (/opt/rustwide/target/debug/deps/day14-cd700e5e0e3a8207)
[INFO] [stdout] 
[INFO] [stdout] running 0 tests
[INFO] [stdout] 
[INFO] [stdout] test result: ok. 0 passed; 0 failed; 0 ignored; 0 measured; 0 filtered out; finished in 0.00s
[INFO] [stdout] 
[INFO] [stderr]      Running unittests src/main.rs (/opt/rustwide/target/debug/deps/day15-4409ee9608976950)
[INFO] [stdout] 
[INFO] [stdout] running 4 tests
[INFO] [stdout] test test::test_parse_point ... ok
[INFO] [stdout] test test::test_part_one_small ... ok
[INFO] [stdout] test test::test_part_two_small ... ok
[INFO] [stdout] test test::test_part_one ... FAILED
[INFO] [stdout] 
[INFO] [stdout] failures:
[INFO] [stdout] 
[INFO] [stdout] ---- test::test_part_one stdout ----
[INFO] [stdout] thread 'test::test_part_one' panicked at 2022/day15/src/main.rs:63:41:
[INFO] [stdout] Can't read input file: Os { code: 2, kind: NotFound, message: "No such file or directory" }
[INFO] [stdout] stack backtrace:
[INFO] [stdout]    0:     0x55e5e9e4a386 - std::backtrace_rs::backtrace::libunwind::trace::h261606ad26a499c1
[INFO] [stdout]                                at /rustc/0e09125c6c3c2fd70d7de961bcf0e51575235fad/library/std/src/../../backtrace/src/backtrace/libunwind.rs:104:5
[INFO] [stdout]    1:     0x55e5e9e4a386 - std::backtrace_rs::backtrace::trace_unsynchronized::hd183f0625477fb28
[INFO] [stdout]                                at /rustc/0e09125c6c3c2fd70d7de961bcf0e51575235fad/library/std/src/../../backtrace/src/backtrace/mod.rs:66:5
[INFO] [stdout]    2:     0x55e5e9e4a386 - std::sys_common::backtrace::_print_fmt::hd7f8fef21b4eda67
[INFO] [stdout]                                at /rustc/0e09125c6c3c2fd70d7de961bcf0e51575235fad/library/std/src/sys_common/backtrace.rs:68:5
[INFO] [stdout]    3:     0x55e5e9e4a386 - <std::sys_common::backtrace::_print::DisplayBacktrace as core::fmt::Display>::fmt::h623d9b51f2f453f1
[INFO] [stdout]                                at /rustc/0e09125c6c3c2fd70d7de961bcf0e51575235fad/library/std/src/sys_common/backtrace.rs:44:22
[INFO] [stdout]    4:     0x55e5e9e734e0 - core::fmt::rt::Argument::fmt::h9f417ac76a86f368
[INFO] [stdout]                                at /rustc/0e09125c6c3c2fd70d7de961bcf0e51575235fad/library/core/src/fmt/rt.rs:142:9
[INFO] [stdout]    5:     0x55e5e9e734e0 - core::fmt::write::hc9b6faf4ac2aeff7
[INFO] [stdout]                                at /rustc/0e09125c6c3c2fd70d7de961bcf0e51575235fad/library/core/src/fmt/mod.rs:1120:17
[INFO] [stdout]    6:     0x55e5e9e47def - std::io::Write::write_fmt::he04625a3a989fec3
[INFO] [stdout]                                at /rustc/0e09125c6c3c2fd70d7de961bcf0e51575235fad/library/std/src/io/mod.rs:1810:15
[INFO] [stdout]    7:     0x55e5e9e4a164 - std::sys_common::backtrace::_print::hd5d66399c7df88a2
[INFO] [stdout]                                at /rustc/0e09125c6c3c2fd70d7de961bcf0e51575235fad/library/std/src/sys_common/backtrace.rs:47:5
[INFO] [stdout]    8:     0x55e5e9e4a164 - std::sys_common::backtrace::print::he81ed2da642d37e5
[INFO] [stdout]                                at /rustc/0e09125c6c3c2fd70d7de961bcf0e51575235fad/library/std/src/sys_common/backtrace.rs:34:9
[INFO] [stdout]    9:     0x55e5e9e4bed7 - std::panicking::default_hook::{{closure}}::h85773f4fa117163d
[INFO] [stdout]   10:     0x55e5e9e4bbbd - std::panicking::default_hook::h6a1694a91d09b278
[INFO] [stdout]                                at /rustc/0e09125c6c3c2fd70d7de961bcf0e51575235fad/library/std/src/panicking.rs:289:9
[INFO] [stdout]   11:     0x55e5e9e1b697 - <alloc::boxed::Box<F,A> as core::ops::function::Fn<Args>>::call::h616ac37fa3cd6c8f
[INFO] [stdout]                                at /rustc/0e09125c6c3c2fd70d7de961bcf0e51575235fad/library/alloc/src/boxed.rs:2029:9
[INFO] [stdout]   12:     0x55e5e9e1b697 - test::test_main::{{closure}}::h00d84697cefdcbb6
[INFO] [stdout]                                at /rustc/0e09125c6c3c2fd70d7de961bcf0e51575235fad/library/test/src/lib.rs:138:21
[INFO] [stdout]   13:     0x55e5e9e4c4f6 - <alloc::boxed::Box<F,A> as core::ops::function::Fn<Args>>::call::hcb3fe3b9bb537ba8
[INFO] [stdout]                                at /rustc/0e09125c6c3c2fd70d7de961bcf0e51575235fad/library/alloc/src/boxed.rs:2029:9
[INFO] [stdout]   14:     0x55e5e9e4c4f6 - std::panicking::rust_panic_with_hook::h0a7ad96e90f7145b
[INFO] [stdout]                                at /rustc/0e09125c6c3c2fd70d7de961bcf0e51575235fad/library/std/src/panicking.rs:783:13
[INFO] [stdout]   15:     0x55e5e9e4c242 - std::panicking::begin_panic_handler::{{closure}}::h7919090525c6485e
[INFO] [stdout]                                at /rustc/0e09125c6c3c2fd70d7de961bcf0e51575235fad/library/std/src/panicking.rs:657:13
[INFO] [stdout]   16:     0x55e5e9e4a886 - std::sys_common::backtrace::__rust_end_short_backtrace::hf3289479464f7dfe
[INFO] [stdout]                                at /rustc/0e09125c6c3c2fd70d7de961bcf0e51575235fad/library/std/src/sys_common/backtrace.rs:171:18
[INFO] [stdout]   17:     0x55e5e9e4bfa0 - rust_begin_unwind
[INFO] [stdout]                                at /rustc/0e09125c6c3c2fd70d7de961bcf0e51575235fad/library/std/src/panicking.rs:645:5
[INFO] [stdout]   18:     0x55e5e9dd4cd5 - core::panicking::panic_fmt::hcc9f77c5c132af55
[INFO] [stdout]                                at /rustc/0e09125c6c3c2fd70d7de961bcf0e51575235fad/library/core/src/panicking.rs:72:14
[INFO] [stdout]   19:     0x55e5e9dd5183 - core::result::unwrap_failed::hbe14f498be1452f9
[INFO] [stdout]                                at /rustc/0e09125c6c3c2fd70d7de961bcf0e51575235fad/library/core/src/result.rs:1649:5
[INFO] [stdout]   20:     0x55e5e9de1bf4 - core::result::Result<T,E>::expect::h9713766deb1ed5ec
[INFO] [stdout]                                at /rustc/0e09125c6c3c2fd70d7de961bcf0e51575235fad/library/core/src/result.rs:1030:23
[INFO] [stdout]   21:     0x55e5e9de2f97 - day15::parse_file::ha96582899317dcb2
[INFO] [stdout]                                at /opt/rustwide/workdir/2022/day15/src/main.rs:63:16
[INFO] [stdout]   22:     0x55e5e9de3ef2 - day15::test::test_part_one::h83f3e171d3b6d27b
[INFO] [stdout]                                at /opt/rustwide/workdir/2022/day15/src/main.rs:172:23
[INFO] [stdout]   23:     0x55e5e9de3eb7 - day15::test::test_part_one::{{closure}}::h95ce755446700477
[INFO] [stdout]                                at /opt/rustwide/workdir/2022/day15/src/main.rs:171:23
[INFO] [stdout]   24:     0x55e5e9de0ad6 - core::ops::function::FnOnce::call_once::hdeb3081cefff94af
[INFO] [stdout]                                at /rustc/0e09125c6c3c2fd70d7de961bcf0e51575235fad/library/core/src/ops/function.rs:250:5
[INFO] [stdout]   25:     0x55e5e9e20f6f - core::ops::function::FnOnce::call_once::hd64d26f405258157
[INFO] [stdout]                                at /rustc/0e09125c6c3c2fd70d7de961bcf0e51575235fad/library/core/src/ops/function.rs:250:5
[INFO] [stdout]   26:     0x55e5e9e20f6f - test::__rust_begin_short_backtrace::he21b0b7a6d731bf9
[INFO] [stdout]                                at /rustc/0e09125c6c3c2fd70d7de961bcf0e51575235fad/library/test/src/lib.rs:627:18
[INFO] [stdout]   27:     0x55e5e9e1fcf1 - test::run_test_in_process::{{closure}}::hf5c73986d7bdfde2
[INFO] [stdout]                                at /rustc/0e09125c6c3c2fd70d7de961bcf0e51575235fad/library/test/src/lib.rs:650:60
[INFO] [stdout]   28:     0x55e5e9e1fcf1 - <core::panic::unwind_safe::AssertUnwindSafe<F> as core::ops::function::FnOnce<()>>::call_once::h330011ad032aadc0
[INFO] [stdout]                                at /rustc/0e09125c6c3c2fd70d7de961bcf0e51575235fad/library/core/src/panic/unwind_safe.rs:272:9
[INFO] [stdout]   29:     0x55e5e9e1fcf1 - std::panicking::try::do_call::he61b0a958b795a41
[INFO] [stdout]                                at /rustc/0e09125c6c3c2fd70d7de961bcf0e51575235fad/library/std/src/panicking.rs:552:40
[INFO] [stdout]   30:     0x55e5e9e1fcf1 - std::panicking::try::h7309da130f906eb7
[INFO] [stdout]                                at /rustc/0e09125c6c3c2fd70d7de961bcf0e51575235fad/library/std/src/panicking.rs:516:19
[INFO] [stdout]   31:     0x55e5e9e1fcf1 - std::panic::catch_unwind::hc5c3a06fdaf0a92a
[INFO] [stdout]                                at /rustc/0e09125c6c3c2fd70d7de961bcf0e51575235fad/library/std/src/panic.rs:142:14
[INFO] [stdout]   32:     0x55e5e9e1fcf1 - test::run_test_in_process::h7e7b7c71c3324e0f
[INFO] [stdout]                                at /rustc/0e09125c6c3c2fd70d7de961bcf0e51575235fad/library/test/src/lib.rs:650:27
[INFO] [stdout]   33:     0x55e5e9e1fcf1 - test::run_test::{{closure}}::h1f509f28f5cf20b1
[INFO] [stdout]                                at /rustc/0e09125c6c3c2fd70d7de961bcf0e51575235fad/library/test/src/lib.rs:573:43
[INFO] [stdout]   34:     0x55e5e9de7026 - test::run_test::{{closure}}::h1754218abf443f6d
[INFO] [stdout]                                at /rustc/0e09125c6c3c2fd70d7de961bcf0e51575235fad/library/test/src/lib.rs:601:41
[INFO] [stdout]   35:     0x55e5e9de7026 - std::sys_common::backtrace::__rust_begin_short_backtrace::h2ee174b9d5954948
[INFO] [stdout]                                at /rustc/0e09125c6c3c2fd70d7de961bcf0e51575235fad/library/std/src/sys_common/backtrace.rs:155:18
[INFO] [stdout]   36:     0x55e5e9dec087 - std::thread::Builder::spawn_unchecked_::{{closure}}::{{closure}}::hf60bee9c1a17ef09
[INFO] [stdout]                                at /rustc/0e09125c6c3c2fd70d7de961bcf0e51575235fad/library/std/src/thread/mod.rs:529:17
[INFO] [stdout]   37:     0x55e5e9dec087 - <core::panic::unwind_safe::AssertUnwindSafe<F> as core::ops::function::FnOnce<()>>::call_once::h33d0dddec5216160
[INFO] [stdout]                                at /rustc/0e09125c6c3c2fd70d7de961bcf0e51575235fad/library/core/src/panic/unwind_safe.rs:272:9
[INFO] [stdout]   38:     0x55e5e9dec087 - std::panicking::try::do_call::h144b3048b546f835
[INFO] [stdout]                                at /rustc/0e09125c6c3c2fd70d7de961bcf0e51575235fad/library/std/src/panicking.rs:552:40
[INFO] [stdout]   39:     0x55e5e9dec087 - std::panicking::try::h978244d04646189f
[INFO] [stdout]                                at /rustc/0e09125c6c3c2fd70d7de961bcf0e51575235fad/library/std/src/panicking.rs:516:19
[INFO] [stdout]   40:     0x55e5e9dec087 - std::panic::catch_unwind::hdf436369d188fe86
[INFO] [stdout]                                at /rustc/0e09125c6c3c2fd70d7de961bcf0e51575235fad/library/std/src/panic.rs:142:14
[INFO] [stdout]   41:     0x55e5e9dec087 - std::thread::Builder::spawn_unchecked_::{{closure}}::h87329cbdd33c79ec
[INFO] [stdout]                                at /rustc/0e09125c6c3c2fd70d7de961bcf0e51575235fad/library/std/src/thread/mod.rs:528:30
[INFO] [stdout]   42:     0x55e5e9dec087 - core::ops::function::FnOnce::call_once{{vtable.shim}}::h401abbe67897d450
[INFO] [stdout]                                at /rustc/0e09125c6c3c2fd70d7de961bcf0e51575235fad/library/core/src/ops/function.rs:250:5
[INFO] [stdout]   43:     0x55e5e9e50fa5 - <alloc::boxed::Box<F,A> as core::ops::function::FnOnce<Args>>::call_once::h5d7c8f150ab9c84c
[INFO] [stdout]                                at /rustc/0e09125c6c3c2fd70d7de961bcf0e51575235fad/library/alloc/src/boxed.rs:2015:9
[INFO] [stdout]   44:     0x55e5e9e50fa5 - <alloc::boxed::Box<F,A> as core::ops::function::FnOnce<Args>>::call_once::h570d5b005c242c15
[INFO] [stdout]                                at /rustc/0e09125c6c3c2fd70d7de961bcf0e51575235fad/library/alloc/src/boxed.rs:2015:9
[INFO] [stdout]   45:     0x55e5e9e50fa5 - std::sys::unix::thread::Thread::new::thread_start::h36b0a20c0b2361ad
[INFO] [stdout]                                at /rustc/0e09125c6c3c2fd70d7de961bcf0e51575235fad/library/std/src/sys/unix/thread.rs:108:17
[INFO] [stdout]   46:     0x7f9464d1eac3 - <unknown>
[INFO] [stdout]   47:     0x7f9464dafbf4 - __clone
[INFO] [stdout]   48:                0x0 - <unknown>
[INFO] [stdout] 
[INFO] [stdout] 
[INFO] [stdout] failures:
[INFO] [stdout]     test::test_part_one
[INFO] [stdout] 
[INFO] [stdout] test result: FAILED. 3 passed; 1 failed; 0 ignored; 0 measured; 0 filtered out; finished in 0.01s
[INFO] [stdout] 
[INFO] [stderr] error: test failed, to rerun pass `-p day15 --bin day15`
[INFO] running `Command { std: "docker" "inspect" "0af8afa59737123b4410b86d539db49b24c822233ce71626556a828bc5f9e473", kill_on_drop: false }`
[INFO] running `Command { std: "docker" "rm" "-f" "0af8afa59737123b4410b86d539db49b24c822233ce71626556a828bc5f9e473", kill_on_drop: false }`
[INFO] [stdout] 0af8afa59737123b4410b86d539db49b24c822233ce71626556a828bc5f9e473
