[INFO] cloning repository https://github.com/luksan/kungsbacka_openuniverse
[INFO] running `Command { std: "git" "-c" "credential.helper=" "-c" "credential.helper=/workspace/cargo-home/bin/git-credential-null" "clone" "--bare" "https://github.com/luksan/kungsbacka_openuniverse" "/workspace/cache/git-repos/https%3A%2F%2Fgithub.com%2Fluksan%2Fkungsbacka_openuniverse", kill_on_drop: false }`
[INFO] [stderr] Cloning into bare repository '/workspace/cache/git-repos/https%3A%2F%2Fgithub.com%2Fluksan%2Fkungsbacka_openuniverse'...
[INFO] running `Command { std: "git" "rev-parse" "HEAD", kill_on_drop: false }`
[INFO] [stdout] 05bd30c360a5157baa17df4becd27f0f5d15281c
[INFO] testing luksan/kungsbacka_openuniverse against 1.75.0 for beta-1.76-1
[INFO] running `Command { std: "git" "clone" "/workspace/cache/git-repos/https%3A%2F%2Fgithub.com%2Fluksan%2Fkungsbacka_openuniverse" "/workspace/builds/worker-0-tc1/source", kill_on_drop: false }`
[INFO] [stderr] Cloning into '/workspace/builds/worker-0-tc1/source'...
[INFO] [stderr] done.
[INFO] validating manifest of git repo https://github.com/luksan/kungsbacka_openuniverse on toolchain 1.75.0
[INFO] running `Command { std: CARGO_HOME="/workspace/cargo-home" RUSTUP_HOME="/workspace/rustup-home" "/workspace/cargo-home/bin/cargo" "+1.75.0" "metadata" "--manifest-path" "Cargo.toml" "--no-deps", kill_on_drop: false }`
[INFO] started tweaking git repo https://github.com/luksan/kungsbacka_openuniverse
[INFO] finished tweaking git repo https://github.com/luksan/kungsbacka_openuniverse
[INFO] tweaked toml for git repo https://github.com/luksan/kungsbacka_openuniverse written to /workspace/builds/worker-0-tc1/source/Cargo.toml
[INFO] crate git repo https://github.com/luksan/kungsbacka_openuniverse already has a lockfile, it will not be regenerated
[INFO] running `Command { std: CARGO_HOME="/workspace/cargo-home" RUSTUP_HOME="/workspace/rustup-home" "/workspace/cargo-home/bin/cargo" "+1.75.0" "fetch" "--manifest-path" "Cargo.toml", kill_on_drop: false }`
[INFO] [stderr]  Downloading crates ...
[INFO] [stderr]   Downloaded tabular v0.2.0
[INFO] [stderr]   Downloaded attohttpc v0.25.0
[INFO] running `Command { std: "docker" "create" "-v" "/var/lib/crater-agent-workspace/builds/worker-0-tc1/target:/opt/rustwide/target:rw,Z" "-v" "/var/lib/crater-agent-workspace/builds/worker-0-tc1/source:/opt/rustwide/workdir:ro,Z" "-v" "/var/lib/crater-agent-workspace/cargo-home:/opt/rustwide/cargo-home:ro,Z" "-v" "/var/lib/crater-agent-workspace/rustup-home:/opt/rustwide/rustup-home:ro,Z" "-e" "SOURCE_DIR=/opt/rustwide/workdir" "-e" "CARGO_TARGET_DIR=/opt/rustwide/target" "-e" "CARGO_HOME=/opt/rustwide/cargo-home" "-e" "RUSTUP_HOME=/opt/rustwide/rustup-home" "-w" "/opt/rustwide/workdir" "-m" "1610612736" "--user" "0:0" "--network" "none" "ghcr.io/rust-lang/crates-build-env/linux@sha256:2788e3201cd34a07e3172128adcd8b3090168a8e3bcc40d7c032b9dda1df7d1c" "/opt/rustwide/cargo-home/bin/cargo" "+1.75.0" "metadata" "--no-deps" "--format-version=1", kill_on_drop: false }`
[INFO] [stdout] 3b6187a1dc05389446889c17a7c964447efc72ee8d29ec45bbae08c20b1d6b36
[INFO] running `Command { std: "docker" "start" "-a" "3b6187a1dc05389446889c17a7c964447efc72ee8d29ec45bbae08c20b1d6b36", kill_on_drop: false }`
[INFO] running `Command { std: "docker" "inspect" "3b6187a1dc05389446889c17a7c964447efc72ee8d29ec45bbae08c20b1d6b36", kill_on_drop: false }`
[INFO] running `Command { std: "docker" "rm" "-f" "3b6187a1dc05389446889c17a7c964447efc72ee8d29ec45bbae08c20b1d6b36", kill_on_drop: false }`
[INFO] [stdout] 3b6187a1dc05389446889c17a7c964447efc72ee8d29ec45bbae08c20b1d6b36
[INFO] running `Command { std: "docker" "create" "-v" "/var/lib/crater-agent-workspace/builds/worker-0-tc1/target:/opt/rustwide/target:rw,Z" "-v" "/var/lib/crater-agent-workspace/builds/worker-0-tc1/source:/opt/rustwide/workdir:ro,Z" "-v" "/var/lib/crater-agent-workspace/cargo-home:/opt/rustwide/cargo-home:ro,Z" "-v" "/var/lib/crater-agent-workspace/rustup-home:/opt/rustwide/rustup-home:ro,Z" "-e" "SOURCE_DIR=/opt/rustwide/workdir" "-e" "CARGO_TARGET_DIR=/opt/rustwide/target" "-e" "CARGO_INCREMENTAL=0" "-e" "RUST_BACKTRACE=full" "-e" "RUSTFLAGS=--cap-lints=warn" "-e" "RUSTDOCFLAGS=--cap-lints=warn" "-e" "CARGO_HOME=/opt/rustwide/cargo-home" "-e" "RUSTUP_HOME=/opt/rustwide/rustup-home" "-w" "/opt/rustwide/workdir" "-m" "1610612736" "--user" "0:0" "--network" "none" "ghcr.io/rust-lang/crates-build-env/linux@sha256:2788e3201cd34a07e3172128adcd8b3090168a8e3bcc40d7c032b9dda1df7d1c" "/opt/rustwide/cargo-home/bin/cargo" "+1.75.0" "build" "--frozen" "--message-format=json", kill_on_drop: false }`
[INFO] [stdout] 0928501eb2d2b74094ca8e9e7cd7f17f31ae94df1ddb3f9f19ec7bb2672e9d55
[INFO] running `Command { std: "docker" "start" "-a" "0928501eb2d2b74094ca8e9e7cd7f17f31ae94df1ddb3f9f19ec7bb2672e9d55", kill_on_drop: false }`
[INFO] [stderr]    Compiling proc-macro2 v1.0.59
[INFO] [stderr]    Compiling quote v1.0.28
[INFO] [stderr]    Compiling unicode-ident v1.0.9
[INFO] [stderr]    Compiling libc v0.2.144
[INFO] [stderr]    Compiling pkg-config v0.3.27
[INFO] [stderr]    Compiling cc v1.0.79
[INFO] [stderr]    Compiling bitflags v1.3.2
[INFO] [stderr]    Compiling io-lifetimes v1.0.11
[INFO] [stderr]    Compiling rustix v0.37.19
[INFO] [stderr]    Compiling tinyvec_macros v0.1.1
[INFO] [stderr]    Compiling linux-raw-sys v0.3.8
[INFO] [stderr]    Compiling memchr v2.5.0
[INFO] [stderr]    Compiling openssl v0.10.52
[INFO] [stderr]    Compiling foreign-types-shared v0.1.1
[INFO] [stderr]    Compiling num-traits v0.2.15
[INFO] [stderr]    Compiling num-integer v0.1.45
[INFO] [stderr]    Compiling log v0.4.18
[INFO] [stderr]    Compiling utf8parse v0.2.1
[INFO] [stderr]    Compiling tinyvec v1.6.0
[INFO] [stderr]    Compiling itoa v1.0.6
[INFO] [stderr]    Compiling serde v1.0.163
[INFO] [stderr]    Compiling crc32fast v1.3.2
[INFO] [stderr]    Compiling once_cell v1.17.1
[INFO] [stderr]    Compiling anstyle-parse v0.2.0
[INFO] [stderr]    Compiling foreign-types v0.3.2
[INFO] [stderr]    Compiling adler v1.0.2
[INFO] [stderr]    Compiling percent-encoding v2.2.0
[INFO] [stderr]    Compiling colorchoice v1.0.0
[INFO] [stderr]    Compiling anstyle v1.0.0
[INFO] [stderr]    Compiling anstyle-query v1.0.0
[INFO] [stderr]    Compiling serde_json v1.0.96
[INFO] [stderr]    Compiling unicode-bidi v0.3.13
[INFO] [stderr]    Compiling native-tls v0.2.11
[INFO] [stderr]    Compiling miniz_oxide v0.7.1
[INFO] [stderr]    Compiling form_urlencoded v1.1.0
[INFO] [stderr]    Compiling heck v0.4.1
[INFO] [stderr]    Compiling bytes v1.4.0
[INFO] [stderr]    Compiling strsim v0.10.0
[INFO] [stderr]    Compiling ryu v1.0.13
[INFO] [stderr]    Compiling fnv v1.0.7
[INFO] [stderr]    Compiling iana-time-zone v0.1.56
[INFO] [stderr]    Compiling anyhow v1.0.71
[INFO] [stderr]    Compiling openssl-probe v0.1.5
[INFO] [stderr]    Compiling thiserror v1.0.40
[INFO] [stderr]    Compiling unicode-normalization v0.1.22
[INFO] [stderr]    Compiling aho-corasick v1.0.1
[INFO] [stderr]    Compiling flate2 v1.0.26
[INFO] [stderr]    Compiling syn v2.0.18
[INFO] [stderr]    Compiling http v0.2.9
[INFO] [stderr]    Compiling idna v0.3.0
[INFO] [stderr]    Compiling regex-syntax v0.7.2
[INFO] [stderr]    Compiling unicode-width v0.1.10
[INFO] [stderr]    Compiling openssl-sys v0.9.87
[INFO] [stderr]    Compiling tabular v0.2.0
[INFO] [stderr]    Compiling chrono v0.4.24
[INFO] [stderr]    Compiling url v2.3.1
[INFO] [stderr]    Compiling regex v1.8.3
[INFO] [stderr]    Compiling is-terminal v0.4.7
[INFO] [stderr]    Compiling anstream v0.3.2
[INFO] [stderr]    Compiling clap_builder v4.3.0
[INFO] [stderr]    Compiling openssl-macros v0.1.1
[INFO] [stderr]    Compiling serde_derive v1.0.163
[INFO] [stderr]    Compiling clap_derive v4.3.0
[INFO] [stderr]    Compiling thiserror-impl v1.0.40
[INFO] [stderr]    Compiling clap v4.3.0
[INFO] [stderr]    Compiling attohttpc v0.25.0
[INFO] [stderr]    Compiling serde-aux v4.2.0
[INFO] [stderr]    Compiling kungsbacka_openuniverse v0.1.0 (/opt/rustwide/workdir)
[INFO] [stderr]     Finished dev [unoptimized + debuginfo] target(s) in 18.55s
[INFO] running `Command { std: "docker" "inspect" "0928501eb2d2b74094ca8e9e7cd7f17f31ae94df1ddb3f9f19ec7bb2672e9d55", kill_on_drop: false }`
[INFO] running `Command { std: "docker" "rm" "-f" "0928501eb2d2b74094ca8e9e7cd7f17f31ae94df1ddb3f9f19ec7bb2672e9d55", kill_on_drop: false }`
[INFO] [stdout] 0928501eb2d2b74094ca8e9e7cd7f17f31ae94df1ddb3f9f19ec7bb2672e9d55
[INFO] running `Command { std: "docker" "create" "-v" "/var/lib/crater-agent-workspace/builds/worker-0-tc1/target:/opt/rustwide/target:rw,Z" "-v" "/var/lib/crater-agent-workspace/builds/worker-0-tc1/source:/opt/rustwide/workdir:ro,Z" "-v" "/var/lib/crater-agent-workspace/cargo-home:/opt/rustwide/cargo-home:ro,Z" "-v" "/var/lib/crater-agent-workspace/rustup-home:/opt/rustwide/rustup-home:ro,Z" "-e" "SOURCE_DIR=/opt/rustwide/workdir" "-e" "CARGO_TARGET_DIR=/opt/rustwide/target" "-e" "CARGO_INCREMENTAL=0" "-e" "RUST_BACKTRACE=full" "-e" "RUSTFLAGS=--cap-lints=warn" "-e" "RUSTDOCFLAGS=--cap-lints=warn" "-e" "CARGO_HOME=/opt/rustwide/cargo-home" "-e" "RUSTUP_HOME=/opt/rustwide/rustup-home" "-w" "/opt/rustwide/workdir" "-m" "1610612736" "--user" "0:0" "--network" "none" "ghcr.io/rust-lang/crates-build-env/linux@sha256:2788e3201cd34a07e3172128adcd8b3090168a8e3bcc40d7c032b9dda1df7d1c" "/opt/rustwide/cargo-home/bin/cargo" "+1.75.0" "test" "--frozen" "--no-run" "--message-format=json", kill_on_drop: false }`
[INFO] [stdout] 1e2b4f2451b8400b9255dce2f3c2806796a953a168924b900267f810fb0d7ecc
[INFO] running `Command { std: "docker" "start" "-a" "1e2b4f2451b8400b9255dce2f3c2806796a953a168924b900267f810fb0d7ecc", kill_on_drop: false }`
[INFO] [stderr]    Compiling kungsbacka_openuniverse v0.1.0 (/opt/rustwide/workdir)
[INFO] [stderr]     Finished test [unoptimized + debuginfo] target(s) in 2.11s
[INFO] running `Command { std: "docker" "inspect" "1e2b4f2451b8400b9255dce2f3c2806796a953a168924b900267f810fb0d7ecc", kill_on_drop: false }`
[INFO] running `Command { std: "docker" "rm" "-f" "1e2b4f2451b8400b9255dce2f3c2806796a953a168924b900267f810fb0d7ecc", kill_on_drop: false }`
[INFO] [stdout] 1e2b4f2451b8400b9255dce2f3c2806796a953a168924b900267f810fb0d7ecc
[INFO] running `Command { std: "docker" "create" "-v" "/var/lib/crater-agent-workspace/builds/worker-0-tc1/target:/opt/rustwide/target:rw,Z" "-v" "/var/lib/crater-agent-workspace/builds/worker-0-tc1/source:/opt/rustwide/workdir:ro,Z" "-v" "/var/lib/crater-agent-workspace/cargo-home:/opt/rustwide/cargo-home:ro,Z" "-v" "/var/lib/crater-agent-workspace/rustup-home:/opt/rustwide/rustup-home:ro,Z" "-e" "SOURCE_DIR=/opt/rustwide/workdir" "-e" "CARGO_TARGET_DIR=/opt/rustwide/target" "-e" "CARGO_INCREMENTAL=0" "-e" "RUST_BACKTRACE=full" "-e" "RUSTFLAGS=--cap-lints=warn" "-e" "RUSTDOCFLAGS=--cap-lints=warn" "-e" "CARGO_HOME=/opt/rustwide/cargo-home" "-e" "RUSTUP_HOME=/opt/rustwide/rustup-home" "-w" "/opt/rustwide/workdir" "-m" "1610612736" "--user" "0:0" "--network" "none" "ghcr.io/rust-lang/crates-build-env/linux@sha256:2788e3201cd34a07e3172128adcd8b3090168a8e3bcc40d7c032b9dda1df7d1c" "/opt/rustwide/cargo-home/bin/cargo" "+1.75.0" "test" "--frozen", kill_on_drop: false }`
[INFO] [stdout] c9feb44cabbafbc92f9543947b7ad2a53ae22af54f977e66c46e6d2a19e9b789
[INFO] running `Command { std: "docker" "start" "-a" "c9feb44cabbafbc92f9543947b7ad2a53ae22af54f977e66c46e6d2a19e9b789", kill_on_drop: false }`
[INFO] [stderr]     Finished test [unoptimized + debuginfo] target(s) in 0.06s
[INFO] [stderr]      Running unittests src/main.rs (/opt/rustwide/target/debug/deps/kungsbacka_openuniverse-720af73639e5278d)
[INFO] [stdout] 
[INFO] [stdout] running 1 test
[INFO] [stdout] test json_portal::test_parse ... FAILED
[INFO] [stdout] 
[INFO] [stdout] failures:
[INFO] [stdout] 
[INFO] [stdout] ---- json_portal::test_parse stdout ----
[INFO] [stdout] Error: No such file or directory (os error 2)
[INFO] [stdout] 
[INFO] [stdout] 
[INFO] [stdout] failures:
[INFO] [stdout]     json_portal::test_parse
[INFO] [stdout] 
[INFO] [stdout] test result: FAILED. 0 passed; 1 failed; 0 ignored; 0 measured; 0 filtered out; finished in 0.00s
[INFO] [stdout] 
[INFO] [stderr] error: test failed, to rerun pass `--bin kungsbacka_openuniverse`
[INFO] running `Command { std: "docker" "inspect" "c9feb44cabbafbc92f9543947b7ad2a53ae22af54f977e66c46e6d2a19e9b789", kill_on_drop: false }`
[INFO] running `Command { std: "docker" "rm" "-f" "c9feb44cabbafbc92f9543947b7ad2a53ae22af54f977e66c46e6d2a19e9b789", kill_on_drop: false }`
[INFO] [stdout] c9feb44cabbafbc92f9543947b7ad2a53ae22af54f977e66c46e6d2a19e9b789
[INFO] testing luksan/kungsbacka_openuniverse against beta-2023-12-22 for beta-1.76-1
[INFO] running `Command { std: "git" "clone" "/workspace/cache/git-repos/https%3A%2F%2Fgithub.com%2Fluksan%2Fkungsbacka_openuniverse" "/workspace/builds/worker-0-tc2/source", kill_on_drop: false }`
[INFO] [stderr] Cloning into '/workspace/builds/worker-0-tc2/source'...
[INFO] [stderr] done.
[INFO] validating manifest of git repo https://github.com/luksan/kungsbacka_openuniverse on toolchain beta-2023-12-22
[INFO] running `Command { std: CARGO_HOME="/workspace/cargo-home" RUSTUP_HOME="/workspace/rustup-home" "/workspace/cargo-home/bin/cargo" "+beta-2023-12-22" "metadata" "--manifest-path" "Cargo.toml" "--no-deps", kill_on_drop: false }`
[INFO] started tweaking git repo https://github.com/luksan/kungsbacka_openuniverse
[INFO] finished tweaking git repo https://github.com/luksan/kungsbacka_openuniverse
[INFO] tweaked toml for git repo https://github.com/luksan/kungsbacka_openuniverse written to /workspace/builds/worker-0-tc2/source/Cargo.toml
[INFO] crate git repo https://github.com/luksan/kungsbacka_openuniverse already has a lockfile, it will not be regenerated
[INFO] running `Command { std: CARGO_HOME="/workspace/cargo-home" RUSTUP_HOME="/workspace/rustup-home" "/workspace/cargo-home/bin/cargo" "+beta-2023-12-22" "fetch" "--manifest-path" "Cargo.toml", kill_on_drop: false }`
[INFO] running `Command { std: "docker" "create" "-v" "/var/lib/crater-agent-workspace/builds/worker-0-tc2/target:/opt/rustwide/target:rw,Z" "-v" "/var/lib/crater-agent-workspace/builds/worker-0-tc2/source:/opt/rustwide/workdir:ro,Z" "-v" "/var/lib/crater-agent-workspace/cargo-home:/opt/rustwide/cargo-home:ro,Z" "-v" "/var/lib/crater-agent-workspace/rustup-home:/opt/rustwide/rustup-home:ro,Z" "-e" "SOURCE_DIR=/opt/rustwide/workdir" "-e" "CARGO_TARGET_DIR=/opt/rustwide/target" "-e" "CARGO_HOME=/opt/rustwide/cargo-home" "-e" "RUSTUP_HOME=/opt/rustwide/rustup-home" "-w" "/opt/rustwide/workdir" "-m" "1610612736" "--user" "0:0" "--network" "none" "ghcr.io/rust-lang/crates-build-env/linux@sha256:2788e3201cd34a07e3172128adcd8b3090168a8e3bcc40d7c032b9dda1df7d1c" "/opt/rustwide/cargo-home/bin/cargo" "+beta-2023-12-22" "metadata" "--no-deps" "--format-version=1", kill_on_drop: false }`
[INFO] [stdout] e2fba412965966b0fd7e875895fe32ef361757973cb57131b07a19f10b8e2c77
[INFO] running `Command { std: "docker" "start" "-a" "e2fba412965966b0fd7e875895fe32ef361757973cb57131b07a19f10b8e2c77", kill_on_drop: false }`
[INFO] running `Command { std: "docker" "inspect" "e2fba412965966b0fd7e875895fe32ef361757973cb57131b07a19f10b8e2c77", kill_on_drop: false }`
[INFO] running `Command { std: "docker" "rm" "-f" "e2fba412965966b0fd7e875895fe32ef361757973cb57131b07a19f10b8e2c77", kill_on_drop: false }`
[INFO] [stdout] e2fba412965966b0fd7e875895fe32ef361757973cb57131b07a19f10b8e2c77
[INFO] running `Command { std: "docker" "create" "-v" "/var/lib/crater-agent-workspace/builds/worker-0-tc2/target:/opt/rustwide/target:rw,Z" "-v" "/var/lib/crater-agent-workspace/builds/worker-0-tc2/source:/opt/rustwide/workdir:ro,Z" "-v" "/var/lib/crater-agent-workspace/cargo-home:/opt/rustwide/cargo-home:ro,Z" "-v" "/var/lib/crater-agent-workspace/rustup-home:/opt/rustwide/rustup-home:ro,Z" "-e" "SOURCE_DIR=/opt/rustwide/workdir" "-e" "CARGO_TARGET_DIR=/opt/rustwide/target" "-e" "CARGO_INCREMENTAL=0" "-e" "RUST_BACKTRACE=full" "-e" "RUSTFLAGS=--cap-lints=warn" "-e" "RUSTDOCFLAGS=--cap-lints=warn" "-e" "CARGO_HOME=/opt/rustwide/cargo-home" "-e" "RUSTUP_HOME=/opt/rustwide/rustup-home" "-w" "/opt/rustwide/workdir" "-m" "1610612736" "--user" "0:0" "--network" "none" "ghcr.io/rust-lang/crates-build-env/linux@sha256:2788e3201cd34a07e3172128adcd8b3090168a8e3bcc40d7c032b9dda1df7d1c" "/opt/rustwide/cargo-home/bin/cargo" "+beta-2023-12-22" "build" "--frozen" "--message-format=json", kill_on_drop: false }`
[INFO] [stdout] dd66bd15d56ab563d5992079b04057e929cda3b5802c59d923737a6fa684eacc
[INFO] running `Command { std: "docker" "start" "-a" "dd66bd15d56ab563d5992079b04057e929cda3b5802c59d923737a6fa684eacc", kill_on_drop: false }`
[INFO] [stderr]    Compiling proc-macro2 v1.0.59
[INFO] [stderr]    Compiling quote v1.0.28
[INFO] [stderr]    Compiling unicode-ident v1.0.9
[INFO] [stderr]    Compiling libc v0.2.144
[INFO] [stderr]    Compiling cc v1.0.79
[INFO] [stderr]    Compiling bitflags v1.3.2
[INFO] [stderr]    Compiling pkg-config v0.3.27
[INFO] [stderr]    Compiling io-lifetimes v1.0.11
[INFO] [stderr]    Compiling rustix v0.37.19
[INFO] [stderr]    Compiling linux-raw-sys v0.3.8
[INFO] [stderr]    Compiling tinyvec_macros v0.1.1
[INFO] [stderr]    Compiling foreign-types-shared v0.1.1
[INFO] [stderr]    Compiling itoa v1.0.6
[INFO] [stderr]    Compiling crc32fast v1.3.2
[INFO] [stderr]    Compiling num-traits v0.2.15
[INFO] [stderr]    Compiling num-integer v0.1.45
[INFO] [stderr]    Compiling openssl v0.10.52
[INFO] [stderr]    Compiling tinyvec v1.6.0
[INFO] [stderr]    Compiling once_cell v1.17.1
[INFO] [stderr]    Compiling log v0.4.18
[INFO] [stderr]    Compiling utf8parse v0.2.1
[INFO] [stderr]    Compiling serde v1.0.163
[INFO] [stderr]    Compiling memchr v2.5.0
[INFO] [stderr]    Compiling anstyle-parse v0.2.0
[INFO] [stderr]    Compiling foreign-types v0.3.2
[INFO] [stderr]    Compiling serde_json v1.0.96
[INFO] [stderr]    Compiling unicode-bidi v0.3.13
[INFO] [stderr]    Compiling colorchoice v1.0.0
[INFO] [stderr]    Compiling native-tls v0.2.11
[INFO] [stderr]    Compiling anstyle-query v1.0.0
[INFO] [stderr]    Compiling anstyle v1.0.0
[INFO] [stderr]    Compiling percent-encoding v2.2.0
[INFO] [stderr]    Compiling adler v1.0.2
[INFO] [stderr]    Compiling miniz_oxide v0.7.1
[INFO] [stderr]    Compiling form_urlencoded v1.1.0
[INFO] [stderr]    Compiling ryu v1.0.13
[INFO] [stderr]    Compiling openssl-probe v0.1.5
[INFO] [stderr]    Compiling iana-time-zone v0.1.56
[INFO] [stderr]    Compiling syn v2.0.18
[INFO] [stderr]    Compiling fnv v1.0.7
[INFO] [stderr]    Compiling strsim v0.10.0
[INFO] [stderr]    Compiling heck v0.4.1
[INFO] [stderr]    Compiling thiserror v1.0.40
[INFO] [stderr]    Compiling bytes v1.4.0
[INFO] [stderr]    Compiling anyhow v1.0.71
[INFO] [stderr]    Compiling unicode-width v0.1.10
[INFO] [stderr]    Compiling unicode-normalization v0.1.22
[INFO] [stderr]    Compiling aho-corasick v1.0.1
[INFO] [stderr]    Compiling regex-syntax v0.7.2
[INFO] [stderr]    Compiling tabular v0.2.0
[INFO] [stderr]    Compiling flate2 v1.0.26
[INFO] [stderr]    Compiling http v0.2.9
[INFO] [stderr]    Compiling openssl-sys v0.9.87
[INFO] [stderr]    Compiling idna v0.3.0
[INFO] [stderr]    Compiling chrono v0.4.24
[INFO] [stderr]    Compiling url v2.3.1
[INFO] [stderr]    Compiling is-terminal v0.4.7
[INFO] [stderr]    Compiling anstream v0.3.2
[INFO] [stderr]    Compiling regex v1.8.3
[INFO] [stderr]    Compiling clap_builder v4.3.0
[INFO] [stderr]    Compiling serde_derive v1.0.163
[INFO] [stderr]    Compiling openssl-macros v0.1.1
[INFO] [stderr]    Compiling thiserror-impl v1.0.40
[INFO] [stderr]    Compiling clap_derive v4.3.0
[INFO] [stderr]    Compiling clap v4.3.0
[INFO] [stderr]    Compiling attohttpc v0.25.0
[INFO] [stderr]    Compiling serde-aux v4.2.0
[INFO] [stderr]    Compiling kungsbacka_openuniverse v0.1.0 (/opt/rustwide/workdir)
[INFO] [stderr]     Finished dev [unoptimized + debuginfo] target(s) in 12.17s
[INFO] running `Command { std: "docker" "inspect" "dd66bd15d56ab563d5992079b04057e929cda3b5802c59d923737a6fa684eacc", kill_on_drop: false }`
[INFO] running `Command { std: "docker" "rm" "-f" "dd66bd15d56ab563d5992079b04057e929cda3b5802c59d923737a6fa684eacc", kill_on_drop: false }`
[INFO] [stdout] dd66bd15d56ab563d5992079b04057e929cda3b5802c59d923737a6fa684eacc
[INFO] running `Command { std: "docker" "create" "-v" "/var/lib/crater-agent-workspace/builds/worker-0-tc2/target:/opt/rustwide/target:rw,Z" "-v" "/var/lib/crater-agent-workspace/builds/worker-0-tc2/source:/opt/rustwide/workdir:ro,Z" "-v" "/var/lib/crater-agent-workspace/cargo-home:/opt/rustwide/cargo-home:ro,Z" "-v" "/var/lib/crater-agent-workspace/rustup-home:/opt/rustwide/rustup-home:ro,Z" "-e" "SOURCE_DIR=/opt/rustwide/workdir" "-e" "CARGO_TARGET_DIR=/opt/rustwide/target" "-e" "CARGO_INCREMENTAL=0" "-e" "RUST_BACKTRACE=full" "-e" "RUSTFLAGS=--cap-lints=warn" "-e" "RUSTDOCFLAGS=--cap-lints=warn" "-e" "CARGO_HOME=/opt/rustwide/cargo-home" "-e" "RUSTUP_HOME=/opt/rustwide/rustup-home" "-w" "/opt/rustwide/workdir" "-m" "1610612736" "--user" "0:0" "--network" "none" "ghcr.io/rust-lang/crates-build-env/linux@sha256:2788e3201cd34a07e3172128adcd8b3090168a8e3bcc40d7c032b9dda1df7d1c" "/opt/rustwide/cargo-home/bin/cargo" "+beta-2023-12-22" "test" "--frozen" "--no-run" "--message-format=json", kill_on_drop: false }`
[INFO] [stdout] 8f413405eeb3ddc4ad0611f5ddc4a796d46acf5f604fdc371624d7754cadfdf7
[INFO] running `Command { std: "docker" "start" "-a" "8f413405eeb3ddc4ad0611f5ddc4a796d46acf5f604fdc371624d7754cadfdf7", kill_on_drop: false }`
[INFO] [stderr]    Compiling kungsbacka_openuniverse v0.1.0 (/opt/rustwide/workdir)
[INFO] [stderr]     Finished test [unoptimized + debuginfo] target(s) in 1.38s
[INFO] running `Command { std: "docker" "inspect" "8f413405eeb3ddc4ad0611f5ddc4a796d46acf5f604fdc371624d7754cadfdf7", kill_on_drop: false }`
[INFO] running `Command { std: "docker" "rm" "-f" "8f413405eeb3ddc4ad0611f5ddc4a796d46acf5f604fdc371624d7754cadfdf7", kill_on_drop: false }`
[INFO] [stdout] 8f413405eeb3ddc4ad0611f5ddc4a796d46acf5f604fdc371624d7754cadfdf7
[INFO] running `Command { std: "docker" "create" "-v" "/var/lib/crater-agent-workspace/builds/worker-0-tc2/target:/opt/rustwide/target:rw,Z" "-v" "/var/lib/crater-agent-workspace/builds/worker-0-tc2/source:/opt/rustwide/workdir:ro,Z" "-v" "/var/lib/crater-agent-workspace/cargo-home:/opt/rustwide/cargo-home:ro,Z" "-v" "/var/lib/crater-agent-workspace/rustup-home:/opt/rustwide/rustup-home:ro,Z" "-e" "SOURCE_DIR=/opt/rustwide/workdir" "-e" "CARGO_TARGET_DIR=/opt/rustwide/target" "-e" "CARGO_INCREMENTAL=0" "-e" "RUST_BACKTRACE=full" "-e" "RUSTFLAGS=--cap-lints=warn" "-e" "RUSTDOCFLAGS=--cap-lints=warn" "-e" "CARGO_HOME=/opt/rustwide/cargo-home" "-e" "RUSTUP_HOME=/opt/rustwide/rustup-home" "-w" "/opt/rustwide/workdir" "-m" "1610612736" "--user" "0:0" "--network" "none" "ghcr.io/rust-lang/crates-build-env/linux@sha256:2788e3201cd34a07e3172128adcd8b3090168a8e3bcc40d7c032b9dda1df7d1c" "/opt/rustwide/cargo-home/bin/cargo" "+beta-2023-12-22" "test" "--frozen", kill_on_drop: false }`
[INFO] [stdout] 40907859c29e103ed3f224f60e18dc63e062ac6a36094f64db135e9c201c19a8
[INFO] running `Command { std: "docker" "start" "-a" "40907859c29e103ed3f224f60e18dc63e062ac6a36094f64db135e9c201c19a8", kill_on_drop: false }`
[INFO] [stderr]     Finished test [unoptimized + debuginfo] target(s) in 0.09s
[INFO] [stderr]      Running unittests src/main.rs (/opt/rustwide/target/debug/deps/kungsbacka_openuniverse-6133d102707d625b)
[INFO] [stdout] 
[INFO] [stdout] running 1 test
[INFO] [stdout] test json_portal::test_parse ... FAILED
[INFO] [stdout] 
[INFO] [stdout] failures:
[INFO] [stdout] 
[INFO] [stdout] ---- json_portal::test_parse stdout ----
[INFO] [stdout] Error: No such file or directory (os error 2)
[INFO] [stdout] 
[INFO] [stdout] 
[INFO] [stdout] failures:
[INFO] [stdout]     json_portal::test_parse
[INFO] [stdout] 
[INFO] [stdout] test result: FAILED. 0 passed; 1 failed; 0 ignored; 0 measured; 0 filtered out; finished in 0.00s
[INFO] [stdout] 
[INFO] [stderr] error: test failed, to rerun pass `--bin kungsbacka_openuniverse`
[INFO] running `Command { std: "docker" "inspect" "40907859c29e103ed3f224f60e18dc63e062ac6a36094f64db135e9c201c19a8", kill_on_drop: false }`
[INFO] running `Command { std: "docker" "rm" "-f" "40907859c29e103ed3f224f60e18dc63e062ac6a36094f64db135e9c201c19a8", kill_on_drop: false }`
[INFO] [stdout] 40907859c29e103ed3f224f60e18dc63e062ac6a36094f64db135e9c201c19a8
