[INFO] cloning repository https://github.com/loveFeynman/lottery_contracts
[INFO] running `Command { std: "git" "-c" "credential.helper=" "-c" "credential.helper=/workspace/cargo-home/bin/git-credential-null" "clone" "--bare" "https://github.com/loveFeynman/lottery_contracts" "/workspace/cache/git-repos/https%3A%2F%2Fgithub.com%2FloveFeynman%2Flottery_contracts", kill_on_drop: false }`
[INFO] [stderr] Cloning into bare repository '/workspace/cache/git-repos/https%3A%2F%2Fgithub.com%2FloveFeynman%2Flottery_contracts'...
[INFO] running `Command { std: "git" "rev-parse" "HEAD", kill_on_drop: false }`
[INFO] [stdout] 7d1eae9883db1e078e19b38e17f4c04f9726afab
[INFO] testing loveFeynman/lottery_contracts against 1.75.0 for beta-1.76-1
[INFO] running `Command { std: "git" "clone" "/workspace/cache/git-repos/https%3A%2F%2Fgithub.com%2FloveFeynman%2Flottery_contracts" "/workspace/builds/worker-2-tc1/source", kill_on_drop: false }`
[INFO] [stderr] Cloning into '/workspace/builds/worker-2-tc1/source'...
[INFO] [stderr] done.
[INFO] validating manifest of git repo https://github.com/loveFeynman/lottery_contracts on toolchain 1.75.0
[INFO] running `Command { std: CARGO_HOME="/workspace/cargo-home" RUSTUP_HOME="/workspace/rustup-home" "/workspace/cargo-home/bin/cargo" "+1.75.0" "metadata" "--manifest-path" "Cargo.toml" "--no-deps", kill_on_drop: false }`
[INFO] removed /workspace/builds/worker-2-tc1/source/.cargo/config
[INFO] started tweaking git repo https://github.com/loveFeynman/lottery_contracts
[INFO] finished tweaking git repo https://github.com/loveFeynman/lottery_contracts
[INFO] tweaked toml for git repo https://github.com/loveFeynman/lottery_contracts written to /workspace/builds/worker-2-tc1/source/Cargo.toml
[INFO] crate git repo https://github.com/loveFeynman/lottery_contracts already has a lockfile, it will not be regenerated
[INFO] running `Command { std: CARGO_HOME="/workspace/cargo-home" RUSTUP_HOME="/workspace/rustup-home" "/workspace/cargo-home/bin/cargo" "+1.75.0" "fetch" "--manifest-path" "Cargo.toml", kill_on_drop: false }`
[INFO] [stderr]     Updating crates.io index
[INFO] [stderr]  Downloading crates ...
[INFO] [stderr]   Downloaded cw20 v0.13.2
[INFO] [stderr]   Downloaded cw4 v0.13.2
[INFO] running `Command { std: "docker" "create" "-v" "/var/lib/crater-agent-workspace/builds/worker-2-tc1/target:/opt/rustwide/target:rw,Z" "-v" "/var/lib/crater-agent-workspace/builds/worker-2-tc1/source:/opt/rustwide/workdir:ro,Z" "-v" "/var/lib/crater-agent-workspace/cargo-home:/opt/rustwide/cargo-home:ro,Z" "-v" "/var/lib/crater-agent-workspace/rustup-home:/opt/rustwide/rustup-home:ro,Z" "-e" "SOURCE_DIR=/opt/rustwide/workdir" "-e" "CARGO_TARGET_DIR=/opt/rustwide/target" "-e" "CARGO_HOME=/opt/rustwide/cargo-home" "-e" "RUSTUP_HOME=/opt/rustwide/rustup-home" "-w" "/opt/rustwide/workdir" "-m" "1610612736" "--user" "0:0" "--network" "none" "ghcr.io/rust-lang/crates-build-env/linux@sha256:2788e3201cd34a07e3172128adcd8b3090168a8e3bcc40d7c032b9dda1df7d1c" "/opt/rustwide/cargo-home/bin/cargo" "+1.75.0" "metadata" "--no-deps" "--format-version=1", kill_on_drop: false }`
[INFO] [stdout] 8705f5eff801bbc30816422af9d19744ba0b356443e02fd5a06848f99e5b7fe3
[INFO] running `Command { std: "docker" "start" "-a" "8705f5eff801bbc30816422af9d19744ba0b356443e02fd5a06848f99e5b7fe3", kill_on_drop: false }`
[INFO] running `Command { std: "docker" "inspect" "8705f5eff801bbc30816422af9d19744ba0b356443e02fd5a06848f99e5b7fe3", kill_on_drop: false }`
[INFO] running `Command { std: "docker" "rm" "-f" "8705f5eff801bbc30816422af9d19744ba0b356443e02fd5a06848f99e5b7fe3", kill_on_drop: false }`
[INFO] [stdout] 8705f5eff801bbc30816422af9d19744ba0b356443e02fd5a06848f99e5b7fe3
[INFO] running `Command { std: "docker" "create" "-v" "/var/lib/crater-agent-workspace/builds/worker-2-tc1/target:/opt/rustwide/target:rw,Z" "-v" "/var/lib/crater-agent-workspace/builds/worker-2-tc1/source:/opt/rustwide/workdir:ro,Z" "-v" "/var/lib/crater-agent-workspace/cargo-home:/opt/rustwide/cargo-home:ro,Z" "-v" "/var/lib/crater-agent-workspace/rustup-home:/opt/rustwide/rustup-home:ro,Z" "-e" "SOURCE_DIR=/opt/rustwide/workdir" "-e" "CARGO_TARGET_DIR=/opt/rustwide/target" "-e" "CARGO_INCREMENTAL=0" "-e" "RUST_BACKTRACE=full" "-e" "RUSTFLAGS=--cap-lints=warn" "-e" "RUSTDOCFLAGS=--cap-lints=warn" "-e" "CARGO_HOME=/opt/rustwide/cargo-home" "-e" "RUSTUP_HOME=/opt/rustwide/rustup-home" "-w" "/opt/rustwide/workdir" "-m" "1610612736" "--user" "0:0" "--network" "none" "ghcr.io/rust-lang/crates-build-env/linux@sha256:2788e3201cd34a07e3172128adcd8b3090168a8e3bcc40d7c032b9dda1df7d1c" "/opt/rustwide/cargo-home/bin/cargo" "+1.75.0" "build" "--frozen" "--message-format=json", kill_on_drop: false }`
[INFO] [stdout] 61dee766bddfec362ab2b963505d921acd1274b2838bfeb2651b49331cc91c3f
[INFO] running `Command { std: "docker" "start" "-a" "61dee766bddfec362ab2b963505d921acd1274b2838bfeb2651b49331cc91c3f", kill_on_drop: false }`
[INFO] [stderr]    Compiling libc v0.2.126
[INFO] [stderr]    Compiling typenum v1.15.0
[INFO] [stderr]    Compiling proc-macro2 v1.0.39
[INFO] [stderr]    Compiling unicode-ident v1.0.0
[INFO] [stderr]    Compiling syn v1.0.95
[INFO] [stderr]    Compiling subtle v2.4.1
[INFO] [stderr]    Compiling zeroize v1.5.5
[INFO] [stderr]    Compiling getrandom v0.1.16
[INFO] [stderr]    Compiling const-oid v0.7.1
[INFO] [stderr]    Compiling serde_derive v1.0.137
[INFO] [stderr]    Compiling serde v1.0.137
[INFO] [stderr]    Compiling base64ct v1.5.0
[INFO] [stderr]    Compiling cpufeatures v0.2.2
[INFO] [stderr]    Compiling base16ct v0.1.1
[INFO] [stderr]    Compiling generic-array v0.14.5
[INFO] [stderr]    Compiling byteorder v1.4.3
[INFO] [stderr]    Compiling opaque-debug v0.3.0
[INFO] [stderr]    Compiling crunchy v0.2.2
[INFO] [stderr]    Compiling serde_json v1.0.81
[INFO] [stderr]    Compiling der v0.5.1
[INFO] [stderr]    Compiling hex v0.4.3
[INFO] [stderr]    Compiling schemars v0.8.9
[INFO] [stderr]    Compiling itoa v1.0.2
[INFO] [stderr]    Compiling ryu v1.0.10
[INFO] [stderr]    Compiling dyn-clone v1.0.5
[INFO] [stderr]    Compiling static_assertions v1.1.0
[INFO] [stderr]    Compiling forward_ref v1.0.0
[INFO] [stderr]    Compiling base64 v0.13.0
[INFO] [stderr]    Compiling base64 v0.12.3
[INFO] [stderr]    Compiling uint v0.9.3
[INFO] [stderr]    Compiling quote v1.0.18
[INFO] [stderr]    Compiling spki v0.5.4
[INFO] [stderr]    Compiling getrandom v0.2.6
[INFO] [stderr]    Compiling pkcs8 v0.8.0
[INFO] [stderr]    Compiling rand_core v0.6.3
[INFO] [stderr]    Compiling rand_core v0.5.1
[INFO] [stderr]    Compiling ff v0.11.1
[INFO] [stderr]    Compiling rand_chacha v0.2.2
[INFO] [stderr]    Compiling group v0.11.0
[INFO] [stderr]    Compiling rand v0.7.3
[INFO] [stderr]    Compiling digest v0.9.0
[INFO] [stderr]    Compiling crypto-bigint v0.3.2
[INFO] [stderr]    Compiling crypto-mac v0.11.1
[INFO] [stderr]    Compiling block-buffer v0.9.0
[INFO] [stderr]    Compiling sec1 v0.2.1
[INFO] [stderr]    Compiling hmac v0.11.0
[INFO] [stderr]    Compiling sha2 v0.9.9
[INFO] [stderr]    Compiling signature v1.4.0
[INFO] [stderr]    Compiling curve25519-dalek v3.2.0
[INFO] [stderr]    Compiling elliptic-curve v0.11.12
[INFO] [stderr]    Compiling rfc6979 v0.1.0
[INFO] [stderr]    Compiling ecdsa v0.13.4
[INFO] [stderr]    Compiling k256 v0.10.4
[INFO] [stderr]    Compiling serde_derive_internals v0.26.0
[INFO] [stderr]    Compiling thiserror-impl v1.0.31
[INFO] [stderr]    Compiling schemars_derive v0.8.9
[INFO] [stderr]    Compiling cosmwasm-derive v1.0.0
[INFO] [stderr]    Compiling thiserror v1.0.31
[INFO] [stderr]    Compiling ed25519-zebra v3.0.0
[INFO] [stderr]    Compiling serde-json-wasm v0.4.1
[INFO] [stderr]    Compiling cosmwasm-crypto v1.0.0
[INFO] [stderr]    Compiling cosmwasm-std v1.0.0
[INFO] [stderr]    Compiling cw-storage-plus v0.13.2
[INFO] [stderr]    Compiling cw-utils v0.13.2
[INFO] [stderr]    Compiling cosmwasm-storage v1.0.0
[INFO] [stderr]    Compiling cw20 v0.13.2
[INFO] [stderr]    Compiling cw4 v0.13.2
[INFO] [stderr]    Compiling cw2 v0.13.2
[INFO] [stderr]    Compiling fury v0.1.0 (/opt/rustwide/workdir)
[INFO] [stderr]     Finished dev [unoptimized + debuginfo] target(s) in 13.29s
[INFO] running `Command { std: "docker" "inspect" "61dee766bddfec362ab2b963505d921acd1274b2838bfeb2651b49331cc91c3f", kill_on_drop: false }`
[INFO] running `Command { std: "docker" "rm" "-f" "61dee766bddfec362ab2b963505d921acd1274b2838bfeb2651b49331cc91c3f", kill_on_drop: false }`
[INFO] [stdout] 61dee766bddfec362ab2b963505d921acd1274b2838bfeb2651b49331cc91c3f
[INFO] running `Command { std: "docker" "create" "-v" "/var/lib/crater-agent-workspace/builds/worker-2-tc1/target:/opt/rustwide/target:rw,Z" "-v" "/var/lib/crater-agent-workspace/builds/worker-2-tc1/source:/opt/rustwide/workdir:ro,Z" "-v" "/var/lib/crater-agent-workspace/cargo-home:/opt/rustwide/cargo-home:ro,Z" "-v" "/var/lib/crater-agent-workspace/rustup-home:/opt/rustwide/rustup-home:ro,Z" "-e" "SOURCE_DIR=/opt/rustwide/workdir" "-e" "CARGO_TARGET_DIR=/opt/rustwide/target" "-e" "CARGO_INCREMENTAL=0" "-e" "RUST_BACKTRACE=full" "-e" "RUSTFLAGS=--cap-lints=warn" "-e" "RUSTDOCFLAGS=--cap-lints=warn" "-e" "CARGO_HOME=/opt/rustwide/cargo-home" "-e" "RUSTUP_HOME=/opt/rustwide/rustup-home" "-w" "/opt/rustwide/workdir" "-m" "1610612736" "--user" "0:0" "--network" "none" "ghcr.io/rust-lang/crates-build-env/linux@sha256:2788e3201cd34a07e3172128adcd8b3090168a8e3bcc40d7c032b9dda1df7d1c" "/opt/rustwide/cargo-home/bin/cargo" "+1.75.0" "test" "--frozen" "--no-run" "--message-format=json", kill_on_drop: false }`
[INFO] [stdout] 4b86e5d13947cb727af685318f79d04d56a061326da8a5b38c81cbe910ae44aa
[INFO] running `Command { std: "docker" "start" "-a" "4b86e5d13947cb727af685318f79d04d56a061326da8a5b38c81cbe910ae44aa", kill_on_drop: false }`
[INFO] [stderr]    Compiling anyhow v1.0.57
[INFO] [stderr]    Compiling either v1.6.1
[INFO] [stderr]    Compiling bytes v1.1.0
[INFO] [stderr]    Compiling derivative v2.2.0
[INFO] [stderr]    Compiling cosmwasm-schema v1.0.0
[INFO] [stderr]    Compiling itertools v0.10.3
[INFO] [stderr]    Compiling prost-derive v0.9.0
[INFO] [stderr]    Compiling prost v0.9.0
[INFO] [stderr]    Compiling cw-multi-test v0.13.2
[INFO] [stderr]    Compiling fury v0.1.0 (/opt/rustwide/workdir)
[INFO] [stderr]     Finished test [unoptimized + debuginfo] target(s) in 4.00s
[INFO] running `Command { std: "docker" "inspect" "4b86e5d13947cb727af685318f79d04d56a061326da8a5b38c81cbe910ae44aa", kill_on_drop: false }`
[INFO] running `Command { std: "docker" "rm" "-f" "4b86e5d13947cb727af685318f79d04d56a061326da8a5b38c81cbe910ae44aa", kill_on_drop: false }`
[INFO] [stdout] 4b86e5d13947cb727af685318f79d04d56a061326da8a5b38c81cbe910ae44aa
[INFO] running `Command { std: "docker" "create" "-v" "/var/lib/crater-agent-workspace/builds/worker-2-tc1/target:/opt/rustwide/target:rw,Z" "-v" "/var/lib/crater-agent-workspace/builds/worker-2-tc1/source:/opt/rustwide/workdir:ro,Z" "-v" "/var/lib/crater-agent-workspace/cargo-home:/opt/rustwide/cargo-home:ro,Z" "-v" "/var/lib/crater-agent-workspace/rustup-home:/opt/rustwide/rustup-home:ro,Z" "-e" "SOURCE_DIR=/opt/rustwide/workdir" "-e" "CARGO_TARGET_DIR=/opt/rustwide/target" "-e" "CARGO_INCREMENTAL=0" "-e" "RUST_BACKTRACE=full" "-e" "RUSTFLAGS=--cap-lints=warn" "-e" "RUSTDOCFLAGS=--cap-lints=warn" "-e" "CARGO_HOME=/opt/rustwide/cargo-home" "-e" "RUSTUP_HOME=/opt/rustwide/rustup-home" "-w" "/opt/rustwide/workdir" "-m" "1610612736" "--user" "0:0" "--network" "none" "ghcr.io/rust-lang/crates-build-env/linux@sha256:2788e3201cd34a07e3172128adcd8b3090168a8e3bcc40d7c032b9dda1df7d1c" "/opt/rustwide/cargo-home/bin/cargo" "+1.75.0" "test" "--frozen", kill_on_drop: false }`
[INFO] [stdout] 71b4c6015e7bf5a4de2480599d085a5e55e5c4e591962de563c8fe470d55c359
[INFO] running `Command { std: "docker" "start" "-a" "71b4c6015e7bf5a4de2480599d085a5e55e5c4e591962de563c8fe470d55c359", kill_on_drop: false }`
[INFO] [stderr]     Finished test [unoptimized + debuginfo] target(s) in 0.04s
[INFO] [stderr]      Running unittests src/lib.rs (/opt/rustwide/target/debug/deps/fury-c5957418add5a2d2)
[INFO] [stdout] 
[INFO] [stdout] running 4 tests
[INFO] [stdout] test contract::tests::begin_raffle_round ... ok
[INFO] [stdout] test rand::tests::test_rng ... ok
[INFO] [stdout] test contract::tests::join_raffle_round ... ok
[INFO] [stdout] test contract::tests::choose_winners ... FAILED
[INFO] [stdout] 
[INFO] [stdout] failures:
[INFO] [stdout] 
[INFO] [stdout] ---- contract::tests::choose_winners stdout ----
[INFO] [stdout] thread 'contract::tests::choose_winners' panicked at src/contract.rs:505:74:
[INFO] [stdout] called `Result::unwrap()` on an `Err` value: RaffleNotEnded
[INFO] [stdout] stack backtrace:
[INFO] [stdout]    0:     0x560899ebd40c - std::backtrace_rs::backtrace::libunwind::trace::ha637c64ce894333a
[INFO] [stdout]                                at /rustc/82e1608dfa6e0b5569232559e3d385fea5a93112/library/std/src/../../backtrace/src/backtrace/libunwind.rs:104:5
[INFO] [stdout]    1:     0x560899ebd40c - std::backtrace_rs::backtrace::trace_unsynchronized::h47f62dea28e0c88d
[INFO] [stdout]                                at /rustc/82e1608dfa6e0b5569232559e3d385fea5a93112/library/std/src/../../backtrace/src/backtrace/mod.rs:66:5
[INFO] [stdout]    2:     0x560899ebd40c - std::sys_common::backtrace::_print_fmt::h9eef0abe20ede486
[INFO] [stdout]                                at /rustc/82e1608dfa6e0b5569232559e3d385fea5a93112/library/std/src/sys_common/backtrace.rs:67:5
[INFO] [stdout]    3:     0x560899ebd40c - <std::sys_common::backtrace::_print::DisplayBacktrace as core::fmt::Display>::fmt::hed7f999df88cc644
[INFO] [stdout]                                at /rustc/82e1608dfa6e0b5569232559e3d385fea5a93112/library/std/src/sys_common/backtrace.rs:44:22
[INFO] [stdout]    4:     0x560899ee7730 - core::fmt::rt::Argument::fmt::h1539a9308b8d058d
[INFO] [stdout]                                at /rustc/82e1608dfa6e0b5569232559e3d385fea5a93112/library/core/src/fmt/rt.rs:142:9
[INFO] [stdout]    5:     0x560899ee7730 - core::fmt::write::h3a39390d8560d9c9
[INFO] [stdout]                                at /rustc/82e1608dfa6e0b5569232559e3d385fea5a93112/library/core/src/fmt/mod.rs:1120:17
[INFO] [stdout]    6:     0x560899ebadbf - std::io::Write::write_fmt::h040b369f3a0f9cbc
[INFO] [stdout]                                at /rustc/82e1608dfa6e0b5569232559e3d385fea5a93112/library/std/src/io/mod.rs:1762:15
[INFO] [stdout]    7:     0x560899ebd1f4 - std::sys_common::backtrace::_print::h894006fb5c6f3d45
[INFO] [stdout]                                at /rustc/82e1608dfa6e0b5569232559e3d385fea5a93112/library/std/src/sys_common/backtrace.rs:47:5
[INFO] [stdout]    8:     0x560899ebd1f4 - std::sys_common::backtrace::print::h23a2d212c6fff936
[INFO] [stdout]                                at /rustc/82e1608dfa6e0b5569232559e3d385fea5a93112/library/std/src/sys_common/backtrace.rs:34:9
[INFO] [stdout]    9:     0x560899ebeeb7 - std::panicking::default_hook::{{closure}}::h8a1d2ee00185001a
[INFO] [stdout]   10:     0x560899ebeba3 - std::panicking::default_hook::h6038f2eba384e475
[INFO] [stdout]                                at /rustc/82e1608dfa6e0b5569232559e3d385fea5a93112/library/std/src/panicking.rs:289:9
[INFO] [stdout]   11:     0x560899d7f507 - <alloc::boxed::Box<F,A> as core::ops::function::Fn<Args>>::call::h0ad024c9bdc6d768
[INFO] [stdout]                                at /rustc/82e1608dfa6e0b5569232559e3d385fea5a93112/library/alloc/src/boxed.rs:2021:9
[INFO] [stdout]   12:     0x560899d7f507 - test::test_main::{{closure}}::h7500b54257359db6
[INFO] [stdout]                                at /rustc/82e1608dfa6e0b5569232559e3d385fea5a93112/library/test/src/lib.rs:138:21
[INFO] [stdout]   13:     0x560899ebf4c8 - <alloc::boxed::Box<F,A> as core::ops::function::Fn<Args>>::call::h1f8f335eaa9cfaee
[INFO] [stdout]                                at /rustc/82e1608dfa6e0b5569232559e3d385fea5a93112/library/alloc/src/boxed.rs:2021:9
[INFO] [stdout]   14:     0x560899ebf4c8 - std::panicking::rust_panic_with_hook::h2b5517d590cab22e
[INFO] [stdout]                                at /rustc/82e1608dfa6e0b5569232559e3d385fea5a93112/library/std/src/panicking.rs:783:13
[INFO] [stdout]   15:     0x560899ebf21e - std::panicking::begin_panic_handler::{{closure}}::h233112c06e0ef43e
[INFO] [stdout]                                at /rustc/82e1608dfa6e0b5569232559e3d385fea5a93112/library/std/src/panicking.rs:657:13
[INFO] [stdout]   16:     0x560899ebd8d6 - std::sys_common::backtrace::__rust_end_short_backtrace::h6e893f24d7ebbff8
[INFO] [stdout]                                at /rustc/82e1608dfa6e0b5569232559e3d385fea5a93112/library/std/src/sys_common/backtrace.rs:170:18
[INFO] [stdout]   17:     0x560899ebef82 - rust_begin_unwind
[INFO] [stdout]                                at /rustc/82e1608dfa6e0b5569232559e3d385fea5a93112/library/std/src/panicking.rs:645:5
[INFO] [stdout]   18:     0x560899cea145 - core::panicking::panic_fmt::hbf0e066aabfa482c
[INFO] [stdout]                                at /rustc/82e1608dfa6e0b5569232559e3d385fea5a93112/library/core/src/panicking.rs:72:14
[INFO] [stdout]   19:     0x560899cea713 - core::result::unwrap_failed::hddb4fea594200c52
[INFO] [stdout]                                at /rustc/82e1608dfa6e0b5569232559e3d385fea5a93112/library/core/src/result.rs:1653:5
[INFO] [stdout]   20:     0x560899d4514b - core::result::Result<T,E>::unwrap::h1c526e50a0b6de5a
[INFO] [stdout]                                at /rustc/82e1608dfa6e0b5569232559e3d385fea5a93112/library/core/src/result.rs:1077:23
[INFO] [stdout]   21:     0x560899d2bc0f - fury::contract::tests::choose_winners::h874c9deff772f9be
[INFO] [stdout]                                at /opt/rustwide/workdir/src/contract.rs:505:9
[INFO] [stdout]   22:     0x560899d2aee7 - fury::contract::tests::choose_winners::{{closure}}::h935379be686cf204
[INFO] [stdout]                                at /opt/rustwide/workdir/src/contract.rs:465:24
[INFO] [stdout]   23:     0x560899d03fb6 - core::ops::function::FnOnce::call_once::hca0a0671dceb5b3e
[INFO] [stdout]                                at /rustc/82e1608dfa6e0b5569232559e3d385fea5a93112/library/core/src/ops/function.rs:250:5
[INFO] [stdout]   24:     0x560899d84b5f - core::ops::function::FnOnce::call_once::h2b5d431d5046312d
[INFO] [stdout]                                at /rustc/82e1608dfa6e0b5569232559e3d385fea5a93112/library/core/src/ops/function.rs:250:5
[INFO] [stdout]   25:     0x560899d84b5f - test::__rust_begin_short_backtrace::h7714669af176e207
[INFO] [stdout]                                at /rustc/82e1608dfa6e0b5569232559e3d385fea5a93112/library/test/src/lib.rs:628:18
[INFO] [stdout]   26:     0x560899d83b75 - test::run_test_in_process::{{closure}}::h85218797dcbcec12
[INFO] [stdout]                                at /rustc/82e1608dfa6e0b5569232559e3d385fea5a93112/library/test/src/lib.rs:651:60
[INFO] [stdout]   27:     0x560899d83b75 - <core::panic::unwind_safe::AssertUnwindSafe<F> as core::ops::function::FnOnce<()>>::call_once::h76c106ea31c14d7b
[INFO] [stdout]                                at /rustc/82e1608dfa6e0b5569232559e3d385fea5a93112/library/core/src/panic/unwind_safe.rs:272:9
[INFO] [stdout]   28:     0x560899d83b75 - std::panicking::try::do_call::h3bd5d0f6620ee946
[INFO] [stdout]                                at /rustc/82e1608dfa6e0b5569232559e3d385fea5a93112/library/std/src/panicking.rs:552:40
[INFO] [stdout]   29:     0x560899d83b75 - std::panicking::try::h232e535e4744fe31
[INFO] [stdout]                                at /rustc/82e1608dfa6e0b5569232559e3d385fea5a93112/library/std/src/panicking.rs:516:19
[INFO] [stdout]   30:     0x560899d83b75 - std::panic::catch_unwind::h3ce3bd6ca8dbac68
[INFO] [stdout]                                at /rustc/82e1608dfa6e0b5569232559e3d385fea5a93112/library/std/src/panic.rs:142:14
[INFO] [stdout]   31:     0x560899d83b75 - test::run_test_in_process::hc97b257c9621286a
[INFO] [stdout]                                at /rustc/82e1608dfa6e0b5569232559e3d385fea5a93112/library/test/src/lib.rs:651:27
[INFO] [stdout]   32:     0x560899d83b75 - test::run_test::{{closure}}::h2aa798823a438d38
[INFO] [stdout]                                at /rustc/82e1608dfa6e0b5569232559e3d385fea5a93112/library/test/src/lib.rs:574:43
[INFO] [stdout]   33:     0x560899d4be36 - test::run_test::{{closure}}::h87d231c78fb59832
[INFO] [stdout]                                at /rustc/82e1608dfa6e0b5569232559e3d385fea5a93112/library/test/src/lib.rs:602:41
[INFO] [stdout]   34:     0x560899d4be36 - std::sys_common::backtrace::__rust_begin_short_backtrace::he6df152596625789
[INFO] [stdout]                                at /rustc/82e1608dfa6e0b5569232559e3d385fea5a93112/library/std/src/sys_common/backtrace.rs:154:18
[INFO] [stdout]   35:     0x560899d50ee7 - std::thread::Builder::spawn_unchecked_::{{closure}}::{{closure}}::ha94be15d1e0acf36
[INFO] [stdout]                                at /rustc/82e1608dfa6e0b5569232559e3d385fea5a93112/library/std/src/thread/mod.rs:529:17
[INFO] [stdout]   36:     0x560899d50ee7 - <core::panic::unwind_safe::AssertUnwindSafe<F> as core::ops::function::FnOnce<()>>::call_once::h9dc6bd6372f16606
[INFO] [stdout]                                at /rustc/82e1608dfa6e0b5569232559e3d385fea5a93112/library/core/src/panic/unwind_safe.rs:272:9
[INFO] [stdout]   37:     0x560899d50ee7 - std::panicking::try::do_call::h9057517f80303cd4
[INFO] [stdout]                                at /rustc/82e1608dfa6e0b5569232559e3d385fea5a93112/library/std/src/panicking.rs:552:40
[INFO] [stdout]   38:     0x560899d50ee7 - std::panicking::try::he3a30b11ee45340c
[INFO] [stdout]                                at /rustc/82e1608dfa6e0b5569232559e3d385fea5a93112/library/std/src/panicking.rs:516:19
[INFO] [stdout]   39:     0x560899d50ee7 - std::panic::catch_unwind::h410458cfd3528b8b
[INFO] [stdout]                                at /rustc/82e1608dfa6e0b5569232559e3d385fea5a93112/library/std/src/panic.rs:142:14
[INFO] [stdout]   40:     0x560899d50ee7 - std::thread::Builder::spawn_unchecked_::{{closure}}::h72ac3bdb567b737b
[INFO] [stdout]                                at /rustc/82e1608dfa6e0b5569232559e3d385fea5a93112/library/std/src/thread/mod.rs:528:30
[INFO] [stdout]   41:     0x560899d50ee7 - core::ops::function::FnOnce::call_once{{vtable.shim}}::h38f34da3654a8344
[INFO] [stdout]                                at /rustc/82e1608dfa6e0b5569232559e3d385fea5a93112/library/core/src/ops/function.rs:250:5
[INFO] [stdout]   42:     0x560899ec3f55 - <alloc::boxed::Box<F,A> as core::ops::function::FnOnce<Args>>::call_once::hc7eafaff61e32df9
[INFO] [stdout]                                at /rustc/82e1608dfa6e0b5569232559e3d385fea5a93112/library/alloc/src/boxed.rs:2007:9
[INFO] [stdout]   43:     0x560899ec3f55 - <alloc::boxed::Box<F,A> as core::ops::function::FnOnce<Args>>::call_once::h6ba4a5de48dd2304
[INFO] [stdout]                                at /rustc/82e1608dfa6e0b5569232559e3d385fea5a93112/library/alloc/src/boxed.rs:2007:9
[INFO] [stdout]   44:     0x560899ec3f55 - std::sys::unix::thread::Thread::new::thread_start::he469335aef763e45
[INFO] [stdout]                                at /rustc/82e1608dfa6e0b5569232559e3d385fea5a93112/library/std/src/sys/unix/thread.rs:108:17
[INFO] [stdout]   45:     0x7f57713c2ac3 - <unknown>
[INFO] [stdout]   46:     0x7f5771453bf4 - __clone
[INFO] [stdout]   47:                0x0 - <unknown>
[INFO] [stdout] 
[INFO] [stdout] 
[INFO] [stdout] failures:
[INFO] [stdout]     contract::tests::choose_winners
[INFO] [stdout] 
[INFO] [stdout] test result: FAILED. 3 passed; 1 failed; 0 ignored; 0 measured; 0 filtered out; finished in 0.02s
[INFO] [stdout] 
[INFO] [stderr] error: test failed, to rerun pass `--lib`
[INFO] running `Command { std: "docker" "inspect" "71b4c6015e7bf5a4de2480599d085a5e55e5c4e591962de563c8fe470d55c359", kill_on_drop: false }`
[INFO] running `Command { std: "docker" "rm" "-f" "71b4c6015e7bf5a4de2480599d085a5e55e5c4e591962de563c8fe470d55c359", kill_on_drop: false }`
[INFO] [stdout] 71b4c6015e7bf5a4de2480599d085a5e55e5c4e591962de563c8fe470d55c359
