[INFO] cloning repository https://github.com/louislatreille/aoc
[INFO] running `Command { std: "git" "-c" "credential.helper=" "-c" "credential.helper=/workspace/cargo-home/bin/git-credential-null" "clone" "--bare" "https://github.com/louislatreille/aoc" "/workspace/cache/git-repos/https%3A%2F%2Fgithub.com%2Flouislatreille%2Faoc", kill_on_drop: false }`
[INFO] [stderr] Cloning into bare repository '/workspace/cache/git-repos/https%3A%2F%2Fgithub.com%2Flouislatreille%2Faoc'...
[INFO] running `Command { std: "git" "rev-parse" "HEAD", kill_on_drop: false }`
[INFO] [stdout] dc05702e752aa6a9c5276617b68eec065ef1051a
[INFO] testing louislatreille/aoc against 1.75.0 for beta-1.76-1
[INFO] running `Command { std: "git" "clone" "/workspace/cache/git-repos/https%3A%2F%2Fgithub.com%2Flouislatreille%2Faoc" "/workspace/builds/worker-0-tc1/source", kill_on_drop: false }`
[INFO] [stderr] Cloning into '/workspace/builds/worker-0-tc1/source'...
[INFO] [stderr] done.
[INFO] validating manifest of git repo https://github.com/louislatreille/aoc on toolchain 1.75.0
[INFO] running `Command { std: CARGO_HOME="/workspace/cargo-home" RUSTUP_HOME="/workspace/rustup-home" "/workspace/cargo-home/bin/cargo" "+1.75.0" "metadata" "--manifest-path" "Cargo.toml" "--no-deps", kill_on_drop: false }`
[INFO] started tweaking git repo https://github.com/louislatreille/aoc
[INFO] finished tweaking git repo https://github.com/louislatreille/aoc
[INFO] tweaked toml for git repo https://github.com/louislatreille/aoc written to /workspace/builds/worker-0-tc1/source/Cargo.toml
[INFO] crate git repo https://github.com/louislatreille/aoc already has a lockfile, it will not be regenerated
[INFO] running `Command { std: CARGO_HOME="/workspace/cargo-home" RUSTUP_HOME="/workspace/rustup-home" "/workspace/cargo-home/bin/cargo" "+1.75.0" "fetch" "--manifest-path" "Cargo.toml", kill_on_drop: false }`
[INFO] [stderr]     Updating crates.io index
[INFO] [stderr]  Downloading crates ...
[INFO] [stderr]   Downloaded primes v0.3.0
[INFO] running `Command { std: "docker" "create" "-v" "/var/lib/crater-agent-workspace/builds/worker-0-tc1/target:/opt/rustwide/target:rw,Z" "-v" "/var/lib/crater-agent-workspace/builds/worker-0-tc1/source:/opt/rustwide/workdir:ro,Z" "-v" "/var/lib/crater-agent-workspace/cargo-home:/opt/rustwide/cargo-home:ro,Z" "-v" "/var/lib/crater-agent-workspace/rustup-home:/opt/rustwide/rustup-home:ro,Z" "-e" "SOURCE_DIR=/opt/rustwide/workdir" "-e" "CARGO_TARGET_DIR=/opt/rustwide/target" "-e" "CARGO_HOME=/opt/rustwide/cargo-home" "-e" "RUSTUP_HOME=/opt/rustwide/rustup-home" "-w" "/opt/rustwide/workdir" "-m" "1610612736" "--user" "0:0" "--network" "none" "ghcr.io/rust-lang/crates-build-env/linux@sha256:2788e3201cd34a07e3172128adcd8b3090168a8e3bcc40d7c032b9dda1df7d1c" "/opt/rustwide/cargo-home/bin/cargo" "+1.75.0" "metadata" "--no-deps" "--format-version=1", kill_on_drop: false }`
[INFO] [stdout] 8648f3ef0dd22f3d1ed79a37a4906a1e461329e252fae9239f7eaac0d5728b90
[INFO] running `Command { std: "docker" "start" "-a" "8648f3ef0dd22f3d1ed79a37a4906a1e461329e252fae9239f7eaac0d5728b90", kill_on_drop: false }`
[INFO] running `Command { std: "docker" "inspect" "8648f3ef0dd22f3d1ed79a37a4906a1e461329e252fae9239f7eaac0d5728b90", kill_on_drop: false }`
[INFO] running `Command { std: "docker" "rm" "-f" "8648f3ef0dd22f3d1ed79a37a4906a1e461329e252fae9239f7eaac0d5728b90", kill_on_drop: false }`
[INFO] [stdout] 8648f3ef0dd22f3d1ed79a37a4906a1e461329e252fae9239f7eaac0d5728b90
[INFO] running `Command { std: "docker" "create" "-v" "/var/lib/crater-agent-workspace/builds/worker-0-tc1/target:/opt/rustwide/target:rw,Z" "-v" "/var/lib/crater-agent-workspace/builds/worker-0-tc1/source:/opt/rustwide/workdir:ro,Z" "-v" "/var/lib/crater-agent-workspace/cargo-home:/opt/rustwide/cargo-home:ro,Z" "-v" "/var/lib/crater-agent-workspace/rustup-home:/opt/rustwide/rustup-home:ro,Z" "-e" "SOURCE_DIR=/opt/rustwide/workdir" "-e" "CARGO_TARGET_DIR=/opt/rustwide/target" "-e" "CARGO_INCREMENTAL=0" "-e" "RUST_BACKTRACE=full" "-e" "RUSTFLAGS=--cap-lints=warn" "-e" "RUSTDOCFLAGS=--cap-lints=warn" "-e" "CARGO_HOME=/opt/rustwide/cargo-home" "-e" "RUSTUP_HOME=/opt/rustwide/rustup-home" "-w" "/opt/rustwide/workdir" "-m" "1610612736" "--user" "0:0" "--network" "none" "ghcr.io/rust-lang/crates-build-env/linux@sha256:2788e3201cd34a07e3172128adcd8b3090168a8e3bcc40d7c032b9dda1df7d1c" "/opt/rustwide/cargo-home/bin/cargo" "+1.75.0" "build" "--frozen" "--message-format=json", kill_on_drop: false }`
[INFO] [stdout] ee127ff1afc1f30a63516dd63ed7f06f2f30d9374fcf22279a53c66548df3c91
[INFO] running `Command { std: "docker" "start" "-a" "ee127ff1afc1f30a63516dd63ed7f06f2f30d9374fcf22279a53c66548df3c91", kill_on_drop: false }`
[INFO] [stderr]    Compiling libc v0.2.112
[INFO] [stderr]    Compiling proc-macro2 v1.0.34
[INFO] [stderr]    Compiling memchr v2.4.1
[INFO] [stderr]    Compiling cfg-if v1.0.0
[INFO] [stderr]    Compiling unicode-xid v0.2.2
[INFO] [stderr]    Compiling rustversion v1.0.6
[INFO] [stderr]    Compiling syn v1.0.82
[INFO] [stderr]    Compiling ppv-lite86 v0.2.15
[INFO] [stderr]    Compiling unicode-segmentation v1.8.0
[INFO] [stderr]    Compiling regex-syntax v0.6.25
[INFO] [stderr]    Compiling either v1.6.1
[INFO] [stderr]    Compiling primes v0.3.0
[INFO] [stderr]    Compiling lazy_static v1.4.0
[INFO] [stderr]    Compiling strum v0.23.0
[INFO] [stderr]    Compiling itertools v0.10.1
[INFO] [stderr]    Compiling heck v0.3.3
[INFO] [stderr]    Compiling quote v1.0.10
[INFO] [stderr]    Compiling aho-corasick v0.7.18
[INFO] [stderr]    Compiling getrandom v0.2.3
[INFO] [stderr]    Compiling rand_core v0.6.3
[INFO] [stderr]    Compiling rand_chacha v0.3.1
[INFO] [stderr]    Compiling rand v0.8.4
[INFO] [stderr]    Compiling regex v1.5.4
[INFO] [stderr]    Compiling strum_macros v0.23.1
[INFO] [stderr]    Compiling aoc v0.1.0 (/opt/rustwide/workdir)
[INFO] [stdout] warning: unused import: `std::ptr::eq`
[INFO] [stdout]  --> src/y_2021/day_18.rs:1:5
[INFO] [stdout]   |
[INFO] [stdout] 1 | use std::ptr::eq;
[INFO] [stdout]   |     ^^^^^^^^^^^^
[INFO] [stdout]   |
[INFO] [stdout]   = note: `#[warn(unused_imports)]` on by default
[INFO] [stdout] 
[INFO] [stdout] 
[INFO] [stdout] warning: unused import: `Itertools`
[INFO] [stdout]  --> src/y_2021/day_18.rs:4:17
[INFO] [stdout]   |
[INFO] [stdout] 4 | use itertools::{Itertools, PutBackN};
[INFO] [stdout]   |                 ^^^^^^^^^
[INFO] [stdout] 
[INFO] [stdout] 
[INFO] [stdout] warning: unused variable: `index`
[INFO] [stdout]    --> src/y_2021/day_14.rs:114:14
[INFO] [stdout]     |
[INFO] [stdout] 114 |         for (index, (pair, pair_count)) in self.pairs.iter().enumerate() {
[INFO] [stdout]     |              ^^^^^ help: if this is intentional, prefix it with an underscore: `_index`
[INFO] [stdout]     |
[INFO] [stdout]     = note: `#[warn(unused_variables)]` on by default
[INFO] [stdout] 
[INFO] [stdout] 
[INFO] [stdout] warning: unused variable: `packet`
[INFO] [stdout]   --> src/y_2021/day_16.rs:11:9
[INFO] [stdout]    |
[INFO] [stdout] 11 |     let packet = transmission.clone();
[INFO] [stdout]    |         ^^^^^^ help: if this is intentional, prefix it with an underscore: `_packet`
[INFO] [stdout] 
[INFO] [stdout] 
[INFO] [stdout] warning: unused variable: `pos_in_last`
[INFO] [stdout]    --> src/y_2021/day_18.rs:371:9
[INFO] [stdout]     |
[INFO] [stdout] 371 |         pos_in_last: bool, // false: left, true: right
[INFO] [stdout]     |         ^^^^^^^^^^^ help: if this is intentional, prefix it with an underscore: `_pos_in_last`
[INFO] [stdout] 
[INFO] [stdout] 
[INFO] [stdout] warning: unused variable: `scanner_id`
[INFO] [stdout]    --> src/y_2021/day_19.rs:178:5
[INFO] [stdout]     |
[INFO] [stdout] 178 |     scanner_id: &u8,
[INFO] [stdout]     |     ^^^^^^^^^^ help: if this is intentional, prefix it with an underscore: `_scanner_id`
[INFO] [stdout] 
[INFO] [stdout] 
[INFO] [stdout] warning: variable does not need to be mutable
[INFO] [stdout]    --> src/y_2021/day_22.rs:109:17
[INFO] [stdout]     |
[INFO] [stdout] 109 |             let mut new_self = self.clone();
[INFO] [stdout]     |                 ----^^^^^^^^
[INFO] [stdout]     |                 |
[INFO] [stdout]     |                 help: remove this `mut`
[INFO] [stdout]     |
[INFO] [stdout]     = note: `#[warn(unused_mut)]` on by default
[INFO] [stdout] 
[INFO] [stdout] 
[INFO] [stdout] warning: associated function `new` is never used
[INFO] [stdout]    --> src/y_2021/day_13.rs:166:8
[INFO] [stdout]     |
[INFO] [stdout] 165 | impl Point {
[INFO] [stdout]     | ---------- associated function in this implementation
[INFO] [stdout] 166 |     fn new(x: i32, y: i32) -> Point {
[INFO] [stdout]     |        ^^^
[INFO] [stdout]     |
[INFO] [stdout]     = note: `#[warn(dead_code)]` on by default
[INFO] [stdout] 
[INFO] [stdout] 
[INFO] [stdout] warning: field `last_pair` is never read
[INFO] [stdout]   --> src/y_2021/day_14.rs:43:5
[INFO] [stdout]    |
[INFO] [stdout] 39 | struct PolySynthetizer {
[INFO] [stdout]    |        --------------- field in this struct
[INFO] [stdout] ...
[INFO] [stdout] 43 |     last_pair: (char, char),
[INFO] [stdout]    |     ^^^^^^^^^
[INFO] [stdout]    |
[INFO] [stdout]    = note: `PolySynthetizer` has a derived impl for the trait `Debug`, but this is intentionally ignored during dead code analysis
[INFO] [stdout] 
[INFO] [stdout] 
[INFO] [stdout] warning: methods `apply_step`, `apply_x_steps`, and `count_elements` are never used
[INFO] [stdout]    --> src/y_2021/day_14.rs:92:8
[INFO] [stdout]     |
[INFO] [stdout] 48  | impl PolySynthetizer {
[INFO] [stdout]     | -------------------- methods in this implementation
[INFO] [stdout] ...
[INFO] [stdout] 92  |     fn apply_step(&mut self) {
[INFO] [stdout]     |        ^^^^^^^^^^
[INFO] [stdout] ...
[INFO] [stdout] 156 |     fn apply_x_steps(&mut self, amount: u32) {
[INFO] [stdout]     |        ^^^^^^^^^^^^^
[INFO] [stdout] ...
[INFO] [stdout] 175 |     fn count_elements(&self) -> HashMap<char, u64> {
[INFO] [stdout]     |        ^^^^^^^^^^^^^^
[INFO] [stdout] 
[INFO] [stdout] 
[INFO] [stdout] warning: fields `version` and `type_id` are never read
[INFO] [stdout]   --> src/y_2021/day_16.rs:37:5
[INFO] [stdout]    |
[INFO] [stdout] 35 | struct BitsPacket {
[INFO] [stdout]    |        ---------- fields in this struct
[INFO] [stdout] 36 |     packet: String,
[INFO] [stdout] 37 |     version: String,
[INFO] [stdout]    |     ^^^^^^^
[INFO] [stdout] 38 |     version_num: u32,
[INFO] [stdout] 39 |     type_id: String,
[INFO] [stdout]    |     ^^^^^^^
[INFO] [stdout] 
[INFO] [stdout] 
[INFO] [stdout] warning: variant `None` is never constructed
[INFO] [stdout]    --> src/y_2021/day_18.rs:124:5
[INFO] [stdout]     |
[INFO] [stdout] 123 | enum SnailfishNumberExplosionState {
[INFO] [stdout]     |      ----------------------------- variant in this enum
[INFO] [stdout] 124 |     None,
[INFO] [stdout]     |     ^^^^
[INFO] [stdout]     |
[INFO] [stdout]     = note: `SnailfishNumberExplosionState` has a derived impl for the trait `Debug`, but this is intentionally ignored during dead code analysis
[INFO] [stdout] 
[INFO] [stdout] 
[INFO] [stdout] warning: method `all_1_1_1_cubes` is never used
[INFO] [stdout]   --> src/y_2021/day_22.rs:86:8
[INFO] [stdout]    |
[INFO] [stdout] 60 | impl Cuboid {
[INFO] [stdout]    | ----------- method in this implementation
[INFO] [stdout] ...
[INFO] [stdout] 86 |     fn all_1_1_1_cubes(&self) -> Vec<(i32, i32, i32)> {
[INFO] [stdout]    |        ^^^^^^^^^^^^^^^
[INFO] [stdout] 
[INFO] [stdout] 
[INFO] [stdout] warning: associated function `init_with_inputs` is never used
[INFO] [stdout]    --> src/y_2021/day_24.rs:139:8
[INFO] [stdout]     |
[INFO] [stdout] 131 | impl Alu {
[INFO] [stdout]     | -------- associated function in this implementation
[INFO] [stdout] ...
[INFO] [stdout] 139 |     fn init_with_inputs(inputs: Vec<i64>) -> Alu {
[INFO] [stdout]     |        ^^^^^^^^^^^^^^^^
[INFO] [stdout] 
[INFO] [stdout] 
[INFO] [stdout] warning: associated function `new` is never used
[INFO] [stdout]    --> src/y_2021/day_4.rs:119:8
[INFO] [stdout]     |
[INFO] [stdout] 118 | impl BingoBoard {
[INFO] [stdout]     | --------------- associated function in this implementation
[INFO] [stdout] 119 |     fn new(board: Vec<Vec<(u32, bool)>>) -> BingoBoard {
[INFO] [stdout]     |        ^^^
[INFO] [stdout] 
[INFO] [stdout] 
[INFO] [stdout] warning: 15 warnings emitted
[INFO] [stdout] 
[INFO] [stdout] 
[INFO] [stderr]     Finished dev [unoptimized + debuginfo] target(s) in 5.19s
[INFO] running `Command { std: "docker" "inspect" "ee127ff1afc1f30a63516dd63ed7f06f2f30d9374fcf22279a53c66548df3c91", kill_on_drop: false }`
[INFO] running `Command { std: "docker" "rm" "-f" "ee127ff1afc1f30a63516dd63ed7f06f2f30d9374fcf22279a53c66548df3c91", kill_on_drop: false }`
[INFO] [stdout] ee127ff1afc1f30a63516dd63ed7f06f2f30d9374fcf22279a53c66548df3c91
[INFO] running `Command { std: "docker" "create" "-v" "/var/lib/crater-agent-workspace/builds/worker-0-tc1/target:/opt/rustwide/target:rw,Z" "-v" "/var/lib/crater-agent-workspace/builds/worker-0-tc1/source:/opt/rustwide/workdir:ro,Z" "-v" "/var/lib/crater-agent-workspace/cargo-home:/opt/rustwide/cargo-home:ro,Z" "-v" "/var/lib/crater-agent-workspace/rustup-home:/opt/rustwide/rustup-home:ro,Z" "-e" "SOURCE_DIR=/opt/rustwide/workdir" "-e" "CARGO_TARGET_DIR=/opt/rustwide/target" "-e" "CARGO_INCREMENTAL=0" "-e" "RUST_BACKTRACE=full" "-e" "RUSTFLAGS=--cap-lints=warn" "-e" "RUSTDOCFLAGS=--cap-lints=warn" "-e" "CARGO_HOME=/opt/rustwide/cargo-home" "-e" "RUSTUP_HOME=/opt/rustwide/rustup-home" "-w" "/opt/rustwide/workdir" "-m" "1610612736" "--user" "0:0" "--network" "none" "ghcr.io/rust-lang/crates-build-env/linux@sha256:2788e3201cd34a07e3172128adcd8b3090168a8e3bcc40d7c032b9dda1df7d1c" "/opt/rustwide/cargo-home/bin/cargo" "+1.75.0" "test" "--frozen" "--no-run" "--message-format=json", kill_on_drop: false }`
[INFO] [stdout] fa2a34f37466123f0cd55ff37ec6e0d27d4c67d3fa855a2e97fbee6fae33991b
[INFO] running `Command { std: "docker" "start" "-a" "fa2a34f37466123f0cd55ff37ec6e0d27d4c67d3fa855a2e97fbee6fae33991b", kill_on_drop: false }`
[INFO] [stderr]    Compiling aoc v0.1.0 (/opt/rustwide/workdir)
[INFO] [stdout] warning: unused import: `std::ptr::eq`
[INFO] [stdout]  --> src/y_2021/day_18.rs:1:5
[INFO] [stdout]   |
[INFO] [stdout] 1 | use std::ptr::eq;
[INFO] [stdout]   |     ^^^^^^^^^^^^
[INFO] [stdout]   |
[INFO] [stdout]   = note: `#[warn(unused_imports)]` on by default
[INFO] [stdout] 
[INFO] [stdout] 
[INFO] [stdout] warning: unused import: `Itertools`
[INFO] [stdout]  --> src/y_2021/day_18.rs:4:17
[INFO] [stdout]   |
[INFO] [stdout] 4 | use itertools::{Itertools, PutBackN};
[INFO] [stdout]   |                 ^^^^^^^^^
[INFO] [stdout] 
[INFO] [stdout] 
[INFO] [stdout] warning: unused variable: `index`
[INFO] [stdout]    --> src/y_2021/day_14.rs:114:14
[INFO] [stdout]     |
[INFO] [stdout] 114 |         for (index, (pair, pair_count)) in self.pairs.iter().enumerate() {
[INFO] [stdout]     |              ^^^^^ help: if this is intentional, prefix it with an underscore: `_index`
[INFO] [stdout]     |
[INFO] [stdout]     = note: `#[warn(unused_variables)]` on by default
[INFO] [stdout] 
[INFO] [stdout] 
[INFO] [stdout] warning: unused variable: `packet`
[INFO] [stdout]   --> src/y_2021/day_16.rs:11:9
[INFO] [stdout]    |
[INFO] [stdout] 11 |     let packet = transmission.clone();
[INFO] [stdout]    |         ^^^^^^ help: if this is intentional, prefix it with an underscore: `_packet`
[INFO] [stdout] 
[INFO] [stdout] 
[INFO] [stdout] warning: unused variable: `pos_in_last`
[INFO] [stdout]    --> src/y_2021/day_18.rs:371:9
[INFO] [stdout]     |
[INFO] [stdout] 371 |         pos_in_last: bool, // false: left, true: right
[INFO] [stdout]     |         ^^^^^^^^^^^ help: if this is intentional, prefix it with an underscore: `_pos_in_last`
[INFO] [stdout] 
[INFO] [stdout] 
[INFO] [stdout] warning: unused variable: `scanner_id`
[INFO] [stdout]    --> src/y_2021/day_19.rs:178:5
[INFO] [stdout]     |
[INFO] [stdout] 178 |     scanner_id: &u8,
[INFO] [stdout]     |     ^^^^^^^^^^ help: if this is intentional, prefix it with an underscore: `_scanner_id`
[INFO] [stdout] 
[INFO] [stdout] 
[INFO] [stdout] warning: variable does not need to be mutable
[INFO] [stdout]    --> src/y_2021/day_22.rs:109:17
[INFO] [stdout]     |
[INFO] [stdout] 109 |             let mut new_self = self.clone();
[INFO] [stdout]     |                 ----^^^^^^^^
[INFO] [stdout]     |                 |
[INFO] [stdout]     |                 help: remove this `mut`
[INFO] [stdout]     |
[INFO] [stdout]     = note: `#[warn(unused_mut)]` on by default
[INFO] [stdout] 
[INFO] [stdout] 
[INFO] [stdout] warning: associated function `new` is never used
[INFO] [stdout]    --> src/y_2021/day_13.rs:166:8
[INFO] [stdout]     |
[INFO] [stdout] 165 | impl Point {
[INFO] [stdout]     | ---------- associated function in this implementation
[INFO] [stdout] 166 |     fn new(x: i32, y: i32) -> Point {
[INFO] [stdout]     |        ^^^
[INFO] [stdout]     |
[INFO] [stdout]     = note: `#[warn(dead_code)]` on by default
[INFO] [stdout] 
[INFO] [stdout] 
[INFO] [stdout] warning: field `last_pair` is never read
[INFO] [stdout]   --> src/y_2021/day_14.rs:43:5
[INFO] [stdout]    |
[INFO] [stdout] 39 | struct PolySynthetizer {
[INFO] [stdout]    |        --------------- field in this struct
[INFO] [stdout] ...
[INFO] [stdout] 43 |     last_pair: (char, char),
[INFO] [stdout]    |     ^^^^^^^^^
[INFO] [stdout]    |
[INFO] [stdout]    = note: `PolySynthetizer` has a derived impl for the trait `Debug`, but this is intentionally ignored during dead code analysis
[INFO] [stdout] 
[INFO] [stdout] 
[INFO] [stdout] warning: methods `apply_step`, `apply_x_steps`, and `count_elements` are never used
[INFO] [stdout]    --> src/y_2021/day_14.rs:92:8
[INFO] [stdout]     |
[INFO] [stdout] 48  | impl PolySynthetizer {
[INFO] [stdout]     | -------------------- methods in this implementation
[INFO] [stdout] ...
[INFO] [stdout] 92  |     fn apply_step(&mut self) {
[INFO] [stdout]     |        ^^^^^^^^^^
[INFO] [stdout] ...
[INFO] [stdout] 156 |     fn apply_x_steps(&mut self, amount: u32) {
[INFO] [stdout]     |        ^^^^^^^^^^^^^
[INFO] [stdout] ...
[INFO] [stdout] 175 |     fn count_elements(&self) -> HashMap<char, u64> {
[INFO] [stdout]     |        ^^^^^^^^^^^^^^
[INFO] [stdout] 
[INFO] [stdout] 
[INFO] [stdout] warning: fields `version` and `type_id` are never read
[INFO] [stdout]   --> src/y_2021/day_16.rs:37:5
[INFO] [stdout]    |
[INFO] [stdout] 35 | struct BitsPacket {
[INFO] [stdout]    |        ---------- fields in this struct
[INFO] [stdout] 36 |     packet: String,
[INFO] [stdout] 37 |     version: String,
[INFO] [stdout]    |     ^^^^^^^
[INFO] [stdout] 38 |     version_num: u32,
[INFO] [stdout] 39 |     type_id: String,
[INFO] [stdout]    |     ^^^^^^^
[INFO] [stdout] 
[INFO] [stdout] 
[INFO] [stdout] warning: variant `None` is never constructed
[INFO] [stdout]    --> src/y_2021/day_18.rs:124:5
[INFO] [stdout]     |
[INFO] [stdout] 123 | enum SnailfishNumberExplosionState {
[INFO] [stdout]     |      ----------------------------- variant in this enum
[INFO] [stdout] 124 |     None,
[INFO] [stdout]     |     ^^^^
[INFO] [stdout]     |
[INFO] [stdout]     = note: `SnailfishNumberExplosionState` has a derived impl for the trait `Debug`, but this is intentionally ignored during dead code analysis
[INFO] [stdout] 
[INFO] [stdout] 
[INFO] [stdout] warning: method `all_1_1_1_cubes` is never used
[INFO] [stdout]   --> src/y_2021/day_22.rs:86:8
[INFO] [stdout]    |
[INFO] [stdout] 60 | impl Cuboid {
[INFO] [stdout]    | ----------- method in this implementation
[INFO] [stdout] ...
[INFO] [stdout] 86 |     fn all_1_1_1_cubes(&self) -> Vec<(i32, i32, i32)> {
[INFO] [stdout]    |        ^^^^^^^^^^^^^^^
[INFO] [stdout] 
[INFO] [stdout] 
[INFO] [stdout] warning: 13 warnings emitted
[INFO] [stdout] 
[INFO] [stdout] 
[INFO] [stderr]     Finished test [unoptimized + debuginfo] target(s) in 1.58s
[INFO] running `Command { std: "docker" "inspect" "fa2a34f37466123f0cd55ff37ec6e0d27d4c67d3fa855a2e97fbee6fae33991b", kill_on_drop: false }`
[INFO] running `Command { std: "docker" "rm" "-f" "fa2a34f37466123f0cd55ff37ec6e0d27d4c67d3fa855a2e97fbee6fae33991b", kill_on_drop: false }`
[INFO] [stdout] fa2a34f37466123f0cd55ff37ec6e0d27d4c67d3fa855a2e97fbee6fae33991b
[INFO] running `Command { std: "docker" "create" "-v" "/var/lib/crater-agent-workspace/builds/worker-0-tc1/target:/opt/rustwide/target:rw,Z" "-v" "/var/lib/crater-agent-workspace/builds/worker-0-tc1/source:/opt/rustwide/workdir:ro,Z" "-v" "/var/lib/crater-agent-workspace/cargo-home:/opt/rustwide/cargo-home:ro,Z" "-v" "/var/lib/crater-agent-workspace/rustup-home:/opt/rustwide/rustup-home:ro,Z" "-e" "SOURCE_DIR=/opt/rustwide/workdir" "-e" "CARGO_TARGET_DIR=/opt/rustwide/target" "-e" "CARGO_INCREMENTAL=0" "-e" "RUST_BACKTRACE=full" "-e" "RUSTFLAGS=--cap-lints=warn" "-e" "RUSTDOCFLAGS=--cap-lints=warn" "-e" "CARGO_HOME=/opt/rustwide/cargo-home" "-e" "RUSTUP_HOME=/opt/rustwide/rustup-home" "-w" "/opt/rustwide/workdir" "-m" "1610612736" "--user" "0:0" "--network" "none" "ghcr.io/rust-lang/crates-build-env/linux@sha256:2788e3201cd34a07e3172128adcd8b3090168a8e3bcc40d7c032b9dda1df7d1c" "/opt/rustwide/cargo-home/bin/cargo" "+1.75.0" "test" "--frozen", kill_on_drop: false }`
[INFO] [stdout] 7a61a5894fad530838ce6eebda106d542497742d6efa86536dc454e052201c2c
[INFO] running `Command { std: "docker" "start" "-a" "7a61a5894fad530838ce6eebda106d542497742d6efa86536dc454e052201c2c", kill_on_drop: false }`
[INFO] [stderr] warning: unused import: `std::ptr::eq`
[INFO] [stderr]  --> src/y_2021/day_18.rs:1:5
[INFO] [stderr]   |
[INFO] [stderr] 1 | use std::ptr::eq;
[INFO] [stderr]   |     ^^^^^^^^^^^^
[INFO] [stderr]   |
[INFO] [stderr]   = note: `#[warn(unused_imports)]` on by default
[INFO] [stderr] 
[INFO] [stderr] warning: unused import: `Itertools`
[INFO] [stderr]  --> src/y_2021/day_18.rs:4:17
[INFO] [stderr]   |
[INFO] [stderr] 4 | use itertools::{Itertools, PutBackN};
[INFO] [stderr]   |                 ^^^^^^^^^
[INFO] [stderr] 
[INFO] [stderr] warning: unused variable: `index`
[INFO] [stderr]    --> src/y_2021/day_14.rs:114:14
[INFO] [stderr]     |
[INFO] [stderr] 114 |         for (index, (pair, pair_count)) in self.pairs.iter().enumerate() {
[INFO] [stderr]     |              ^^^^^ help: if this is intentional, prefix it with an underscore: `_index`
[INFO] [stderr]     |
[INFO] [stderr]     = note: `#[warn(unused_variables)]` on by default
[INFO] [stderr] 
[INFO] [stderr] warning: unused variable: `packet`
[INFO] [stderr]   --> src/y_2021/day_16.rs:11:9
[INFO] [stderr]    |
[INFO] [stderr] 11 |     let packet = transmission.clone();
[INFO] [stderr]    |         ^^^^^^ help: if this is intentional, prefix it with an underscore: `_packet`
[INFO] [stderr] 
[INFO] [stderr] warning: unused variable: `pos_in_last`
[INFO] [stderr]    --> src/y_2021/day_18.rs:371:9
[INFO] [stderr]     |
[INFO] [stderr] 371 |         pos_in_last: bool, // false: left, true: right
[INFO] [stderr]     |         ^^^^^^^^^^^ help: if this is intentional, prefix it with an underscore: `_pos_in_last`
[INFO] [stderr] 
[INFO] [stderr] warning: unused variable: `scanner_id`
[INFO] [stderr]    --> src/y_2021/day_19.rs:178:5
[INFO] [stderr]     |
[INFO] [stderr] 178 |     scanner_id: &u8,
[INFO] [stderr]     |     ^^^^^^^^^^ help: if this is intentional, prefix it with an underscore: `_scanner_id`
[INFO] [stderr] 
[INFO] [stderr] warning: variable does not need to be mutable
[INFO] [stderr]    --> src/y_2021/day_22.rs:109:17
[INFO] [stderr]     |
[INFO] [stderr] 109 |             let mut new_self = self.clone();
[INFO] [stderr]     |                 ----^^^^^^^^
[INFO] [stderr]     |                 |
[INFO] [stderr]     |                 help: remove this `mut`
[INFO] [stderr]     |
[INFO] [stderr]     = note: `#[warn(unused_mut)]` on by default
[INFO] [stderr] 
[INFO] [stderr] warning: associated function `new` is never used
[INFO] [stderr]    --> src/y_2021/day_13.rs:166:8
[INFO] [stderr]     |
[INFO] [stderr] 165 | impl Point {
[INFO] [stderr]     | ---------- associated function in this implementation
[INFO] [stderr] 166 |     fn new(x: i32, y: i32) -> Point {
[INFO] [stderr]     |        ^^^
[INFO] [stderr]     |
[INFO] [stderr]     = note: `#[warn(dead_code)]` on by default
[INFO] [stderr] 
[INFO] [stderr] warning: field `last_pair` is never read
[INFO] [stderr]   --> src/y_2021/day_14.rs:43:5
[INFO] [stderr]    |
[INFO] [stderr] 39 | struct PolySynthetizer {
[INFO] [stderr]    |        --------------- field in this struct
[INFO] [stderr] ...
[INFO] [stderr] 43 |     last_pair: (char, char),
[INFO] [stderr]    |     ^^^^^^^^^
[INFO] [stderr]    |
[INFO] [stderr]    = note: `PolySynthetizer` has a derived impl for the trait `Debug`, but this is intentionally ignored during dead code analysis
[INFO] [stderr] 
[INFO] [stderr] warning: methods `apply_step`, `apply_x_steps`, and `count_elements` are never used
[INFO] [stderr]    --> src/y_2021/day_14.rs:92:8
[INFO] [stderr]     |
[INFO] [stderr] 48  | impl PolySynthetizer {
[INFO] [stderr]     | -------------------- methods in this implementation
[INFO] [stderr] ...
[INFO] [stderr] 92  |     fn apply_step(&mut self) {
[INFO] [stderr]     |        ^^^^^^^^^^
[INFO] [stderr] ...
[INFO] [stderr] 156 |     fn apply_x_steps(&mut self, amount: u32) {
[INFO] [stderr]     |        ^^^^^^^^^^^^^
[INFO] [stderr] ...
[INFO] [stderr] 175 |     fn count_elements(&self) -> HashMap<char, u64> {
[INFO] [stderr]     |        ^^^^^^^^^^^^^^
[INFO] [stderr] 
[INFO] [stderr] warning: fields `version` and `type_id` are never read
[INFO] [stderr]   --> src/y_2021/day_16.rs:37:5
[INFO] [stderr]    |
[INFO] [stderr] 35 | struct BitsPacket {
[INFO] [stderr]    |        ---------- fields in this struct
[INFO] [stderr] 36 |     packet: String,
[INFO] [stderr] 37 |     version: String,
[INFO] [stderr]    |     ^^^^^^^
[INFO] [stderr] 38 |     version_num: u32,
[INFO] [stderr] 39 |     type_id: String,
[INFO] [stderr]    |     ^^^^^^^
[INFO] [stderr] 
[INFO] [stderr] warning: variant `None` is never constructed
[INFO] [stderr]    --> src/y_2021/day_18.rs:124:5
[INFO] [stderr]     |
[INFO] [stderr] 123 | enum SnailfishNumberExplosionState {
[INFO] [stderr]     |      ----------------------------- variant in this enum
[INFO] [stderr] 124 |     None,
[INFO] [stderr]     |     ^^^^
[INFO] [stderr]     |
[INFO] [stderr]     = note: `SnailfishNumberExplosionState` has a derived impl for the trait `Debug`, but this is intentionally ignored during dead code analysis
[INFO] [stderr] 
[INFO] [stderr] warning: method `all_1_1_1_cubes` is never used
[INFO] [stderr]   --> src/y_2021/day_22.rs:86:8
[INFO] [stderr]    |
[INFO] [stderr] 60 | impl Cuboid {
[INFO] [stderr]    | ----------- method in this implementation
[INFO] [stderr] ...
[INFO] [stderr] 86 |     fn all_1_1_1_cubes(&self) -> Vec<(i32, i32, i32)> {
[INFO] [stderr]    |        ^^^^^^^^^^^^^^^
[INFO] [stderr] 
[INFO] [stderr] warning: `aoc` (bin "aoc" test) generated 13 warnings (run `cargo fix --bin "aoc" --tests` to apply 7 suggestions)
[INFO] [stderr]     Finished test [unoptimized + debuginfo] target(s) in 0.01s
[INFO] [stderr]      Running unittests src/lib.rs (/opt/rustwide/target/debug/deps/aoc-4cecb73c81f772e1)
[INFO] [stdout] 
[INFO] [stdout] running 0 tests
[INFO] [stdout] 
[INFO] [stdout] test result: ok. 0 passed; 0 failed; 0 ignored; 0 measured; 0 filtered out; finished in 0.00s
[INFO] [stdout] 
[INFO] [stderr]      Running unittests src/main.rs (/opt/rustwide/target/debug/deps/aoc-fea416fba9e05c37)
[INFO] [stdout] 
[INFO] [stdout] running 37 tests
[INFO] [stdout] test y_2021::day_1::tests::test_calc_sliding_windows ... ok
[INFO] [stdout] test y_2021::day_1::tests::test_example_input_calc_sliding_windows ... ok
[INFO] [stdout] test y_2021::day_1::tests::test_example_input ... ok
[INFO] [stdout] test y_2021::day_1::tests::test_equal_depth ... ok
[INFO] [stdout] test y_2021::day_1::tests::test_only_decrease ... ok
[INFO] [stdout] test y_2021::day_1::tests::test_sliding_windows_example ... ok
[INFO] [stdout] test y_2021::day_1::tests::test_very_small_input ... ok
[INFO] [stdout] test y_2021::day_21::tests::test_advance_by ... ok
[INFO] [stdout] test y_2021::day_24::tests::test_alu_add ... ok
[INFO] [stdout] test y_2021::day_24::tests::test_input_queue ... ok
[INFO] [stdout] test y_2021::day_2::tests::test_point_add_command_from_0 ... ok
[INFO] [stdout] test y_2021::day_2::tests::test_point_add_from_non_0 ... ok
[INFO] [stdout] test y_2021::day_2::tests::test_point_add_command_from_non_0 ... ok
[INFO] [stdout] test y_2021::day_24::tests::test_alu_mul ... ok
[INFO] [stdout] test y_2021::day_24::tests::test_alu_eql ... ok
[INFO] [stdout] test y_2021::day_2::tests::test_submarine_state_advance ... ok
[INFO] [stdout] test y_2021::day_2::tests::test_submarine_state_advance_chaining ... ok
[INFO] [stdout] test y_2021::day_2::tests::test_submarine_state_advance_with_aim_lower_0 ... ok
[INFO] [stdout] test y_2021::day_4::tests::test_calc_score_works_as_expected ... ok
[INFO] [stdout] test y_2021::day_2::tests::test_point_add_from_0 ... ok
[INFO] [stdout] test y_2021::day_24::tests::test_alu_div ... ok
[INFO] [stdout] test y_2021::day_4::tests::test_is_won_return_true_when_won_on_rows ... ok
[INFO] [stdout] test y_2021::day_4::tests::test_mark_number_works_as_expected ... ok
[INFO] [stdout] test y_2021::day_3::tests::test_find_co2_scrubber_rating_example ... ok
[INFO] [stdout] test y_2021::day_2::tests::test_point_calc_distance ... ok
[INFO] [stdout] test y_2021::day_4::tests::test_is_won_return_true_when_won_on_columns ... ok
[INFO] [stdout] test y_2021::day_5::tests::test_to_points_45_diagonal ... ok
[INFO] [stdout] test y_2021::day_2::tests::test_submarine_command_new ... ok
[INFO] [stdout] test y_2021::day_5::tests::test_get_y_from_x ... ok
[INFO] [stdout] test y_2021::day_3::tests::test_find_o2_generator_rating_example ... ok
[INFO] [stdout] test y_2021::day_5::tests::test_to_points_horizontal ... ok
[INFO] [stdout] test y_2021::day_5::tests::test_to_points_horizontal_negative ... ok
[INFO] [stdout] test y_2021::day_5::tests::test_to_points_vertical ... ok
[INFO] [stdout] test y_2021::day_4::tests::test_is_won_return_false_when_not_won ... ok
[INFO] [stdout] test y_2021::day_5::tests::test_to_points_vertical_negative ... ok
[INFO] [stdout] test y_2021::day_24::tests::test_alu_mod ... FAILED
[INFO] [stdout] test y_2021::day_5::tests::test_get_crossing_points ... FAILED
[INFO] [stdout] 
[INFO] [stdout] failures:
[INFO] [stdout] 
[INFO] [stdout] ---- y_2021::day_24::tests::test_alu_mod stdout ----
[INFO] [stdout] Tried to modulo a -4!
[INFO] [stdout] thread 'y_2021::day_24::tests::test_alu_mod' panicked at src/y_2021/day_24.rs:202:25:
[INFO] [stdout] explicit panic
[INFO] [stdout] stack backtrace:
[INFO] [stdout]    0:     0x565383633bcc - std::backtrace_rs::backtrace::libunwind::trace::ha637c64ce894333a
[INFO] [stdout]                                at /rustc/82e1608dfa6e0b5569232559e3d385fea5a93112/library/std/src/../../backtrace/src/backtrace/libunwind.rs:104:5
[INFO] [stdout]    1:     0x565383633bcc - std::backtrace_rs::backtrace::trace_unsynchronized::h47f62dea28e0c88d
[INFO] [stdout]                                at /rustc/82e1608dfa6e0b5569232559e3d385fea5a93112/library/std/src/../../backtrace/src/backtrace/mod.rs:66:5
[INFO] [stdout]    2:     0x565383633bcc - std::sys_common::backtrace::_print_fmt::h9eef0abe20ede486
[INFO] [stdout]                                at /rustc/82e1608dfa6e0b5569232559e3d385fea5a93112/library/std/src/sys_common/backtrace.rs:67:5
[INFO] [stdout]    3:     0x565383633bcc - <std::sys_common::backtrace::_print::DisplayBacktrace as core::fmt::Display>::fmt::hed7f999df88cc644
[INFO] [stdout]                                at /rustc/82e1608dfa6e0b5569232559e3d385fea5a93112/library/std/src/sys_common/backtrace.rs:44:22
[INFO] [stdout]    4:     0x56538365e1d0 - core::fmt::rt::Argument::fmt::h1539a9308b8d058d
[INFO] [stdout]                                at /rustc/82e1608dfa6e0b5569232559e3d385fea5a93112/library/core/src/fmt/rt.rs:142:9
[INFO] [stdout]    5:     0x56538365e1d0 - core::fmt::write::h3a39390d8560d9c9
[INFO] [stdout]                                at /rustc/82e1608dfa6e0b5569232559e3d385fea5a93112/library/core/src/fmt/mod.rs:1120:17
[INFO] [stdout]    6:     0x56538363157f - std::io::Write::write_fmt::h040b369f3a0f9cbc
[INFO] [stdout]                                at /rustc/82e1608dfa6e0b5569232559e3d385fea5a93112/library/std/src/io/mod.rs:1762:15
[INFO] [stdout]    7:     0x5653836339b4 - std::sys_common::backtrace::_print::h894006fb5c6f3d45
[INFO] [stdout]                                at /rustc/82e1608dfa6e0b5569232559e3d385fea5a93112/library/std/src/sys_common/backtrace.rs:47:5
[INFO] [stdout]    8:     0x5653836339b4 - std::sys_common::backtrace::print::h23a2d212c6fff936
[INFO] [stdout]                                at /rustc/82e1608dfa6e0b5569232559e3d385fea5a93112/library/std/src/sys_common/backtrace.rs:34:9
[INFO] [stdout]    9:     0x565383635677 - std::panicking::default_hook::{{closure}}::h8a1d2ee00185001a
[INFO] [stdout]   10:     0x565383635363 - std::panicking::default_hook::h6038f2eba384e475
[INFO] [stdout]                                at /rustc/82e1608dfa6e0b5569232559e3d385fea5a93112/library/std/src/panicking.rs:289:9
[INFO] [stdout]   11:     0x5653834b94a7 - <alloc::boxed::Box<F,A> as core::ops::function::Fn<Args>>::call::h0ad024c9bdc6d768
[INFO] [stdout]                                at /rustc/82e1608dfa6e0b5569232559e3d385fea5a93112/library/alloc/src/boxed.rs:2021:9
[INFO] [stdout]   12:     0x5653834b94a7 - test::test_main::{{closure}}::h7500b54257359db6
[INFO] [stdout]                                at /rustc/82e1608dfa6e0b5569232559e3d385fea5a93112/library/test/src/lib.rs:138:21
[INFO] [stdout]   13:     0x565383635c88 - <alloc::boxed::Box<F,A> as core::ops::function::Fn<Args>>::call::h1f8f335eaa9cfaee
[INFO] [stdout]                                at /rustc/82e1608dfa6e0b5569232559e3d385fea5a93112/library/alloc/src/boxed.rs:2021:9
[INFO] [stdout]   14:     0x565383635c88 - std::panicking::rust_panic_with_hook::h2b5517d590cab22e
[INFO] [stdout]                                at /rustc/82e1608dfa6e0b5569232559e3d385fea5a93112/library/std/src/panicking.rs:783:13
[INFO] [stdout]   15:     0x5653835890d8 - std::panicking::begin_panic::{{closure}}::hf488672684a9b3ac
[INFO] [stdout]                                at /rustc/82e1608dfa6e0b5569232559e3d385fea5a93112/library/std/src/panicking.rs:687:9
[INFO] [stdout]   16:     0x56538358900a - std::sys_common::backtrace::__rust_end_short_backtrace::h7598ce832d5b2382
[INFO] [stdout]                                at /rustc/82e1608dfa6e0b5569232559e3d385fea5a93112/library/std/src/sys_common/backtrace.rs:170:18
[INFO] [stdout]   17:     0x565383589047 - std::panicking::begin_panic::haec3080aad04c5fb
[INFO] [stdout]                                at /rustc/82e1608dfa6e0b5569232559e3d385fea5a93112/library/std/src/panicking.rs:686:12
[INFO] [stdout]   18:     0x5653834727e8 - aoc::y_2021::day_24::Alu::exec_instruction::h6324badf9829d00f
[INFO] [stdout]                                at /opt/rustwide/workdir/src/y_2021/day_24.rs:202:25
[INFO] [stdout]   19:     0x56538346f2b9 - aoc::y_2021::day_24::tests::test_alu_mod::hc4d9b1269fef304c
[INFO] [stdout]                                at /opt/rustwide/workdir/src/y_2021/day_24.rs:328:9
[INFO] [stdout]   20:     0x56538346efa7 - aoc::y_2021::day_24::tests::test_alu_mod::{{closure}}::h05cb6152bb027560
[INFO] [stdout]                                at /opt/rustwide/workdir/src/y_2021/day_24.rs:316:22
[INFO] [stdout]   21:     0x565383479c66 - core::ops::function::FnOnce::call_once::h0cbcb752e988b801
[INFO] [stdout]                                at /rustc/82e1608dfa6e0b5569232559e3d385fea5a93112/library/core/src/ops/function.rs:250:5
[INFO] [stdout]   22:     0x5653834beaff - core::ops::function::FnOnce::call_once::h2b5d431d5046312d
[INFO] [stdout]                                at /rustc/82e1608dfa6e0b5569232559e3d385fea5a93112/library/core/src/ops/function.rs:250:5
[INFO] [stdout]   23:     0x5653834beaff - test::__rust_begin_short_backtrace::h7714669af176e207
[INFO] [stdout]                                at /rustc/82e1608dfa6e0b5569232559e3d385fea5a93112/library/test/src/lib.rs:628:18
[INFO] [stdout]   24:     0x5653834bdb15 - test::run_test_in_process::{{closure}}::h85218797dcbcec12
[INFO] [stdout]                                at /rustc/82e1608dfa6e0b5569232559e3d385fea5a93112/library/test/src/lib.rs:651:60
[INFO] [stdout]   25:     0x5653834bdb15 - <core::panic::unwind_safe::AssertUnwindSafe<F> as core::ops::function::FnOnce<()>>::call_once::h76c106ea31c14d7b
[INFO] [stdout]                                at /rustc/82e1608dfa6e0b5569232559e3d385fea5a93112/library/core/src/panic/unwind_safe.rs:272:9
[INFO] [stdout]   26:     0x5653834bdb15 - std::panicking::try::do_call::h3bd5d0f6620ee946
[INFO] [stdout]                                at /rustc/82e1608dfa6e0b5569232559e3d385fea5a93112/library/std/src/panicking.rs:552:40
[INFO] [stdout]   27:     0x5653834bdb15 - std::panicking::try::h232e535e4744fe31
[INFO] [stdout]                                at /rustc/82e1608dfa6e0b5569232559e3d385fea5a93112/library/std/src/panicking.rs:516:19
[INFO] [stdout]   28:     0x5653834bdb15 - std::panic::catch_unwind::h3ce3bd6ca8dbac68
[INFO] [stdout]                                at /rustc/82e1608dfa6e0b5569232559e3d385fea5a93112/library/std/src/panic.rs:142:14
[INFO] [stdout]   29:     0x5653834bdb15 - test::run_test_in_process::hc97b257c9621286a
[INFO] [stdout]                                at /rustc/82e1608dfa6e0b5569232559e3d385fea5a93112/library/test/src/lib.rs:651:27
[INFO] [stdout]   30:     0x5653834bdb15 - test::run_test::{{closure}}::h2aa798823a438d38
[INFO] [stdout]                                at /rustc/82e1608dfa6e0b5569232559e3d385fea5a93112/library/test/src/lib.rs:574:43
[INFO] [stdout]   31:     0x565383485dd6 - test::run_test::{{closure}}::h87d231c78fb59832
[INFO] [stdout]                                at /rustc/82e1608dfa6e0b5569232559e3d385fea5a93112/library/test/src/lib.rs:602:41
[INFO] [stdout]   32:     0x565383485dd6 - std::sys_common::backtrace::__rust_begin_short_backtrace::he6df152596625789
[INFO] [stdout]                                at /rustc/82e1608dfa6e0b5569232559e3d385fea5a93112/library/std/src/sys_common/backtrace.rs:154:18
[INFO] [stdout]   33:     0x56538348ae87 - std::thread::Builder::spawn_unchecked_::{{closure}}::{{closure}}::ha94be15d1e0acf36
[INFO] [stdout]                                at /rustc/82e1608dfa6e0b5569232559e3d385fea5a93112/library/std/src/thread/mod.rs:529:17
[INFO] [stdout]   34:     0x56538348ae87 - <core::panic::unwind_safe::AssertUnwindSafe<F> as core::ops::function::FnOnce<()>>::call_once::h9dc6bd6372f16606
[INFO] [stdout]                                at /rustc/82e1608dfa6e0b5569232559e3d385fea5a93112/library/core/src/panic/unwind_safe.rs:272:9
[INFO] [stdout]   35:     0x56538348ae87 - std::panicking::try::do_call::h9057517f80303cd4
[INFO] [stdout]                                at /rustc/82e1608dfa6e0b5569232559e3d385fea5a93112/library/std/src/panicking.rs:552:40
[INFO] [stdout]   36:     0x56538348ae87 - std::panicking::try::he3a30b11ee45340c
[INFO] [stdout]                                at /rustc/82e1608dfa6e0b5569232559e3d385fea5a93112/library/std/src/panicking.rs:516:19
[INFO] [stdout]   37:     0x56538348ae87 - std::panic::catch_unwind::h410458cfd3528b8b
[INFO] [stdout]                                at /rustc/82e1608dfa6e0b5569232559e3d385fea5a93112/library/std/src/panic.rs:142:14
[INFO] [stdout]   38:     0x56538348ae87 - std::thread::Builder::spawn_unchecked_::{{closure}}::h72ac3bdb567b737b
[INFO] [stdout]                                at /rustc/82e1608dfa6e0b5569232559e3d385fea5a93112/library/std/src/thread/mod.rs:528:30
[INFO] [stdout]   39:     0x56538348ae87 - core::ops::function::FnOnce::call_once{{vtable.shim}}::h38f34da3654a8344
[INFO] [stdout]                                at /rustc/82e1608dfa6e0b5569232559e3d385fea5a93112/library/core/src/ops/function.rs:250:5
[INFO] [stdout]   40:     0x56538363a715 - <alloc::boxed::Box<F,A> as core::ops::function::FnOnce<Args>>::call_once::hc7eafaff61e32df9
[INFO] [stdout]                                at /rustc/82e1608dfa6e0b5569232559e3d385fea5a93112/library/alloc/src/boxed.rs:2007:9
[INFO] [stdout]   41:     0x56538363a715 - <alloc::boxed::Box<F,A> as core::ops::function::FnOnce<Args>>::call_once::h6ba4a5de48dd2304
[INFO] [stdout]                                at /rustc/82e1608dfa6e0b5569232559e3d385fea5a93112/library/alloc/src/boxed.rs:2007:9
[INFO] [stdout]   42:     0x56538363a715 - std::sys::unix::thread::Thread::new::thread_start::he469335aef763e45
[INFO] [stdout]                                at /rustc/82e1608dfa6e0b5569232559e3d385fea5a93112/library/std/src/sys/unix/thread.rs:108:17
[INFO] [stdout]   43:     0x7f206c06dac3 - <unknown>
[INFO] [stdout]   44:     0x7f206c0febf4 - __clone
[INFO] [stdout]   45:                0x0 - <unknown>
[INFO] [stdout] 
[INFO] [stdout] ---- y_2021::day_5::tests::test_get_crossing_points stdout ----
[INFO] [stdout] thread 'y_2021::day_5::tests::test_get_crossing_points' panicked at src/y_2021/day_5.rs:556:9:
[INFO] [stdout] assertion `left == right` failed
[INFO] [stdout]   left: [Point { x: 3, y: -3 }]
[INFO] [stdout]  right: [Point { x: -3, y: -9 }]
[INFO] [stdout] stack backtrace:
[INFO] [stdout]    0:     0x565383633bcc - std::backtrace_rs::backtrace::libunwind::trace::ha637c64ce894333a
[INFO] [stdout]                                at /rustc/82e1608dfa6e0b5569232559e3d385fea5a93112/library/std/src/../../backtrace/src/backtrace/libunwind.rs:104:5
[INFO] [stdout]    1:     0x565383633bcc - std::backtrace_rs::backtrace::trace_unsynchronized::h47f62dea28e0c88d
[INFO] [stdout]                                at /rustc/82e1608dfa6e0b5569232559e3d385fea5a93112/library/std/src/../../backtrace/src/backtrace/mod.rs:66:5
[INFO] [stdout]    2:     0x565383633bcc - std::sys_common::backtrace::_print_fmt::h9eef0abe20ede486
[INFO] [stdout]                                at /rustc/82e1608dfa6e0b5569232559e3d385fea5a93112/library/std/src/sys_common/backtrace.rs:67:5
[INFO] [stdout]    3:     0x565383633bcc - <std::sys_common::backtrace::_print::DisplayBacktrace as core::fmt::Display>::fmt::hed7f999df88cc644
[INFO] [stdout]                                at /rustc/82e1608dfa6e0b5569232559e3d385fea5a93112/library/std/src/sys_common/backtrace.rs:44:22
[INFO] [stdout]    4:     0x56538365e1d0 - core::fmt::rt::Argument::fmt::h1539a9308b8d058d
[INFO] [stdout]                                at /rustc/82e1608dfa6e0b5569232559e3d385fea5a93112/library/core/src/fmt/rt.rs:142:9
[INFO] [stdout]    5:     0x56538365e1d0 - core::fmt::write::h3a39390d8560d9c9
[INFO] [stdout]                                at /rustc/82e1608dfa6e0b5569232559e3d385fea5a93112/library/core/src/fmt/mod.rs:1120:17
[INFO] [stdout]    6:     0x56538363157f - std::io::Write::write_fmt::h040b369f3a0f9cbc
[INFO] [stdout]                                at /rustc/82e1608dfa6e0b5569232559e3d385fea5a93112/library/std/src/io/mod.rs:1762:15
[INFO] [stdout]    7:     0x5653836339b4 - std::sys_common::backtrace::_print::h894006fb5c6f3d45
[INFO] [stdout]                                at /rustc/82e1608dfa6e0b5569232559e3d385fea5a93112/library/std/src/sys_common/backtrace.rs:47:5
[INFO] [stdout]    8:     0x5653836339b4 - std::sys_common::backtrace::print::h23a2d212c6fff936
[INFO] [stdout]                                at /rustc/82e1608dfa6e0b5569232559e3d385fea5a93112/library/std/src/sys_common/backtrace.rs:34:9
[INFO] [stdout]    9:     0x565383635677 - std::panicking::default_hook::{{closure}}::h8a1d2ee00185001a
[INFO] [stdout]   10:     0x565383635363 - std::panicking::default_hook::h6038f2eba384e475
[INFO] [stdout]                                at /rustc/82e1608dfa6e0b5569232559e3d385fea5a93112/library/std/src/panicking.rs:289:9
[INFO] [stdout]   11:     0x5653834b94a7 - <alloc::boxed::Box<F,A> as core::ops::function::Fn<Args>>::call::h0ad024c9bdc6d768
[INFO] [stdout]                                at /rustc/82e1608dfa6e0b5569232559e3d385fea5a93112/library/alloc/src/boxed.rs:2021:9
[INFO] [stdout]   12:     0x5653834b94a7 - test::test_main::{{closure}}::h7500b54257359db6
[INFO] [stdout]                                at /rustc/82e1608dfa6e0b5569232559e3d385fea5a93112/library/test/src/lib.rs:138:21
[INFO] [stdout]   13:     0x565383635c88 - <alloc::boxed::Box<F,A> as core::ops::function::Fn<Args>>::call::h1f8f335eaa9cfaee
[INFO] [stdout]                                at /rustc/82e1608dfa6e0b5569232559e3d385fea5a93112/library/alloc/src/boxed.rs:2021:9
[INFO] [stdout]   14:     0x565383635c88 - std::panicking::rust_panic_with_hook::h2b5517d590cab22e
[INFO] [stdout]                                at /rustc/82e1608dfa6e0b5569232559e3d385fea5a93112/library/std/src/panicking.rs:783:13
[INFO] [stdout]   15:     0x5653836359de - std::panicking::begin_panic_handler::{{closure}}::h233112c06e0ef43e
[INFO] [stdout]                                at /rustc/82e1608dfa6e0b5569232559e3d385fea5a93112/library/std/src/panicking.rs:657:13
[INFO] [stdout]   16:     0x565383634096 - std::sys_common::backtrace::__rust_end_short_backtrace::h6e893f24d7ebbff8
[INFO] [stdout]                                at /rustc/82e1608dfa6e0b5569232559e3d385fea5a93112/library/std/src/sys_common/backtrace.rs:170:18
[INFO] [stdout]   17:     0x565383635742 - rust_begin_unwind
[INFO] [stdout]                                at /rustc/82e1608dfa6e0b5569232559e3d385fea5a93112/library/std/src/panicking.rs:645:5
[INFO] [stdout]   18:     0x565383453225 - core::panicking::panic_fmt::hbf0e066aabfa482c
[INFO] [stdout]                                at /rustc/82e1608dfa6e0b5569232559e3d385fea5a93112/library/core/src/panicking.rs:72:14
[INFO] [stdout]   19:     0x56538345367b - core::panicking::assert_failed_inner::h0bba8b7c26ee4492
[INFO] [stdout]   20:     0x565383477efe - core::panicking::assert_failed::hd88904a02a96c490
[INFO] [stdout]                                at /rustc/82e1608dfa6e0b5569232559e3d385fea5a93112/library/core/src/panicking.rs:279:5
[INFO] [stdout]   21:     0x56538347fec4 - aoc::y_2021::day_5::tests::test_get_crossing_points::hfcc5dce546c86ad7
[INFO] [stdout]                                at /opt/rustwide/workdir/src/y_2021/day_5.rs:556:9
[INFO] [stdout]   22:     0x56538347f537 - aoc::y_2021::day_5::tests::test_get_crossing_points::{{closure}}::h640becbac2d0dbdf
[INFO] [stdout]                                at /opt/rustwide/workdir/src/y_2021/day_5.rs:528:34
[INFO] [stdout]   23:     0x56538347a0a6 - core::ops::function::FnOnce::call_once::h5e0d3de6ed189f32
[INFO] [stdout]                                at /rustc/82e1608dfa6e0b5569232559e3d385fea5a93112/library/core/src/ops/function.rs:250:5
[INFO] [stdout]   24:     0x5653834beaff - core::ops::function::FnOnce::call_once::h2b5d431d5046312d
[INFO] [stdout]                                at /rustc/82e1608dfa6e0b5569232559e3d385fea5a93112/library/core/src/ops/function.rs:250:5
[INFO] [stdout]   25:     0x5653834beaff - test::__rust_begin_short_backtrace::h7714669af176e207
[INFO] [stdout]                                at /rustc/82e1608dfa6e0b5569232559e3d385fea5a93112/library/test/src/lib.rs:628:18
[INFO] [stdout]   26:     0x5653834bdb15 - test::run_test_in_process::{{closure}}::h85218797dcbcec12
[INFO] [stdout]                                at /rustc/82e1608dfa6e0b5569232559e3d385fea5a93112/library/test/src/lib.rs:651:60
[INFO] [stdout]   27:     0x5653834bdb15 - <core::panic::unwind_safe::AssertUnwindSafe<F> as core::ops::function::FnOnce<()>>::call_once::h76c106ea31c14d7b
[INFO] [stdout]                                at /rustc/82e1608dfa6e0b5569232559e3d385fea5a93112/library/core/src/panic/unwind_safe.rs:272:9
[INFO] [stdout]   28:     0x5653834bdb15 - std::panicking::try::do_call::h3bd5d0f6620ee946
[INFO] [stdout]                                at /rustc/82e1608dfa6e0b5569232559e3d385fea5a93112/library/std/src/panicking.rs:552:40
[INFO] [stdout]   29:     0x5653834bdb15 - std::panicking::try::h232e535e4744fe31
[INFO] [stdout]                                at /rustc/82e1608dfa6e0b5569232559e3d385fea5a93112/library/std/src/panicking.rs:516:19
[INFO] [stdout]   30:     0x5653834bdb15 - std::panic::catch_unwind::h3ce3bd6ca8dbac68
[INFO] [stdout]                                at /rustc/82e1608dfa6e0b5569232559e3d385fea5a93112/library/std/src/panic.rs:142:14
[INFO] [stdout]   31:     0x5653834bdb15 - test::run_test_in_process::hc97b257c9621286a
[INFO] [stdout]                                at /rustc/82e1608dfa6e0b5569232559e3d385fea5a93112/library/test/src/lib.rs:651:27
[INFO] [stdout]   32:     0x5653834bdb15 - test::run_test::{{closure}}::h2aa798823a438d38
[INFO] [stdout]                                at /rustc/82e1608dfa6e0b5569232559e3d385fea5a93112/library/test/src/lib.rs:574:43
[INFO] [stdout]   33:     0x565383485dd6 - test::run_test::{{closure}}::h87d231c78fb59832
[INFO] [stdout]                                at /rustc/82e1608dfa6e0b5569232559e3d385fea5a93112/library/test/src/lib.rs:602:41
[INFO] [stdout]   34:     0x565383485dd6 - std::sys_common::backtrace::__rust_begin_short_backtrace::he6df152596625789
[INFO] [stdout]                                at /rustc/82e1608dfa6e0b5569232559e3d385fea5a93112/library/std/src/sys_common/backtrace.rs:154:18
[INFO] [stdout]   35:     0x56538348ae87 - std::thread::Builder::spawn_unchecked_::{{closure}}::{{closure}}::ha94be15d1e0acf36
[INFO] [stdout]                                at /rustc/82e1608dfa6e0b5569232559e3d385fea5a93112/library/std/src/thread/mod.rs:529:17
[INFO] [stdout]   36:     0x56538348ae87 - <core::panic::unwind_safe::AssertUnwindSafe<F> as core::ops::function::FnOnce<()>>::call_once::h9dc6bd6372f16606
[INFO] [stdout]                                at /rustc/82e1608dfa6e0b5569232559e3d385fea5a93112/library/core/src/panic/unwind_safe.rs:272:9
[INFO] [stdout]   37:     0x56538348ae87 - std::panicking::try::do_call::h9057517f80303cd4
[INFO] [stdout]                                at /rustc/82e1608dfa6e0b5569232559e3d385fea5a93112/library/std/src/panicking.rs:552:40
[INFO] [stdout]   38:     0x56538348ae87 - std::panicking::try::he3a30b11ee45340c
[INFO] [stdout]                                at /rustc/82e1608dfa6e0b5569232559e3d385fea5a93112/library/std/src/panicking.rs:516:19
[INFO] [stdout]   39:     0x56538348ae87 - std::panic::catch_unwind::h410458cfd3528b8b
[INFO] [stdout]                                at /rustc/82e1608dfa6e0b5569232559e3d385fea5a93112/library/std/src/panic.rs:142:14
[INFO] [stdout]   40:     0x56538348ae87 - std::thread::Builder::spawn_unchecked_::{{closure}}::h72ac3bdb567b737b
[INFO] [stdout]                                at /rustc/82e1608dfa6e0b5569232559e3d385fea5a93112/library/std/src/thread/mod.rs:528:30
[INFO] [stdout]   41:     0x56538348ae87 - core::ops::function::FnOnce::call_once{{vtable.shim}}::h38f34da3654a8344
[INFO] [stdout]                                at /rustc/82e1608dfa6e0b5569232559e3d385fea5a93112/library/core/src/ops/function.rs:250:5
[INFO] [stdout]   42:     0x56538363a715 - <alloc::boxed::Box<F,A> as core::ops::function::FnOnce<Args>>::call_once::hc7eafaff61e32df9
[INFO] [stdout]                                at /rustc/82e1608dfa6e0b5569232559e3d385fea5a93112/library/alloc/src/boxed.rs:2007:9
[INFO] [stdout]   43:     0x56538363a715 - <alloc::boxed::Box<F,A> as core::ops::function::FnOnce<Args>>::call_once::h6ba4a5de48dd2304
[INFO] [stdout]                                at /rustc/82e1608dfa6e0b5569232559e3d385fea5a93112/library/alloc/src/boxed.rs:2007:9
[INFO] [stdout]   44:     0x56538363a715 - std::sys::unix::thread::Thread::new::thread_start::he469335aef763e45
[INFO] [stdout]                                at /rustc/82e1608dfa6e0b5569232559e3d385fea5a93112/library/std/src/sys/unix/thread.rs:108:17
[INFO] [stdout]   45:     0x7f206c06dac3 - <unknown>
[INFO] [stdout]   46:     0x7f206c0febf4 - __clone
[INFO] [stdout]   47:                0x0 - <unknown>
[INFO] [stdout] 
[INFO] [stdout] 
[INFO] [stdout] failures:
[INFO] [stdout]     y_2021::day_24::tests::test_alu_mod
[INFO] [stdout]     y_2021::day_5::tests::test_get_crossing_points
[INFO] [stdout] 
[INFO] [stdout] test result: FAILED. 35 passed; 2 failed; 0 ignored; 0 measured; 0 filtered out; finished in 0.02s
[INFO] [stdout] 
[INFO] [stderr] error: test failed, to rerun pass `--bin aoc`
[INFO] running `Command { std: "docker" "inspect" "7a61a5894fad530838ce6eebda106d542497742d6efa86536dc454e052201c2c", kill_on_drop: false }`
[INFO] running `Command { std: "docker" "rm" "-f" "7a61a5894fad530838ce6eebda106d542497742d6efa86536dc454e052201c2c", kill_on_drop: false }`
[INFO] [stdout] 7a61a5894fad530838ce6eebda106d542497742d6efa86536dc454e052201c2c
[INFO] testing louislatreille/aoc against beta-2023-12-22 for beta-1.76-1
[INFO] running `Command { std: "git" "clone" "/workspace/cache/git-repos/https%3A%2F%2Fgithub.com%2Flouislatreille%2Faoc" "/workspace/builds/worker-0-tc2/source", kill_on_drop: false }`
[INFO] [stderr] Cloning into '/workspace/builds/worker-0-tc2/source'...
[INFO] [stderr] done.
[INFO] validating manifest of git repo https://github.com/louislatreille/aoc on toolchain beta-2023-12-22
[INFO] running `Command { std: CARGO_HOME="/workspace/cargo-home" RUSTUP_HOME="/workspace/rustup-home" "/workspace/cargo-home/bin/cargo" "+beta-2023-12-22" "metadata" "--manifest-path" "Cargo.toml" "--no-deps", kill_on_drop: false }`
[INFO] started tweaking git repo https://github.com/louislatreille/aoc
[INFO] finished tweaking git repo https://github.com/louislatreille/aoc
[INFO] tweaked toml for git repo https://github.com/louislatreille/aoc written to /workspace/builds/worker-0-tc2/source/Cargo.toml
[INFO] crate git repo https://github.com/louislatreille/aoc already has a lockfile, it will not be regenerated
[INFO] running `Command { std: CARGO_HOME="/workspace/cargo-home" RUSTUP_HOME="/workspace/rustup-home" "/workspace/cargo-home/bin/cargo" "+beta-2023-12-22" "fetch" "--manifest-path" "Cargo.toml", kill_on_drop: false }`
[INFO] running `Command { std: "docker" "create" "-v" "/var/lib/crater-agent-workspace/builds/worker-0-tc2/target:/opt/rustwide/target:rw,Z" "-v" "/var/lib/crater-agent-workspace/builds/worker-0-tc2/source:/opt/rustwide/workdir:ro,Z" "-v" "/var/lib/crater-agent-workspace/cargo-home:/opt/rustwide/cargo-home:ro,Z" "-v" "/var/lib/crater-agent-workspace/rustup-home:/opt/rustwide/rustup-home:ro,Z" "-e" "SOURCE_DIR=/opt/rustwide/workdir" "-e" "CARGO_TARGET_DIR=/opt/rustwide/target" "-e" "CARGO_HOME=/opt/rustwide/cargo-home" "-e" "RUSTUP_HOME=/opt/rustwide/rustup-home" "-w" "/opt/rustwide/workdir" "-m" "1610612736" "--user" "0:0" "--network" "none" "ghcr.io/rust-lang/crates-build-env/linux@sha256:2788e3201cd34a07e3172128adcd8b3090168a8e3bcc40d7c032b9dda1df7d1c" "/opt/rustwide/cargo-home/bin/cargo" "+beta-2023-12-22" "metadata" "--no-deps" "--format-version=1", kill_on_drop: false }`
[INFO] [stdout] 25e6a0e70c5db7283d081796fbd1b18e797c1b701da3ff8b1cfd01a2ecb9bdb8
[INFO] running `Command { std: "docker" "start" "-a" "25e6a0e70c5db7283d081796fbd1b18e797c1b701da3ff8b1cfd01a2ecb9bdb8", kill_on_drop: false }`
[INFO] running `Command { std: "docker" "inspect" "25e6a0e70c5db7283d081796fbd1b18e797c1b701da3ff8b1cfd01a2ecb9bdb8", kill_on_drop: false }`
[INFO] running `Command { std: "docker" "rm" "-f" "25e6a0e70c5db7283d081796fbd1b18e797c1b701da3ff8b1cfd01a2ecb9bdb8", kill_on_drop: false }`
[INFO] [stdout] 25e6a0e70c5db7283d081796fbd1b18e797c1b701da3ff8b1cfd01a2ecb9bdb8
[INFO] running `Command { std: "docker" "create" "-v" "/var/lib/crater-agent-workspace/builds/worker-0-tc2/target:/opt/rustwide/target:rw,Z" "-v" "/var/lib/crater-agent-workspace/builds/worker-0-tc2/source:/opt/rustwide/workdir:ro,Z" "-v" "/var/lib/crater-agent-workspace/cargo-home:/opt/rustwide/cargo-home:ro,Z" "-v" "/var/lib/crater-agent-workspace/rustup-home:/opt/rustwide/rustup-home:ro,Z" "-e" "SOURCE_DIR=/opt/rustwide/workdir" "-e" "CARGO_TARGET_DIR=/opt/rustwide/target" "-e" "CARGO_INCREMENTAL=0" "-e" "RUST_BACKTRACE=full" "-e" "RUSTFLAGS=--cap-lints=warn" "-e" "RUSTDOCFLAGS=--cap-lints=warn" "-e" "CARGO_HOME=/opt/rustwide/cargo-home" "-e" "RUSTUP_HOME=/opt/rustwide/rustup-home" "-w" "/opt/rustwide/workdir" "-m" "1610612736" "--user" "0:0" "--network" "none" "ghcr.io/rust-lang/crates-build-env/linux@sha256:2788e3201cd34a07e3172128adcd8b3090168a8e3bcc40d7c032b9dda1df7d1c" "/opt/rustwide/cargo-home/bin/cargo" "+beta-2023-12-22" "build" "--frozen" "--message-format=json", kill_on_drop: false }`
[INFO] [stdout] 357c11b80b34b6c6bffa921a8b8be237d85b3a97c484996725a202315a612379
[INFO] running `Command { std: "docker" "start" "-a" "357c11b80b34b6c6bffa921a8b8be237d85b3a97c484996725a202315a612379", kill_on_drop: false }`
[INFO] [stderr]    Compiling libc v0.2.112
[INFO] [stderr]    Compiling proc-macro2 v1.0.34
[INFO] [stderr]    Compiling memchr v2.4.1
[INFO] [stderr]    Compiling cfg-if v1.0.0
[INFO] [stderr]    Compiling unicode-xid v0.2.2
[INFO] [stderr]    Compiling syn v1.0.82
[INFO] [stderr]    Compiling rustversion v1.0.6
[INFO] [stderr]    Compiling ppv-lite86 v0.2.15
[INFO] [stderr]    Compiling unicode-segmentation v1.8.0
[INFO] [stderr]    Compiling regex-syntax v0.6.25
[INFO] [stderr]    Compiling either v1.6.1
[INFO] [stderr]    Compiling lazy_static v1.4.0
[INFO] [stderr]    Compiling strum v0.23.0
[INFO] [stderr]    Compiling primes v0.3.0
[INFO] [stderr]    Compiling itertools v0.10.1
[INFO] [stderr]    Compiling heck v0.3.3
[INFO] [stderr]    Compiling aho-corasick v0.7.18
[INFO] [stderr]    Compiling quote v1.0.10
[INFO] [stderr]    Compiling getrandom v0.2.3
[INFO] [stderr]    Compiling rand_core v0.6.3
[INFO] [stderr]    Compiling rand_chacha v0.3.1
[INFO] [stderr]    Compiling rand v0.8.4
[INFO] [stderr]    Compiling regex v1.5.4
[INFO] [stderr]    Compiling strum_macros v0.23.1
[INFO] [stderr]    Compiling aoc v0.1.0 (/opt/rustwide/workdir)
[INFO] [stdout] warning: unused import: `std::ptr::eq`
[INFO] [stdout]  --> src/y_2021/day_18.rs:1:5
[INFO] [stdout]   |
[INFO] [stdout] 1 | use std::ptr::eq;
[INFO] [stdout]   |     ^^^^^^^^^^^^
[INFO] [stdout]   |
[INFO] [stdout]   = note: `#[warn(unused_imports)]` on by default
[INFO] [stdout] 
[INFO] [stdout] 
[INFO] [stdout] warning: unused import: `Itertools`
[INFO] [stdout]  --> src/y_2021/day_18.rs:4:17
[INFO] [stdout]   |
[INFO] [stdout] 4 | use itertools::{Itertools, PutBackN};
[INFO] [stdout]   |                 ^^^^^^^^^
[INFO] [stdout] 
[INFO] [stdout] 
[INFO] [stdout] warning: unused variable: `index`
[INFO] [stdout]    --> src/y_2021/day_14.rs:114:14
[INFO] [stdout]     |
[INFO] [stdout] 114 |         for (index, (pair, pair_count)) in self.pairs.iter().enumerate() {
[INFO] [stdout]     |              ^^^^^ help: if this is intentional, prefix it with an underscore: `_index`
[INFO] [stdout]     |
[INFO] [stdout]     = note: `#[warn(unused_variables)]` on by default
[INFO] [stdout] 
[INFO] [stdout] 
[INFO] [stdout] warning: unused variable: `packet`
[INFO] [stdout]   --> src/y_2021/day_16.rs:11:9
[INFO] [stdout]    |
[INFO] [stdout] 11 |     let packet = transmission.clone();
[INFO] [stdout]    |         ^^^^^^ help: if this is intentional, prefix it with an underscore: `_packet`
[INFO] [stdout] 
[INFO] [stdout] 
[INFO] [stdout] warning: unused variable: `pos_in_last`
[INFO] [stdout]    --> src/y_2021/day_18.rs:371:9
[INFO] [stdout]     |
[INFO] [stdout] 371 |         pos_in_last: bool, // false: left, true: right
[INFO] [stdout]     |         ^^^^^^^^^^^ help: if this is intentional, prefix it with an underscore: `_pos_in_last`
[INFO] [stdout] 
[INFO] [stdout] 
[INFO] [stdout] warning: unused variable: `scanner_id`
[INFO] [stdout]    --> src/y_2021/day_19.rs:178:5
[INFO] [stdout]     |
[INFO] [stdout] 178 |     scanner_id: &u8,
[INFO] [stdout]     |     ^^^^^^^^^^ help: if this is intentional, prefix it with an underscore: `_scanner_id`
[INFO] [stdout] 
[INFO] [stdout] 
[INFO] [stdout] warning: variable does not need to be mutable
[INFO] [stdout]    --> src/y_2021/day_22.rs:109:17
[INFO] [stdout]     |
[INFO] [stdout] 109 |             let mut new_self = self.clone();
[INFO] [stdout]     |                 ----^^^^^^^^
[INFO] [stdout]     |                 |
[INFO] [stdout]     |                 help: remove this `mut`
[INFO] [stdout]     |
[INFO] [stdout]     = note: `#[warn(unused_mut)]` on by default
[INFO] [stdout] 
[INFO] [stdout] 
[INFO] [stdout] warning: associated function `new` is never used
[INFO] [stdout]    --> src/y_2021/day_13.rs:166:8
[INFO] [stdout]     |
[INFO] [stdout] 165 | impl Point {
[INFO] [stdout]     | ---------- associated function in this implementation
[INFO] [stdout] 166 |     fn new(x: i32, y: i32) -> Point {
[INFO] [stdout]     |        ^^^
[INFO] [stdout]     |
[INFO] [stdout]     = note: `#[warn(dead_code)]` on by default
[INFO] [stdout] 
[INFO] [stdout] 
[INFO] [stdout] warning: field `last_pair` is never read
[INFO] [stdout]   --> src/y_2021/day_14.rs:43:5
[INFO] [stdout]    |
[INFO] [stdout] 39 | struct PolySynthetizer {
[INFO] [stdout]    |        --------------- field in this struct
[INFO] [stdout] ...
[INFO] [stdout] 43 |     last_pair: (char, char),
[INFO] [stdout]    |     ^^^^^^^^^
[INFO] [stdout]    |
[INFO] [stdout]    = note: `PolySynthetizer` has a derived impl for the trait `Debug`, but this is intentionally ignored during dead code analysis
[INFO] [stdout] 
[INFO] [stdout] 
[INFO] [stdout] warning: methods `apply_step`, `apply_x_steps`, and `count_elements` are never used
[INFO] [stdout]    --> src/y_2021/day_14.rs:92:8
[INFO] [stdout]     |
[INFO] [stdout] 48  | impl PolySynthetizer {
[INFO] [stdout]     | -------------------- methods in this implementation
[INFO] [stdout] ...
[INFO] [stdout] 92  |     fn apply_step(&mut self) {
[INFO] [stdout]     |        ^^^^^^^^^^
[INFO] [stdout] ...
[INFO] [stdout] 156 |     fn apply_x_steps(&mut self, amount: u32) {
[INFO] [stdout]     |        ^^^^^^^^^^^^^
[INFO] [stdout] ...
[INFO] [stdout] 175 |     fn count_elements(&self) -> HashMap<char, u64> {
[INFO] [stdout]     |        ^^^^^^^^^^^^^^
[INFO] [stdout] 
[INFO] [stdout] 
[INFO] [stdout] warning: fields `version` and `type_id` are never read
[INFO] [stdout]   --> src/y_2021/day_16.rs:37:5
[INFO] [stdout]    |
[INFO] [stdout] 35 | struct BitsPacket {
[INFO] [stdout]    |        ---------- fields in this struct
[INFO] [stdout] 36 |     packet: String,
[INFO] [stdout] 37 |     version: String,
[INFO] [stdout]    |     ^^^^^^^
[INFO] [stdout] 38 |     version_num: u32,
[INFO] [stdout] 39 |     type_id: String,
[INFO] [stdout]    |     ^^^^^^^
[INFO] [stdout] 
[INFO] [stdout] 
[INFO] [stdout] warning: variant `None` is never constructed
[INFO] [stdout]    --> src/y_2021/day_18.rs:124:5
[INFO] [stdout]     |
[INFO] [stdout] 123 | enum SnailfishNumberExplosionState {
[INFO] [stdout]     |      ----------------------------- variant in this enum
[INFO] [stdout] 124 |     None,
[INFO] [stdout]     |     ^^^^
[INFO] [stdout]     |
[INFO] [stdout]     = note: `SnailfishNumberExplosionState` has a derived impl for the trait `Debug`, but this is intentionally ignored during dead code analysis
[INFO] [stdout] 
[INFO] [stdout] 
[INFO] [stdout] warning: method `all_1_1_1_cubes` is never used
[INFO] [stdout]   --> src/y_2021/day_22.rs:86:8
[INFO] [stdout]    |
[INFO] [stdout] 60 | impl Cuboid {
[INFO] [stdout]    | ----------- method in this implementation
[INFO] [stdout] ...
[INFO] [stdout] 86 |     fn all_1_1_1_cubes(&self) -> Vec<(i32, i32, i32)> {
[INFO] [stdout]    |        ^^^^^^^^^^^^^^^
[INFO] [stdout] 
[INFO] [stdout] 
[INFO] [stdout] warning: associated function `init_with_inputs` is never used
[INFO] [stdout]    --> src/y_2021/day_24.rs:139:8
[INFO] [stdout]     |
[INFO] [stdout] 131 | impl Alu {
[INFO] [stdout]     | -------- associated function in this implementation
[INFO] [stdout] ...
[INFO] [stdout] 139 |     fn init_with_inputs(inputs: Vec<i64>) -> Alu {
[INFO] [stdout]     |        ^^^^^^^^^^^^^^^^
[INFO] [stdout] 
[INFO] [stdout] 
[INFO] [stdout] warning: associated function `new` is never used
[INFO] [stdout]    --> src/y_2021/day_4.rs:119:8
[INFO] [stdout]     |
[INFO] [stdout] 118 | impl BingoBoard {
[INFO] [stdout]     | --------------- associated function in this implementation
[INFO] [stdout] 119 |     fn new(board: Vec<Vec<(u32, bool)>>) -> BingoBoard {
[INFO] [stdout]     |        ^^^
[INFO] [stdout] 
[INFO] [stdout] 
[INFO] [stdout] warning: 15 warnings emitted
[INFO] [stdout] 
[INFO] [stdout] 
[INFO] [stderr]     Finished dev [unoptimized + debuginfo] target(s) in 5.07s
[INFO] running `Command { std: "docker" "inspect" "357c11b80b34b6c6bffa921a8b8be237d85b3a97c484996725a202315a612379", kill_on_drop: false }`
[INFO] running `Command { std: "docker" "rm" "-f" "357c11b80b34b6c6bffa921a8b8be237d85b3a97c484996725a202315a612379", kill_on_drop: false }`
[INFO] [stdout] 357c11b80b34b6c6bffa921a8b8be237d85b3a97c484996725a202315a612379
[INFO] running `Command { std: "docker" "create" "-v" "/var/lib/crater-agent-workspace/builds/worker-0-tc2/target:/opt/rustwide/target:rw,Z" "-v" "/var/lib/crater-agent-workspace/builds/worker-0-tc2/source:/opt/rustwide/workdir:ro,Z" "-v" "/var/lib/crater-agent-workspace/cargo-home:/opt/rustwide/cargo-home:ro,Z" "-v" "/var/lib/crater-agent-workspace/rustup-home:/opt/rustwide/rustup-home:ro,Z" "-e" "SOURCE_DIR=/opt/rustwide/workdir" "-e" "CARGO_TARGET_DIR=/opt/rustwide/target" "-e" "CARGO_INCREMENTAL=0" "-e" "RUST_BACKTRACE=full" "-e" "RUSTFLAGS=--cap-lints=warn" "-e" "RUSTDOCFLAGS=--cap-lints=warn" "-e" "CARGO_HOME=/opt/rustwide/cargo-home" "-e" "RUSTUP_HOME=/opt/rustwide/rustup-home" "-w" "/opt/rustwide/workdir" "-m" "1610612736" "--user" "0:0" "--network" "none" "ghcr.io/rust-lang/crates-build-env/linux@sha256:2788e3201cd34a07e3172128adcd8b3090168a8e3bcc40d7c032b9dda1df7d1c" "/opt/rustwide/cargo-home/bin/cargo" "+beta-2023-12-22" "test" "--frozen" "--no-run" "--message-format=json", kill_on_drop: false }`
[INFO] [stdout] 63c50f5d3b2589a029fc84b03999d4e8ff19e3410325f129b276be9618e1d54f
[INFO] running `Command { std: "docker" "start" "-a" "63c50f5d3b2589a029fc84b03999d4e8ff19e3410325f129b276be9618e1d54f", kill_on_drop: false }`
[INFO] [stderr]    Compiling aoc v0.1.0 (/opt/rustwide/workdir)
[INFO] [stdout] warning: unused import: `std::ptr::eq`
[INFO] [stdout]  --> src/y_2021/day_18.rs:1:5
[INFO] [stdout]   |
[INFO] [stdout] 1 | use std::ptr::eq;
[INFO] [stdout]   |     ^^^^^^^^^^^^
[INFO] [stdout]   |
[INFO] [stdout]   = note: `#[warn(unused_imports)]` on by default
[INFO] [stdout] 
[INFO] [stdout] 
[INFO] [stdout] warning: unused import: `Itertools`
[INFO] [stdout]  --> src/y_2021/day_18.rs:4:17
[INFO] [stdout]   |
[INFO] [stdout] 4 | use itertools::{Itertools, PutBackN};
[INFO] [stdout]   |                 ^^^^^^^^^
[INFO] [stdout] 
[INFO] [stdout] 
[INFO] [stdout] warning: unused variable: `index`
[INFO] [stdout]    --> src/y_2021/day_14.rs:114:14
[INFO] [stdout]     |
[INFO] [stdout] 114 |         for (index, (pair, pair_count)) in self.pairs.iter().enumerate() {
[INFO] [stdout]     |              ^^^^^ help: if this is intentional, prefix it with an underscore: `_index`
[INFO] [stdout]     |
[INFO] [stdout]     = note: `#[warn(unused_variables)]` on by default
[INFO] [stdout] 
[INFO] [stdout] 
[INFO] [stdout] warning: unused variable: `packet`
[INFO] [stdout]   --> src/y_2021/day_16.rs:11:9
[INFO] [stdout]    |
[INFO] [stdout] 11 |     let packet = transmission.clone();
[INFO] [stdout]    |         ^^^^^^ help: if this is intentional, prefix it with an underscore: `_packet`
[INFO] [stdout] 
[INFO] [stdout] 
[INFO] [stdout] warning: unused variable: `pos_in_last`
[INFO] [stdout]    --> src/y_2021/day_18.rs:371:9
[INFO] [stdout]     |
[INFO] [stdout] 371 |         pos_in_last: bool, // false: left, true: right
[INFO] [stdout]     |         ^^^^^^^^^^^ help: if this is intentional, prefix it with an underscore: `_pos_in_last`
[INFO] [stdout] 
[INFO] [stdout] 
[INFO] [stdout] warning: unused variable: `scanner_id`
[INFO] [stdout]    --> src/y_2021/day_19.rs:178:5
[INFO] [stdout]     |
[INFO] [stdout] 178 |     scanner_id: &u8,
[INFO] [stdout]     |     ^^^^^^^^^^ help: if this is intentional, prefix it with an underscore: `_scanner_id`
[INFO] [stdout] 
[INFO] [stdout] 
[INFO] [stdout] warning: variable does not need to be mutable
[INFO] [stdout]    --> src/y_2021/day_22.rs:109:17
[INFO] [stdout]     |
[INFO] [stdout] 109 |             let mut new_self = self.clone();
[INFO] [stdout]     |                 ----^^^^^^^^
[INFO] [stdout]     |                 |
[INFO] [stdout]     |                 help: remove this `mut`
[INFO] [stdout]     |
[INFO] [stdout]     = note: `#[warn(unused_mut)]` on by default
[INFO] [stdout] 
[INFO] [stdout] 
[INFO] [stdout] warning: associated function `new` is never used
[INFO] [stdout]    --> src/y_2021/day_13.rs:166:8
[INFO] [stdout]     |
[INFO] [stdout] 165 | impl Point {
[INFO] [stdout]     | ---------- associated function in this implementation
[INFO] [stdout] 166 |     fn new(x: i32, y: i32) -> Point {
[INFO] [stdout]     |        ^^^
[INFO] [stdout]     |
[INFO] [stdout]     = note: `#[warn(dead_code)]` on by default
[INFO] [stdout] 
[INFO] [stdout] 
[INFO] [stdout] warning: field `last_pair` is never read
[INFO] [stdout]   --> src/y_2021/day_14.rs:43:5
[INFO] [stdout]    |
[INFO] [stdout] 39 | struct PolySynthetizer {
[INFO] [stdout]    |        --------------- field in this struct
[INFO] [stdout] ...
[INFO] [stdout] 43 |     last_pair: (char, char),
[INFO] [stdout]    |     ^^^^^^^^^
[INFO] [stdout]    |
[INFO] [stdout]    = note: `PolySynthetizer` has a derived impl for the trait `Debug`, but this is intentionally ignored during dead code analysis
[INFO] [stdout] 
[INFO] [stdout] 
[INFO] [stdout] warning: methods `apply_step`, `apply_x_steps`, and `count_elements` are never used
[INFO] [stdout]    --> src/y_2021/day_14.rs:92:8
[INFO] [stdout]     |
[INFO] [stdout] 48  | impl PolySynthetizer {
[INFO] [stdout]     | -------------------- methods in this implementation
[INFO] [stdout] ...
[INFO] [stdout] 92  |     fn apply_step(&mut self) {
[INFO] [stdout]     |        ^^^^^^^^^^
[INFO] [stdout] ...
[INFO] [stdout] 156 |     fn apply_x_steps(&mut self, amount: u32) {
[INFO] [stdout]     |        ^^^^^^^^^^^^^
[INFO] [stdout] ...
[INFO] [stdout] 175 |     fn count_elements(&self) -> HashMap<char, u64> {
[INFO] [stdout]     |        ^^^^^^^^^^^^^^
[INFO] [stdout] 
[INFO] [stdout] 
[INFO] [stdout] warning: fields `version` and `type_id` are never read
[INFO] [stdout]   --> src/y_2021/day_16.rs:37:5
[INFO] [stdout]    |
[INFO] [stdout] 35 | struct BitsPacket {
[INFO] [stdout]    |        ---------- fields in this struct
[INFO] [stdout] 36 |     packet: String,
[INFO] [stdout] 37 |     version: String,
[INFO] [stdout]    |     ^^^^^^^
[INFO] [stdout] 38 |     version_num: u32,
[INFO] [stdout] 39 |     type_id: String,
[INFO] [stdout]    |     ^^^^^^^
[INFO] [stdout] 
[INFO] [stdout] 
[INFO] [stdout] warning: variant `None` is never constructed
[INFO] [stdout]    --> src/y_2021/day_18.rs:124:5
[INFO] [stdout]     |
[INFO] [stdout] 123 | enum SnailfishNumberExplosionState {
[INFO] [stdout]     |      ----------------------------- variant in this enum
[INFO] [stdout] 124 |     None,
[INFO] [stdout]     |     ^^^^
[INFO] [stdout]     |
[INFO] [stdout]     = note: `SnailfishNumberExplosionState` has a derived impl for the trait `Debug`, but this is intentionally ignored during dead code analysis
[INFO] [stdout] 
[INFO] [stdout] 
[INFO] [stdout] warning: method `all_1_1_1_cubes` is never used
[INFO] [stdout]   --> src/y_2021/day_22.rs:86:8
[INFO] [stdout]    |
[INFO] [stdout] 60 | impl Cuboid {
[INFO] [stdout]    | ----------- method in this implementation
[INFO] [stdout] ...
[INFO] [stdout] 86 |     fn all_1_1_1_cubes(&self) -> Vec<(i32, i32, i32)> {
[INFO] [stdout]    |        ^^^^^^^^^^^^^^^
[INFO] [stdout] 
[INFO] [stdout] 
[INFO] [stdout] warning: 13 warnings emitted
[INFO] [stdout] 
[INFO] [stdout] 
[INFO] [stderr]     Finished test [unoptimized + debuginfo] target(s) in 1.21s
[INFO] running `Command { std: "docker" "inspect" "63c50f5d3b2589a029fc84b03999d4e8ff19e3410325f129b276be9618e1d54f", kill_on_drop: false }`
[INFO] running `Command { std: "docker" "rm" "-f" "63c50f5d3b2589a029fc84b03999d4e8ff19e3410325f129b276be9618e1d54f", kill_on_drop: false }`
[INFO] [stdout] 63c50f5d3b2589a029fc84b03999d4e8ff19e3410325f129b276be9618e1d54f
[INFO] running `Command { std: "docker" "create" "-v" "/var/lib/crater-agent-workspace/builds/worker-0-tc2/target:/opt/rustwide/target:rw,Z" "-v" "/var/lib/crater-agent-workspace/builds/worker-0-tc2/source:/opt/rustwide/workdir:ro,Z" "-v" "/var/lib/crater-agent-workspace/cargo-home:/opt/rustwide/cargo-home:ro,Z" "-v" "/var/lib/crater-agent-workspace/rustup-home:/opt/rustwide/rustup-home:ro,Z" "-e" "SOURCE_DIR=/opt/rustwide/workdir" "-e" "CARGO_TARGET_DIR=/opt/rustwide/target" "-e" "CARGO_INCREMENTAL=0" "-e" "RUST_BACKTRACE=full" "-e" "RUSTFLAGS=--cap-lints=warn" "-e" "RUSTDOCFLAGS=--cap-lints=warn" "-e" "CARGO_HOME=/opt/rustwide/cargo-home" "-e" "RUSTUP_HOME=/opt/rustwide/rustup-home" "-w" "/opt/rustwide/workdir" "-m" "1610612736" "--user" "0:0" "--network" "none" "ghcr.io/rust-lang/crates-build-env/linux@sha256:2788e3201cd34a07e3172128adcd8b3090168a8e3bcc40d7c032b9dda1df7d1c" "/opt/rustwide/cargo-home/bin/cargo" "+beta-2023-12-22" "test" "--frozen", kill_on_drop: false }`
[INFO] [stdout] eeb59cfd5456828e1f67037545150509534199c62195995d6302160053412b66
[INFO] running `Command { std: "docker" "start" "-a" "eeb59cfd5456828e1f67037545150509534199c62195995d6302160053412b66", kill_on_drop: false }`
[INFO] [stderr] warning: unused import: `std::ptr::eq`
[INFO] [stderr]  --> src/y_2021/day_18.rs:1:5
[INFO] [stderr]   |
[INFO] [stderr] 1 | use std::ptr::eq;
[INFO] [stderr]   |     ^^^^^^^^^^^^
[INFO] [stderr]   |
[INFO] [stderr]   = note: `#[warn(unused_imports)]` on by default
[INFO] [stderr] 
[INFO] [stderr] warning: unused import: `Itertools`
[INFO] [stderr]  --> src/y_2021/day_18.rs:4:17
[INFO] [stderr]   |
[INFO] [stderr] 4 | use itertools::{Itertools, PutBackN};
[INFO] [stderr]   |                 ^^^^^^^^^
[INFO] [stderr] 
[INFO] [stderr] warning: unused variable: `index`
[INFO] [stderr]    --> src/y_2021/day_14.rs:114:14
[INFO] [stderr]     |
[INFO] [stderr] 114 |         for (index, (pair, pair_count)) in self.pairs.iter().enumerate() {
[INFO] [stderr]     |              ^^^^^ help: if this is intentional, prefix it with an underscore: `_index`
[INFO] [stderr]     |
[INFO] [stderr]     = note: `#[warn(unused_variables)]` on by default
[INFO] [stderr] 
[INFO] [stderr] warning: unused variable: `packet`
[INFO] [stderr]   --> src/y_2021/day_16.rs:11:9
[INFO] [stderr]    |
[INFO] [stderr] 11 |     let packet = transmission.clone();
[INFO] [stderr]    |         ^^^^^^ help: if this is intentional, prefix it with an underscore: `_packet`
[INFO] [stderr] 
[INFO] [stderr] warning: unused variable: `pos_in_last`
[INFO] [stderr]    --> src/y_2021/day_18.rs:371:9
[INFO] [stderr]     |
[INFO] [stderr] 371 |         pos_in_last: bool, // false: left, true: right
[INFO] [stderr]     |         ^^^^^^^^^^^ help: if this is intentional, prefix it with an underscore: `_pos_in_last`
[INFO] [stderr] 
[INFO] [stderr] warning: unused variable: `scanner_id`
[INFO] [stderr]    --> src/y_2021/day_19.rs:178:5
[INFO] [stderr]     |
[INFO] [stderr] 178 |     scanner_id: &u8,
[INFO] [stderr]     |     ^^^^^^^^^^ help: if this is intentional, prefix it with an underscore: `_scanner_id`
[INFO] [stderr] 
[INFO] [stderr] warning: variable does not need to be mutable
[INFO] [stderr]    --> src/y_2021/day_22.rs:109:17
[INFO] [stderr]     |
[INFO] [stderr] 109 |             let mut new_self = self.clone();
[INFO] [stderr]     |                 ----^^^^^^^^
[INFO] [stderr]     |                 |
[INFO] [stderr]     |                 help: remove this `mut`
[INFO] [stderr]     |
[INFO] [stderr]     = note: `#[warn(unused_mut)]` on by default
[INFO] [stderr] 
[INFO] [stderr] warning: associated function `new` is never used
[INFO] [stderr]    --> src/y_2021/day_13.rs:166:8
[INFO] [stderr]     |
[INFO] [stderr] 165 | impl Point {
[INFO] [stderr]     | ---------- associated function in this implementation
[INFO] [stderr] 166 |     fn new(x: i32, y: i32) -> Point {
[INFO] [stderr]     |        ^^^
[INFO] [stderr]     |
[INFO] [stderr]     = note: `#[warn(dead_code)]` on by default
[INFO] [stderr] 
[INFO] [stderr] warning: field `last_pair` is never read
[INFO] [stderr]   --> src/y_2021/day_14.rs:43:5
[INFO] [stderr]    |
[INFO] [stderr] 39 | struct PolySynthetizer {
[INFO] [stderr]    |        --------------- field in this struct
[INFO] [stderr] ...
[INFO] [stderr] 43 |     last_pair: (char, char),
[INFO] [stderr]    |     ^^^^^^^^^
[INFO] [stderr]    |
[INFO] [stderr]    = note: `PolySynthetizer` has a derived impl for the trait `Debug`, but this is intentionally ignored during dead code analysis
[INFO] [stderr] 
[INFO] [stderr] warning: methods `apply_step`, `apply_x_steps`, and `count_elements` are never used
[INFO] [stderr]    --> src/y_2021/day_14.rs:92:8
[INFO] [stderr]     |
[INFO] [stderr] 48  | impl PolySynthetizer {
[INFO] [stderr]     | -------------------- methods in this implementation
[INFO] [stderr] ...
[INFO] [stderr] 92  |     fn apply_step(&mut self) {
[INFO] [stderr]     |        ^^^^^^^^^^
[INFO] [stderr] ...
[INFO] [stderr] 156 |     fn apply_x_steps(&mut self, amount: u32) {
[INFO] [stderr]     |        ^^^^^^^^^^^^^
[INFO] [stderr] ...
[INFO] [stderr] 175 |     fn count_elements(&self) -> HashMap<char, u64> {
[INFO] [stderr]     |        ^^^^^^^^^^^^^^
[INFO] [stderr] 
[INFO] [stderr] warning: fields `version` and `type_id` are never read
[INFO] [stderr]   --> src/y_2021/day_16.rs:37:5
[INFO] [stderr]    |
[INFO] [stderr] 35 | struct BitsPacket {
[INFO] [stderr]    |        ---------- fields in this struct
[INFO] [stderr] 36 |     packet: String,
[INFO] [stderr] 37 |     version: String,
[INFO] [stderr]    |     ^^^^^^^
[INFO] [stderr] 38 |     version_num: u32,
[INFO] [stderr] 39 |     type_id: String,
[INFO] [stderr]    |     ^^^^^^^
[INFO] [stderr] 
[INFO] [stderr] warning: variant `None` is never constructed
[INFO] [stderr]    --> src/y_2021/day_18.rs:124:5
[INFO] [stderr]     |
[INFO] [stderr] 123 | enum SnailfishNumberExplosionState {
[INFO] [stderr]     |      ----------------------------- variant in this enum
[INFO] [stderr] 124 |     None,
[INFO] [stderr]     |     ^^^^
[INFO] [stderr]     |
[INFO] [stderr]     = note: `SnailfishNumberExplosionState` has a derived impl for the trait `Debug`, but this is intentionally ignored during dead code analysis
[INFO] [stderr] 
[INFO] [stderr] warning: method `all_1_1_1_cubes` is never used
[INFO] [stderr]   --> src/y_2021/day_22.rs:86:8
[INFO] [stderr]    |
[INFO] [stderr] 60 | impl Cuboid {
[INFO] [stderr]    | ----------- method in this implementation
[INFO] [stderr] ...
[INFO] [stderr] 86 |     fn all_1_1_1_cubes(&self) -> Vec<(i32, i32, i32)> {
[INFO] [stderr]    |        ^^^^^^^^^^^^^^^
[INFO] [stderr] 
[INFO] [stderr] warning: `aoc` (bin "aoc" test) generated 13 warnings (run `cargo fix --bin "aoc" --tests` to apply 7 suggestions)
[INFO] [stderr]     Finished test [unoptimized + debuginfo] target(s) in 0.04s
[INFO] [stderr]      Running unittests src/lib.rs (/opt/rustwide/target/debug/deps/aoc-e5b3f662e72bdea7)
[INFO] [stdout] 
[INFO] [stdout] running 0 tests
[INFO] [stdout] 
[INFO] [stdout] test result: ok. 0 passed; 0 failed; 0 ignored; 0 measured; 0 filtered out; finished in 0.00s
[INFO] [stdout] 
[INFO] [stderr]      Running unittests src/main.rs (/opt/rustwide/target/debug/deps/aoc-f316d8ebe622e8f7)
[INFO] [stdout] 
[INFO] [stdout] running 37 tests
[INFO] [stdout] test y_2021::day_1::tests::test_calc_sliding_windows ... ok
[INFO] [stdout] test y_2021::day_1::tests::test_example_input ... ok
[INFO] [stdout] test y_2021::day_1::tests::test_equal_depth ... ok
[INFO] [stdout] test y_2021::day_1::tests::test_sliding_windows_example ... ok
[INFO] [stdout] test y_2021::day_1::tests::test_very_small_input ... ok
[INFO] [stdout] test y_2021::day_1::tests::test_only_decrease ... ok
[INFO] [stdout] test y_2021::day_1::tests::test_example_input_calc_sliding_windows ... ok
[INFO] [stdout] test y_2021::day_21::tests::test_advance_by ... ok
[INFO] [stdout] test y_2021::day_24::tests::test_input_queue ... ok
[INFO] [stdout] test y_2021::day_2::tests::test_point_add_from_non_0 ... ok
[INFO] [stdout] test y_2021::day_2::tests::test_submarine_command_new ... ok
[INFO] [stdout] test y_2021::day_2::tests::test_submarine_state_advance ... ok
[INFO] [stdout] test y_2021::day_2::tests::test_submarine_state_advance_chaining ... ok
[INFO] [stdout] test y_2021::day_2::tests::test_submarine_state_advance_with_aim_lower_0 ... ok
[INFO] [stdout] test y_2021::day_3::tests::test_find_co2_scrubber_rating_example ... ok
[INFO] [stdout] test y_2021::day_2::tests::test_point_calc_distance ... ok
[INFO] [stdout] test y_2021::day_2::tests::test_point_add_from_0 ... ok
[INFO] [stdout] test y_2021::day_24::tests::test_alu_eql ... ok
[INFO] [stdout] test y_2021::day_24::tests::test_alu_add ... ok
[INFO] [stdout] test y_2021::day_2::tests::test_point_add_command_from_non_0 ... ok
[INFO] [stdout] test y_2021::day_2::tests::test_point_add_command_from_0 ... ok
[INFO] [stdout] test y_2021::day_24::tests::test_alu_div ... ok
[INFO] [stdout] test y_2021::day_24::tests::test_alu_mul ... ok
[INFO] [stdout] test y_2021::day_4::tests::test_is_won_return_true_when_won_on_rows ... ok
[INFO] [stdout] test y_2021::day_4::tests::test_mark_number_works_as_expected ... ok
[INFO] [stdout] test y_2021::day_5::tests::test_get_y_from_x ... ok
[INFO] [stdout] test y_2021::day_4::tests::test_calc_score_works_as_expected ... ok
[INFO] [stdout] test y_2021::day_3::tests::test_find_o2_generator_rating_example ... ok
[INFO] [stdout] test y_2021::day_4::tests::test_is_won_return_false_when_not_won ... ok
[INFO] [stdout] test y_2021::day_5::tests::test_to_points_horizontal_negative ... ok
[INFO] [stdout] test y_2021::day_5::tests::test_to_points_vertical_negative ... ok
[INFO] [stdout] test y_2021::day_5::tests::test_to_points_horizontal ... ok
[INFO] [stdout] test y_2021::day_5::tests::test_to_points_45_diagonal ... ok
[INFO] [stdout] test y_2021::day_5::tests::test_to_points_vertical ... ok
[INFO] [stdout] test y_2021::day_4::tests::test_is_won_return_true_when_won_on_columns ... ok
[INFO] [stdout] test y_2021::day_24::tests::test_alu_mod ... FAILED
[INFO] [stdout] test y_2021::day_5::tests::test_get_crossing_points ... FAILED
[INFO] [stdout] 
[INFO] [stdout] failures:
[INFO] [stdout] 
[INFO] [stdout] ---- y_2021::day_24::tests::test_alu_mod stdout ----
[INFO] [stdout] Tried to modulo a -4!
[INFO] [stdout] thread 'y_2021::day_24::tests::test_alu_mod' panicked at src/y_2021/day_24.rs:202:25:
[INFO] [stdout] explicit panic
[INFO] [stdout] stack backtrace:
[INFO] [stdout]    0:     0x56359aae1126 - std::backtrace_rs::backtrace::libunwind::trace::h261606ad26a499c1
[INFO] [stdout]                                at /rustc/0e09125c6c3c2fd70d7de961bcf0e51575235fad/library/std/src/../../backtrace/src/backtrace/libunwind.rs:104:5
[INFO] [stdout]    1:     0x56359aae1126 - std::backtrace_rs::backtrace::trace_unsynchronized::hd183f0625477fb28
[INFO] [stdout]                                at /rustc/0e09125c6c3c2fd70d7de961bcf0e51575235fad/library/std/src/../../backtrace/src/backtrace/mod.rs:66:5
[INFO] [stdout]    2:     0x56359aae1126 - std::sys_common::backtrace::_print_fmt::hd7f8fef21b4eda67
[INFO] [stdout]                                at /rustc/0e09125c6c3c2fd70d7de961bcf0e51575235fad/library/std/src/sys_common/backtrace.rs:68:5
[INFO] [stdout]    3:     0x56359aae1126 - <std::sys_common::backtrace::_print::DisplayBacktrace as core::fmt::Display>::fmt::h623d9b51f2f453f1
[INFO] [stdout]                                at /rustc/0e09125c6c3c2fd70d7de961bcf0e51575235fad/library/std/src/sys_common/backtrace.rs:44:22
[INFO] [stdout]    4:     0x56359ab0aa30 - core::fmt::rt::Argument::fmt::h9f417ac76a86f368
[INFO] [stdout]                                at /rustc/0e09125c6c3c2fd70d7de961bcf0e51575235fad/library/core/src/fmt/rt.rs:142:9
[INFO] [stdout]    5:     0x56359ab0aa30 - core::fmt::write::hc9b6faf4ac2aeff7
[INFO] [stdout]                                at /rustc/0e09125c6c3c2fd70d7de961bcf0e51575235fad/library/core/src/fmt/mod.rs:1120:17
[INFO] [stdout]    6:     0x56359aadeb8f - std::io::Write::write_fmt::he04625a3a989fec3
[INFO] [stdout]                                at /rustc/0e09125c6c3c2fd70d7de961bcf0e51575235fad/library/std/src/io/mod.rs:1810:15
[INFO] [stdout]    7:     0x56359aae0f04 - std::sys_common::backtrace::_print::hd5d66399c7df88a2
[INFO] [stdout]                                at /rustc/0e09125c6c3c2fd70d7de961bcf0e51575235fad/library/std/src/sys_common/backtrace.rs:47:5
[INFO] [stdout]    8:     0x56359aae0f04 - std::sys_common::backtrace::print::he81ed2da642d37e5
[INFO] [stdout]                                at /rustc/0e09125c6c3c2fd70d7de961bcf0e51575235fad/library/std/src/sys_common/backtrace.rs:34:9
[INFO] [stdout]    9:     0x56359aae2c77 - std::panicking::default_hook::{{closure}}::h85773f4fa117163d
[INFO] [stdout]   10:     0x56359aae295d - std::panicking::default_hook::h6a1694a91d09b278
[INFO] [stdout]                                at /rustc/0e09125c6c3c2fd70d7de961bcf0e51575235fad/library/std/src/panicking.rs:289:9
[INFO] [stdout]   11:     0x56359a963c17 - <alloc::boxed::Box<F,A> as core::ops::function::Fn<Args>>::call::h616ac37fa3cd6c8f
[INFO] [stdout]                                at /rustc/0e09125c6c3c2fd70d7de961bcf0e51575235fad/library/alloc/src/boxed.rs:2029:9
[INFO] [stdout]   12:     0x56359a963c17 - test::test_main::{{closure}}::h00d84697cefdcbb6
[INFO] [stdout]                                at /rustc/0e09125c6c3c2fd70d7de961bcf0e51575235fad/library/test/src/lib.rs:138:21
[INFO] [stdout]   13:     0x56359aae3296 - <alloc::boxed::Box<F,A> as core::ops::function::Fn<Args>>::call::hcb3fe3b9bb537ba8
[INFO] [stdout]                                at /rustc/0e09125c6c3c2fd70d7de961bcf0e51575235fad/library/alloc/src/boxed.rs:2029:9
[INFO] [stdout]   14:     0x56359aae3296 - std::panicking::rust_panic_with_hook::h0a7ad96e90f7145b
[INFO] [stdout]                                at /rustc/0e09125c6c3c2fd70d7de961bcf0e51575235fad/library/std/src/panicking.rs:783:13
[INFO] [stdout]   15:     0x56359aa30f88 - std::panicking::begin_panic::{{closure}}::hdc5a96063a36c666
[INFO] [stdout]                                at /rustc/0e09125c6c3c2fd70d7de961bcf0e51575235fad/library/std/src/panicking.rs:687:9
[INFO] [stdout]   16:     0x56359aa33caa - std::sys_common::backtrace::__rust_end_short_backtrace::hfc0932cd2f4e6368
[INFO] [stdout]                                at /rustc/0e09125c6c3c2fd70d7de961bcf0e51575235fad/library/std/src/sys_common/backtrace.rs:171:18
[INFO] [stdout]   17:     0x56359aa30f07 - std::panicking::begin_panic::hdfdce6672e0e6072
[INFO] [stdout]                                at /rustc/0e09125c6c3c2fd70d7de961bcf0e51575235fad/library/std/src/panicking.rs:686:12
[INFO] [stdout]   18:     0x56359a90b5b1 - aoc::y_2021::day_24::Alu::exec_instruction::he96ae32f5c6f9645
[INFO] [stdout]                                at /opt/rustwide/workdir/src/y_2021/day_24.rs:202:25
[INFO] [stdout]   19:     0x56359a91f277 - aoc::y_2021::day_24::tests::test_alu_mod::h21286f08942bd981
[INFO] [stdout]                                at /opt/rustwide/workdir/src/y_2021/day_24.rs:328:9
[INFO] [stdout]   20:     0x56359a91ef67 - aoc::y_2021::day_24::tests::test_alu_mod::{{closure}}::h83ae61121aff0fac
[INFO] [stdout]                                at /opt/rustwide/workdir/src/y_2021/day_24.rs:316:22
[INFO] [stdout]   21:     0x56359a91a9e6 - core::ops::function::FnOnce::call_once::h6a5726c5e3716a6e
[INFO] [stdout]                                at /rustc/0e09125c6c3c2fd70d7de961bcf0e51575235fad/library/core/src/ops/function.rs:250:5
[INFO] [stdout]   22:     0x56359a9694ef - core::ops::function::FnOnce::call_once::hd64d26f405258157
[INFO] [stdout]                                at /rustc/0e09125c6c3c2fd70d7de961bcf0e51575235fad/library/core/src/ops/function.rs:250:5
[INFO] [stdout]   23:     0x56359a9694ef - test::__rust_begin_short_backtrace::he21b0b7a6d731bf9
[INFO] [stdout]                                at /rustc/0e09125c6c3c2fd70d7de961bcf0e51575235fad/library/test/src/lib.rs:627:18
[INFO] [stdout]   24:     0x56359a968271 - test::run_test_in_process::{{closure}}::hf5c73986d7bdfde2
[INFO] [stdout]                                at /rustc/0e09125c6c3c2fd70d7de961bcf0e51575235fad/library/test/src/lib.rs:650:60
[INFO] [stdout]   25:     0x56359a968271 - <core::panic::unwind_safe::AssertUnwindSafe<F> as core::ops::function::FnOnce<()>>::call_once::h330011ad032aadc0
[INFO] [stdout]                                at /rustc/0e09125c6c3c2fd70d7de961bcf0e51575235fad/library/core/src/panic/unwind_safe.rs:272:9
[INFO] [stdout]   26:     0x56359a968271 - std::panicking::try::do_call::he61b0a958b795a41
[INFO] [stdout]                                at /rustc/0e09125c6c3c2fd70d7de961bcf0e51575235fad/library/std/src/panicking.rs:552:40
[INFO] [stdout]   27:     0x56359a968271 - std::panicking::try::h7309da130f906eb7
[INFO] [stdout]                                at /rustc/0e09125c6c3c2fd70d7de961bcf0e51575235fad/library/std/src/panicking.rs:516:19
[INFO] [stdout]   28:     0x56359a968271 - std::panic::catch_unwind::hc5c3a06fdaf0a92a
[INFO] [stdout]                                at /rustc/0e09125c6c3c2fd70d7de961bcf0e51575235fad/library/std/src/panic.rs:142:14
[INFO] [stdout]   29:     0x56359a968271 - test::run_test_in_process::h7e7b7c71c3324e0f
[INFO] [stdout]                                at /rustc/0e09125c6c3c2fd70d7de961bcf0e51575235fad/library/test/src/lib.rs:650:27
[INFO] [stdout]   30:     0x56359a968271 - test::run_test::{{closure}}::h1f509f28f5cf20b1
[INFO] [stdout]                                at /rustc/0e09125c6c3c2fd70d7de961bcf0e51575235fad/library/test/src/lib.rs:573:43
[INFO] [stdout]   31:     0x56359a92f5a6 - test::run_test::{{closure}}::h1754218abf443f6d
[INFO] [stdout]                                at /rustc/0e09125c6c3c2fd70d7de961bcf0e51575235fad/library/test/src/lib.rs:601:41
[INFO] [stdout]   32:     0x56359a92f5a6 - std::sys_common::backtrace::__rust_begin_short_backtrace::h2ee174b9d5954948
[INFO] [stdout]                                at /rustc/0e09125c6c3c2fd70d7de961bcf0e51575235fad/library/std/src/sys_common/backtrace.rs:155:18
[INFO] [stdout]   33:     0x56359a934607 - std::thread::Builder::spawn_unchecked_::{{closure}}::{{closure}}::hf60bee9c1a17ef09
[INFO] [stdout]                                at /rustc/0e09125c6c3c2fd70d7de961bcf0e51575235fad/library/std/src/thread/mod.rs:529:17
[INFO] [stdout]   34:     0x56359a934607 - <core::panic::unwind_safe::AssertUnwindSafe<F> as core::ops::function::FnOnce<()>>::call_once::h33d0dddec5216160
[INFO] [stdout]                                at /rustc/0e09125c6c3c2fd70d7de961bcf0e51575235fad/library/core/src/panic/unwind_safe.rs:272:9
[INFO] [stdout]   35:     0x56359a934607 - std::panicking::try::do_call::h144b3048b546f835
[INFO] [stdout]                                at /rustc/0e09125c6c3c2fd70d7de961bcf0e51575235fad/library/std/src/panicking.rs:552:40
[INFO] [stdout]   36:     0x56359a934607 - std::panicking::try::h978244d04646189f
[INFO] [stdout]                                at /rustc/0e09125c6c3c2fd70d7de961bcf0e51575235fad/library/std/src/panicking.rs:516:19
[INFO] [stdout]   37:     0x56359a934607 - std::panic::catch_unwind::hdf436369d188fe86
[INFO] [stdout]                                at /rustc/0e09125c6c3c2fd70d7de961bcf0e51575235fad/library/std/src/panic.rs:142:14
[INFO] [stdout]   38:     0x56359a934607 - std::thread::Builder::spawn_unchecked_::{{closure}}::h87329cbdd33c79ec
[INFO] [stdout]                                at /rustc/0e09125c6c3c2fd70d7de961bcf0e51575235fad/library/std/src/thread/mod.rs:528:30
[INFO] [stdout]   39:     0x56359a934607 - core::ops::function::FnOnce::call_once{{vtable.shim}}::h401abbe67897d450
[INFO] [stdout]                                at /rustc/0e09125c6c3c2fd70d7de961bcf0e51575235fad/library/core/src/ops/function.rs:250:5
[INFO] [stdout]   40:     0x56359aae7d45 - <alloc::boxed::Box<F,A> as core::ops::function::FnOnce<Args>>::call_once::h5d7c8f150ab9c84c
[INFO] [stdout]                                at /rustc/0e09125c6c3c2fd70d7de961bcf0e51575235fad/library/alloc/src/boxed.rs:2015:9
[INFO] [stdout]   41:     0x56359aae7d45 - <alloc::boxed::Box<F,A> as core::ops::function::FnOnce<Args>>::call_once::h570d5b005c242c15
[INFO] [stdout]                                at /rustc/0e09125c6c3c2fd70d7de961bcf0e51575235fad/library/alloc/src/boxed.rs:2015:9
[INFO] [stdout]   42:     0x56359aae7d45 - std::sys::unix::thread::Thread::new::thread_start::h36b0a20c0b2361ad
[INFO] [stdout]                                at /rustc/0e09125c6c3c2fd70d7de961bcf0e51575235fad/library/std/src/sys/unix/thread.rs:108:17
[INFO] [stdout]   43:     0x7f16cf889ac3 - <unknown>
[INFO] [stdout]   44:     0x7f16cf91abf4 - __clone
[INFO] [stdout]   45:                0x0 - <unknown>
[INFO] [stdout] 
[INFO] [stdout] ---- y_2021::day_5::tests::test_get_crossing_points stdout ----
[INFO] [stdout] thread 'y_2021::day_5::tests::test_get_crossing_points' panicked at src/y_2021/day_5.rs:556:9:
[INFO] [stdout] assertion `left == right` failed
[INFO] [stdout]   left: [Point { x: 3, y: -3 }]
[INFO] [stdout]  right: [Point { x: -3, y: -9 }]
[INFO] [stdout] stack backtrace:
[INFO] [stdout]    0:     0x56359aae1126 - std::backtrace_rs::backtrace::libunwind::trace::h261606ad26a499c1
[INFO] [stdout]                                at /rustc/0e09125c6c3c2fd70d7de961bcf0e51575235fad/library/std/src/../../backtrace/src/backtrace/libunwind.rs:104:5
[INFO] [stdout]    1:     0x56359aae1126 - std::backtrace_rs::backtrace::trace_unsynchronized::hd183f0625477fb28
[INFO] [stdout]                                at /rustc/0e09125c6c3c2fd70d7de961bcf0e51575235fad/library/std/src/../../backtrace/src/backtrace/mod.rs:66:5
[INFO] [stdout]    2:     0x56359aae1126 - std::sys_common::backtrace::_print_fmt::hd7f8fef21b4eda67
[INFO] [stdout]                                at /rustc/0e09125c6c3c2fd70d7de961bcf0e51575235fad/library/std/src/sys_common/backtrace.rs:68:5
[INFO] [stdout]    3:     0x56359aae1126 - <std::sys_common::backtrace::_print::DisplayBacktrace as core::fmt::Display>::fmt::h623d9b51f2f453f1
[INFO] [stdout]                                at /rustc/0e09125c6c3c2fd70d7de961bcf0e51575235fad/library/std/src/sys_common/backtrace.rs:44:22
[INFO] [stdout]    4:     0x56359ab0aa30 - core::fmt::rt::Argument::fmt::h9f417ac76a86f368
[INFO] [stdout]                                at /rustc/0e09125c6c3c2fd70d7de961bcf0e51575235fad/library/core/src/fmt/rt.rs:142:9
[INFO] [stdout]    5:     0x56359ab0aa30 - core::fmt::write::hc9b6faf4ac2aeff7
[INFO] [stdout]                                at /rustc/0e09125c6c3c2fd70d7de961bcf0e51575235fad/library/core/src/fmt/mod.rs:1120:17
[INFO] [stdout]    6:     0x56359aadeb8f - std::io::Write::write_fmt::he04625a3a989fec3
[INFO] [stdout]                                at /rustc/0e09125c6c3c2fd70d7de961bcf0e51575235fad/library/std/src/io/mod.rs:1810:15
[INFO] [stdout]    7:     0x56359aae0f04 - std::sys_common::backtrace::_print::hd5d66399c7df88a2
[INFO] [stdout]                                at /rustc/0e09125c6c3c2fd70d7de961bcf0e51575235fad/library/std/src/sys_common/backtrace.rs:47:5
[INFO] [stdout]    8:     0x56359aae0f04 - std::sys_common::backtrace::print::he81ed2da642d37e5
[INFO] [stdout]                                at /rustc/0e09125c6c3c2fd70d7de961bcf0e51575235fad/library/std/src/sys_common/backtrace.rs:34:9
[INFO] [stdout]    9:     0x56359aae2c77 - std::panicking::default_hook::{{closure}}::h85773f4fa117163d
[INFO] [stdout]   10:     0x56359aae295d - std::panicking::default_hook::h6a1694a91d09b278
[INFO] [stdout]                                at /rustc/0e09125c6c3c2fd70d7de961bcf0e51575235fad/library/std/src/panicking.rs:289:9
[INFO] [stdout]   11:     0x56359a963c17 - <alloc::boxed::Box<F,A> as core::ops::function::Fn<Args>>::call::h616ac37fa3cd6c8f
[INFO] [stdout]                                at /rustc/0e09125c6c3c2fd70d7de961bcf0e51575235fad/library/alloc/src/boxed.rs:2029:9
[INFO] [stdout]   12:     0x56359a963c17 - test::test_main::{{closure}}::h00d84697cefdcbb6
[INFO] [stdout]                                at /rustc/0e09125c6c3c2fd70d7de961bcf0e51575235fad/library/test/src/lib.rs:138:21
[INFO] [stdout]   13:     0x56359aae3296 - <alloc::boxed::Box<F,A> as core::ops::function::Fn<Args>>::call::hcb3fe3b9bb537ba8
[INFO] [stdout]                                at /rustc/0e09125c6c3c2fd70d7de961bcf0e51575235fad/library/alloc/src/boxed.rs:2029:9
[INFO] [stdout]   14:     0x56359aae3296 - std::panicking::rust_panic_with_hook::h0a7ad96e90f7145b
[INFO] [stdout]                                at /rustc/0e09125c6c3c2fd70d7de961bcf0e51575235fad/library/std/src/panicking.rs:783:13
[INFO] [stdout]   15:     0x56359aae2fe2 - std::panicking::begin_panic_handler::{{closure}}::h7919090525c6485e
[INFO] [stdout]                                at /rustc/0e09125c6c3c2fd70d7de961bcf0e51575235fad/library/std/src/panicking.rs:657:13
[INFO] [stdout]   16:     0x56359aae1626 - std::sys_common::backtrace::__rust_end_short_backtrace::hf3289479464f7dfe
[INFO] [stdout]                                at /rustc/0e09125c6c3c2fd70d7de961bcf0e51575235fad/library/std/src/sys_common/backtrace.rs:171:18
[INFO] [stdout]   17:     0x56359aae2d40 - rust_begin_unwind
[INFO] [stdout]                                at /rustc/0e09125c6c3c2fd70d7de961bcf0e51575235fad/library/std/src/panicking.rs:645:5
[INFO] [stdout]   18:     0x56359a8fb205 - core::panicking::panic_fmt::hcc9f77c5c132af55
[INFO] [stdout]                                at /rustc/0e09125c6c3c2fd70d7de961bcf0e51575235fad/library/core/src/panicking.rs:72:14
[INFO] [stdout]   19:     0x56359a8fb67b - core::panicking::assert_failed_inner::h9f13e27dd63c3a08
[INFO] [stdout]                                at /rustc/0e09125c6c3c2fd70d7de961bcf0e51575235fad/library/core/src/panicking.rs:342:17
[INFO] [stdout]   20:     0x56359a90e44e - core::panicking::assert_failed::hc37ce99162f2f56b
[INFO] [stdout]                                at /rustc/0e09125c6c3c2fd70d7de961bcf0e51575235fad/library/core/src/panicking.rs:297:5
[INFO] [stdout]   21:     0x56359a9223bc - aoc::y_2021::day_5::tests::test_get_crossing_points::h1815800c60a3a8dd
[INFO] [stdout]                                at /opt/rustwide/workdir/src/y_2021/day_5.rs:556:9
[INFO] [stdout]   22:     0x56359a921a37 - aoc::y_2021::day_5::tests::test_get_crossing_points::{{closure}}::h670db54ff5869567
[INFO] [stdout]                                at /opt/rustwide/workdir/src/y_2021/day_5.rs:528:34
[INFO] [stdout]   23:     0x56359a91adf6 - core::ops::function::FnOnce::call_once::hc35f81f7347110fe
[INFO] [stdout]                                at /rustc/0e09125c6c3c2fd70d7de961bcf0e51575235fad/library/core/src/ops/function.rs:250:5
[INFO] [stdout]   24:     0x56359a9694ef - core::ops::function::FnOnce::call_once::hd64d26f405258157
[INFO] [stdout]                                at /rustc/0e09125c6c3c2fd70d7de961bcf0e51575235fad/library/core/src/ops/function.rs:250:5
[INFO] [stdout]   25:     0x56359a9694ef - test::__rust_begin_short_backtrace::he21b0b7a6d731bf9
[INFO] [stdout]                                at /rustc/0e09125c6c3c2fd70d7de961bcf0e51575235fad/library/test/src/lib.rs:627:18
[INFO] [stdout]   26:     0x56359a968271 - test::run_test_in_process::{{closure}}::hf5c73986d7bdfde2
[INFO] [stdout]                                at /rustc/0e09125c6c3c2fd70d7de961bcf0e51575235fad/library/test/src/lib.rs:650:60
[INFO] [stdout]   27:     0x56359a968271 - <core::panic::unwind_safe::AssertUnwindSafe<F> as core::ops::function::FnOnce<()>>::call_once::h330011ad032aadc0
[INFO] [stdout]                                at /rustc/0e09125c6c3c2fd70d7de961bcf0e51575235fad/library/core/src/panic/unwind_safe.rs:272:9
[INFO] [stdout]   28:     0x56359a968271 - std::panicking::try::do_call::he61b0a958b795a41
[INFO] [stdout]                                at /rustc/0e09125c6c3c2fd70d7de961bcf0e51575235fad/library/std/src/panicking.rs:552:40
[INFO] [stdout]   29:     0x56359a968271 - std::panicking::try::h7309da130f906eb7
[INFO] [stdout]                                at /rustc/0e09125c6c3c2fd70d7de961bcf0e51575235fad/library/std/src/panicking.rs:516:19
[INFO] [stdout]   30:     0x56359a968271 - std::panic::catch_unwind::hc5c3a06fdaf0a92a
[INFO] [stdout]                                at /rustc/0e09125c6c3c2fd70d7de961bcf0e51575235fad/library/std/src/panic.rs:142:14
[INFO] [stdout]   31:     0x56359a968271 - test::run_test_in_process::h7e7b7c71c3324e0f
[INFO] [stdout]                                at /rustc/0e09125c6c3c2fd70d7de961bcf0e51575235fad/library/test/src/lib.rs:650:27
[INFO] [stdout]   32:     0x56359a968271 - test::run_test::{{closure}}::h1f509f28f5cf20b1
[INFO] [stdout]                                at /rustc/0e09125c6c3c2fd70d7de961bcf0e51575235fad/library/test/src/lib.rs:573:43
[INFO] [stdout]   33:     0x56359a92f5a6 - test::run_test::{{closure}}::h1754218abf443f6d
[INFO] [stdout]                                at /rustc/0e09125c6c3c2fd70d7de961bcf0e51575235fad/library/test/src/lib.rs:601:41
[INFO] [stdout]   34:     0x56359a92f5a6 - std::sys_common::backtrace::__rust_begin_short_backtrace::h2ee174b9d5954948
[INFO] [stdout]                                at /rustc/0e09125c6c3c2fd70d7de961bcf0e51575235fad/library/std/src/sys_common/backtrace.rs:155:18
[INFO] [stdout]   35:     0x56359a934607 - std::thread::Builder::spawn_unchecked_::{{closure}}::{{closure}}::hf60bee9c1a17ef09
[INFO] [stdout]                                at /rustc/0e09125c6c3c2fd70d7de961bcf0e51575235fad/library/std/src/thread/mod.rs:529:17
[INFO] [stdout]   36:     0x56359a934607 - <core::panic::unwind_safe::AssertUnwindSafe<F> as core::ops::function::FnOnce<()>>::call_once::h33d0dddec5216160
[INFO] [stdout]                                at /rustc/0e09125c6c3c2fd70d7de961bcf0e51575235fad/library/core/src/panic/unwind_safe.rs:272:9
[INFO] [stdout]   37:     0x56359a934607 - std::panicking::try::do_call::h144b3048b546f835
[INFO] [stdout]                                at /rustc/0e09125c6c3c2fd70d7de961bcf0e51575235fad/library/std/src/panicking.rs:552:40
[INFO] [stdout]   38:     0x56359a934607 - std::panicking::try::h978244d04646189f
[INFO] [stdout]                                at /rustc/0e09125c6c3c2fd70d7de961bcf0e51575235fad/library/std/src/panicking.rs:516:19
[INFO] [stdout]   39:     0x56359a934607 - std::panic::catch_unwind::hdf436369d188fe86
[INFO] [stdout]                                at /rustc/0e09125c6c3c2fd70d7de961bcf0e51575235fad/library/std/src/panic.rs:142:14
[INFO] [stdout]   40:     0x56359a934607 - std::thread::Builder::spawn_unchecked_::{{closure}}::h87329cbdd33c79ec
[INFO] [stdout]                                at /rustc/0e09125c6c3c2fd70d7de961bcf0e51575235fad/library/std/src/thread/mod.rs:528:30
[INFO] [stdout]   41:     0x56359a934607 - core::ops::function::FnOnce::call_once{{vtable.shim}}::h401abbe67897d450
[INFO] [stdout]                                at /rustc/0e09125c6c3c2fd70d7de961bcf0e51575235fad/library/core/src/ops/function.rs:250:5
[INFO] [stdout]   42:     0x56359aae7d45 - <alloc::boxed::Box<F,A> as core::ops::function::FnOnce<Args>>::call_once::h5d7c8f150ab9c84c
[INFO] [stdout]                                at /rustc/0e09125c6c3c2fd70d7de961bcf0e51575235fad/library/alloc/src/boxed.rs:2015:9
[INFO] [stdout]   43:     0x56359aae7d45 - <alloc::boxed::Box<F,A> as core::ops::function::FnOnce<Args>>::call_once::h570d5b005c242c15
[INFO] [stdout]                                at /rustc/0e09125c6c3c2fd70d7de961bcf0e51575235fad/library/alloc/src/boxed.rs:2015:9
[INFO] [stdout]   44:     0x56359aae7d45 - std::sys::unix::thread::Thread::new::thread_start::h36b0a20c0b2361ad
[INFO] [stdout]                                at /rustc/0e09125c6c3c2fd70d7de961bcf0e51575235fad/library/std/src/sys/unix/thread.rs:108:17
[INFO] [stdout]   45:     0x7f16cf889ac3 - <unknown>
[INFO] [stdout]   46:     0x7f16cf91abf4 - __clone
[INFO] [stdout]   47:                0x0 - <unknown>
[INFO] [stdout] 
[INFO] [stdout] 
[INFO] [stdout] failures:
[INFO] [stdout]     y_2021::day_24::tests::test_alu_mod
[INFO] [stdout]     y_2021::day_5::tests::test_get_crossing_points
[INFO] [stdout] 
[INFO] [stdout] test result: FAILED. 35 passed; 2 failed; 0 ignored; 0 measured; 0 filtered out; finished in 0.02s
[INFO] [stdout] 
[INFO] [stderr] error: test failed, to rerun pass `--bin aoc`
[INFO] running `Command { std: "docker" "inspect" "eeb59cfd5456828e1f67037545150509534199c62195995d6302160053412b66", kill_on_drop: false }`
[INFO] running `Command { std: "docker" "rm" "-f" "eeb59cfd5456828e1f67037545150509534199c62195995d6302160053412b66", kill_on_drop: false }`
[INFO] [stdout] eeb59cfd5456828e1f67037545150509534199c62195995d6302160053412b66
