[INFO] cloning repository https://github.com/lookingcoolonavespa/rust_engine
[INFO] running `Command { std: "git" "-c" "credential.helper=" "-c" "credential.helper=/workspace/cargo-home/bin/git-credential-null" "clone" "--bare" "https://github.com/lookingcoolonavespa/rust_engine" "/workspace/cache/git-repos/https%3A%2F%2Fgithub.com%2Flookingcoolonavespa%2Frust_engine", kill_on_drop: false }`
[INFO] [stderr] Cloning into bare repository '/workspace/cache/git-repos/https%3A%2F%2Fgithub.com%2Flookingcoolonavespa%2Frust_engine'...
[INFO] running `Command { std: "git" "rev-parse" "HEAD", kill_on_drop: false }`
[INFO] [stdout] 09896a47301fb78cb5cbb6d9c20832d5994097ac
[INFO] testing lookingcoolonavespa/rust_engine against 1.75.0 for beta-1.76-1
[INFO] running `Command { std: "git" "clone" "/workspace/cache/git-repos/https%3A%2F%2Fgithub.com%2Flookingcoolonavespa%2Frust_engine" "/workspace/builds/worker-2-tc1/source", kill_on_drop: false }`
[INFO] [stderr] Cloning into '/workspace/builds/worker-2-tc1/source'...
[INFO] [stderr] done.
[INFO] validating manifest of git repo https://github.com/lookingcoolonavespa/rust_engine on toolchain 1.75.0
[INFO] running `Command { std: CARGO_HOME="/workspace/cargo-home" RUSTUP_HOME="/workspace/rustup-home" "/workspace/cargo-home/bin/cargo" "+1.75.0" "metadata" "--manifest-path" "Cargo.toml" "--no-deps", kill_on_drop: false }`
[INFO] started tweaking git repo https://github.com/lookingcoolonavespa/rust_engine
[INFO] finished tweaking git repo https://github.com/lookingcoolonavespa/rust_engine
[INFO] tweaked toml for git repo https://github.com/lookingcoolonavespa/rust_engine written to /workspace/builds/worker-2-tc1/source/Cargo.toml
[INFO] crate git repo https://github.com/lookingcoolonavespa/rust_engine already has a lockfile, it will not be regenerated
[INFO] running `Command { std: CARGO_HOME="/workspace/cargo-home" RUSTUP_HOME="/workspace/rustup-home" "/workspace/cargo-home/bin/cargo" "+1.75.0" "fetch" "--manifest-path" "Cargo.toml", kill_on_drop: false }`
[INFO] [stderr] warning: dependency (getrandom) specified without providing a local path, Git repository, version, or workspace dependency to use. This will be considered an error in future versions
[INFO] [stderr]     Updating crates.io index
[INFO] [stderr]  Downloading crates ...
[INFO] [stderr]   Downloaded unindent v0.2.1
[INFO] [stderr]   Downloaded subenum v1.0.1
[INFO] running `Command { std: "docker" "create" "-v" "/var/lib/crater-agent-workspace/builds/worker-2-tc1/target:/opt/rustwide/target:rw,Z" "-v" "/var/lib/crater-agent-workspace/builds/worker-2-tc1/source:/opt/rustwide/workdir:ro,Z" "-v" "/var/lib/crater-agent-workspace/cargo-home:/opt/rustwide/cargo-home:ro,Z" "-v" "/var/lib/crater-agent-workspace/rustup-home:/opt/rustwide/rustup-home:ro,Z" "-e" "SOURCE_DIR=/opt/rustwide/workdir" "-e" "CARGO_TARGET_DIR=/opt/rustwide/target" "-e" "CARGO_HOME=/opt/rustwide/cargo-home" "-e" "RUSTUP_HOME=/opt/rustwide/rustup-home" "-w" "/opt/rustwide/workdir" "-m" "1610612736" "--user" "0:0" "--network" "none" "ghcr.io/rust-lang/crates-build-env/linux@sha256:2788e3201cd34a07e3172128adcd8b3090168a8e3bcc40d7c032b9dda1df7d1c" "/opt/rustwide/cargo-home/bin/cargo" "+1.75.0" "metadata" "--no-deps" "--format-version=1", kill_on_drop: false }`
[INFO] [stdout] 5d969e8b01f9c608ab50029e70683f4a1d053e3c8457075d02e85f0ae10bb1bd
[INFO] running `Command { std: "docker" "start" "-a" "5d969e8b01f9c608ab50029e70683f4a1d053e3c8457075d02e85f0ae10bb1bd", kill_on_drop: false }`
[INFO] running `Command { std: "docker" "inspect" "5d969e8b01f9c608ab50029e70683f4a1d053e3c8457075d02e85f0ae10bb1bd", kill_on_drop: false }`
[INFO] running `Command { std: "docker" "rm" "-f" "5d969e8b01f9c608ab50029e70683f4a1d053e3c8457075d02e85f0ae10bb1bd", kill_on_drop: false }`
[INFO] [stdout] 5d969e8b01f9c608ab50029e70683f4a1d053e3c8457075d02e85f0ae10bb1bd
[INFO] running `Command { std: "docker" "create" "-v" "/var/lib/crater-agent-workspace/builds/worker-2-tc1/target:/opt/rustwide/target:rw,Z" "-v" "/var/lib/crater-agent-workspace/builds/worker-2-tc1/source:/opt/rustwide/workdir:ro,Z" "-v" "/var/lib/crater-agent-workspace/cargo-home:/opt/rustwide/cargo-home:ro,Z" "-v" "/var/lib/crater-agent-workspace/rustup-home:/opt/rustwide/rustup-home:ro,Z" "-e" "SOURCE_DIR=/opt/rustwide/workdir" "-e" "CARGO_TARGET_DIR=/opt/rustwide/target" "-e" "CARGO_INCREMENTAL=0" "-e" "RUST_BACKTRACE=full" "-e" "RUSTFLAGS=--cap-lints=warn" "-e" "RUSTDOCFLAGS=--cap-lints=warn" "-e" "CARGO_HOME=/opt/rustwide/cargo-home" "-e" "RUSTUP_HOME=/opt/rustwide/rustup-home" "-w" "/opt/rustwide/workdir" "-m" "1610612736" "--user" "0:0" "--network" "none" "ghcr.io/rust-lang/crates-build-env/linux@sha256:2788e3201cd34a07e3172128adcd8b3090168a8e3bcc40d7c032b9dda1df7d1c" "/opt/rustwide/cargo-home/bin/cargo" "+1.75.0" "build" "--frozen" "--message-format=json", kill_on_drop: false }`
[INFO] [stdout] 05fe1a56967e724e960f5fc0ae2335737b9bb66a3c4e104ddf8a3d480a8b7025
[INFO] running `Command { std: "docker" "start" "-a" "05fe1a56967e724e960f5fc0ae2335737b9bb66a3c4e104ddf8a3d480a8b7025", kill_on_drop: false }`
[INFO] [stderr] warning: dependency (getrandom) specified without providing a local path, Git repository, version, or workspace dependency to use. This will be considered an error in future versions
[INFO] [stderr]    Compiling proc-macro2 v1.0.56
[INFO] [stderr]    Compiling quote v1.0.26
[INFO] [stderr]    Compiling unicode-ident v1.0.8
[INFO] [stderr]    Compiling wasm-bindgen-shared v0.2.87
[INFO] [stderr]    Compiling once_cell v1.18.0
[INFO] [stderr]    Compiling log v0.4.19
[INFO] [stderr]    Compiling bumpalo v3.13.0
[INFO] [stderr]    Compiling cfg-if v1.0.0
[INFO] [stderr]    Compiling wasm-bindgen v0.2.87
[INFO] [stderr]    Compiling libc v0.2.142
[INFO] [stderr]    Compiling syn v1.0.109
[INFO] [stderr]    Compiling scoped-tls v1.0.1
[INFO] [stderr]    Compiling syn v2.0.16
[INFO] [stderr]    Compiling getrandom v0.2.9
[INFO] [stderr]    Compiling wasm-bindgen-test-macro v0.3.37
[INFO] [stderr]    Compiling wasm-bindgen-backend v0.2.87
[INFO] [stderr]    Compiling wasm-bindgen-macro-support v0.2.87
[INFO] [stderr]    Compiling subenum v1.0.1
[INFO] [stderr]    Compiling wasm-bindgen-macro v0.2.87
[INFO] [stderr]    Compiling js-sys v0.3.64
[INFO] [stderr]    Compiling console_error_panic_hook v0.1.7
[INFO] [stderr]    Compiling wasm-bindgen-futures v0.4.37
[INFO] [stderr]    Compiling web-sys v0.3.64
[INFO] [stderr]    Compiling wasm-bindgen-test v0.3.37
[INFO] [stderr]    Compiling rust_engine v0.1.0 (/opt/rustwide/workdir)
[INFO] [stdout] warning: constant `END_ROWS` is never used
[INFO] [stdout]    --> src/bitboard.rs:168:11
[INFO] [stdout]     |
[INFO] [stdout] 168 | pub const END_ROWS: BB = BB(ROW_1.0 | ROW_8.0);
[INFO] [stdout]     |           ^^^^^^^^
[INFO] [stdout]     |
[INFO] [stdout]     = note: `#[warn(dead_code)]` on by default
[INFO] [stdout] 
[INFO] [stdout] 
[INFO] [stdout] warning: constant `ROW_2` is never used
[INFO] [stdout]    --> src/bitboard.rs:176:11
[INFO] [stdout]     |
[INFO] [stdout] 176 | pub const ROW_2: BB = BB(ROW_1.0 << (8));
[INFO] [stdout]     |           ^^^^^
[INFO] [stdout] 
[INFO] [stdout] 
[INFO] [stdout] warning: constant `ROW_4` is never used
[INFO] [stdout]    --> src/bitboard.rs:177:11
[INFO] [stdout]     |
[INFO] [stdout] 177 | pub const ROW_4: BB = BB(ROW_1.0 << (3 * 8));
[INFO] [stdout]     |           ^^^^^
[INFO] [stdout] 
[INFO] [stdout] 
[INFO] [stdout] warning: constant `ROW_5` is never used
[INFO] [stdout]    --> src/bitboard.rs:178:11
[INFO] [stdout]     |
[INFO] [stdout] 178 | pub const ROW_5: BB = BB(ROW_1.0 << (4 * 8));
[INFO] [stdout]     |           ^^^^^
[INFO] [stdout] 
[INFO] [stdout] 
[INFO] [stdout] warning: constant `ROW_7` is never used
[INFO] [stdout]    --> src/bitboard.rs:179:11
[INFO] [stdout]     |
[INFO] [stdout] 179 | pub const ROW_7: BB = BB(ROW_1.0 << (6 * 8));
[INFO] [stdout]     |           ^^^^^
[INFO] [stdout] 
[INFO] [stdout] 
[INFO] [stdout] warning: constant `EDGES` is never used
[INFO] [stdout]    --> src/bitboard.rs:181:11
[INFO] [stdout]     |
[INFO] [stdout] 181 | pub const EDGES: BB = BB(FILE_A.0 | FILE_H.0 | ROW_1.0 | ROW_8.0);
[INFO] [stdout]     |           ^^^^^
[INFO] [stdout] 
[INFO] [stdout] 
[INFO] [stdout] warning: function `king_safety` is never used
[INFO] [stdout]  --> src/eval/pawn_heuristics.rs:3:8
[INFO] [stdout]   |
[INFO] [stdout] 3 | pub fn king_safety() {}
[INFO] [stdout]   |        ^^^^^^^^^^^
[INFO] [stdout] 
[INFO] [stdout] 
[INFO] [stdout] warning: function `passed_isolated_double_backward_pawns_count` is never used
[INFO] [stdout]  --> src/eval/pawn_heuristics.rs:5:8
[INFO] [stdout]   |
[INFO] [stdout] 5 | pub fn passed_isolated_double_backward_pawns_count(
[INFO] [stdout]   |        ^^^^^^^^^^^^^^^^^^^^^^^^^^^^^^^^^^^^^^^^^^^
[INFO] [stdout] 
[INFO] [stdout] 
[INFO] [stdout] warning: constant `ROOK_START_SQUARES` is never used
[INFO] [stdout]   --> src/mv/castle.rs:11:11
[INFO] [stdout]    |
[INFO] [stdout] 11 | pub const ROOK_START_SQUARES: [(Square, Square); 2] = [(A1, H1), (A8, H8)];
[INFO] [stdout]    |           ^^^^^^^^^^^^^^^^^^
[INFO] [stdout] 
[INFO] [stdout] 
[INFO] [stdout] warning: constant `ALL` is never used
[INFO] [stdout]   --> src/state/castle_rights.rs:18:11
[INFO] [stdout]    |
[INFO] [stdout] 18 | pub const ALL: CastleRights = CastleRights::new(0b1111);
[INFO] [stdout]    |           ^^^
[INFO] [stdout] 
[INFO] [stdout] 
[INFO] [stdout] warning: 10 warnings emitted
[INFO] [stdout] 
[INFO] [stdout] 
[INFO] [stdout] warning: constant `END_ROWS` is never used
[INFO] [stdout]    --> src/bitboard.rs:168:11
[INFO] [stdout]     |
[INFO] [stdout] 168 | pub const END_ROWS: BB = BB(ROW_1.0 | ROW_8.0);
[INFO] [stdout]     |           ^^^^^^^^
[INFO] [stdout]     |
[INFO] [stdout]     = note: `#[warn(dead_code)]` on by default
[INFO] [stdout] 
[INFO] [stdout] 
[INFO] [stdout] warning: constant `ROW_2` is never used
[INFO] [stdout]    --> src/bitboard.rs:176:11
[INFO] [stdout]     |
[INFO] [stdout] 176 | pub const ROW_2: BB = BB(ROW_1.0 << (8));
[INFO] [stdout]     |           ^^^^^
[INFO] [stdout] 
[INFO] [stdout] 
[INFO] [stdout] warning: constant `ROW_4` is never used
[INFO] [stdout]    --> src/bitboard.rs:177:11
[INFO] [stdout]     |
[INFO] [stdout] 177 | pub const ROW_4: BB = BB(ROW_1.0 << (3 * 8));
[INFO] [stdout]     |           ^^^^^
[INFO] [stdout] 
[INFO] [stdout] 
[INFO] [stdout] warning: constant `ROW_5` is never used
[INFO] [stdout]    --> src/bitboard.rs:178:11
[INFO] [stdout]     |
[INFO] [stdout] 178 | pub const ROW_5: BB = BB(ROW_1.0 << (4 * 8));
[INFO] [stdout]     |           ^^^^^
[INFO] [stdout] 
[INFO] [stdout] 
[INFO] [stdout] warning: constant `ROW_7` is never used
[INFO] [stdout]    --> src/bitboard.rs:179:11
[INFO] [stdout]     |
[INFO] [stdout] 179 | pub const ROW_7: BB = BB(ROW_1.0 << (6 * 8));
[INFO] [stdout]     |           ^^^^^
[INFO] [stdout] 
[INFO] [stdout] 
[INFO] [stdout] warning: constant `EDGES` is never used
[INFO] [stdout]    --> src/bitboard.rs:181:11
[INFO] [stdout]     |
[INFO] [stdout] 181 | pub const EDGES: BB = BB(FILE_A.0 | FILE_H.0 | ROW_1.0 | ROW_8.0);
[INFO] [stdout]     |           ^^^^^
[INFO] [stdout] 
[INFO] [stdout] 
[INFO] [stdout] warning: function `king_safety` is never used
[INFO] [stdout]  --> src/eval/pawn_heuristics.rs:3:8
[INFO] [stdout]   |
[INFO] [stdout] 3 | pub fn king_safety() {}
[INFO] [stdout]   |        ^^^^^^^^^^^
[INFO] [stdout] 
[INFO] [stdout] 
[INFO] [stdout] warning: function `passed_isolated_double_backward_pawns_count` is never used
[INFO] [stdout]  --> src/eval/pawn_heuristics.rs:5:8
[INFO] [stdout]   |
[INFO] [stdout] 5 | pub fn passed_isolated_double_backward_pawns_count(
[INFO] [stdout]   |        ^^^^^^^^^^^^^^^^^^^^^^^^^^^^^^^^^^^^^^^^^^^
[INFO] [stdout] 
[INFO] [stdout] 
[INFO] [stdout] warning: constant `ROOK_START_SQUARES` is never used
[INFO] [stdout]   --> src/mv/castle.rs:11:11
[INFO] [stdout]    |
[INFO] [stdout] 11 | pub const ROOK_START_SQUARES: [(Square, Square); 2] = [(A1, H1), (A8, H8)];
[INFO] [stdout]    |           ^^^^^^^^^^^^^^^^^^
[INFO] [stdout] 
[INFO] [stdout] 
[INFO] [stdout] warning: methods `change_search_depth` and `change_max_depth` are never used
[INFO] [stdout]   --> src/search.rs:82:12
[INFO] [stdout]    |
[INFO] [stdout] 73 | impl MoveFinder {
[INFO] [stdout]    | --------------- methods in this implementation
[INFO] [stdout] ...
[INFO] [stdout] 82 |     pub fn change_search_depth(&mut self, depth: Depth) {
[INFO] [stdout]    |            ^^^^^^^^^^^^^^^^^^^
[INFO] [stdout] ...
[INFO] [stdout] 86 |     pub fn change_max_depth(&mut self, depth: Depth) {
[INFO] [stdout]    |            ^^^^^^^^^^^^^^^^
[INFO] [stdout] 
[INFO] [stdout] 
[INFO] [stdout] warning: constant `B1` is never used
[INFO] [stdout]    --> src/square.rs:193:11
[INFO] [stdout]     |
[INFO] [stdout] 193 | pub const B1: Square = Square(1);
[INFO] [stdout]     |           ^^
[INFO] [stdout] 
[INFO] [stdout] 
[INFO] [stdout] warning: constant `A2` is never used
[INFO] [stdout]    --> src/square.rs:200:11
[INFO] [stdout]     |
[INFO] [stdout] 200 | pub const A2: Square = Square(8);
[INFO] [stdout]     |           ^^
[INFO] [stdout] 
[INFO] [stdout] 
[INFO] [stdout] warning: constant `B2` is never used
[INFO] [stdout]    --> src/square.rs:201:11
[INFO] [stdout]     |
[INFO] [stdout] 201 | pub const B2: Square = Square(9);
[INFO] [stdout]     |           ^^
[INFO] [stdout] 
[INFO] [stdout] 
[INFO] [stdout] warning: constant `C2` is never used
[INFO] [stdout]    --> src/square.rs:202:11
[INFO] [stdout]     |
[INFO] [stdout] 202 | pub const C2: Square = Square(10);
[INFO] [stdout]     |           ^^
[INFO] [stdout] 
[INFO] [stdout] 
[INFO] [stdout] warning: constant `D2` is never used
[INFO] [stdout]    --> src/square.rs:203:11
[INFO] [stdout]     |
[INFO] [stdout] 203 | pub const D2: Square = Square(11);
[INFO] [stdout]     |           ^^
[INFO] [stdout] 
[INFO] [stdout] 
[INFO] [stdout] warning: constant `E2` is never used
[INFO] [stdout]    --> src/square.rs:204:11
[INFO] [stdout]     |
[INFO] [stdout] 204 | pub const E2: Square = Square(12);
[INFO] [stdout]     |           ^^
[INFO] [stdout] 
[INFO] [stdout] 
[INFO] [stdout] warning: constant `F2` is never used
[INFO] [stdout]    --> src/square.rs:205:11
[INFO] [stdout]     |
[INFO] [stdout] 205 | pub const F2: Square = Square(13);
[INFO] [stdout]     |           ^^
[INFO] [stdout] 
[INFO] [stdout] 
[INFO] [stdout] warning: constant `G2` is never used
[INFO] [stdout]    --> src/square.rs:206:11
[INFO] [stdout]     |
[INFO] [stdout] 206 | pub const G2: Square = Square(14);
[INFO] [stdout]     |           ^^
[INFO] [stdout] 
[INFO] [stdout] 
[INFO] [stdout] warning: constant `H2` is never used
[INFO] [stdout]    --> src/square.rs:207:11
[INFO] [stdout]     |
[INFO] [stdout] 207 | pub const H2: Square = Square(15);
[INFO] [stdout]     |           ^^
[INFO] [stdout] 
[INFO] [stdout] 
[INFO] [stdout] warning: constant `A3` is never used
[INFO] [stdout]    --> src/square.rs:208:11
[INFO] [stdout]     |
[INFO] [stdout] 208 | pub const A3: Square = Square(16);
[INFO] [stdout]     |           ^^
[INFO] [stdout] 
[INFO] [stdout] 
[INFO] [stdout] warning: constant `B3` is never used
[INFO] [stdout]    --> src/square.rs:209:11
[INFO] [stdout]     |
[INFO] [stdout] 209 | pub const B3: Square = Square(17);
[INFO] [stdout]     |           ^^
[INFO] [stdout] 
[INFO] [stdout] 
[INFO] [stdout] warning: constant `C3` is never used
[INFO] [stdout]    --> src/square.rs:210:11
[INFO] [stdout]     |
[INFO] [stdout] 210 | pub const C3: Square = Square(18);
[INFO] [stdout]     |           ^^
[INFO] [stdout] 
[INFO] [stdout] 
[INFO] [stdout] warning: constant `D3` is never used
[INFO] [stdout]    --> src/square.rs:211:11
[INFO] [stdout]     |
[INFO] [stdout] 211 | pub const D3: Square = Square(19);
[INFO] [stdout]     |           ^^
[INFO] [stdout] 
[INFO] [stdout] 
[INFO] [stdout] warning: constant `E3` is never used
[INFO] [stdout]    --> src/square.rs:212:11
[INFO] [stdout]     |
[INFO] [stdout] 212 | pub const E3: Square = Square(20);
[INFO] [stdout]     |           ^^
[INFO] [stdout] 
[INFO] [stdout] 
[INFO] [stdout] warning: constant `F3` is never used
[INFO] [stdout]    --> src/square.rs:213:11
[INFO] [stdout]     |
[INFO] [stdout] 213 | pub const F3: Square = Square(21);
[INFO] [stdout]     |           ^^
[INFO] [stdout] 
[INFO] [stdout] 
[INFO] [stdout] warning: constant `G3` is never used
[INFO] [stdout]    --> src/square.rs:214:11
[INFO] [stdout]     |
[INFO] [stdout] 214 | pub const G3: Square = Square(22);
[INFO] [stdout]     |           ^^
[INFO] [stdout] 
[INFO] [stdout] 
[INFO] [stdout] warning: constant `H3` is never used
[INFO] [stdout]    --> src/square.rs:215:11
[INFO] [stdout]     |
[INFO] [stdout] 215 | pub const H3: Square = Square(23);
[INFO] [stdout]     |           ^^
[INFO] [stdout] 
[INFO] [stdout] 
[INFO] [stdout] warning: constant `A4` is never used
[INFO] [stdout]    --> src/square.rs:216:11
[INFO] [stdout]     |
[INFO] [stdout] 216 | pub const A4: Square = Square(24);
[INFO] [stdout]     |           ^^
[INFO] [stdout] 
[INFO] [stdout] 
[INFO] [stdout] warning: constant `B4` is never used
[INFO] [stdout]    --> src/square.rs:217:11
[INFO] [stdout]     |
[INFO] [stdout] 217 | pub const B4: Square = Square(25);
[INFO] [stdout]     |           ^^
[INFO] [stdout] 
[INFO] [stdout] 
[INFO] [stdout] warning: constant `C4` is never used
[INFO] [stdout]    --> src/square.rs:218:11
[INFO] [stdout]     |
[INFO] [stdout] 218 | pub const C4: Square = Square(26);
[INFO] [stdout]     |           ^^
[INFO] [stdout] 
[INFO] [stdout] 
[INFO] [stdout] warning: constant `D4` is never used
[INFO] [stdout]    --> src/square.rs:219:11
[INFO] [stdout]     |
[INFO] [stdout] 219 | pub const D4: Square = Square(27);
[INFO] [stdout]     |           ^^
[INFO] [stdout] 
[INFO] [stdout] 
[INFO] [stdout] warning: constant `E4` is never used
[INFO] [stdout]    --> src/square.rs:220:11
[INFO] [stdout]     |
[INFO] [stdout] 220 | pub const E4: Square = Square(28);
[INFO] [stdout]     |           ^^
[INFO] [stdout] 
[INFO] [stdout] 
[INFO] [stdout] warning: constant `F4` is never used
[INFO] [stdout]    --> src/square.rs:221:11
[INFO] [stdout]     |
[INFO] [stdout] 221 | pub const F4: Square = Square(29);
[INFO] [stdout]     |           ^^
[INFO] [stdout] 
[INFO] [stdout] 
[INFO] [stdout] warning: constant `G4` is never used
[INFO] [stdout]    --> src/square.rs:222:11
[INFO] [stdout]     |
[INFO] [stdout] 222 | pub const G4: Square = Square(30);
[INFO] [stdout]     |           ^^
[INFO] [stdout] 
[INFO] [stdout] 
[INFO] [stdout] warning: constant `H4` is never used
[INFO] [stdout]    --> src/square.rs:223:11
[INFO] [stdout]     |
[INFO] [stdout] 223 | pub const H4: Square = Square(31);
[INFO] [stdout]     |           ^^
[INFO] [stdout] 
[INFO] [stdout] 
[INFO] [stdout] warning: constant `A5` is never used
[INFO] [stdout]    --> src/square.rs:224:11
[INFO] [stdout]     |
[INFO] [stdout] 224 | pub const A5: Square = Square(32);
[INFO] [stdout]     |           ^^
[INFO] [stdout] 
[INFO] [stdout] 
[INFO] [stdout] warning: constant `B5` is never used
[INFO] [stdout]    --> src/square.rs:225:11
[INFO] [stdout]     |
[INFO] [stdout] 225 | pub const B5: Square = Square(33);
[INFO] [stdout]     |           ^^
[INFO] [stdout] 
[INFO] [stdout] 
[INFO] [stdout] warning: constant `C5` is never used
[INFO] [stdout]    --> src/square.rs:226:11
[INFO] [stdout]     |
[INFO] [stdout] 226 | pub const C5: Square = Square(34);
[INFO] [stdout]     |           ^^
[INFO] [stdout] 
[INFO] [stdout] 
[INFO] [stdout] warning: constant `D5` is never used
[INFO] [stdout]    --> src/square.rs:227:11
[INFO] [stdout]     |
[INFO] [stdout] 227 | pub const D5: Square = Square(35);
[INFO] [stdout]     |           ^^
[INFO] [stdout] 
[INFO] [stdout] 
[INFO] [stdout] warning: constant `E5` is never used
[INFO] [stdout]    --> src/square.rs:228:11
[INFO] [stdout]     |
[INFO] [stdout] 228 | pub const E5: Square = Square(36);
[INFO] [stdout]     |           ^^
[INFO] [stdout] 
[INFO] [stdout] 
[INFO] [stdout] warning: constant `F5` is never used
[INFO] [stdout]    --> src/square.rs:229:11
[INFO] [stdout]     |
[INFO] [stdout] 229 | pub const F5: Square = Square(37);
[INFO] [stdout]     |           ^^
[INFO] [stdout] 
[INFO] [stdout] 
[INFO] [stdout] warning: constant `G5` is never used
[INFO] [stdout]    --> src/square.rs:230:11
[INFO] [stdout]     |
[INFO] [stdout] 230 | pub const G5: Square = Square(38);
[INFO] [stdout]     |           ^^
[INFO] [stdout] 
[INFO] [stdout] 
[INFO] [stdout] warning: constant `H5` is never used
[INFO] [stdout]    --> src/square.rs:231:11
[INFO] [stdout]     |
[INFO] [stdout] 231 | pub const H5: Square = Square(39);
[INFO] [stdout]     |           ^^
[INFO] [stdout] 
[INFO] [stdout] 
[INFO] [stdout] warning: constant `A6` is never used
[INFO] [stdout]    --> src/square.rs:232:11
[INFO] [stdout]     |
[INFO] [stdout] 232 | pub const A6: Square = Square(40);
[INFO] [stdout]     |           ^^
[INFO] [stdout] 
[INFO] [stdout] 
[INFO] [stdout] warning: constant `B6` is never used
[INFO] [stdout]    --> src/square.rs:233:11
[INFO] [stdout]     |
[INFO] [stdout] 233 | pub const B6: Square = Square(41);
[INFO] [stdout]     |           ^^
[INFO] [stdout] 
[INFO] [stdout] 
[INFO] [stdout] warning: constant `C6` is never used
[INFO] [stdout]    --> src/square.rs:234:11
[INFO] [stdout]     |
[INFO] [stdout] 234 | pub const C6: Square = Square(42);
[INFO] [stdout]     |           ^^
[INFO] [stdout] 
[INFO] [stdout] 
[INFO] [stdout] warning: constant `D6` is never used
[INFO] [stdout]    --> src/square.rs:235:11
[INFO] [stdout]     |
[INFO] [stdout] 235 | pub const D6: Square = Square(43);
[INFO] [stdout]     |           ^^
[INFO] [stdout] 
[INFO] [stdout] 
[INFO] [stdout] warning: constant `E6` is never used
[INFO] [stdout]    --> src/square.rs:236:11
[INFO] [stdout]     |
[INFO] [stdout] 236 | pub const E6: Square = Square(44);
[INFO] [stdout]     |           ^^
[INFO] [stdout] 
[INFO] [stdout] 
[INFO] [stdout] warning: constant `F6` is never used
[INFO] [stdout]    --> src/square.rs:237:11
[INFO] [stdout]     |
[INFO] [stdout] 237 | pub const F6: Square = Square(45);
[INFO] [stdout]     |           ^^
[INFO] [stdout] 
[INFO] [stdout] 
[INFO] [stdout] warning: constant `G6` is never used
[INFO] [stdout]    --> src/square.rs:238:11
[INFO] [stdout]     |
[INFO] [stdout] 238 | pub const G6: Square = Square(46);
[INFO] [stdout]     |           ^^
[INFO] [stdout] 
[INFO] [stdout] 
[INFO] [stdout] warning: constant `H6` is never used
[INFO] [stdout]    --> src/square.rs:239:11
[INFO] [stdout]     |
[INFO] [stdout] 239 | pub const H6: Square = Square(47);
[INFO] [stdout]     |           ^^
[INFO] [stdout] 
[INFO] [stdout] 
[INFO] [stdout] warning: constant `A7` is never used
[INFO] [stdout]    --> src/square.rs:240:11
[INFO] [stdout]     |
[INFO] [stdout] 240 | pub const A7: Square = Square(48);
[INFO] [stdout]     |           ^^
[INFO] [stdout] 
[INFO] [stdout] 
[INFO] [stdout] warning: constant `B7` is never used
[INFO] [stdout]    --> src/square.rs:241:11
[INFO] [stdout]     |
[INFO] [stdout] 241 | pub const B7: Square = Square(49);
[INFO] [stdout]     |           ^^
[INFO] [stdout] 
[INFO] [stdout] 
[INFO] [stdout] warning: constant `C7` is never used
[INFO] [stdout]    --> src/square.rs:242:11
[INFO] [stdout]     |
[INFO] [stdout] 242 | pub const C7: Square = Square(50);
[INFO] [stdout]     |           ^^
[INFO] [stdout] 
[INFO] [stdout] 
[INFO] [stdout] warning: constant `D7` is never used
[INFO] [stdout]    --> src/square.rs:243:11
[INFO] [stdout]     |
[INFO] [stdout] 243 | pub const D7: Square = Square(51);
[INFO] [stdout]     |           ^^
[INFO] [stdout] 
[INFO] [stdout] 
[INFO] [stdout] warning: constant `E7` is never used
[INFO] [stdout]    --> src/square.rs:244:11
[INFO] [stdout]     |
[INFO] [stdout] 244 | pub const E7: Square = Square(52);
[INFO] [stdout]     |           ^^
[INFO] [stdout] 
[INFO] [stdout] 
[INFO] [stdout] warning: constant `F7` is never used
[INFO] [stdout]    --> src/square.rs:245:11
[INFO] [stdout]     |
[INFO] [stdout] 245 | pub const F7: Square = Square(53);
[INFO] [stdout]     |           ^^
[INFO] [stdout] 
[INFO] [stdout] 
[INFO] [stdout] warning: constant `G7` is never used
[INFO] [stdout]    --> src/square.rs:246:11
[INFO] [stdout]     |
[INFO] [stdout] 246 | pub const G7: Square = Square(54);
[INFO] [stdout]     |           ^^
[INFO] [stdout] 
[INFO] [stdout] 
[INFO] [stdout] warning: constant `H7` is never used
[INFO] [stdout]    --> src/square.rs:247:11
[INFO] [stdout]     |
[INFO] [stdout] 247 | pub const H7: Square = Square(55);
[INFO] [stdout]     |           ^^
[INFO] [stdout] 
[INFO] [stdout] 
[INFO] [stdout] warning: constant `B8` is never used
[INFO] [stdout]    --> src/square.rs:249:11
[INFO] [stdout]     |
[INFO] [stdout] 249 | pub const B8: Square = Square(57);
[INFO] [stdout]     |           ^^
[INFO] [stdout] 
[INFO] [stdout] 
[INFO] [stdout] warning: static `ALL_SQUARES` is never used
[INFO] [stdout]    --> src/square.rs:261:12
[INFO] [stdout]     |
[INFO] [stdout] 261 | pub static ALL_SQUARES: [Square; BOARD_LENGTH] = [
[INFO] [stdout]     |            ^^^^^^^^^^^
[INFO] [stdout] 
[INFO] [stdout] 
[INFO] [stdout] warning: constant `ALL` is never used
[INFO] [stdout]   --> src/state/castle_rights.rs:18:11
[INFO] [stdout]    |
[INFO] [stdout] 18 | pub const ALL: CastleRights = CastleRights::new(0b1111);
[INFO] [stdout]    |           ^^^
[INFO] [stdout] 
[INFO] [stdout] 
[INFO] [stdout] warning: 62 warnings emitted
[INFO] [stdout] 
[INFO] [stdout] 
[INFO] [stderr]     Finished dev [optimized + debuginfo] target(s) in 9.04s
[INFO] running `Command { std: "docker" "inspect" "05fe1a56967e724e960f5fc0ae2335737b9bb66a3c4e104ddf8a3d480a8b7025", kill_on_drop: false }`
[INFO] running `Command { std: "docker" "rm" "-f" "05fe1a56967e724e960f5fc0ae2335737b9bb66a3c4e104ddf8a3d480a8b7025", kill_on_drop: false }`
[INFO] [stdout] 05fe1a56967e724e960f5fc0ae2335737b9bb66a3c4e104ddf8a3d480a8b7025
[INFO] running `Command { std: "docker" "create" "-v" "/var/lib/crater-agent-workspace/builds/worker-2-tc1/target:/opt/rustwide/target:rw,Z" "-v" "/var/lib/crater-agent-workspace/builds/worker-2-tc1/source:/opt/rustwide/workdir:ro,Z" "-v" "/var/lib/crater-agent-workspace/cargo-home:/opt/rustwide/cargo-home:ro,Z" "-v" "/var/lib/crater-agent-workspace/rustup-home:/opt/rustwide/rustup-home:ro,Z" "-e" "SOURCE_DIR=/opt/rustwide/workdir" "-e" "CARGO_TARGET_DIR=/opt/rustwide/target" "-e" "CARGO_INCREMENTAL=0" "-e" "RUST_BACKTRACE=full" "-e" "RUSTFLAGS=--cap-lints=warn" "-e" "RUSTDOCFLAGS=--cap-lints=warn" "-e" "CARGO_HOME=/opt/rustwide/cargo-home" "-e" "RUSTUP_HOME=/opt/rustwide/rustup-home" "-w" "/opt/rustwide/workdir" "-m" "1610612736" "--user" "0:0" "--network" "none" "ghcr.io/rust-lang/crates-build-env/linux@sha256:2788e3201cd34a07e3172128adcd8b3090168a8e3bcc40d7c032b9dda1df7d1c" "/opt/rustwide/cargo-home/bin/cargo" "+1.75.0" "test" "--frozen" "--no-run" "--message-format=json", kill_on_drop: false }`
[INFO] [stdout] da03d4f5dc8ce2733bf5a5ecca75326f9e01b52267672826b086dd5f685843f5
[INFO] running `Command { std: "docker" "start" "-a" "da03d4f5dc8ce2733bf5a5ecca75326f9e01b52267672826b086dd5f685843f5", kill_on_drop: false }`
[INFO] [stderr] warning: dependency (getrandom) specified without providing a local path, Git repository, version, or workspace dependency to use. This will be considered an error in future versions
[INFO] [stderr]    Compiling ppv-lite86 v0.2.17
[INFO] [stderr]    Compiling unindent v0.2.1
[INFO] [stderr]    Compiling getrandom v0.2.9
[INFO] [stderr]    Compiling rand_core v0.6.4
[INFO] [stderr]    Compiling rust_engine v0.1.0 (/opt/rustwide/workdir)
[INFO] [stderr]    Compiling rand_chacha v0.3.1
[INFO] [stderr]    Compiling rand v0.8.5
[INFO] [stdout] warning: constant `END_ROWS` is never used
[INFO] [stdout]    --> src/bitboard.rs:168:11
[INFO] [stdout]     |
[INFO] [stdout] 168 | pub const END_ROWS: BB = BB(ROW_1.0 | ROW_8.0);
[INFO] [stdout]     |           ^^^^^^^^
[INFO] [stdout]     |
[INFO] [stdout]     = note: `#[warn(dead_code)]` on by default
[INFO] [stdout] 
[INFO] [stdout] 
[INFO] [stdout] warning: constant `ROW_2` is never used
[INFO] [stdout]    --> src/bitboard.rs:176:11
[INFO] [stdout]     |
[INFO] [stdout] 176 | pub const ROW_2: BB = BB(ROW_1.0 << (8));
[INFO] [stdout]     |           ^^^^^
[INFO] [stdout] 
[INFO] [stdout] 
[INFO] [stdout] warning: constant `ROW_4` is never used
[INFO] [stdout]    --> src/bitboard.rs:177:11
[INFO] [stdout]     |
[INFO] [stdout] 177 | pub const ROW_4: BB = BB(ROW_1.0 << (3 * 8));
[INFO] [stdout]     |           ^^^^^
[INFO] [stdout] 
[INFO] [stdout] 
[INFO] [stdout] warning: constant `ROW_5` is never used
[INFO] [stdout]    --> src/bitboard.rs:178:11
[INFO] [stdout]     |
[INFO] [stdout] 178 | pub const ROW_5: BB = BB(ROW_1.0 << (4 * 8));
[INFO] [stdout]     |           ^^^^^
[INFO] [stdout] 
[INFO] [stdout] 
[INFO] [stdout] warning: constant `ROW_7` is never used
[INFO] [stdout]    --> src/bitboard.rs:179:11
[INFO] [stdout]     |
[INFO] [stdout] 179 | pub const ROW_7: BB = BB(ROW_1.0 << (6 * 8));
[INFO] [stdout]     |           ^^^^^
[INFO] [stdout] 
[INFO] [stdout] 
[INFO] [stdout] warning: constant `EDGES` is never used
[INFO] [stdout]    --> src/bitboard.rs:181:11
[INFO] [stdout]     |
[INFO] [stdout] 181 | pub const EDGES: BB = BB(FILE_A.0 | FILE_H.0 | ROW_1.0 | ROW_8.0);
[INFO] [stdout]     |           ^^^^^
[INFO] [stdout] 
[INFO] [stdout] 
[INFO] [stdout] warning: function `king_safety` is never used
[INFO] [stdout]  --> src/eval/pawn_heuristics.rs:3:8
[INFO] [stdout]   |
[INFO] [stdout] 3 | pub fn king_safety() {}
[INFO] [stdout]   |        ^^^^^^^^^^^
[INFO] [stdout] 
[INFO] [stdout] 
[INFO] [stdout] warning: function `passed_isolated_double_backward_pawns_count` is never used
[INFO] [stdout]  --> src/eval/pawn_heuristics.rs:5:8
[INFO] [stdout]   |
[INFO] [stdout] 5 | pub fn passed_isolated_double_backward_pawns_count(
[INFO] [stdout]   |        ^^^^^^^^^^^^^^^^^^^^^^^^^^^^^^^^^^^^^^^^^^^
[INFO] [stdout] 
[INFO] [stdout] 
[INFO] [stdout] warning: constant `ROOK_START_SQUARES` is never used
[INFO] [stdout]   --> src/mv/castle.rs:11:11
[INFO] [stdout]    |
[INFO] [stdout] 11 | pub const ROOK_START_SQUARES: [(Square, Square); 2] = [(A1, H1), (A8, H8)];
[INFO] [stdout]    |           ^^^^^^^^^^^^^^^^^^
[INFO] [stdout] 
[INFO] [stdout] 
[INFO] [stdout] warning: constant `ALL` is never used
[INFO] [stdout]   --> src/state/castle_rights.rs:18:11
[INFO] [stdout]    |
[INFO] [stdout] 18 | pub const ALL: CastleRights = CastleRights::new(0b1111);
[INFO] [stdout]    |           ^^^
[INFO] [stdout] 
[INFO] [stdout] 
[INFO] [stdout] warning: unused import: `side`
[INFO] [stdout]    --> src/move_gen/parallel.rs:296:29
[INFO] [stdout]     |
[INFO] [stdout] 296 |     use crate::{game::Game, side};
[INFO] [stdout]     |                             ^^^^
[INFO] [stdout]     |
[INFO] [stdout]     = note: `#[warn(unused_imports)]` on by default
[INFO] [stdout] 
[INFO] [stdout] 
[INFO] [stdout] warning: 10 warnings emitted
[INFO] [stdout] 
[INFO] [stdout] 
[INFO] [stdout] warning: constant `ROW_2` is never used
[INFO] [stdout]    --> src/bitboard.rs:176:11
[INFO] [stdout]     |
[INFO] [stdout] 176 | pub const ROW_2: BB = BB(ROW_1.0 << (8));
[INFO] [stdout]     |           ^^^^^
[INFO] [stdout]     |
[INFO] [stdout]     = note: `#[warn(dead_code)]` on by default
[INFO] [stdout] 
[INFO] [stdout] 
[INFO] [stdout] warning: constant `ROW_4` is never used
[INFO] [stdout]    --> src/bitboard.rs:177:11
[INFO] [stdout]     |
[INFO] [stdout] 177 | pub const ROW_4: BB = BB(ROW_1.0 << (3 * 8));
[INFO] [stdout]     |           ^^^^^
[INFO] [stdout] 
[INFO] [stdout] 
[INFO] [stdout] warning: constant `ROW_5` is never used
[INFO] [stdout]    --> src/bitboard.rs:178:11
[INFO] [stdout]     |
[INFO] [stdout] 178 | pub const ROW_5: BB = BB(ROW_1.0 << (4 * 8));
[INFO] [stdout]     |           ^^^^^
[INFO] [stdout] 
[INFO] [stdout] 
[INFO] [stdout] warning: constant `ROW_7` is never used
[INFO] [stdout]    --> src/bitboard.rs:179:11
[INFO] [stdout]     |
[INFO] [stdout] 179 | pub const ROW_7: BB = BB(ROW_1.0 << (6 * 8));
[INFO] [stdout]     |           ^^^^^
[INFO] [stdout] 
[INFO] [stdout] 
[INFO] [stdout] warning: constant `EDGES` is never used
[INFO] [stdout]    --> src/bitboard.rs:181:11
[INFO] [stdout]     |
[INFO] [stdout] 181 | pub const EDGES: BB = BB(FILE_A.0 | FILE_H.0 | ROW_1.0 | ROW_8.0);
[INFO] [stdout]     |           ^^^^^
[INFO] [stdout] 
[INFO] [stdout] 
[INFO] [stdout] warning: function `king_safety` is never used
[INFO] [stdout]  --> src/eval/pawn_heuristics.rs:3:8
[INFO] [stdout]   |
[INFO] [stdout] 3 | pub fn king_safety() {}
[INFO] [stdout]   |        ^^^^^^^^^^^
[INFO] [stdout] 
[INFO] [stdout] 
[INFO] [stdout] warning: constant `ROOK_START_SQUARES` is never used
[INFO] [stdout]   --> src/mv/castle.rs:11:11
[INFO] [stdout]    |
[INFO] [stdout] 11 | pub const ROOK_START_SQUARES: [(Square, Square); 2] = [(A1, H1), (A8, H8)];
[INFO] [stdout]    |           ^^^^^^^^^^^^^^^^^^
[INFO] [stdout] 
[INFO] [stdout] 
[INFO] [stdout] warning: 8 warnings emitted
[INFO] [stdout] 
[INFO] [stdout] 
[INFO] [stderr]     Finished test [optimized + debuginfo] target(s) in 4.14s
[INFO] running `Command { std: "docker" "inspect" "da03d4f5dc8ce2733bf5a5ecca75326f9e01b52267672826b086dd5f685843f5", kill_on_drop: false }`
[INFO] running `Command { std: "docker" "rm" "-f" "da03d4f5dc8ce2733bf5a5ecca75326f9e01b52267672826b086dd5f685843f5", kill_on_drop: false }`
[INFO] [stdout] da03d4f5dc8ce2733bf5a5ecca75326f9e01b52267672826b086dd5f685843f5
[INFO] running `Command { std: "docker" "create" "-v" "/var/lib/crater-agent-workspace/builds/worker-2-tc1/target:/opt/rustwide/target:rw,Z" "-v" "/var/lib/crater-agent-workspace/builds/worker-2-tc1/source:/opt/rustwide/workdir:ro,Z" "-v" "/var/lib/crater-agent-workspace/cargo-home:/opt/rustwide/cargo-home:ro,Z" "-v" "/var/lib/crater-agent-workspace/rustup-home:/opt/rustwide/rustup-home:ro,Z" "-e" "SOURCE_DIR=/opt/rustwide/workdir" "-e" "CARGO_TARGET_DIR=/opt/rustwide/target" "-e" "CARGO_INCREMENTAL=0" "-e" "RUST_BACKTRACE=full" "-e" "RUSTFLAGS=--cap-lints=warn" "-e" "RUSTDOCFLAGS=--cap-lints=warn" "-e" "CARGO_HOME=/opt/rustwide/cargo-home" "-e" "RUSTUP_HOME=/opt/rustwide/rustup-home" "-w" "/opt/rustwide/workdir" "-m" "1610612736" "--user" "0:0" "--network" "none" "ghcr.io/rust-lang/crates-build-env/linux@sha256:2788e3201cd34a07e3172128adcd8b3090168a8e3bcc40d7c032b9dda1df7d1c" "/opt/rustwide/cargo-home/bin/cargo" "+1.75.0" "test" "--frozen", kill_on_drop: false }`
[INFO] [stdout] 9f5e84446b771952e228af5e63f87353053db660cf63f33a7f0e48a69efb7fcf
[INFO] running `Command { std: "docker" "start" "-a" "9f5e84446b771952e228af5e63f87353053db660cf63f33a7f0e48a69efb7fcf", kill_on_drop: false }`
[INFO] [stderr] warning: dependency (getrandom) specified without providing a local path, Git repository, version, or workspace dependency to use. This will be considered an error in future versions
[INFO] [stderr] warning: constant `END_ROWS` is never used
[INFO] [stderr]    --> src/bitboard.rs:168:11
[INFO] [stderr]     |
[INFO] [stderr] 168 | pub const END_ROWS: BB = BB(ROW_1.0 | ROW_8.0);
[INFO] [stderr]     |           ^^^^^^^^
[INFO] [stderr]     |
[INFO] [stderr]     = note: `#[warn(dead_code)]` on by default
[INFO] [stderr] 
[INFO] [stderr] warning: constant `ROW_2` is never used
[INFO] [stderr]    --> src/bitboard.rs:176:11
[INFO] [stderr]     |
[INFO] [stderr] 176 | pub const ROW_2: BB = BB(ROW_1.0 << (8));
[INFO] [stderr]     |           ^^^^^
[INFO] [stderr] 
[INFO] [stderr] warning: constant `ROW_4` is never used
[INFO] [stderr]    --> src/bitboard.rs:177:11
[INFO] [stderr]     |
[INFO] [stderr] 177 | pub const ROW_4: BB = BB(ROW_1.0 << (3 * 8));
[INFO] [stderr]     |           ^^^^^
[INFO] [stderr] 
[INFO] [stderr] warning: constant `ROW_5` is never used
[INFO] [stderr]    --> src/bitboard.rs:178:11
[INFO] [stderr]     |
[INFO] [stderr] 178 | pub const ROW_5: BB = BB(ROW_1.0 << (4 * 8));
[INFO] [stderr]     |           ^^^^^
[INFO] [stderr] 
[INFO] [stderr] warning: constant `ROW_7` is never used
[INFO] [stderr]    --> src/bitboard.rs:179:11
[INFO] [stderr]     |
[INFO] [stderr] 179 | pub const ROW_7: BB = BB(ROW_1.0 << (6 * 8));
[INFO] [stderr]     |           ^^^^^
[INFO] [stderr] 
[INFO] [stderr] warning: constant `EDGES` is never used
[INFO] [stderr]    --> src/bitboard.rs:181:11
[INFO] [stderr]     |
[INFO] [stderr] 181 | pub const EDGES: BB = BB(FILE_A.0 | FILE_H.0 | ROW_1.0 | ROW_8.0);
[INFO] [stderr]     |           ^^^^^
[INFO] [stderr] 
[INFO] [stderr] warning: function `king_safety` is never used
[INFO] [stderr]  --> src/eval/pawn_heuristics.rs:3:8
[INFO] [stderr]   |
[INFO] [stderr] 3 | pub fn king_safety() {}
[INFO] [stderr]   |        ^^^^^^^^^^^
[INFO] [stderr] 
[INFO] [stderr] warning: function `passed_isolated_double_backward_pawns_count` is never used
[INFO] [stderr]  --> src/eval/pawn_heuristics.rs:5:8
[INFO] [stderr]   |
[INFO] [stderr] 5 | pub fn passed_isolated_double_backward_pawns_count(
[INFO] [stderr]   |        ^^^^^^^^^^^^^^^^^^^^^^^^^^^^^^^^^^^^^^^^^^^
[INFO] [stderr] 
[INFO] [stderr] warning: constant `ROOK_START_SQUARES` is never used
[INFO] [stderr]   --> src/mv/castle.rs:11:11
[INFO] [stderr]    |
[INFO] [stderr] 11 | pub const ROOK_START_SQUARES: [(Square, Square); 2] = [(A1, H1), (A8, H8)];
[INFO] [stderr]    |           ^^^^^^^^^^^^^^^^^^
[INFO] [stderr] 
[INFO] [stderr] warning: constant `ALL` is never used
[INFO] [stderr]   --> src/state/castle_rights.rs:18:11
[INFO] [stderr]    |
[INFO] [stderr] 18 | pub const ALL: CastleRights = CastleRights::new(0b1111);
[INFO] [stderr]    |           ^^^
[INFO] [stderr] 
[INFO] [stderr] warning: unused import: `side`
[INFO] [stderr]    --> src/move_gen/parallel.rs:296:29
[INFO] [stderr]     |
[INFO] [stderr] 296 |     use crate::{game::Game, side};
[INFO] [stderr]     |                             ^^^^
[INFO] [stderr]     |
[INFO] [stderr]     = note: `#[warn(unused_imports)]` on by default
[INFO] [stderr] 
[INFO] [stderr] warning: constant `ROW_2` is never used
[INFO] [stderr]    --> src/bitboard.rs:176:11
[INFO] [stderr]     |
[INFO] [stderr] 176 | pub const ROW_2: BB = BB(ROW_1.0 << (8));
[INFO] [stderr]     |           ^^^^^
[INFO] [stderr]     |
[INFO] [stderr]     = note: `#[warn(dead_code)]` on by default
[INFO] [stderr] 
[INFO] [stderr] warning: `rust_engine` (lib) generated 10 warnings
[INFO] [stderr] warning: `rust_engine` (lib test) generated 8 warnings (6 duplicates) (run `cargo fix --lib -p rust_engine --tests` to apply 1 suggestion)
[INFO] [stderr]     Finished test [optimized + debuginfo] target(s) in 0.02s
[INFO] [stderr]      Running unittests src/lib.rs (/opt/rustwide/target/debug/deps/rust_engine-7405decd2d2efdaa)
[INFO] [stdout] 
[INFO] [stdout] running 312 tests
[INFO] [stdout] test bitboard::test::consts_4 ... ok
[INFO] [stdout] test bitboard::test::consts_1 ... ok
[INFO] [stdout] test bitboard::test::consts_2 ... ok
[INFO] [stdout] test bitboard::test::consts_5 ... ok
[INFO] [stdout] test bitboard::test::test ... ok
[INFO] [stdout] test bitboard::test::consts_6 ... ok
[INFO] [stdout] test eval::pawn_heuristics::test_pawn_heuristics::test_pos_1 ... ok
[INFO] [stdout] test game::test_escape_moves::pos_1 ... ok
[INFO] [stdout] test game::test_fen::empty_fen ... ok
[INFO] [stdout] test game::test_fen::invalid_color ... ok
[INFO] [stdout] test game::test_fen::invalid_castle_rights ... ok
[INFO] [stdout] test game::test_fen::invalid_en_passant_sq ... ok
[INFO] [stdout] test game::test_fen::invalid_fullmoves ... ok
[INFO] [stdout] test game::test_fen::invalid_halfmoves ... ok
[INFO] [stdout] test game::test_fen::invalid_fen_board ... ok
[INFO] [stdout] test game::test_fen::parse_with_castling_rights_1 ... ok
[INFO] [stdout] test game::test_fen::parse_with_castling_rights_2 ... ok
[INFO] [stdout] test game::test_fen::parse_with_castling_rights_3 ... ok
[INFO] [stdout] test game::test_fen::parse_with_default_state ... ok
[INFO] [stdout] test game::test_fen::parse_with_ep_square_1 ... ok
[INFO] [stdout] test game::test_fen::parse_with_full_move_number_1 ... ok
[INFO] [stdout] test game::test_fen::parse_with_full_move_number_2 ... ok
[INFO] [stdout] test game::test_fen::parse_with_ep_square_2 ... ok
[INFO] [stdout] test game::test_fen::parse_with_half_move_clock_1 ... ok
[INFO] [stdout] test game::test_fen::parse_with_random_fen ... ok
[INFO] [stdout] test game::test_fen::parse_with_starting_fen ... ok
[INFO] [stdout] test game::test_fen::parse_with_stm_1 ... ok
[INFO] [stdout] test game::test_is_checkmate::pos_1 ... ok
[INFO] [stdout] test game::test_is_checkmate::pos_2 ... ok
[INFO] [stdout] test game::test_fen::parse_with_stm_2 ... ok
[INFO] [stdout] test game::test_is_draw::is_draw_by_halfmoves_1 ... ok
[INFO] [stdout] test game::test_is_draw::is_draw_by_halfmoves_2 ... ok
[INFO] [stdout] test game::test_is_checkmate::pos_3 ... ok
[INFO] [stdout] test game::test_fen::phase ... ok
[INFO] [stdout] test game::test_is_draw::is_draw_by_insufficient_material_1 ... ok
[INFO] [stdout] test game::test_is_draw::is_draw_by_insufficient_material_5 ... ok
[INFO] [stdout] test game::test_is_checkmate::pos_4 ... ok
[INFO] [stdout] test game::test_is_draw::is_draw_by_insufficient_material_6 ... ok
[INFO] [stdout] test game::test_is_draw::is_draw_by_insufficient_material_7 ... ok
[INFO] [stdout] test game::test_is_checkmate::pos_5 ... ok
[INFO] [stdout] test game::test_is_draw::is_draw_by_insufficient_material_2 ... ok
[INFO] [stdout] test game::test_is_checkmate::pos_6 ... ok
[INFO] [stdout] test game::test_is_draw::is_draw_by_repetition_1 ... ok
[INFO] [stdout] test game::test_is_draw::is_draw_by_repetition_2 ... ok
[INFO] [stdout] test game::test_is_legal::have_to_deal_with_check ... ok
[INFO] [stdout] test game::test_is_stalemate::stalemate_pos_1 ... ok
[INFO] [stdout] test game::test_is_draw::is_draw_by_insufficient_material_4 ... ok
[INFO] [stdout] test game::test_fen::parse_with_half_move_clock_2 ... ok
[INFO] [stdout] test game::test_is_draw::is_draw_by_insufficient_material_3 ... ok
[INFO] [stdout] test game::test_is_stalemate::stalemate_pos_3 ... ok
[INFO] [stdout] test game::test_is_stalemate::stalemate_pos_4 ... ok
[INFO] [stdout] test game::test_is_stalemate::stalemate_pos_2 ... ok
[INFO] [stdout] test game::test_is_stalemate::stalemate_pos_7 ... ok
[INFO] [stdout] test game::test_is_stalemate::stalemate_pos_5 ... ok
[INFO] [stdout] test game::test_is_stalemate::stalemate_pos_8 ... ok
[INFO] [stdout] test game::test_is_stalemate::stalemate_pos_9 ... ok
[INFO] [stdout] test game::test_loud_moves::pos_1 ... ok
[INFO] [stdout] test game::test_is_stalemate::stalemate_pos_6 ... ok
[INFO] [stdout] test game::test_make_move::capture_move ... ok
[INFO] [stdout] test game::test_make_move::castle_move_b_kingside ... ok
[INFO] [stdout] test game::test_make_move::castle_move_b_queenside ... ok
[INFO] [stdout] test game::test_make_move::double_pawn_push_w ... ok
[INFO] [stdout] test game::test_make_move::castle_move_w_queenside ... ok
[INFO] [stdout] test game::test_make_move::double_pawn_push_b ... ok
[INFO] [stdout] test game::test_make_move::castle_move_w_kingside ... ok
[INFO] [stdout] test game::test_make_move::en_passant_iterative ... ok
[INFO] [stdout] test game::test_make_move::king_mv_changes_castle_rights_2 ... ok
[INFO] [stdout] test game::test_make_move::en_passant_move ... ok
[INFO] [stdout] test game::test_make_move::king_mv_changes_castle_rights_1 ... ok
[INFO] [stdout] test game::test_make_move::null_mv_1 ... ok
[INFO] [stdout] test game::test_make_move::promotion_move_1 ... ok
[INFO] [stdout] test game::test_make_move::null_mv_2 ... ok
[INFO] [stdout] test game::test_make_move::promotion_move_with_capture ... ok
[INFO] [stdout] test game::test_make_move::removes_en_passant_1 ... ok
[INFO] [stdout] test game::test_make_move::rook_capture_changes_castle_rights_1 ... ok
[INFO] [stdout] test game::test_make_move::regular_move ... ok
[INFO] [stdout] test game::test_make_move::rook_capture_changes_castle_rights_2 ... ok
[INFO] [stdout] test game::test_make_move::rook_mv_changes_castle_rights_1 ... ok
[INFO] [stdout] test game::test_make_move::state_change_1 ... ok
[INFO] [stdout] test game::test_make_move::rook_mv_changes_castle_rights_2 ... ok
[INFO] [stdout] test game::test_pseudo_legal::test_1 ... ok
[INFO] [stdout] test game::test_make_move::state_change_2 ... ok
[INFO] [stdout] test game::test_unmake_move::capture_move ... ok
[INFO] [stdout] test game::test_unmake_move::castle_move_b_queenside ... ok
[INFO] [stdout] test game::test_unmake_move::castle_move_w_kingside ... ok
[INFO] [stdout] test game::test_unmake_move::castle_move_b_kingside ... ok
[INFO] [stdout] test game::test_unmake_move::promotion_move_1 ... ok
[INFO] [stdout] test game::test_unmake_move::regular_move ... ok
[INFO] [stdout] test game::test_unmake_move::en_passant_move ... ok
[INFO] [stdout] test game::test_unmake_move::promotion_move_with_capture ... ok
[INFO] [stdout] test game::test_unmake_move::state_revert_3 ... ok
[INFO] [stdout] test game::test_zobrist::unmake_capture ... ok
[INFO] [stdout] test game::test_unmake_move::castle_move_w_queenside ... ok
[INFO] [stdout] test game::test_zobrist::zobrist_castle_kingside_w ... ok
[INFO] [stdout] test game::test_unmake_move::state_revert_2 ... ok
[INFO] [stdout] test game::test_unmake_move::state_revert_1 ... ok
[INFO] [stdout] test game::test_zobrist::zobrist_promotion_move ... ok
[INFO] [stdout] test game::test_zobrist::zobrist_castle_queenside_b ... ok
[INFO] [stdout] test game::test_zobrist::zobrist_double_pawn_push ... ok
[INFO] [stdout] test game::test_zobrist::zobrist_unmake_castle_kingside_w ... ok
[INFO] [stdout] test game::test_zobrist::zobrist_en_passant ... ok
[INFO] [stdout] test game::test_zobrist::zobrist_unmake_castle_queenside_b ... ok
[INFO] [stdout] test game::test_zobrist::zobrist_unmake_double_pawn_push ... ok
[INFO] [stdout] test game::test_zobrist::zobrist_unmake_en_passant ... ok
[INFO] [stdout] test game::test_zobrist::zobrist_unmake_promote ... ok
[INFO] [stdout] test move_gen::check_legal::test_is_legal_castle::can_castle_if_squares_are_empty ... ok
[INFO] [stdout] test move_gen::check_legal::test_is_legal_castle::can_castle_pass_through_sq_isnt_attacked ... ok
[INFO] [stdout] test move_gen::check_legal::test_is_legal_castle::cant_castle_if_pieces_occupy_squares_1 ... ok
[INFO] [stdout] test move_gen::check_legal::test_is_legal_castle::cant_castle_if_pieces_occupy_squares_2 ... ok
[INFO] [stdout] test move_gen::check_legal::test_is_legal_castle::cant_castle_if_pieces_occupy_squares_3 ... ok
[INFO] [stdout] test move_gen::check_legal::test_is_legal_castle::cant_castle_if_pieces_occupy_squares_4 ... ok
[INFO] [stdout] test move_gen::check_legal::test_is_legal_castle::cant_castle_pass_through_sq_is_attacked ... ok
[INFO] [stdout] test move_gen::check_legal::test_is_legal_en_passant::legal ... ok
[INFO] [stdout] test move_gen::check_legal::test_is_legal_en_passant::pinned_on_diagonal_1 ... ok
[INFO] [stdout] test move_gen::check_legal::test_is_legal_en_passant::pinned_on_diagonal_2 ... ok
[INFO] [stdout] test move_gen::check_legal::test_is_legal_en_passant::pinned_on_file ... ok
[INFO] [stdout] test move_gen::check_legal::test_is_legal_en_passant::pinned_on_file_2 ... ok
[INFO] [stdout] test move_gen::check_legal::test_is_legal_en_passant::pinned_on_rank_1 ... ok
[INFO] [stdout] test move_gen::check_legal::test_is_legal_en_passant::pinned_on_rank_2 ... ok
[INFO] [stdout] test move_gen::check_legal::test_is_legal_king_mv::king_cant_capture_defended_piece_1 ... ok
[INFO] [stdout] test move_gen::check_legal::test_is_legal_king_mv::king_cant_capture_defended_piece_2 ... ok
[INFO] [stdout] test move_gen::check_legal::test_is_legal_king_mv::test_1 ... ok
[INFO] [stdout] test move_gen::check_legal::test_is_legal_king_mv::test_2 ... ok
[INFO] [stdout] test move_gen::check_legal::test_is_legal_king_mv::king_cant_move_in_direction_of_attack_ray ... ok
[INFO] [stdout] test move_gen::check_legal::test_is_legal_regular_or_capture_move::can_capture_checker ... ok
[INFO] [stdout] test move_gen::check_legal::test_is_legal_regular_or_capture_move::cant_block_when_there_are_two_checkers ... ok
[INFO] [stdout] test move_gen::check_legal::test_is_pinned_move_legal::pinned_on_diagonal ... ok
[INFO] [stdout] test move_gen::check_legal::test_is_legal_regular_or_capture_move::can_block_check ... ok
[INFO] [stdout] test move_gen::check_legal::test_is_pinned_move_legal::can_capture_pinner ... ok
[INFO] [stdout] test move_gen::parallel::test_knight_jumps::knight_jumps_1 ... ok
[INFO] [stdout] test move_gen::check_legal::test_is_pinned_move_legal::pinned_on_file ... ok
[INFO] [stdout] test move_gen::parallel::test_diagonal_attacks::test_1 ... ok
[INFO] [stdout] test move_gen::parallel::test_pawn_attacks::pawn_attacks_2 ... ok
[INFO] [stdout] test move_gen::parallel::test_slider_attacks::east_slider_attacks_1 ... ok
[INFO] [stdout] test move_gen::parallel::test_slider_attacks::east_slider_attacks_on_edge_of_board ... ok
[INFO] [stdout] test move_gen::parallel::test_slider_attacks::north_east_slider_attacks_3 ... ok
[INFO] [stdout] test move_gen::parallel::test_slider_attacks::north_east_slider_attacks_on_edge_of_board ... ok
[INFO] [stdout] test move_gen::parallel::test_slider_attacks::north_west_slider_attacks_1 ... ok
[INFO] [stdout] test move_gen::parallel::test_slider_attacks::north_west_slider_attacks_2 ... ok
[INFO] [stdout] test move_gen::parallel::test_pawn_attacks::pawn_attacks_1 ... ok
[INFO] [stdout] test move_gen::parallel::test_slider_attacks::north_west_slider_attacks_on_edge_of_board ... ok
[INFO] [stdout] test move_gen::parallel::test_slider_attacks::north_east_slider_attacks_1 ... ok
[INFO] [stdout] test move_gen::parallel::test_slider_attacks::north_slider_attacks_1 ... ok
[INFO] [stdout] test move_gen::parallel::test_slider_attacks::north_east_slider_attacks_2 ... ok
[INFO] [stdout] test move_gen::parallel::test_slider_attacks::south_east_slider_attacks_1 ... ok
[INFO] [stdout] test move_gen::parallel::test_slider_attacks::south_east_slider_attacks_on_edge_of_board ... ok
[INFO] [stdout] test move_gen::parallel::test_slider_attacks::south_slider_attacks_1 ... ok
[INFO] [stdout] test move_gen::parallel::test_slider_attacks::south_west_slider_attacks_1 ... ok
[INFO] [stdout] test move_gen::parallel::test_slider_attacks::south_west_slider_attacks_2 ... ok
[INFO] [stdout] test move_gen::parallel::test_slider_attacks::south_west_slider_attacks_on_edge_of_board ... ok
[INFO] [stdout] test move_gen::parallel::test_slider_attacks::west_slider_attacks_1 ... ok
[INFO] [stdout] test move_gen::parallel::test_slider_attacks::west_slider_attacks_edge_of_the_board ... ok
[INFO] [stdout] test move_gen::pawn::b_pawn_captures::print ... ignored, only needed to grab the values
[INFO] [stdout] test move_gen::pawn::b_pawn_captures::in_middle ... ok
[INFO] [stdout] test move_gen::pawn::b_pawn_captures::on_file_a ... ok
[INFO] [stdout] test move_gen::pawn::b_pawn_pushes::on_seventh_rank ... ok
[INFO] [stdout] test move_gen::pawn::b_pawn_pushes::print ... ignored, only needed to grab the values
[INFO] [stdout] test move_gen::pawn::b_pawn_pushes::on_sixth_rank ... ok
[INFO] [stdout] test move_gen::pawn::w_pawn_captures::in_middle ... ok
[INFO] [stdout] test move_gen::pawn::w_pawn_captures::print ... ignored, only needed to grab the values
[INFO] [stdout] test move_gen::pawn::w_pawn_captures::on_file_a ... ok
[INFO] [stdout] test move_gen::pawn::w_pawn_pushes::on_second_rank ... ok
[INFO] [stdout] test move_gen::pawn::w_pawn_pushes::print ... ignored, only needed to grab the values
[INFO] [stdout] test move_gen::pawn::w_pawn_pushes::on_third_rank ... ok
[INFO] [stdout] test move_gen::pseudo_legal::king_test::on_e4 ... ok
[INFO] [stdout] test move_gen::pseudo_legal::king_test::on_e4_blocked ... ok
[INFO] [stdout] test move_gen::pseudo_legal::knight_tests::on_a1 ... ok
[INFO] [stdout] test move_gen::pseudo_legal::knight_tests::on_a1_blocked_on_b3 ... ok
[INFO] [stdout] test move_gen::pseudo_legal::pawn_test::black::basic_push ... ok
[INFO] [stdout] test move_gen::pseudo_legal::pawn_test::black::blocked_double_push ... ok
[INFO] [stdout] test move_gen::pseudo_legal::pawn_test::black::captures ... ok
[INFO] [stdout] test move_gen::pseudo_legal::pawn_test::black::blocked_single_push ... ok
[INFO] [stdout] test move_gen::pseudo_legal::pawn_test::black::en_passant_captures ... ok
[INFO] [stdout] test move_gen::pseudo_legal::pawn_test::black::double_push ... ok
[INFO] [stdout] test move_gen::pseudo_legal::pawn_test::white::blocked_double_push ... ok
[INFO] [stdout] test move_gen::pseudo_legal::pawn_test::white::basic_push ... ok
[INFO] [stdout] test move_gen::pseudo_legal::pawn_test::white::captures ... ok
[INFO] [stdout] test move_gen::pseudo_legal::pawn_test::white::double_push ... ok
[INFO] [stdout] test move_gen::pseudo_legal::pawn_test::white::blocked_single_push ... ok
[INFO] [stdout] test move_gen::pseudo_legal::pawn_test::white::en_passant_captures ... ok
[INFO] [stdout] test move_gen::pseudo_legal::queen_tests::occupied_board_enemy ... ok
[INFO] [stdout] test move_gen::slider::diagonal_and_anti_diagonal_tests::empty_anti_diagonal ... ok
[INFO] [stdout] test move_gen::slider::diagonal_and_anti_diagonal_tests::empty_diagonal ... ok
[INFO] [stdout] test move_gen::pseudo_legal::queen_tests::empty_board ... ok
[INFO] [stdout] test move_gen::slider::diagonal_and_anti_diagonal_tests::occupied_anti_diagonal ... ok
[INFO] [stdout] test move_gen::slider::rank_and_file_tests::empty_file ... ok
[INFO] [stdout] test move_gen::slider::rank_and_file_tests::empty_rank ... ok
[INFO] [stdout] test move_gen::slider::rank_and_file_tests::rank_occupied_on_both_sides ... ok
[INFO] [stdout] test move_gen::pseudo_legal::queen_tests::occupied_board_friendly ... ok
[INFO] [stdout] test move_gen::slider::rank_and_file_tests::rank_occupied_on_right ... ok
[INFO] [stdout] test move_gen::slider::diagonal_and_anti_diagonal_tests::occupied_diagonal ... ok
[INFO] [stdout] test move_gen::test_attacks::bishop_attacks_w_1 ... ok
[INFO] [stdout] test move_gen::slider::rank_and_file_tests::file_occupied_below ... ok
[INFO] [stdout] test move_gen::slider::rank_and_file_tests::file_occupied_above ... ok
[INFO] [stdout] test move_gen::test_attacks::king_attacks_w_1 ... ok
[INFO] [stdout] test move_gen::slider::rank_and_file_tests::rank_occupied_on_left ... ok
[INFO] [stdout] test move_gen::test_attacks::no_1 ... ok
[INFO] [stdout] test move_gen::test_checkers_pinners::double_slider_check ... ok
[INFO] [stdout] test move_gen::test_checkers_pinners::single_slider_check ... ok
[INFO] [stdout] test move_gen::test_checkers_pinners::pinner_pinned_1 ... ok
[INFO] [stdout] test move_gen::test_is_sq_attacked::is_sq_attacked_1 ... ok
[INFO] [stdout] test perft::perft_fen_1::five_ply ... ignored
[INFO] [stdout] test move_gen::test_checkers_pinners::pawn_check ... ok
[INFO] [stdout] test perft::perft_fen_1::four_ply ... ignored
[INFO] [stdout] test mv::test::test_to_algebra ... ok
[INFO] [stdout] test perft::perft_fen_1::one_ply ... ok
[INFO] [stdout] test perft::perft_fen_2::six_ply ... ignored
[INFO] [stdout] test perft::perft_fen_2::one_ply ... ok
[INFO] [stdout] test perft::perft_fen_2::two_ply ... ok
[INFO] [stdout] test perft::perft_promotion::promotion_pos_five_ply ... ignored
[INFO] [stdout] test perft::perft_promotion::promotion_pos_debug_1 ... ok
[INFO] [stdout] test perft::perft_promotion::promotion_pos_debug_2 ... ok
[INFO] [stdout] test perft::perft_promotion::promotion_pos_six_ply ... ignored
[INFO] [stdout] test perft::perft_promotion::promotion_pos_one_ply ... ok
[INFO] [stdout] test perft::start_pos::five_ply ... ignored
[INFO] [stdout] test perft::start_pos::six_ply ... ignored, only need to run when movegen logic changes
[INFO] [stdout] test perft::test_suite::run ... ignored, run when movegen changes
[INFO] [stdout] test perft::start_pos::one_ply ... ok
[INFO] [stdout] test phase::test::phase_get ... ok
[INFO] [stdout] test psqt::test_psqt::pawn_psqt_is_flipped_for_black ... ok
[INFO] [stdout] test perft::perft_promotion::promotion_pos_two_ply ... ok
[INFO] [stdout] test perft::perft_fen_2::three_ply ... ok
[INFO] [stdout] test psqt::test_psqt::psqt_is_flipped_for_black ... ok
[INFO] [stdout] test perft::start_pos::two_ply ... ok
[INFO] [stdout] test psqt::test_psqt::psqt_is_flipped_along_rank ... ok
[INFO] [stdout] test psqt::test_psqt::print ... ok
[INFO] [stdout] test perft::perft_fen_1::two_ply ... ok
[INFO] [stdout] test search::tt::test_tt::print_size_of_table_entry ... ignored
[INFO] [stdout] test square::test_comparison::greater_than ... ok
[INFO] [stdout] test perft::perft_fen_2::four_ply ... ok
[INFO] [stdout] test square::test_comparison::less_than_2 ... ok
[INFO] [stdout] test square::test_comparison::less_than_1 ... ok
[INFO] [stdout] test square::test_display::a1 ... ok
[INFO] [stdout] test square::test_display::c5 ... ok
[INFO] [stdout] test square::test_display::h8 ... ok
[INFO] [stdout] test square::test_masks::files_adjacent_mask_2 ... ok
[INFO] [stdout] test square::test_masks::files_adjacent_mask_1 ... ok
[INFO] [stdout] test square::test_masks::files_adjacent_mask_3 ... ok
[INFO] [stdout] test perft::perft_promotion::promotion_pos_three_ply ... ok
[INFO] [stdout] test state::castle_rights::test::can1 ... ok
[INFO] [stdout] test state::castle_rights::test::can2 ... ok
[INFO] [stdout] test state::castle_rights::test::can5 ... ok
[INFO] [stdout] test state::castle_rights::test::can3 ... ok
[INFO] [stdout] test state::castle_rights::test::can4 ... ok
[INFO] [stdout] test state::castle_rights::test::set1 ... ok
[INFO] [stdout] test state::castle_rights::test::set3 ... ok
[INFO] [stdout] test state::castle_rights::test::set2 ... ok
[INFO] [stdout] test state::castle_rights::test_display::none ... ok
[INFO] [stdout] test state::castle_rights::test_display::black ... ok
[INFO] [stdout] test state::castle_rights::test_display::kingside ... ok
[INFO] [stdout] test state::castle_rights::test_display::white ... ok
[INFO] [stdout] test state::castle_rights::test_display::queenside ... ok
[INFO] [stdout] test state::test_display::no1 ... ok
[INFO] [stdout] test state::test_encoded_state::no1 ... ok
[INFO] [stdout] test state::test_zobrist_state::castle_rights_decode ... ok
[INFO] [stdout] test state::test_encoded_state::no_en_passant ... ok
[INFO] [stdout] test state::zobrist::print_zobrist::print ... ignored, only needed to print zobrist key
[INFO] [stdout] test state::zobrist::test_zobrist::test_hash_castle_rights_b_kingside ... ok
[INFO] [stdout] test state::zobrist::test_zobrist::test_hash_castle_rights_all_1 ... ok
[INFO] [stdout] test state::zobrist::test_zobrist::test_hash_castle_rights_all_2 ... ok
[INFO] [stdout] test state::zobrist::test_zobrist::test_hash_castle_rights_b_queenside ... ok
[INFO] [stdout] test state::zobrist::test_zobrist::test_hash_castle_rights_w_queenside ... ok
[INFO] [stdout] test state::zobrist::test_zobrist::test_hash_castle_rights_w_kingside ... ok
[INFO] [stdout] test uci::test_algebra_to_move::castle_queenside_w ... ok
[INFO] [stdout] test uci::test_algebra_to_move::double_pawn_push ... ok
[INFO] [stdout] test uci::test_algebra_to_move::castle_kingside_w ... ok
[INFO] [stdout] test uci::test_algebra_to_move::promotion ... ok
[INFO] [stdout] test uci::test_algebra_to_move::en_passant ... ok
[INFO] [stdout] test uci::test_algebra_to_move::piece_mv ... ok
[INFO] [stdout] test uci::test_decode_algebra::e2e4 ... ok
[INFO] [stdout] test uci::test_algebra_to_move::rook_capture ... ok
[INFO] [stdout] test uci::test_decode_algebra::promote_1 ... ok
[INFO] [stdout] test uci::test_input_position::fen ... ok
[INFO] [stdout] test uci::test_input_position::moves_2 ... ok
[INFO] [stdout] test uci::test_input_position::moves_1 ... ok
[INFO] [stdout] test perft::start_pos::three_ply ... ok
[INFO] [stdout] test uci::test_input_position::moves_iterative ... ok
[INFO] [stdout] test uci::test_input_position::startpos ... ok
[INFO] [stdout] test uci::test_input_position::moves_fresh ... ok
[INFO] [stdout] test uci::test_move_to_algebra::castle_move_3 ... ok
[INFO] [stdout] test uci::test_move_to_algebra::castle_move_1 ... ok
[INFO] [stdout] test uci::test_move_to_algebra::castle_move_2 ... ok
[INFO] [stdout] test uci::test_move_to_algebra::castle_move_4 ... ok
[INFO] [stdout] test util::get_bb::print ... ignored, only needed for print
[INFO] [stdout] test uci::test_move_to_algebra::promotion_move ... ok
[INFO] [stdout] test wasm::test::file_of_square ... ok
[INFO] [stdout] test wasm::test::file_of_square_2 ... ok
[INFO] [stdout] test uci::test_move_to_algebra::regular_move ... ok
[INFO] [stdout] test wasm::test::legal_moves_at_sq_1 ... ok
[INFO] [stdout] test wasm::test::make_move_notation ... ok
[INFO] [stdout] test wasm::test::is_promotion_1 ... ok
[INFO] [stdout] test wasm::test::make_move_notation_2 ... ok
[INFO] [stdout] test wasm::test::is_promotion_2 ... ok
[INFO] [stdout] test wasm::test::rank_of_square ... ok
[INFO] [stdout] test wasm::test::rank_of_square_2 ... ok
[INFO] [stdout] test wasm::test::legal_moves_castling ... ok
[INFO] [stdout] test wasm::test::test_history ... ok
[INFO] [stdout] test wasm::test::test_to_string ... ok
[INFO] [stdout] test wasm::test::test_to_string_2 ... ok
[INFO] [stdout] test perft::perft_fen_2::five_ply ... ok
[INFO] [stdout] test perft::perft_fen_1::three_ply ... ok
[INFO] [stdout] test wasm::test::make_move_notation_3 - should panic ... ok
[INFO] [stdout] test perft::perft_promotion::promotion_pos_four_ply ... ok
[INFO] [stdout] test perft::start_pos::four_ply ... ok
[INFO] [stdout] test search::test_basic_tactics::debug_pos_5 ... ok
[INFO] [stdout] test search::test_basic_tactics::pos_1 ... ok
[INFO] [stdout] test search::test_basic_tactics::debug_pos_4 ... ok
[INFO] [stdout] test search::test_basic_tactics::pos_2 ... ok
[INFO] [stdout] test search::test_basic_tactics::debug_pos_stop_promotion ... FAILED
[INFO] [stdout] test search::test_basic_tactics::pos_4 ... ok
[INFO] [stdout] test search::test_basic_tactics::pos_3 ... ok
[INFO] [stdout] test search::test_basic_tactics::mate_in_4 ... ok
[INFO] [stdout] 
[INFO] [stdout] failures:
[INFO] [stdout] 
[INFO] [stdout] ---- search::test_basic_tactics::debug_pos_stop_promotion stdout ----
[INFO] [stdout] eval: -207, mv: b8a6, sq score: 20
[INFO] [stdout] eval: -207, mv: c5c4, sq score: -20
[INFO] [stdout] eval: -90, mv: g4g3, sq score: 0
[INFO] [stdout] eval: -50, mv: b8c6, sq score: 40
[INFO] [stdout] eval: -50, mv: b8d7, sq score: 20
[INFO] [stdout] eval: -50, mv: g8f6, sq score: 40
[INFO] [stdout] eval: -43, mv: g8h6, sq score: 20
[INFO] [stdout] eval: -43, mv: e7h4, sq score: 0
[INFO] [stdout] eval: -43, mv: e7g5, sq score: 0
[INFO] [stdout] eval: -43, mv: e7d6, sq score: 0
[INFO] [stdout] eval: -43, mv: e7f6, sq score: 0
[INFO] [stdout] eval: -43, mv: e7d8, sq score: 0
[INFO] [stdout] eval: -43, mv: e7f8, sq score: 0
[INFO] [stdout] eval: -43, mv: h8h1, sq score: 0
[INFO] [stdout] eval: -43, mv: h8h2, sq score: 0
[INFO] [stdout] eval: -43, mv: h8h3, sq score: 0
[INFO] [stdout] eval: -43, mv: h8h4, sq score: 0
[INFO] [stdout] eval: -43, mv: h8h5, sq score: -20
[INFO] [stdout] eval: -43, mv: h8h6, sq score: -20
[INFO] [stdout] eval: -43, mv: h8h7, sq score: 0
[INFO] [stdout] eval: -43, mv: e6d5, sq score: 0
[INFO] [stdout] eval: -43, mv: e6e5, sq score: 0
[INFO] [stdout] eval: -43, mv: e6f5, sq score: 0
[INFO] [stdout] eval: -43, mv: e6d6, sq score: 0
[INFO] [stdout] eval: -43, mv: e6f6, sq score: 0
[INFO] [stdout] eval: -43, mv: e6d7, sq score: -100
[INFO] [stdout] eval: -43, mv: e6f7, sq score: -100
[INFO] [stdout] white score: 11600, black score: 11650
[INFO] [stdout]   ABCDEFGH
[INFO] [stdout] 8|.n....nr|8
[INFO] [stdout] 7|....b...|7
[INFO] [stdout] 6|P...k...|6
[INFO] [stdout] 5|..p.....|5
[INFO] [stdout] 4|......p.|4
[INFO] [stdout] 3|........|3
[INFO] [stdout] 2|....N...|2
[INFO] [stdout] 1|R.B.KB..|1
[INFO] [stdout]   ABCDEFGH
[INFO] [stdout] 
[INFO] [stdout] 
[INFO] [stdout] best move: g8h6; eval: 43
[INFO] [stdout] thread 'search::test_basic_tactics::debug_pos_stop_promotion' panicked at src/search.rs:685:9:
[INFO] [stdout] assertion `left != right` failed
[INFO] [stdout]   left: "g8h6"
[INFO] [stdout]  right: "g8h6"
[INFO] [stdout] stack backtrace:
[INFO] [stdout]    0:     0x5624f9757ebc - std::backtrace_rs::backtrace::libunwind::trace::ha637c64ce894333a
[INFO] [stdout]                                at /rustc/82e1608dfa6e0b5569232559e3d385fea5a93112/library/std/src/../../backtrace/src/backtrace/libunwind.rs:104:5
[INFO] [stdout]    1:     0x5624f9757ebc - std::backtrace_rs::backtrace::trace_unsynchronized::h47f62dea28e0c88d
[INFO] [stdout]                                at /rustc/82e1608dfa6e0b5569232559e3d385fea5a93112/library/std/src/../../backtrace/src/backtrace/mod.rs:66:5
[INFO] [stdout]    2:     0x5624f9757ebc - std::sys_common::backtrace::_print_fmt::h9eef0abe20ede486
[INFO] [stdout]                                at /rustc/82e1608dfa6e0b5569232559e3d385fea5a93112/library/std/src/sys_common/backtrace.rs:67:5
[INFO] [stdout]    3:     0x5624f9757ebc - <std::sys_common::backtrace::_print::DisplayBacktrace as core::fmt::Display>::fmt::hed7f999df88cc644
[INFO] [stdout]                                at /rustc/82e1608dfa6e0b5569232559e3d385fea5a93112/library/std/src/sys_common/backtrace.rs:44:22
[INFO] [stdout]    4:     0x5624f9782710 - core::fmt::rt::Argument::fmt::h1539a9308b8d058d
[INFO] [stdout]                                at /rustc/82e1608dfa6e0b5569232559e3d385fea5a93112/library/core/src/fmt/rt.rs:142:9
[INFO] [stdout]    5:     0x5624f9782710 - core::fmt::write::h3a39390d8560d9c9
[INFO] [stdout]                                at /rustc/82e1608dfa6e0b5569232559e3d385fea5a93112/library/core/src/fmt/mod.rs:1120:17
[INFO] [stdout]    6:     0x5624f975586f - std::io::Write::write_fmt::h040b369f3a0f9cbc
[INFO] [stdout]                                at /rustc/82e1608dfa6e0b5569232559e3d385fea5a93112/library/std/src/io/mod.rs:1762:15
[INFO] [stdout]    7:     0x5624f9757ca4 - std::sys_common::backtrace::_print::h894006fb5c6f3d45
[INFO] [stdout]                                at /rustc/82e1608dfa6e0b5569232559e3d385fea5a93112/library/std/src/sys_common/backtrace.rs:47:5
[INFO] [stdout]    8:     0x5624f9757ca4 - std::sys_common::backtrace::print::h23a2d212c6fff936
[INFO] [stdout]                                at /rustc/82e1608dfa6e0b5569232559e3d385fea5a93112/library/std/src/sys_common/backtrace.rs:34:9
[INFO] [stdout]    9:     0x5624f9759967 - std::panicking::default_hook::{{closure}}::h8a1d2ee00185001a
[INFO] [stdout]   10:     0x5624f9759653 - std::panicking::default_hook::h6038f2eba384e475
[INFO] [stdout]                                at /rustc/82e1608dfa6e0b5569232559e3d385fea5a93112/library/std/src/panicking.rs:289:9
[INFO] [stdout]   11:     0x5624f9726017 - <alloc::boxed::Box<F,A> as core::ops::function::Fn<Args>>::call::h0ad024c9bdc6d768
[INFO] [stdout]                                at /rustc/82e1608dfa6e0b5569232559e3d385fea5a93112/library/alloc/src/boxed.rs:2021:9
[INFO] [stdout]   12:     0x5624f9726017 - test::test_main::{{closure}}::h7500b54257359db6
[INFO] [stdout]                                at /rustc/82e1608dfa6e0b5569232559e3d385fea5a93112/library/test/src/lib.rs:138:21
[INFO] [stdout]   13:     0x5624f9759f78 - <alloc::boxed::Box<F,A> as core::ops::function::Fn<Args>>::call::h1f8f335eaa9cfaee
[INFO] [stdout]                                at /rustc/82e1608dfa6e0b5569232559e3d385fea5a93112/library/alloc/src/boxed.rs:2021:9
[INFO] [stdout]   14:     0x5624f9759f78 - std::panicking::rust_panic_with_hook::h2b5517d590cab22e
[INFO] [stdout]                                at /rustc/82e1608dfa6e0b5569232559e3d385fea5a93112/library/std/src/panicking.rs:783:13
[INFO] [stdout]   15:     0x5624f9759cce - std::panicking::begin_panic_handler::{{closure}}::h233112c06e0ef43e
[INFO] [stdout]                                at /rustc/82e1608dfa6e0b5569232559e3d385fea5a93112/library/std/src/panicking.rs:657:13
[INFO] [stdout]   16:     0x5624f9758386 - std::sys_common::backtrace::__rust_end_short_backtrace::h6e893f24d7ebbff8
[INFO] [stdout]                                at /rustc/82e1608dfa6e0b5569232559e3d385fea5a93112/library/std/src/sys_common/backtrace.rs:170:18
[INFO] [stdout]   17:     0x5624f9759a32 - rust_begin_unwind
[INFO] [stdout]                                at /rustc/82e1608dfa6e0b5569232559e3d385fea5a93112/library/std/src/panicking.rs:645:5
[INFO] [stdout]   18:     0x5624f96a9f25 - core::panicking::panic_fmt::hbf0e066aabfa482c
[INFO] [stdout]                                at /rustc/82e1608dfa6e0b5569232559e3d385fea5a93112/library/core/src/panicking.rs:72:14
[INFO] [stdout]   19:     0x5624f96aa39b - core::panicking::assert_failed_inner::h0bba8b7c26ee4492
[INFO] [stdout]   20:     0x5624f96a45e3 - core::panicking::assert_failed::h4d89aba1c619b052
[INFO] [stdout]                                at /rustc/82e1608dfa6e0b5569232559e3d385fea5a93112/library/core/src/panicking.rs:279:5
[INFO] [stdout]   21:     0x5624f96c402b - rust_engine::search::test_basic_tactics::debug_pos_stop_promotion::h564bfd23cc560337
[INFO] [stdout]                                at /opt/rustwide/workdir/src/search.rs:685:9
[INFO] [stdout]   22:     0x5624f96b2219 - rust_engine::search::test_basic_tactics::debug_pos_stop_promotion::{{closure}}::hf1cb5473a0595535
[INFO] [stdout]                                at /opt/rustwide/workdir/src/search.rs:666:34
[INFO] [stdout]   23:     0x5624f96b2219 - core::ops::function::FnOnce::call_once::hc8bf2b4e1ac68393
[INFO] [stdout]                                at /rustc/82e1608dfa6e0b5569232559e3d385fea5a93112/library/core/src/ops/function.rs:250:5
[INFO] [stdout]   24:     0x5624f972b66f - core::ops::function::FnOnce::call_once::h2b5d431d5046312d
[INFO] [stdout]                                at /rustc/82e1608dfa6e0b5569232559e3d385fea5a93112/library/core/src/ops/function.rs:250:5
[INFO] [stdout]   25:     0x5624f972b66f - test::__rust_begin_short_backtrace::h7714669af176e207
[INFO] [stdout]                                at /rustc/82e1608dfa6e0b5569232559e3d385fea5a93112/library/test/src/lib.rs:628:18
[INFO] [stdout]   26:     0x5624f972a685 - test::run_test_in_process::{{closure}}::h85218797dcbcec12
[INFO] [stdout]                                at /rustc/82e1608dfa6e0b5569232559e3d385fea5a93112/library/test/src/lib.rs:651:60
[INFO] [stdout]   27:     0x5624f972a685 - <core::panic::unwind_safe::AssertUnwindSafe<F> as core::ops::function::FnOnce<()>>::call_once::h76c106ea31c14d7b
[INFO] [stdout]                                at /rustc/82e1608dfa6e0b5569232559e3d385fea5a93112/library/core/src/panic/unwind_safe.rs:272:9
[INFO] [stdout]   28:     0x5624f972a685 - std::panicking::try::do_call::h3bd5d0f6620ee946
[INFO] [stdout]                                at /rustc/82e1608dfa6e0b5569232559e3d385fea5a93112/library/std/src/panicking.rs:552:40
[INFO] [stdout]   29:     0x5624f972a685 - std::panicking::try::h232e535e4744fe31
[INFO] [stdout]                                at /rustc/82e1608dfa6e0b5569232559e3d385fea5a93112/library/std/src/panicking.rs:516:19
[INFO] [stdout]   30:     0x5624f972a685 - std::panic::catch_unwind::h3ce3bd6ca8dbac68
[INFO] [stdout]                                at /rustc/82e1608dfa6e0b5569232559e3d385fea5a93112/library/std/src/panic.rs:142:14
[INFO] [stdout]   31:     0x5624f972a685 - test::run_test_in_process::hc97b257c9621286a
[INFO] [stdout]                                at /rustc/82e1608dfa6e0b5569232559e3d385fea5a93112/library/test/src/lib.rs:651:27
[INFO] [stdout]   32:     0x5624f972a685 - test::run_test::{{closure}}::h2aa798823a438d38
[INFO] [stdout]                                at /rustc/82e1608dfa6e0b5569232559e3d385fea5a93112/library/test/src/lib.rs:574:43
[INFO] [stdout]   33:     0x5624f96f2946 - test::run_test::{{closure}}::h87d231c78fb59832
[INFO] [stdout]                                at /rustc/82e1608dfa6e0b5569232559e3d385fea5a93112/library/test/src/lib.rs:602:41
[INFO] [stdout]   34:     0x5624f96f2946 - std::sys_common::backtrace::__rust_begin_short_backtrace::he6df152596625789
[INFO] [stdout]                                at /rustc/82e1608dfa6e0b5569232559e3d385fea5a93112/library/std/src/sys_common/backtrace.rs:154:18
[INFO] [stdout]   35:     0x5624f96f79f7 - std::thread::Builder::spawn_unchecked_::{{closure}}::{{closure}}::ha94be15d1e0acf36
[INFO] [stdout]                                at /rustc/82e1608dfa6e0b5569232559e3d385fea5a93112/library/std/src/thread/mod.rs:529:17
[INFO] [stdout]   36:     0x5624f96f79f7 - <core::panic::unwind_safe::AssertUnwindSafe<F> as core::ops::function::FnOnce<()>>::call_once::h9dc6bd6372f16606
[INFO] [stdout]                                at /rustc/82e1608dfa6e0b5569232559e3d385fea5a93112/library/core/src/panic/unwind_safe.rs:272:9
[INFO] [stdout]   37:     0x5624f96f79f7 - std::panicking::try::do_call::h9057517f80303cd4
[INFO] [stdout]                                at /rustc/82e1608dfa6e0b5569232559e3d385fea5a93112/library/std/src/panicking.rs:552:40
[INFO] [stdout]   38:     0x5624f96f79f7 - std::panicking::try::he3a30b11ee45340c
[INFO] [stdout]                                at /rustc/82e1608dfa6e0b5569232559e3d385fea5a93112/library/std/src/panicking.rs:516:19
[INFO] [stdout]   39:     0x5624f96f79f7 - std::panic::catch_unwind::h410458cfd3528b8b
[INFO] [stdout]                                at /rustc/82e1608dfa6e0b5569232559e3d385fea5a93112/library/std/src/panic.rs:142:14
[INFO] [stdout]   40:     0x5624f96f79f7 - std::thread::Builder::spawn_unchecked_::{{closure}}::h72ac3bdb567b737b
[INFO] [stdout]                                at /rustc/82e1608dfa6e0b5569232559e3d385fea5a93112/library/std/src/thread/mod.rs:528:30
[INFO] [stdout]   41:     0x5624f96f79f7 - core::ops::function::FnOnce::call_once{{vtable.shim}}::h38f34da3654a8344
[INFO] [stdout]                                at /rustc/82e1608dfa6e0b5569232559e3d385fea5a93112/library/core/src/ops/function.rs:250:5
[INFO] [stdout]   42:     0x5624f975ea05 - <alloc::boxed::Box<F,A> as core::ops::function::FnOnce<Args>>::call_once::hc7eafaff61e32df9
[INFO] [stdout]                                at /rustc/82e1608dfa6e0b5569232559e3d385fea5a93112/library/alloc/src/boxed.rs:2007:9
[INFO] [stdout]   43:     0x5624f975ea05 - <alloc::boxed::Box<F,A> as core::ops::function::FnOnce<Args>>::call_once::h6ba4a5de48dd2304
[INFO] [stdout]                                at /rustc/82e1608dfa6e0b5569232559e3d385fea5a93112/library/alloc/src/boxed.rs:2007:9
[INFO] [stdout]   44:     0x5624f975ea05 - std::sys::unix::thread::Thread::new::thread_start::he469335aef763e45
[INFO] [stdout]                                at /rustc/82e1608dfa6e0b5569232559e3d385fea5a93112/library/std/src/sys/unix/thread.rs:108:17
[INFO] [stdout]   45:     0x7f95ab8c6ac3 - <unknown>
[INFO] [stdout]   46:     0x7f95ab957bf4 - __clone
[INFO] [stdout]   47:                0x0 - <unknown>
[INFO] [stdout] 
[INFO] [stdout] 
[INFO] [stdout] failures:
[INFO] [stdout]     search::test_basic_tactics::debug_pos_stop_promotion
[INFO] [stdout] 
[INFO] [stdout] test result: FAILED. 296 passed; 1 failed; 15 ignored; 0 measured; 0 filtered out; finished in 1.80s
[INFO] [stdout] 
[INFO] [stderr] error: test failed, to rerun pass `--lib`
[INFO] running `Command { std: "docker" "inspect" "9f5e84446b771952e228af5e63f87353053db660cf63f33a7f0e48a69efb7fcf", kill_on_drop: false }`
[INFO] running `Command { std: "docker" "rm" "-f" "9f5e84446b771952e228af5e63f87353053db660cf63f33a7f0e48a69efb7fcf", kill_on_drop: false }`
[INFO] [stdout] 9f5e84446b771952e228af5e63f87353053db660cf63f33a7f0e48a69efb7fcf
