[INFO] cloning repository https://github.com/lmburns/tern
[INFO] running `Command { std: "git" "-c" "credential.helper=" "-c" "credential.helper=/workspace/cargo-home/bin/git-credential-null" "clone" "--bare" "https://github.com/lmburns/tern" "/workspace/cache/git-repos/https%3A%2F%2Fgithub.com%2Flmburns%2Ftern", kill_on_drop: false }`
[INFO] [stderr] Cloning into bare repository '/workspace/cache/git-repos/https%3A%2F%2Fgithub.com%2Flmburns%2Ftern'...
[INFO] running `Command { std: "git" "rev-parse" "HEAD", kill_on_drop: false }`
[INFO] [stdout] 9a8366d59ac6747af23acf234a77fa66b8de0f8d
[INFO] testing lmburns/tern against 1.75.0 for beta-1.76-1
[INFO] running `Command { std: "git" "clone" "/workspace/cache/git-repos/https%3A%2F%2Fgithub.com%2Flmburns%2Ftern" "/workspace/builds/worker-2-tc1/source", kill_on_drop: false }`
[INFO] [stderr] Cloning into '/workspace/builds/worker-2-tc1/source'...
[INFO] [stderr] done.
[INFO] validating manifest of git repo https://github.com/lmburns/tern on toolchain 1.75.0
[INFO] running `Command { std: CARGO_HOME="/workspace/cargo-home" RUSTUP_HOME="/workspace/rustup-home" "/workspace/cargo-home/bin/cargo" "+1.75.0" "metadata" "--manifest-path" "Cargo.toml" "--no-deps", kill_on_drop: false }`
[INFO] started tweaking git repo https://github.com/lmburns/tern
[INFO] finished tweaking git repo https://github.com/lmburns/tern
[INFO] tweaked toml for git repo https://github.com/lmburns/tern written to /workspace/builds/worker-2-tc1/source/Cargo.toml
[INFO] crate git repo https://github.com/lmburns/tern already has a lockfile, it will not be regenerated
[INFO] running `Command { std: CARGO_HOME="/workspace/cargo-home" RUSTUP_HOME="/workspace/rustup-home" "/workspace/cargo-home/bin/cargo" "+1.75.0" "fetch" "--manifest-path" "Cargo.toml", kill_on_drop: false }`
[INFO] running `Command { std: "docker" "create" "-v" "/var/lib/crater-agent-workspace/builds/worker-2-tc1/target:/opt/rustwide/target:rw,Z" "-v" "/var/lib/crater-agent-workspace/builds/worker-2-tc1/source:/opt/rustwide/workdir:ro,Z" "-v" "/var/lib/crater-agent-workspace/cargo-home:/opt/rustwide/cargo-home:ro,Z" "-v" "/var/lib/crater-agent-workspace/rustup-home:/opt/rustwide/rustup-home:ro,Z" "-e" "SOURCE_DIR=/opt/rustwide/workdir" "-e" "CARGO_TARGET_DIR=/opt/rustwide/target" "-e" "CARGO_HOME=/opt/rustwide/cargo-home" "-e" "RUSTUP_HOME=/opt/rustwide/rustup-home" "-w" "/opt/rustwide/workdir" "-m" "1610612736" "--user" "0:0" "--network" "none" "ghcr.io/rust-lang/crates-build-env/linux@sha256:2788e3201cd34a07e3172128adcd8b3090168a8e3bcc40d7c032b9dda1df7d1c" "/opt/rustwide/cargo-home/bin/cargo" "+1.75.0" "metadata" "--no-deps" "--format-version=1", kill_on_drop: false }`
[INFO] [stdout] a25e0154f24861e033bd14edaa74a3ca90a00da1b8ee2781cab91bb18b26cebd
[INFO] running `Command { std: "docker" "start" "-a" "a25e0154f24861e033bd14edaa74a3ca90a00da1b8ee2781cab91bb18b26cebd", kill_on_drop: false }`
[INFO] running `Command { std: "docker" "inspect" "a25e0154f24861e033bd14edaa74a3ca90a00da1b8ee2781cab91bb18b26cebd", kill_on_drop: false }`
[INFO] running `Command { std: "docker" "rm" "-f" "a25e0154f24861e033bd14edaa74a3ca90a00da1b8ee2781cab91bb18b26cebd", kill_on_drop: false }`
[INFO] [stdout] a25e0154f24861e033bd14edaa74a3ca90a00da1b8ee2781cab91bb18b26cebd
[INFO] running `Command { std: "docker" "create" "-v" "/var/lib/crater-agent-workspace/builds/worker-2-tc1/target:/opt/rustwide/target:rw,Z" "-v" "/var/lib/crater-agent-workspace/builds/worker-2-tc1/source:/opt/rustwide/workdir:ro,Z" "-v" "/var/lib/crater-agent-workspace/cargo-home:/opt/rustwide/cargo-home:ro,Z" "-v" "/var/lib/crater-agent-workspace/rustup-home:/opt/rustwide/rustup-home:ro,Z" "-e" "SOURCE_DIR=/opt/rustwide/workdir" "-e" "CARGO_TARGET_DIR=/opt/rustwide/target" "-e" "CARGO_INCREMENTAL=0" "-e" "RUST_BACKTRACE=full" "-e" "RUSTFLAGS=--cap-lints=warn" "-e" "RUSTDOCFLAGS=--cap-lints=warn" "-e" "CARGO_HOME=/opt/rustwide/cargo-home" "-e" "RUSTUP_HOME=/opt/rustwide/rustup-home" "-w" "/opt/rustwide/workdir" "-m" "1610612736" "--user" "0:0" "--network" "none" "ghcr.io/rust-lang/crates-build-env/linux@sha256:2788e3201cd34a07e3172128adcd8b3090168a8e3bcc40d7c032b9dda1df7d1c" "/opt/rustwide/cargo-home/bin/cargo" "+1.75.0" "build" "--frozen" "--message-format=json", kill_on_drop: false }`
[INFO] [stdout] 031eb0cdd31af0a15d729159078c7464e4a57f71a187c869e582f11ab02a71d5
[INFO] running `Command { std: "docker" "start" "-a" "031eb0cdd31af0a15d729159078c7464e4a57f71a187c869e582f11ab02a71d5", kill_on_drop: false }`
[INFO] [stderr]    Compiling proc-macro2 v1.0.66
[INFO] [stderr]    Compiling unicode-ident v1.0.6
[INFO] [stderr]    Compiling quote v1.0.31
[INFO] [stderr]    Compiling syn v2.0.26
[INFO] [stderr]    Compiling tern v0.1.1 (/opt/rustwide/workdir)
[INFO] [stderr]     Finished dev [unoptimized + debuginfo] target(s) in 5.79s
[INFO] running `Command { std: "docker" "inspect" "031eb0cdd31af0a15d729159078c7464e4a57f71a187c869e582f11ab02a71d5", kill_on_drop: false }`
[INFO] running `Command { std: "docker" "rm" "-f" "031eb0cdd31af0a15d729159078c7464e4a57f71a187c869e582f11ab02a71d5", kill_on_drop: false }`
[INFO] [stdout] 031eb0cdd31af0a15d729159078c7464e4a57f71a187c869e582f11ab02a71d5
[INFO] running `Command { std: "docker" "create" "-v" "/var/lib/crater-agent-workspace/builds/worker-2-tc1/target:/opt/rustwide/target:rw,Z" "-v" "/var/lib/crater-agent-workspace/builds/worker-2-tc1/source:/opt/rustwide/workdir:ro,Z" "-v" "/var/lib/crater-agent-workspace/cargo-home:/opt/rustwide/cargo-home:ro,Z" "-v" "/var/lib/crater-agent-workspace/rustup-home:/opt/rustwide/rustup-home:ro,Z" "-e" "SOURCE_DIR=/opt/rustwide/workdir" "-e" "CARGO_TARGET_DIR=/opt/rustwide/target" "-e" "CARGO_INCREMENTAL=0" "-e" "RUST_BACKTRACE=full" "-e" "RUSTFLAGS=--cap-lints=warn" "-e" "RUSTDOCFLAGS=--cap-lints=warn" "-e" "CARGO_HOME=/opt/rustwide/cargo-home" "-e" "RUSTUP_HOME=/opt/rustwide/rustup-home" "-w" "/opt/rustwide/workdir" "-m" "1610612736" "--user" "0:0" "--network" "none" "ghcr.io/rust-lang/crates-build-env/linux@sha256:2788e3201cd34a07e3172128adcd8b3090168a8e3bcc40d7c032b9dda1df7d1c" "/opt/rustwide/cargo-home/bin/cargo" "+1.75.0" "test" "--frozen" "--no-run" "--message-format=json", kill_on_drop: false }`
[INFO] [stdout] 0940825edcdfe3bd2c08410083f2a5c089e1c791504a5f65c592b4abbf787bd1
[INFO] running `Command { std: "docker" "start" "-a" "0940825edcdfe3bd2c08410083f2a5c089e1c791504a5f65c592b4abbf787bd1", kill_on_drop: false }`
[INFO] [stderr]    Compiling proc-macro2 v1.0.66
[INFO] [stderr]    Compiling unicode-ident v1.0.6
[INFO] [stderr]    Compiling anyhow v1.0.72
[INFO] [stderr]    Compiling quote v1.0.31
[INFO] [stderr]    Compiling syn v2.0.26
[INFO] [stderr]    Compiling tern v0.1.1 (/opt/rustwide/workdir)
[INFO] [stderr]     Finished test [unoptimized + debuginfo] target(s) in 7.23s
[INFO] running `Command { std: "docker" "inspect" "0940825edcdfe3bd2c08410083f2a5c089e1c791504a5f65c592b4abbf787bd1", kill_on_drop: false }`
[INFO] running `Command { std: "docker" "rm" "-f" "0940825edcdfe3bd2c08410083f2a5c089e1c791504a5f65c592b4abbf787bd1", kill_on_drop: false }`
[INFO] [stdout] 0940825edcdfe3bd2c08410083f2a5c089e1c791504a5f65c592b4abbf787bd1
[INFO] running `Command { std: "docker" "create" "-v" "/var/lib/crater-agent-workspace/builds/worker-2-tc1/target:/opt/rustwide/target:rw,Z" "-v" "/var/lib/crater-agent-workspace/builds/worker-2-tc1/source:/opt/rustwide/workdir:ro,Z" "-v" "/var/lib/crater-agent-workspace/cargo-home:/opt/rustwide/cargo-home:ro,Z" "-v" "/var/lib/crater-agent-workspace/rustup-home:/opt/rustwide/rustup-home:ro,Z" "-e" "SOURCE_DIR=/opt/rustwide/workdir" "-e" "CARGO_TARGET_DIR=/opt/rustwide/target" "-e" "CARGO_INCREMENTAL=0" "-e" "RUST_BACKTRACE=full" "-e" "RUSTFLAGS=--cap-lints=warn" "-e" "RUSTDOCFLAGS=--cap-lints=warn" "-e" "CARGO_HOME=/opt/rustwide/cargo-home" "-e" "RUSTUP_HOME=/opt/rustwide/rustup-home" "-w" "/opt/rustwide/workdir" "-m" "1610612736" "--user" "0:0" "--network" "none" "ghcr.io/rust-lang/crates-build-env/linux@sha256:2788e3201cd34a07e3172128adcd8b3090168a8e3bcc40d7c032b9dda1df7d1c" "/opt/rustwide/cargo-home/bin/cargo" "+1.75.0" "test" "--frozen", kill_on_drop: false }`
[INFO] [stdout] affffc055ec8f447cc1cab93eb32137db2e64a2d8c2e22d20fd0e252408a0a1b
[INFO] running `Command { std: "docker" "start" "-a" "affffc055ec8f447cc1cab93eb32137db2e64a2d8c2e22d20fd0e252408a0a1b", kill_on_drop: false }`
[INFO] [stderr]     Finished test [unoptimized + debuginfo] target(s) in 0.01s
[INFO] [stderr]      Running unittests src/lib.rs (/opt/rustwide/target/debug/deps/tern-f3a519a5f5f54f38)
[INFO] [stderr]      Running tests/test.rs (/opt/rustwide/target/debug/deps/test-e0b461388247709e)
[INFO] [stdout] 
[INFO] [stdout] running 0 tests
[INFO] [stdout] 
[INFO] [stdout] test result: ok. 0 passed; 0 failed; 0 ignored; 0 measured; 0 filtered out; finished in 0.00s
[INFO] [stdout] 
[INFO] [stdout] 
[INFO] [stdout] running 5 tests
[INFO] [stdout] test complex_type ... ok
[INFO] [stdout] test nested ... ok
[INFO] [stdout] test paths ... ok
[INFO] [stdout] test normal ... ok
[INFO] [stderr]    Doc-tests tern
[INFO] [stdout] test negated ... ok
[INFO] [stdout] 
[INFO] [stdout] test result: ok. 5 passed; 0 failed; 0 ignored; 0 measured; 0 filtered out; finished in 0.01s
[INFO] [stdout] 
[INFO] [stdout] 
[INFO] [stdout] running 4 tests
[INFO] [stdout] test src/lib.rs - t (line 109) ... FAILED
[INFO] [stdout] test src/lib.rs - t (line 117) ... FAILED
[INFO] [stdout] test src/lib.rs - (line 27) ... ok
[INFO] [stdout] test src/lib.rs - (line 15) ... ok
[INFO] [stdout] 
[INFO] [stdout] failures:
[INFO] [stdout] 
[INFO] [stdout] ---- src/lib.rs - t (line 109) stdout ----
[INFO] [stdout] error: cannot find macro `t` in this scope
[INFO] [stdout]  --> src/lib.rs:111:11
[INFO] [stdout]   |
[INFO] [stdout] 4 | let res = t!((*v.get(0).context("no first")?) == 1 ? "equals 1" : "not 1");
[INFO] [stdout]   |           ^
[INFO] [stdout]   |
[INFO] [stdout] help: consider importing this macro
[INFO] [stdout]   |
[INFO] [stdout] 2 + use tern::t;
[INFO] [stdout]   |
[INFO] [stdout] 
[INFO] [stdout] error: aborting due to previous error
[INFO] [stdout] 
[INFO] [stdout] Couldn't compile the test.
[INFO] [stdout] ---- src/lib.rs - t (line 117) stdout ----
[INFO] [stdout] error: cannot find macro `t` in this scope
[INFO] [stdout]  --> src/lib.rs:122:11
[INFO] [stdout]   |
[INFO] [stdout] 7 | let res = t!(b > a ? b : t!(c > b ? c : a));
[INFO] [stdout]   |           ^
[INFO] [stdout]   |
[INFO] [stdout] help: consider importing this macro
[INFO] [stdout]   |
[INFO] [stdout] 2 + use tern::t;
[INFO] [stdout]   |
[INFO] [stdout] 
[INFO] [stdout] error: aborting due to previous error
[INFO] [stdout] 
[INFO] [stdout] Couldn't compile the test.
[INFO] [stdout] 
[INFO] [stdout] failures:
[INFO] [stdout]     src/lib.rs - t (line 109)
[INFO] [stdout]     src/lib.rs - t (line 117)
[INFO] [stdout] 
[INFO] [stdout] test result: FAILED. 2 passed; 2 failed; 0 ignored; 0 measured; 0 filtered out; finished in 0.36s
[INFO] [stdout] 
[INFO] [stderr] error: doctest failed, to rerun pass `--doc`
[INFO] running `Command { std: "docker" "inspect" "affffc055ec8f447cc1cab93eb32137db2e64a2d8c2e22d20fd0e252408a0a1b", kill_on_drop: false }`
[INFO] running `Command { std: "docker" "rm" "-f" "affffc055ec8f447cc1cab93eb32137db2e64a2d8c2e22d20fd0e252408a0a1b", kill_on_drop: false }`
[INFO] [stdout] affffc055ec8f447cc1cab93eb32137db2e64a2d8c2e22d20fd0e252408a0a1b
[INFO] testing lmburns/tern against beta-2023-12-22 for beta-1.76-1
[INFO] running `Command { std: "git" "clone" "/workspace/cache/git-repos/https%3A%2F%2Fgithub.com%2Flmburns%2Ftern" "/workspace/builds/worker-2-tc2/source", kill_on_drop: false }`
[INFO] [stderr] Cloning into '/workspace/builds/worker-2-tc2/source'...
[INFO] [stderr] done.
[INFO] validating manifest of git repo https://github.com/lmburns/tern on toolchain beta-2023-12-22
[INFO] running `Command { std: CARGO_HOME="/workspace/cargo-home" RUSTUP_HOME="/workspace/rustup-home" "/workspace/cargo-home/bin/cargo" "+beta-2023-12-22" "metadata" "--manifest-path" "Cargo.toml" "--no-deps", kill_on_drop: false }`
[INFO] started tweaking git repo https://github.com/lmburns/tern
[INFO] finished tweaking git repo https://github.com/lmburns/tern
[INFO] tweaked toml for git repo https://github.com/lmburns/tern written to /workspace/builds/worker-2-tc2/source/Cargo.toml
[INFO] crate git repo https://github.com/lmburns/tern already has a lockfile, it will not be regenerated
[INFO] running `Command { std: CARGO_HOME="/workspace/cargo-home" RUSTUP_HOME="/workspace/rustup-home" "/workspace/cargo-home/bin/cargo" "+beta-2023-12-22" "fetch" "--manifest-path" "Cargo.toml", kill_on_drop: false }`
[INFO] running `Command { std: "docker" "create" "-v" "/var/lib/crater-agent-workspace/builds/worker-2-tc2/target:/opt/rustwide/target:rw,Z" "-v" "/var/lib/crater-agent-workspace/builds/worker-2-tc2/source:/opt/rustwide/workdir:ro,Z" "-v" "/var/lib/crater-agent-workspace/cargo-home:/opt/rustwide/cargo-home:ro,Z" "-v" "/var/lib/crater-agent-workspace/rustup-home:/opt/rustwide/rustup-home:ro,Z" "-e" "SOURCE_DIR=/opt/rustwide/workdir" "-e" "CARGO_TARGET_DIR=/opt/rustwide/target" "-e" "CARGO_HOME=/opt/rustwide/cargo-home" "-e" "RUSTUP_HOME=/opt/rustwide/rustup-home" "-w" "/opt/rustwide/workdir" "-m" "1610612736" "--user" "0:0" "--network" "none" "ghcr.io/rust-lang/crates-build-env/linux@sha256:2788e3201cd34a07e3172128adcd8b3090168a8e3bcc40d7c032b9dda1df7d1c" "/opt/rustwide/cargo-home/bin/cargo" "+beta-2023-12-22" "metadata" "--no-deps" "--format-version=1", kill_on_drop: false }`
[INFO] [stdout] e0dac519cdfb309826de6af1a79b856a8e27afe29b2bafcd2e1c11441cdb0374
[INFO] running `Command { std: "docker" "start" "-a" "e0dac519cdfb309826de6af1a79b856a8e27afe29b2bafcd2e1c11441cdb0374", kill_on_drop: false }`
[INFO] running `Command { std: "docker" "inspect" "e0dac519cdfb309826de6af1a79b856a8e27afe29b2bafcd2e1c11441cdb0374", kill_on_drop: false }`
[INFO] running `Command { std: "docker" "rm" "-f" "e0dac519cdfb309826de6af1a79b856a8e27afe29b2bafcd2e1c11441cdb0374", kill_on_drop: false }`
[INFO] [stdout] e0dac519cdfb309826de6af1a79b856a8e27afe29b2bafcd2e1c11441cdb0374
[INFO] running `Command { std: "docker" "create" "-v" "/var/lib/crater-agent-workspace/builds/worker-2-tc2/target:/opt/rustwide/target:rw,Z" "-v" "/var/lib/crater-agent-workspace/builds/worker-2-tc2/source:/opt/rustwide/workdir:ro,Z" "-v" "/var/lib/crater-agent-workspace/cargo-home:/opt/rustwide/cargo-home:ro,Z" "-v" "/var/lib/crater-agent-workspace/rustup-home:/opt/rustwide/rustup-home:ro,Z" "-e" "SOURCE_DIR=/opt/rustwide/workdir" "-e" "CARGO_TARGET_DIR=/opt/rustwide/target" "-e" "CARGO_INCREMENTAL=0" "-e" "RUST_BACKTRACE=full" "-e" "RUSTFLAGS=--cap-lints=warn" "-e" "RUSTDOCFLAGS=--cap-lints=warn" "-e" "CARGO_HOME=/opt/rustwide/cargo-home" "-e" "RUSTUP_HOME=/opt/rustwide/rustup-home" "-w" "/opt/rustwide/workdir" "-m" "1610612736" "--user" "0:0" "--network" "none" "ghcr.io/rust-lang/crates-build-env/linux@sha256:2788e3201cd34a07e3172128adcd8b3090168a8e3bcc40d7c032b9dda1df7d1c" "/opt/rustwide/cargo-home/bin/cargo" "+beta-2023-12-22" "build" "--frozen" "--message-format=json", kill_on_drop: false }`
[INFO] [stdout] a51e6d076ffab7c30d3fd6faef3fc3531369eac94d0abcff5f31709c82edf547
[INFO] running `Command { std: "docker" "start" "-a" "a51e6d076ffab7c30d3fd6faef3fc3531369eac94d0abcff5f31709c82edf547", kill_on_drop: false }`
[INFO] [stderr]    Compiling proc-macro2 v1.0.66
[INFO] [stderr]    Compiling unicode-ident v1.0.6
[INFO] [stderr]    Compiling quote v1.0.31
[INFO] [stderr]    Compiling syn v2.0.26
[INFO] [stderr]    Compiling tern v0.1.1 (/opt/rustwide/workdir)
[INFO] [stderr]     Finished dev [unoptimized + debuginfo] target(s) in 4.90s
[INFO] running `Command { std: "docker" "inspect" "a51e6d076ffab7c30d3fd6faef3fc3531369eac94d0abcff5f31709c82edf547", kill_on_drop: false }`
[INFO] running `Command { std: "docker" "rm" "-f" "a51e6d076ffab7c30d3fd6faef3fc3531369eac94d0abcff5f31709c82edf547", kill_on_drop: false }`
[INFO] [stdout] a51e6d076ffab7c30d3fd6faef3fc3531369eac94d0abcff5f31709c82edf547
[INFO] running `Command { std: "docker" "create" "-v" "/var/lib/crater-agent-workspace/builds/worker-2-tc2/target:/opt/rustwide/target:rw,Z" "-v" "/var/lib/crater-agent-workspace/builds/worker-2-tc2/source:/opt/rustwide/workdir:ro,Z" "-v" "/var/lib/crater-agent-workspace/cargo-home:/opt/rustwide/cargo-home:ro,Z" "-v" "/var/lib/crater-agent-workspace/rustup-home:/opt/rustwide/rustup-home:ro,Z" "-e" "SOURCE_DIR=/opt/rustwide/workdir" "-e" "CARGO_TARGET_DIR=/opt/rustwide/target" "-e" "CARGO_INCREMENTAL=0" "-e" "RUST_BACKTRACE=full" "-e" "RUSTFLAGS=--cap-lints=warn" "-e" "RUSTDOCFLAGS=--cap-lints=warn" "-e" "CARGO_HOME=/opt/rustwide/cargo-home" "-e" "RUSTUP_HOME=/opt/rustwide/rustup-home" "-w" "/opt/rustwide/workdir" "-m" "1610612736" "--user" "0:0" "--network" "none" "ghcr.io/rust-lang/crates-build-env/linux@sha256:2788e3201cd34a07e3172128adcd8b3090168a8e3bcc40d7c032b9dda1df7d1c" "/opt/rustwide/cargo-home/bin/cargo" "+beta-2023-12-22" "test" "--frozen" "--no-run" "--message-format=json", kill_on_drop: false }`
[INFO] [stdout] 1a31ae8c646fc8bbc266691e8379fb563f4c055c3682405605c7e9c7d7a9d1e8
[INFO] running `Command { std: "docker" "start" "-a" "1a31ae8c646fc8bbc266691e8379fb563f4c055c3682405605c7e9c7d7a9d1e8", kill_on_drop: false }`
[INFO] [stderr]    Compiling proc-macro2 v1.0.66
[INFO] [stderr]    Compiling unicode-ident v1.0.6
[INFO] [stderr]    Compiling anyhow v1.0.72
[INFO] [stderr]    Compiling quote v1.0.31
[INFO] [stderr]    Compiling syn v2.0.26
[INFO] [stderr]    Compiling tern v0.1.1 (/opt/rustwide/workdir)
[INFO] [stderr]     Finished test [unoptimized + debuginfo] target(s) in 3.25s
[INFO] running `Command { std: "docker" "inspect" "1a31ae8c646fc8bbc266691e8379fb563f4c055c3682405605c7e9c7d7a9d1e8", kill_on_drop: false }`
[INFO] running `Command { std: "docker" "rm" "-f" "1a31ae8c646fc8bbc266691e8379fb563f4c055c3682405605c7e9c7d7a9d1e8", kill_on_drop: false }`
[INFO] [stdout] 1a31ae8c646fc8bbc266691e8379fb563f4c055c3682405605c7e9c7d7a9d1e8
[INFO] running `Command { std: "docker" "create" "-v" "/var/lib/crater-agent-workspace/builds/worker-2-tc2/target:/opt/rustwide/target:rw,Z" "-v" "/var/lib/crater-agent-workspace/builds/worker-2-tc2/source:/opt/rustwide/workdir:ro,Z" "-v" "/var/lib/crater-agent-workspace/cargo-home:/opt/rustwide/cargo-home:ro,Z" "-v" "/var/lib/crater-agent-workspace/rustup-home:/opt/rustwide/rustup-home:ro,Z" "-e" "SOURCE_DIR=/opt/rustwide/workdir" "-e" "CARGO_TARGET_DIR=/opt/rustwide/target" "-e" "CARGO_INCREMENTAL=0" "-e" "RUST_BACKTRACE=full" "-e" "RUSTFLAGS=--cap-lints=warn" "-e" "RUSTDOCFLAGS=--cap-lints=warn" "-e" "CARGO_HOME=/opt/rustwide/cargo-home" "-e" "RUSTUP_HOME=/opt/rustwide/rustup-home" "-w" "/opt/rustwide/workdir" "-m" "1610612736" "--user" "0:0" "--network" "none" "ghcr.io/rust-lang/crates-build-env/linux@sha256:2788e3201cd34a07e3172128adcd8b3090168a8e3bcc40d7c032b9dda1df7d1c" "/opt/rustwide/cargo-home/bin/cargo" "+beta-2023-12-22" "test" "--frozen", kill_on_drop: false }`
[INFO] [stdout] 65c4e1f2747016d0e041ebaa369370a345e861877faab4edc75efda57428b000
[INFO] running `Command { std: "docker" "start" "-a" "65c4e1f2747016d0e041ebaa369370a345e861877faab4edc75efda57428b000", kill_on_drop: false }`
[INFO] [stderr]     Finished test [unoptimized + debuginfo] target(s) in 0.01s
[INFO] [stderr]      Running unittests src/lib.rs (/opt/rustwide/target/debug/deps/tern-14a6cd4719c5ed7c)
[INFO] [stdout] 
[INFO] [stdout] running 0 tests
[INFO] [stdout] 
[INFO] [stdout] test result: ok. 0 passed; 0 failed; 0 ignored; 0 measured; 0 filtered out; finished in 0.00s
[INFO] [stdout] 
[INFO] [stderr]      Running tests/test.rs (/opt/rustwide/target/debug/deps/test-f5840b800b860d7c)
[INFO] [stdout] 
[INFO] [stdout] running 5 tests
[INFO] [stdout] test complex_type ... ok
[INFO] [stdout] test normal ... ok
[INFO] [stdout] test nested ... ok
[INFO] [stdout] test paths ... ok
[INFO] [stdout] test negated ... ok
[INFO] [stdout] 
[INFO] [stdout] test result: ok. 5 passed; 0 failed; 0 ignored; 0 measured; 0 filtered out; finished in 0.00s
[INFO] [stdout] 
[INFO] [stderr]    Doc-tests tern
[INFO] [stdout] 
[INFO] [stdout] running 4 tests
[INFO] [stdout] test src/lib.rs - t (line 109) ... FAILED
[INFO] [stdout] test src/lib.rs - t (line 117) ... FAILED
[INFO] [stdout] test src/lib.rs - (line 15) ... ok
[INFO] [stdout] test src/lib.rs - (line 27) ... ok
[INFO] [stdout] 
[INFO] [stdout] failures:
[INFO] [stdout] 
[INFO] [stdout] ---- src/lib.rs - t (line 109) stdout ----
[INFO] [stdout] error: cannot find macro `t` in this scope
[INFO] [stdout]  --> src/lib.rs:111:11
[INFO] [stdout]   |
[INFO] [stdout] 4 | let res = t!((*v.get(0).context("no first")?) == 1 ? "equals 1" : "not 1");
[INFO] [stdout]   |           ^
[INFO] [stdout]   |
[INFO] [stdout] help: consider importing this macro
[INFO] [stdout]   |
[INFO] [stdout] 2 + use tern::t;
[INFO] [stdout]   |
[INFO] [stdout] 
[INFO] [stdout] error: aborting due to 1 previous error
[INFO] [stdout] 
[INFO] [stdout] Couldn't compile the test.
[INFO] [stdout] ---- src/lib.rs - t (line 117) stdout ----
[INFO] [stdout] error: cannot find macro `t` in this scope
[INFO] [stdout]  --> src/lib.rs:122:11
[INFO] [stdout]   |
[INFO] [stdout] 7 | let res = t!(b > a ? b : t!(c > b ? c : a));
[INFO] [stdout]   |           ^
[INFO] [stdout]   |
[INFO] [stdout] help: consider importing this macro
[INFO] [stdout]   |
[INFO] [stdout] 2 + use tern::t;
[INFO] [stdout]   |
[INFO] [stdout] 
[INFO] [stdout] error: aborting due to 1 previous error
[INFO] [stdout] 
[INFO] [stdout] Couldn't compile the test.
[INFO] [stdout] 
[INFO] [stdout] failures:
[INFO] [stdout]     src/lib.rs - t (line 109)
[INFO] [stdout]     src/lib.rs - t (line 117)
[INFO] [stdout] 
[INFO] [stdout] test result: FAILED. 2 passed; 2 failed; 0 ignored; 0 measured; 0 filtered out; finished in 0.13s
[INFO] [stdout] 
[INFO] [stderr] error: doctest failed, to rerun pass `--doc`
[INFO] running `Command { std: "docker" "inspect" "65c4e1f2747016d0e041ebaa369370a345e861877faab4edc75efda57428b000", kill_on_drop: false }`
[INFO] running `Command { std: "docker" "rm" "-f" "65c4e1f2747016d0e041ebaa369370a345e861877faab4edc75efda57428b000", kill_on_drop: false }`
[INFO] [stdout] 65c4e1f2747016d0e041ebaa369370a345e861877faab4edc75efda57428b000
