[INFO] cloning repository https://github.com/lkbhargav/advent-of-code
[INFO] running `Command { std: "git" "-c" "credential.helper=" "-c" "credential.helper=/workspace/cargo-home/bin/git-credential-null" "clone" "--bare" "https://github.com/lkbhargav/advent-of-code" "/workspace/cache/git-repos/https%3A%2F%2Fgithub.com%2Flkbhargav%2Fadvent-of-code", kill_on_drop: false }`
[INFO] [stderr] Cloning into bare repository '/workspace/cache/git-repos/https%3A%2F%2Fgithub.com%2Flkbhargav%2Fadvent-of-code'...
[INFO] running `Command { std: "git" "rev-parse" "HEAD", kill_on_drop: false }`
[INFO] [stdout] aab4a763617a71ea1f7c990c030c60b708eba2a4
[INFO] testing lkbhargav/advent-of-code against 1.75.0 for beta-1.76-1
[INFO] running `Command { std: "git" "clone" "/workspace/cache/git-repos/https%3A%2F%2Fgithub.com%2Flkbhargav%2Fadvent-of-code" "/workspace/builds/worker-6-tc1/source", kill_on_drop: false }`
[INFO] [stderr] Cloning into '/workspace/builds/worker-6-tc1/source'...
[INFO] [stderr] done.
[INFO] validating manifest of git repo https://github.com/lkbhargav/advent-of-code on toolchain 1.75.0
[INFO] running `Command { std: CARGO_HOME="/workspace/cargo-home" RUSTUP_HOME="/workspace/rustup-home" "/workspace/cargo-home/bin/cargo" "+1.75.0" "metadata" "--manifest-path" "Cargo.toml" "--no-deps", kill_on_drop: false }`
[INFO] started tweaking git repo https://github.com/lkbhargav/advent-of-code
[INFO] finished tweaking git repo https://github.com/lkbhargav/advent-of-code
[INFO] tweaked toml for git repo https://github.com/lkbhargav/advent-of-code written to /workspace/builds/worker-6-tc1/source/Cargo.toml
[INFO] crate git repo https://github.com/lkbhargav/advent-of-code already has a lockfile, it will not be regenerated
[INFO] running `Command { std: CARGO_HOME="/workspace/cargo-home" RUSTUP_HOME="/workspace/rustup-home" "/workspace/cargo-home/bin/cargo" "+1.75.0" "fetch" "--manifest-path" "Cargo.toml", kill_on_drop: false }`
[INFO] [stderr]     Updating crates.io index
[INFO] [stderr]  Downloading crates ...
[INFO] [stderr]   Downloaded priority-queue v1.3.0
[INFO] [stderr]   Downloaded help v0.0.0
[INFO] running `Command { std: "docker" "create" "-v" "/var/lib/crater-agent-workspace/builds/worker-6-tc1/target:/opt/rustwide/target:rw,Z" "-v" "/var/lib/crater-agent-workspace/builds/worker-6-tc1/source:/opt/rustwide/workdir:ro,Z" "-v" "/var/lib/crater-agent-workspace/cargo-home:/opt/rustwide/cargo-home:ro,Z" "-v" "/var/lib/crater-agent-workspace/rustup-home:/opt/rustwide/rustup-home:ro,Z" "-e" "SOURCE_DIR=/opt/rustwide/workdir" "-e" "CARGO_TARGET_DIR=/opt/rustwide/target" "-e" "CARGO_HOME=/opt/rustwide/cargo-home" "-e" "RUSTUP_HOME=/opt/rustwide/rustup-home" "-w" "/opt/rustwide/workdir" "-m" "1610612736" "--user" "0:0" "--network" "none" "ghcr.io/rust-lang/crates-build-env/linux@sha256:2788e3201cd34a07e3172128adcd8b3090168a8e3bcc40d7c032b9dda1df7d1c" "/opt/rustwide/cargo-home/bin/cargo" "+1.75.0" "metadata" "--no-deps" "--format-version=1", kill_on_drop: false }`
[INFO] [stdout] 3473fbfac14bbebcb18605e49c9982805df60cf9b8a3fa9968d05c44158613c7
[INFO] running `Command { std: "docker" "start" "-a" "3473fbfac14bbebcb18605e49c9982805df60cf9b8a3fa9968d05c44158613c7", kill_on_drop: false }`
[INFO] running `Command { std: "docker" "inspect" "3473fbfac14bbebcb18605e49c9982805df60cf9b8a3fa9968d05c44158613c7", kill_on_drop: false }`
[INFO] running `Command { std: "docker" "rm" "-f" "3473fbfac14bbebcb18605e49c9982805df60cf9b8a3fa9968d05c44158613c7", kill_on_drop: false }`
[INFO] [stdout] 3473fbfac14bbebcb18605e49c9982805df60cf9b8a3fa9968d05c44158613c7
[INFO] running `Command { std: "docker" "create" "-v" "/var/lib/crater-agent-workspace/builds/worker-6-tc1/target:/opt/rustwide/target:rw,Z" "-v" "/var/lib/crater-agent-workspace/builds/worker-6-tc1/source:/opt/rustwide/workdir:ro,Z" "-v" "/var/lib/crater-agent-workspace/cargo-home:/opt/rustwide/cargo-home:ro,Z" "-v" "/var/lib/crater-agent-workspace/rustup-home:/opt/rustwide/rustup-home:ro,Z" "-e" "SOURCE_DIR=/opt/rustwide/workdir" "-e" "CARGO_TARGET_DIR=/opt/rustwide/target" "-e" "CARGO_INCREMENTAL=0" "-e" "RUST_BACKTRACE=full" "-e" "RUSTFLAGS=--cap-lints=warn" "-e" "RUSTDOCFLAGS=--cap-lints=warn" "-e" "CARGO_HOME=/opt/rustwide/cargo-home" "-e" "RUSTUP_HOME=/opt/rustwide/rustup-home" "-w" "/opt/rustwide/workdir" "-m" "1610612736" "--user" "0:0" "--network" "none" "ghcr.io/rust-lang/crates-build-env/linux@sha256:2788e3201cd34a07e3172128adcd8b3090168a8e3bcc40d7c032b9dda1df7d1c" "/opt/rustwide/cargo-home/bin/cargo" "+1.75.0" "build" "--frozen" "--message-format=json", kill_on_drop: false }`
[INFO] [stdout] 7b4df809578df5f34ee92106e0f1a65a6d66df231be0455b80e76179b9b6c8dd
[INFO] running `Command { std: "docker" "start" "-a" "7b4df809578df5f34ee92106e0f1a65a6d66df231be0455b80e76179b9b6c8dd", kill_on_drop: false }`
[INFO] [stderr]    Compiling libc v0.2.137
[INFO] [stderr]    Compiling proc-macro2 v1.0.47
[INFO] [stderr]    Compiling quote v1.0.21
[INFO] [stderr]    Compiling unicode-ident v1.0.5
[INFO] [stderr]    Compiling syn v1.0.103
[INFO] [stderr]    Compiling autocfg v1.1.0
[INFO] [stderr]    Compiling serde_derive v1.0.147
[INFO] [stderr]    Compiling serde v1.0.147
[INFO] [stderr]    Compiling memchr v2.5.0
[INFO] [stderr]    Compiling lazy_static v1.4.0
[INFO] [stderr]    Compiling hashbrown v0.12.3
[INFO] [stderr]    Compiling serde_json v1.0.87
[INFO] [stderr]    Compiling fastrand v1.8.0
[INFO] [stderr]    Compiling remove_dir_all v0.5.3
[INFO] [stderr]    Compiling cfg-if v1.0.0
[INFO] [stderr]    Compiling unicode-width v0.1.10
[INFO] [stderr]    Compiling ryu v1.0.11
[INFO] [stderr]    Compiling zeroize v1.5.7
[INFO] [stderr]    Compiling itoa v1.0.4
[INFO] [stderr]    Compiling regex-syntax v0.6.28
[INFO] [stderr]    Compiling help v0.0.0
[INFO] [stderr]    Compiling md5 v0.7.0
[INFO] [stderr]    Compiling indexmap v1.9.2
[INFO] [stderr]    Compiling priority-queue v1.3.0
[INFO] [stderr]    Compiling aho-corasick v0.7.20
[INFO] [stderr]    Compiling terminal_size v0.1.17
[INFO] [stderr]    Compiling tempfile v3.3.0
[INFO] [stderr]    Compiling atty v0.2.14
[INFO] [stderr]    Compiling colored v2.0.0
[INFO] [stderr]    Compiling console v0.15.2
[INFO] [stderr]    Compiling dialoguer v0.10.2
[INFO] [stderr]    Compiling regex v1.7.0
[INFO] [stderr]    Compiling advent_of_code v0.1.0 (/opt/rustwide/workdir)
[INFO] [stdout] warning: value assigned to `prev_x` is never read
[INFO] [stdout]    --> src/y_2016/d_1.rs:121:17
[INFO] [stdout]     |
[INFO] [stdout] 121 |         let mut prev_x = 0;
[INFO] [stdout]     |                 ^^^^^^
[INFO] [stdout]     |
[INFO] [stdout]     = help: maybe it is overwritten before being read?
[INFO] [stdout]     = note: `#[warn(unused_assignments)]` on by default
[INFO] [stdout] 
[INFO] [stdout] 
[INFO] [stdout] warning: value assigned to `prev_y` is never read
[INFO] [stdout]    --> src/y_2016/d_1.rs:122:17
[INFO] [stdout]     |
[INFO] [stdout] 122 |         let mut prev_y = 0;
[INFO] [stdout]     |                 ^^^^^^
[INFO] [stdout]     |
[INFO] [stdout]     = help: maybe it is overwritten before being read?
[INFO] [stdout] 
[INFO] [stdout] 
[INFO] [stdout] warning: 2 warnings emitted
[INFO] [stdout] 
[INFO] [stdout] 
[INFO] [stderr]     Finished dev [unoptimized + debuginfo] target(s) in 7.98s
[INFO] running `Command { std: "docker" "inspect" "7b4df809578df5f34ee92106e0f1a65a6d66df231be0455b80e76179b9b6c8dd", kill_on_drop: false }`
[INFO] running `Command { std: "docker" "rm" "-f" "7b4df809578df5f34ee92106e0f1a65a6d66df231be0455b80e76179b9b6c8dd", kill_on_drop: false }`
[INFO] [stdout] 7b4df809578df5f34ee92106e0f1a65a6d66df231be0455b80e76179b9b6c8dd
[INFO] running `Command { std: "docker" "create" "-v" "/var/lib/crater-agent-workspace/builds/worker-6-tc1/target:/opt/rustwide/target:rw,Z" "-v" "/var/lib/crater-agent-workspace/builds/worker-6-tc1/source:/opt/rustwide/workdir:ro,Z" "-v" "/var/lib/crater-agent-workspace/cargo-home:/opt/rustwide/cargo-home:ro,Z" "-v" "/var/lib/crater-agent-workspace/rustup-home:/opt/rustwide/rustup-home:ro,Z" "-e" "SOURCE_DIR=/opt/rustwide/workdir" "-e" "CARGO_TARGET_DIR=/opt/rustwide/target" "-e" "CARGO_INCREMENTAL=0" "-e" "RUST_BACKTRACE=full" "-e" "RUSTFLAGS=--cap-lints=warn" "-e" "RUSTDOCFLAGS=--cap-lints=warn" "-e" "CARGO_HOME=/opt/rustwide/cargo-home" "-e" "RUSTUP_HOME=/opt/rustwide/rustup-home" "-w" "/opt/rustwide/workdir" "-m" "1610612736" "--user" "0:0" "--network" "none" "ghcr.io/rust-lang/crates-build-env/linux@sha256:2788e3201cd34a07e3172128adcd8b3090168a8e3bcc40d7c032b9dda1df7d1c" "/opt/rustwide/cargo-home/bin/cargo" "+1.75.0" "test" "--frozen" "--no-run" "--message-format=json", kill_on_drop: false }`
[INFO] [stdout] b190b907eefe29e8fcc57df0a13c0fbbcfc82e2473c0d0725ba331dd69df2277
[INFO] running `Command { std: "docker" "start" "-a" "b190b907eefe29e8fcc57df0a13c0fbbcfc82e2473c0d0725ba331dd69df2277", kill_on_drop: false }`
[INFO] [stdout] warning: value assigned to `prev_x` is never read
[INFO] [stdout]    --> src/y_2016/d_1.rs:121:17
[INFO] [stdout]     |
[INFO] [stdout] 121 |         let mut prev_x = 0;
[INFO] [stdout]     |                 ^^^^^^
[INFO] [stdout]     |
[INFO] [stdout]     = help: maybe it is overwritten before being read?
[INFO] [stdout]     = note: `#[warn(unused_assignments)]` on by default
[INFO] [stdout] 
[INFO] [stdout] 
[INFO] [stderr]    Compiling advent_of_code v0.1.0 (/opt/rustwide/workdir)
[INFO] [stdout] warning: value assigned to `prev_y` is never read
[INFO] [stdout]    --> src/y_2016/d_1.rs:122:17
[INFO] [stdout]     |
[INFO] [stdout] 122 |         let mut prev_y = 0;
[INFO] [stdout]     |                 ^^^^^^
[INFO] [stdout]     |
[INFO] [stdout]     = help: maybe it is overwritten before being read?
[INFO] [stdout] 
[INFO] [stdout] 
[INFO] [stdout] warning: 2 warnings emitted
[INFO] [stdout] 
[INFO] [stdout] 
[INFO] [stdout] warning: value assigned to `prev_x` is never read
[INFO] [stdout]    --> src/y_2016/d_1.rs:121:17
[INFO] [stdout]     |
[INFO] [stdout] 121 |         let mut prev_x = 0;
[INFO] [stdout]     |                 ^^^^^^
[INFO] [stdout]     |
[INFO] [stdout]     = help: maybe it is overwritten before being read?
[INFO] [stdout]     = note: `#[warn(unused_assignments)]` on by default
[INFO] [stdout] 
[INFO] [stdout] 
[INFO] [stdout] warning: value assigned to `prev_y` is never read
[INFO] [stdout]    --> src/y_2016/d_1.rs:122:17
[INFO] [stdout]     |
[INFO] [stdout] 122 |         let mut prev_y = 0;
[INFO] [stdout]     |                 ^^^^^^
[INFO] [stdout]     |
[INFO] [stdout]     = help: maybe it is overwritten before being read?
[INFO] [stdout] 
[INFO] [stdout] 
[INFO] [stdout] warning: 2 warnings emitted
[INFO] [stdout] 
[INFO] [stdout] 
[INFO] [stderr]     Finished test [unoptimized + debuginfo] target(s) in 1.68s
[INFO] running `Command { std: "docker" "inspect" "b190b907eefe29e8fcc57df0a13c0fbbcfc82e2473c0d0725ba331dd69df2277", kill_on_drop: false }`
[INFO] running `Command { std: "docker" "rm" "-f" "b190b907eefe29e8fcc57df0a13c0fbbcfc82e2473c0d0725ba331dd69df2277", kill_on_drop: false }`
[INFO] [stdout] b190b907eefe29e8fcc57df0a13c0fbbcfc82e2473c0d0725ba331dd69df2277
[INFO] running `Command { std: "docker" "create" "-v" "/var/lib/crater-agent-workspace/builds/worker-6-tc1/target:/opt/rustwide/target:rw,Z" "-v" "/var/lib/crater-agent-workspace/builds/worker-6-tc1/source:/opt/rustwide/workdir:ro,Z" "-v" "/var/lib/crater-agent-workspace/cargo-home:/opt/rustwide/cargo-home:ro,Z" "-v" "/var/lib/crater-agent-workspace/rustup-home:/opt/rustwide/rustup-home:ro,Z" "-e" "SOURCE_DIR=/opt/rustwide/workdir" "-e" "CARGO_TARGET_DIR=/opt/rustwide/target" "-e" "CARGO_INCREMENTAL=0" "-e" "RUST_BACKTRACE=full" "-e" "RUSTFLAGS=--cap-lints=warn" "-e" "RUSTDOCFLAGS=--cap-lints=warn" "-e" "CARGO_HOME=/opt/rustwide/cargo-home" "-e" "RUSTUP_HOME=/opt/rustwide/rustup-home" "-w" "/opt/rustwide/workdir" "-m" "1610612736" "--user" "0:0" "--network" "none" "ghcr.io/rust-lang/crates-build-env/linux@sha256:2788e3201cd34a07e3172128adcd8b3090168a8e3bcc40d7c032b9dda1df7d1c" "/opt/rustwide/cargo-home/bin/cargo" "+1.75.0" "test" "--frozen", kill_on_drop: false }`
[INFO] [stdout] a60998b38d4269649830afa41a99d99e1e86918411ee6c0f71ff07d365d32830
[INFO] running `Command { std: "docker" "start" "-a" "a60998b38d4269649830afa41a99d99e1e86918411ee6c0f71ff07d365d32830", kill_on_drop: false }`
[INFO] [stderr] warning: value assigned to `prev_x` is never read
[INFO] [stderr]    --> src/y_2016/d_1.rs:121:17
[INFO] [stderr]     |
[INFO] [stderr] 121 |         let mut prev_x = 0;
[INFO] [stderr]     |                 ^^^^^^
[INFO] [stderr]     |
[INFO] [stderr]     = help: maybe it is overwritten before being read?
[INFO] [stderr]     = note: `#[warn(unused_assignments)]` on by default
[INFO] [stderr] 
[INFO] [stderr] warning: value assigned to `prev_y` is never read
[INFO] [stderr]    --> src/y_2016/d_1.rs:122:17
[INFO] [stderr]     |
[INFO] [stderr] 122 |         let mut prev_y = 0;
[INFO] [stderr]     |                 ^^^^^^
[INFO] [stderr]     |
[INFO] [stderr]     = help: maybe it is overwritten before being read?
[INFO] [stderr] 
[INFO] [stderr] warning: `advent_of_code` (lib) generated 2 warnings
[INFO] [stderr] warning: `advent_of_code` (lib test) generated 2 warnings (2 duplicates)
[INFO] [stderr]     Finished test [unoptimized + debuginfo] target(s) in 0.02s
[INFO] [stderr]      Running unittests src/lib.rs (/opt/rustwide/target/debug/deps/advent_of_code-fcd5048929515e8c)
[INFO] [stdout] 
[INFO] [stdout] running 73 tests
[INFO] [stdout] test y_2015::d_12::tests::q2_works ... ok
[INFO] [stdout] test y_2015::d_10::tests::q1_works ... ok
[INFO] [stdout] test y_2015::d_12::tests::q1_works ... ok
[INFO] [stdout] test y_2015::d_1::tests::q1_works ... ok
[INFO] [stdout] test y_2015::d_1::tests::q2_works ... ok
[INFO] [stdout] test y_2015::d_2::tests::q1_works ... ok
[INFO] [stdout] test y_2015::d_2::tests::q2_works ... ok
[INFO] [stdout] test y_2015::d_3::tests::q1_works ... ok
[INFO] [stdout] test y_2015::d_3::tests::q1b_works ... ok
[INFO] [stdout] test y_2015::d_3::tests::q1c_works ... ok
[INFO] [stdout] test y_2015::d_3::tests::q2_works ... ok
[INFO] [stdout] test y_2015::d_3::tests::q2b_works ... ok
[INFO] [stdout] test y_2015::d_5::tests::q1_works ... ok
[INFO] [stdout] test y_2015::d_5::tests::q2_works ... ok
[INFO] [stdout] test y_2015::d_8::tests::q2b_works ... ok
[INFO] [stdout] test y_2016::d_1::tests::q1_works ... ok
[INFO] [stdout] test y_2017::d_1::tests::q1_works ... ok
[INFO] [stdout] test y_2016::d_1::tests::q2_works ... ok
[INFO] [stdout] test y_2015::d_8::tests::q2_works ... ok
[INFO] [stdout] test y_2017::d_1::tests::q1b_works ... ok
[INFO] [stdout] test y_2017::d_1::tests::q1c_works ... ok
[INFO] [stdout] test y_2017::d_1::tests::q1d_works ... ok
[INFO] [stdout] test y_2017::d_1::tests::q2_works ... ok
[INFO] [stdout] test y_2017::d_1::tests::q2f_works ... ok
[INFO] [stdout] test y_2017::d_1::tests::q2g_works ... ok
[INFO] [stdout] test y_2017::d_1::tests::q2i_works ... ok
[INFO] [stdout] test y_2017::d_2::tests::q2_works ... ok
[INFO] [stdout] test y_2017::d_2::tests::q1_works ... ok
[INFO] [stdout] test y_2018::d_1::tests::q1_works ... ok
[INFO] [stdout] test y_2017::d_1::tests::q2h_works ... ok
[INFO] [stdout] test y_2015::d_8::tests::q1_works ... ok
[INFO] [stdout] test y_2015::d_8::tests::q1b_works ... ok
[INFO] [stdout] test y_2018::d_1::tests::q2_works ... ok
[INFO] [stdout] test y_2018::d_2::tests::q2_works ... ok
[INFO] [stdout] test y_2018::d_2::tests::q1_works ... ok
[INFO] [stdout] test y_2022::d_11::tests::test_bored ... ok
[INFO] [stdout] test y_2022::d_10::tests::q1_works ... ok
[INFO] [stdout] test y_2022::d_1::tests::q1_works ... ok
[INFO] [stdout] test y_2022::d_12::tests::q2_works ... ok
[INFO] [stdout] test y_2022::d_2::tests::q1_works ... ok
[INFO] [stdout] test y_2022::d_1::tests::q2_works ... ok
[INFO] [stdout] test y_2022::d_2::tests::q2_works ... ok
[INFO] [stdout] test y_2022::d_3::tests::q2_works ... ok
[INFO] [stdout] test y_2022::d_3::tests::q1_works ... ok
[INFO] [stdout] test y_2015::d_11::tests::q2_works ... ok
[INFO] [stdout] test y_2015::d_11::tests::q1_works ... ok
[INFO] [stdout] test y_2022::d_6::tests::q1_works ... ok
[INFO] [stdout] test y_2022::d_6::tests::q2_works ... ok
[INFO] [stdout] test y_2022::d_7::tests::q1_works ... ok
[INFO] [stdout] test y_2022::d_7::tests::q2_works ... ok
[INFO] [stdout] test y_2022::d_8::tests::q1_works ... ok
[INFO] [stdout] test y_2022::d_8::tests::q2_works ... ok
[INFO] [stdout] test y_2022::d_9::tests::q1_works ... ok
[INFO] [stdout] test y_2022::d_9::tests::q2_works ... ok
[INFO] [stdout] test y_2022::d_5::tests::q1_works ... ok
[INFO] [stdout] test y_2023::d_1::tests::q1_works ... ok
[INFO] [stdout] test y_2023::d_1::tests::q2_works ... ok
[INFO] [stdout] test y_2022::d_5::tests::q2_works ... ok
[INFO] [stdout] test y_2023::d_2::tests::q1_works ... ok
[INFO] [stdout] test y_2022::d_4::tests::q1_works ... ok
[INFO] [stdout] test y_2015::d_7::tests::q1_works ... ok
[INFO] [stdout] test y_2023::d_2::tests::q2_works ... ok
[INFO] [stdout] test y_2022::d_4::tests::q2_works ... ok
[INFO] [stdout] test y_2022::d_11::tests::q1_works ... ok
[INFO] [stdout] test y_2015::d_9::tests::q1_works ... ok
[INFO] [stdout] test y_2015::d_9::tests::q2_works ... ok
[INFO] [stdout] test y_2022::d_12::tests::q1_works ... FAILED
[INFO] [stdout] test y_2022::d_11::tests::q2_works ... ok
[INFO] [stdout] test y_2015::d_6::tests::q1_works ... ok
[INFO] [stdout] test y_2015::d_6::tests::q2_works ... ok
[INFO] [stdout] test y_2015::d_6::tests::q2b_works ... ok
[INFO] [stdout] test y_2015::d_4::tests::q1_works ... ok
[INFO] [stdout] test y_2015::d_4::tests::q2_works ... ok
[INFO] [stdout] 
[INFO] [stdout] failures:
[INFO] [stdout] 
[INFO] [stdout] ---- y_2022::d_12::tests::q1_works stdout ----
[INFO] [stdout] [src/y_2022/d_12.rs:46] self.map.clone() = [
[INFO] [stdout]     [
[INFO] [stdout]         83,
[INFO] [stdout]         97,
[INFO] [stdout]         98,
[INFO] [stdout]         113,
[INFO] [stdout]         112,
[INFO] [stdout]         111,
[INFO] [stdout]         110,
[INFO] [stdout]         109,
[INFO] [stdout]     ],
[INFO] [stdout]     [
[INFO] [stdout]         97,
[INFO] [stdout]         98,
[INFO] [stdout]         99,
[INFO] [stdout]         114,
[INFO] [stdout]         121,
[INFO] [stdout]         120,
[INFO] [stdout]         120,
[INFO] [stdout]         108,
[INFO] [stdout]     ],
[INFO] [stdout]     [
[INFO] [stdout]         97,
[INFO] [stdout]         99,
[INFO] [stdout]         99,
[INFO] [stdout]         115,
[INFO] [stdout]         122,
[INFO] [stdout]         69,
[INFO] [stdout]         120,
[INFO] [stdout]         107,
[INFO] [stdout]     ],
[INFO] [stdout]     [
[INFO] [stdout]         97,
[INFO] [stdout]         99,
[INFO] [stdout]         99,
[INFO] [stdout]         116,
[INFO] [stdout]         117,
[INFO] [stdout]         118,
[INFO] [stdout]         119,
[INFO] [stdout]         106,
[INFO] [stdout]     ],
[INFO] [stdout]     [
[INFO] [stdout]         97,
[INFO] [stdout]         98,
[INFO] [stdout]         100,
[INFO] [stdout]         101,
[INFO] [stdout]         102,
[INFO] [stdout]         103,
[INFO] [stdout]         104,
[INFO] [stdout]         105,
[INFO] [stdout]     ],
[INFO] [stdout] ]
[INFO] [stdout] thread 'y_2022::d_12::tests::q1_works' panicked at src/y_2022/d_12.rs:116:35:
[INFO] [stdout] index out of bounds: the len is 5 but the index is 5
[INFO] [stdout] stack backtrace:
[INFO] [stdout]    0:     0x564ac76508fc - std::backtrace_rs::backtrace::libunwind::trace::ha637c64ce894333a
[INFO] [stdout]                                at /rustc/82e1608dfa6e0b5569232559e3d385fea5a93112/library/std/src/../../backtrace/src/backtrace/libunwind.rs:104:5
[INFO] [stdout]    1:     0x564ac76508fc - std::backtrace_rs::backtrace::trace_unsynchronized::h47f62dea28e0c88d
[INFO] [stdout]                                at /rustc/82e1608dfa6e0b5569232559e3d385fea5a93112/library/std/src/../../backtrace/src/backtrace/mod.rs:66:5
[INFO] [stdout]    2:     0x564ac76508fc - std::sys_common::backtrace::_print_fmt::h9eef0abe20ede486
[INFO] [stdout]                                at /rustc/82e1608dfa6e0b5569232559e3d385fea5a93112/library/std/src/sys_common/backtrace.rs:67:5
[INFO] [stdout]    3:     0x564ac76508fc - <std::sys_common::backtrace::_print::DisplayBacktrace as core::fmt::Display>::fmt::hed7f999df88cc644
[INFO] [stdout]                                at /rustc/82e1608dfa6e0b5569232559e3d385fea5a93112/library/std/src/sys_common/backtrace.rs:44:22
[INFO] [stdout]    4:     0x564ac767b330 - core::fmt::rt::Argument::fmt::h1539a9308b8d058d
[INFO] [stdout]                                at /rustc/82e1608dfa6e0b5569232559e3d385fea5a93112/library/core/src/fmt/rt.rs:142:9
[INFO] [stdout]    5:     0x564ac767b330 - core::fmt::write::h3a39390d8560d9c9
[INFO] [stdout]                                at /rustc/82e1608dfa6e0b5569232559e3d385fea5a93112/library/core/src/fmt/mod.rs:1120:17
[INFO] [stdout]    6:     0x564ac764e2af - std::io::Write::write_fmt::h040b369f3a0f9cbc
[INFO] [stdout]                                at /rustc/82e1608dfa6e0b5569232559e3d385fea5a93112/library/std/src/io/mod.rs:1762:15
[INFO] [stdout]    7:     0x564ac76506e4 - std::sys_common::backtrace::_print::h894006fb5c6f3d45
[INFO] [stdout]                                at /rustc/82e1608dfa6e0b5569232559e3d385fea5a93112/library/std/src/sys_common/backtrace.rs:47:5
[INFO] [stdout]    8:     0x564ac76506e4 - std::sys_common::backtrace::print::h23a2d212c6fff936
[INFO] [stdout]                                at /rustc/82e1608dfa6e0b5569232559e3d385fea5a93112/library/std/src/sys_common/backtrace.rs:34:9
[INFO] [stdout]    9:     0x564ac76523a7 - std::panicking::default_hook::{{closure}}::h8a1d2ee00185001a
[INFO] [stdout]   10:     0x564ac7652093 - std::panicking::default_hook::h6038f2eba384e475
[INFO] [stdout]                                at /rustc/82e1608dfa6e0b5569232559e3d385fea5a93112/library/std/src/panicking.rs:289:9
[INFO] [stdout]   11:     0x564ac746eef7 - <alloc::boxed::Box<F,A> as core::ops::function::Fn<Args>>::call::h0ad024c9bdc6d768
[INFO] [stdout]                                at /rustc/82e1608dfa6e0b5569232559e3d385fea5a93112/library/alloc/src/boxed.rs:2021:9
[INFO] [stdout]   12:     0x564ac746eef7 - test::test_main::{{closure}}::h7500b54257359db6
[INFO] [stdout]                                at /rustc/82e1608dfa6e0b5569232559e3d385fea5a93112/library/test/src/lib.rs:138:21
[INFO] [stdout]   13:     0x564ac76529b8 - <alloc::boxed::Box<F,A> as core::ops::function::Fn<Args>>::call::h1f8f335eaa9cfaee
[INFO] [stdout]                                at /rustc/82e1608dfa6e0b5569232559e3d385fea5a93112/library/alloc/src/boxed.rs:2021:9
[INFO] [stdout]   14:     0x564ac76529b8 - std::panicking::rust_panic_with_hook::h2b5517d590cab22e
[INFO] [stdout]                                at /rustc/82e1608dfa6e0b5569232559e3d385fea5a93112/library/std/src/panicking.rs:783:13
[INFO] [stdout]   15:     0x564ac765270e - std::panicking::begin_panic_handler::{{closure}}::h233112c06e0ef43e
[INFO] [stdout]                                at /rustc/82e1608dfa6e0b5569232559e3d385fea5a93112/library/std/src/panicking.rs:657:13
[INFO] [stdout]   16:     0x564ac7650dc6 - std::sys_common::backtrace::__rust_end_short_backtrace::h6e893f24d7ebbff8
[INFO] [stdout]                                at /rustc/82e1608dfa6e0b5569232559e3d385fea5a93112/library/std/src/sys_common/backtrace.rs:170:18
[INFO] [stdout]   17:     0x564ac7652472 - rust_begin_unwind
[INFO] [stdout]                                at /rustc/82e1608dfa6e0b5569232559e3d385fea5a93112/library/std/src/panicking.rs:645:5
[INFO] [stdout]   18:     0x564ac738e225 - core::panicking::panic_fmt::hbf0e066aabfa482c
[INFO] [stdout]                                at /rustc/82e1608dfa6e0b5569232559e3d385fea5a93112/library/core/src/panicking.rs:72:14
[INFO] [stdout]   19:     0x564ac738e3e2 - core::panicking::panic_bounds_check::h326a19b32dc06d6d
[INFO] [stdout]                                at /rustc/82e1608dfa6e0b5569232559e3d385fea5a93112/library/core/src/panicking.rs:190:5
[INFO] [stdout]   20:     0x564ac7566aae - <usize as core::slice::index::SliceIndex<[T]>>::index::h6b9f3f41d4cb0831
[INFO] [stdout]                                at /rustc/82e1608dfa6e0b5569232559e3d385fea5a93112/library/core/src/slice/index.rs:258:10
[INFO] [stdout]   21:     0x564ac754d1a4 - core::slice::index::<impl core::ops::index::Index<I> for [T]>::index::h34da0cbde8a50cb6
[INFO] [stdout]                                at /rustc/82e1608dfa6e0b5569232559e3d385fea5a93112/library/core/src/slice/index.rs:18:9
[INFO] [stdout]   22:     0x564ac754d1a4 - <alloc::vec::Vec<T,A> as core::ops::index::Index<I>>::index::h12ec01ea5ea425a5
[INFO] [stdout]                                at /rustc/82e1608dfa6e0b5569232559e3d385fea5a93112/library/alloc/src/vec/mod.rs:2732:9
[INFO] [stdout]   23:     0x564ac73f458a - advent_of_code::y_2022::d_12::Day12::find_path::h2fb482d298958784
[INFO] [stdout]                                at /opt/rustwide/workdir/src/y_2022/d_12.rs:116:35
[INFO] [stdout]   24:     0x564ac73f46e2 - advent_of_code::y_2022::d_12::Day12::find_path::h2fb482d298958784
[INFO] [stdout]                                at /opt/rustwide/workdir/src/y_2022/d_12.rs:120:25
[INFO] [stdout]   25:     0x564ac73f46e2 - advent_of_code::y_2022::d_12::Day12::find_path::h2fb482d298958784
[INFO] [stdout]                                at /opt/rustwide/workdir/src/y_2022/d_12.rs:120:25
[INFO] [stdout]   26:     0x564ac73f46e2 - advent_of_code::y_2022::d_12::Day12::find_path::h2fb482d298958784
[INFO] [stdout]                                at /opt/rustwide/workdir/src/y_2022/d_12.rs:120:25
[INFO] [stdout]   27:     0x564ac73f46e2 - advent_of_code::y_2022::d_12::Day12::find_path::h2fb482d298958784
[INFO] [stdout]                                at /opt/rustwide/workdir/src/y_2022/d_12.rs:120:25
[INFO] [stdout]   28:     0x564ac73f3d06 - <advent_of_code::y_2022::d_12::Day12 as advent_of_code::traits::Questions>::question_one::h1597549709342493
[INFO] [stdout]                                at /opt/rustwide/workdir/src/y_2022/d_12.rs:54:19
[INFO] [stdout]   29:     0x564ac740cd1c - advent_of_code::y_2022::d_12::tests::q1_works::hda67b4b089949c62
[INFO] [stdout]                                at /opt/rustwide/workdir/src/y_2022/d_12.rs:142:18
[INFO] [stdout]   30:     0x564ac740cc37 - advent_of_code::y_2022::d_12::tests::q1_works::{{closure}}::h29b9e3a6f916f27f
[INFO] [stdout]                                at /opt/rustwide/workdir/src/y_2022/d_12.rs:133:18
[INFO] [stdout]   31:     0x564ac7414d96 - core::ops::function::FnOnce::call_once::h46a9245f3274e8d9
[INFO] [stdout]                                at /rustc/82e1608dfa6e0b5569232559e3d385fea5a93112/library/core/src/ops/function.rs:250:5
[INFO] [stdout]   32:     0x564ac747454f - core::ops::function::FnOnce::call_once::h2b5d431d5046312d
[INFO] [stdout]                                at /rustc/82e1608dfa6e0b5569232559e3d385fea5a93112/library/core/src/ops/function.rs:250:5
[INFO] [stdout]   33:     0x564ac747454f - test::__rust_begin_short_backtrace::h7714669af176e207
[INFO] [stdout]                                at /rustc/82e1608dfa6e0b5569232559e3d385fea5a93112/library/test/src/lib.rs:628:18
[INFO] [stdout]   34:     0x564ac7473565 - test::run_test_in_process::{{closure}}::h85218797dcbcec12
[INFO] [stdout]                                at /rustc/82e1608dfa6e0b5569232559e3d385fea5a93112/library/test/src/lib.rs:651:60
[INFO] [stdout]   35:     0x564ac7473565 - <core::panic::unwind_safe::AssertUnwindSafe<F> as core::ops::function::FnOnce<()>>::call_once::h76c106ea31c14d7b
[INFO] [stdout]                                at /rustc/82e1608dfa6e0b5569232559e3d385fea5a93112/library/core/src/panic/unwind_safe.rs:272:9
[INFO] [stdout]   36:     0x564ac7473565 - std::panicking::try::do_call::h3bd5d0f6620ee946
[INFO] [stdout]                                at /rustc/82e1608dfa6e0b5569232559e3d385fea5a93112/library/std/src/panicking.rs:552:40
[INFO] [stdout]   37:     0x564ac7473565 - std::panicking::try::h232e535e4744fe31
[INFO] [stdout]                                at /rustc/82e1608dfa6e0b5569232559e3d385fea5a93112/library/std/src/panicking.rs:516:19
[INFO] [stdout]   38:     0x564ac7473565 - std::panic::catch_unwind::h3ce3bd6ca8dbac68
[INFO] [stdout]                                at /rustc/82e1608dfa6e0b5569232559e3d385fea5a93112/library/std/src/panic.rs:142:14
[INFO] [stdout]   39:     0x564ac7473565 - test::run_test_in_process::hc97b257c9621286a
[INFO] [stdout]                                at /rustc/82e1608dfa6e0b5569232559e3d385fea5a93112/library/test/src/lib.rs:651:27
[INFO] [stdout]   40:     0x564ac7473565 - test::run_test::{{closure}}::h2aa798823a438d38
[INFO] [stdout]                                at /rustc/82e1608dfa6e0b5569232559e3d385fea5a93112/library/test/src/lib.rs:574:43
[INFO] [stdout]   41:     0x564ac743b826 - test::run_test::{{closure}}::h87d231c78fb59832
[INFO] [stdout]                                at /rustc/82e1608dfa6e0b5569232559e3d385fea5a93112/library/test/src/lib.rs:602:41
[INFO] [stdout]   42:     0x564ac743b826 - std::sys_common::backtrace::__rust_begin_short_backtrace::he6df152596625789
[INFO] [stdout]                                at /rustc/82e1608dfa6e0b5569232559e3d385fea5a93112/library/std/src/sys_common/backtrace.rs:154:18
[INFO] [stdout]   43:     0x564ac74408d7 - std::thread::Builder::spawn_unchecked_::{{closure}}::{{closure}}::ha94be15d1e0acf36
[INFO] [stdout]                                at /rustc/82e1608dfa6e0b5569232559e3d385fea5a93112/library/std/src/thread/mod.rs:529:17
[INFO] [stdout]   44:     0x564ac74408d7 - <core::panic::unwind_safe::AssertUnwindSafe<F> as core::ops::function::FnOnce<()>>::call_once::h9dc6bd6372f16606
[INFO] [stdout]                                at /rustc/82e1608dfa6e0b5569232559e3d385fea5a93112/library/core/src/panic/unwind_safe.rs:272:9
[INFO] [stdout]   45:     0x564ac74408d7 - std::panicking::try::do_call::h9057517f80303cd4
[INFO] [stdout]                                at /rustc/82e1608dfa6e0b5569232559e3d385fea5a93112/library/std/src/panicking.rs:552:40
[INFO] [stdout]   46:     0x564ac74408d7 - std::panicking::try::he3a30b11ee45340c
[INFO] [stdout]                                at /rustc/82e1608dfa6e0b5569232559e3d385fea5a93112/library/std/src/panicking.rs:516:19
[INFO] [stdout]   47:     0x564ac74408d7 - std::panic::catch_unwind::h410458cfd3528b8b
[INFO] [stdout]                                at /rustc/82e1608dfa6e0b5569232559e3d385fea5a93112/library/std/src/panic.rs:142:14
[INFO] [stdout]   48:     0x564ac74408d7 - std::thread::Builder::spawn_unchecked_::{{closure}}::h72ac3bdb567b737b
[INFO] [stdout]                                at /rustc/82e1608dfa6e0b5569232559e3d385fea5a93112/library/std/src/thread/mod.rs:528:30
[INFO] [stdout]   49:     0x564ac74408d7 - core::ops::function::FnOnce::call_once{{vtable.shim}}::h38f34da3654a8344
[INFO] [stdout]                                at /rustc/82e1608dfa6e0b5569232559e3d385fea5a93112/library/core/src/ops/function.rs:250:5
[INFO] [stdout]   50:     0x564ac7657445 - <alloc::boxed::Box<F,A> as core::ops::function::FnOnce<Args>>::call_once::hc7eafaff61e32df9
[INFO] [stdout]                                at /rustc/82e1608dfa6e0b5569232559e3d385fea5a93112/library/alloc/src/boxed.rs:2007:9
[INFO] [stdout]   51:     0x564ac7657445 - <alloc::boxed::Box<F,A> as core::ops::function::FnOnce<Args>>::call_once::h6ba4a5de48dd2304
[INFO] [stdout]                                at /rustc/82e1608dfa6e0b5569232559e3d385fea5a93112/library/alloc/src/boxed.rs:2007:9
[INFO] [stdout]   52:     0x564ac7657445 - std::sys::unix::thread::Thread::new::thread_start::he469335aef763e45
[INFO] [stdout]                                at /rustc/82e1608dfa6e0b5569232559e3d385fea5a93112/library/std/src/sys/unix/thread.rs:108:17
[INFO] [stdout]   53:     0x7f2a73932ac3 - <unknown>
[INFO] [stdout]   54:     0x7f2a739c3bf4 - __clone
[INFO] [stdout]   55:                0x0 - <unknown>
[INFO] [stdout] 
[INFO] [stdout] 
[INFO] [stdout] failures:
[INFO] [stdout]     y_2022::d_12::tests::q1_works
[INFO] [stdout] 
[INFO] [stdout] test result: FAILED. 72 passed; 1 failed; 0 ignored; 0 measured; 0 filtered out; finished in 13.64s
[INFO] [stdout] 
[INFO] [stderr] error: test failed, to rerun pass `--lib`
[INFO] running `Command { std: "docker" "inspect" "a60998b38d4269649830afa41a99d99e1e86918411ee6c0f71ff07d365d32830", kill_on_drop: false }`
[INFO] running `Command { std: "docker" "rm" "-f" "a60998b38d4269649830afa41a99d99e1e86918411ee6c0f71ff07d365d32830", kill_on_drop: false }`
[INFO] [stdout] a60998b38d4269649830afa41a99d99e1e86918411ee6c0f71ff07d365d32830
[INFO] testing lkbhargav/advent-of-code against beta-2023-12-22 for beta-1.76-1
[INFO] running `Command { std: "git" "clone" "/workspace/cache/git-repos/https%3A%2F%2Fgithub.com%2Flkbhargav%2Fadvent-of-code" "/workspace/builds/worker-6-tc2/source", kill_on_drop: false }`
[INFO] [stderr] Cloning into '/workspace/builds/worker-6-tc2/source'...
[INFO] [stderr] done.
[INFO] validating manifest of git repo https://github.com/lkbhargav/advent-of-code on toolchain beta-2023-12-22
[INFO] running `Command { std: CARGO_HOME="/workspace/cargo-home" RUSTUP_HOME="/workspace/rustup-home" "/workspace/cargo-home/bin/cargo" "+beta-2023-12-22" "metadata" "--manifest-path" "Cargo.toml" "--no-deps", kill_on_drop: false }`
[INFO] started tweaking git repo https://github.com/lkbhargav/advent-of-code
[INFO] finished tweaking git repo https://github.com/lkbhargav/advent-of-code
[INFO] tweaked toml for git repo https://github.com/lkbhargav/advent-of-code written to /workspace/builds/worker-6-tc2/source/Cargo.toml
[INFO] crate git repo https://github.com/lkbhargav/advent-of-code already has a lockfile, it will not be regenerated
[INFO] running `Command { std: CARGO_HOME="/workspace/cargo-home" RUSTUP_HOME="/workspace/rustup-home" "/workspace/cargo-home/bin/cargo" "+beta-2023-12-22" "fetch" "--manifest-path" "Cargo.toml", kill_on_drop: false }`
[INFO] running `Command { std: "docker" "create" "-v" "/var/lib/crater-agent-workspace/builds/worker-6-tc2/target:/opt/rustwide/target:rw,Z" "-v" "/var/lib/crater-agent-workspace/builds/worker-6-tc2/source:/opt/rustwide/workdir:ro,Z" "-v" "/var/lib/crater-agent-workspace/cargo-home:/opt/rustwide/cargo-home:ro,Z" "-v" "/var/lib/crater-agent-workspace/rustup-home:/opt/rustwide/rustup-home:ro,Z" "-e" "SOURCE_DIR=/opt/rustwide/workdir" "-e" "CARGO_TARGET_DIR=/opt/rustwide/target" "-e" "CARGO_HOME=/opt/rustwide/cargo-home" "-e" "RUSTUP_HOME=/opt/rustwide/rustup-home" "-w" "/opt/rustwide/workdir" "-m" "1610612736" "--user" "0:0" "--network" "none" "ghcr.io/rust-lang/crates-build-env/linux@sha256:2788e3201cd34a07e3172128adcd8b3090168a8e3bcc40d7c032b9dda1df7d1c" "/opt/rustwide/cargo-home/bin/cargo" "+beta-2023-12-22" "metadata" "--no-deps" "--format-version=1", kill_on_drop: false }`
[INFO] [stdout] 6d8ba0b7e59f011f4cbab8aff25d6bc8fec59bd3af4a7d8092664f9971d9c030
[INFO] running `Command { std: "docker" "start" "-a" "6d8ba0b7e59f011f4cbab8aff25d6bc8fec59bd3af4a7d8092664f9971d9c030", kill_on_drop: false }`
[INFO] running `Command { std: "docker" "inspect" "6d8ba0b7e59f011f4cbab8aff25d6bc8fec59bd3af4a7d8092664f9971d9c030", kill_on_drop: false }`
[INFO] running `Command { std: "docker" "rm" "-f" "6d8ba0b7e59f011f4cbab8aff25d6bc8fec59bd3af4a7d8092664f9971d9c030", kill_on_drop: false }`
[INFO] [stdout] 6d8ba0b7e59f011f4cbab8aff25d6bc8fec59bd3af4a7d8092664f9971d9c030
[INFO] running `Command { std: "docker" "create" "-v" "/var/lib/crater-agent-workspace/builds/worker-6-tc2/target:/opt/rustwide/target:rw,Z" "-v" "/var/lib/crater-agent-workspace/builds/worker-6-tc2/source:/opt/rustwide/workdir:ro,Z" "-v" "/var/lib/crater-agent-workspace/cargo-home:/opt/rustwide/cargo-home:ro,Z" "-v" "/var/lib/crater-agent-workspace/rustup-home:/opt/rustwide/rustup-home:ro,Z" "-e" "SOURCE_DIR=/opt/rustwide/workdir" "-e" "CARGO_TARGET_DIR=/opt/rustwide/target" "-e" "CARGO_INCREMENTAL=0" "-e" "RUST_BACKTRACE=full" "-e" "RUSTFLAGS=--cap-lints=warn" "-e" "RUSTDOCFLAGS=--cap-lints=warn" "-e" "CARGO_HOME=/opt/rustwide/cargo-home" "-e" "RUSTUP_HOME=/opt/rustwide/rustup-home" "-w" "/opt/rustwide/workdir" "-m" "1610612736" "--user" "0:0" "--network" "none" "ghcr.io/rust-lang/crates-build-env/linux@sha256:2788e3201cd34a07e3172128adcd8b3090168a8e3bcc40d7c032b9dda1df7d1c" "/opt/rustwide/cargo-home/bin/cargo" "+beta-2023-12-22" "build" "--frozen" "--message-format=json", kill_on_drop: false }`
[INFO] [stdout] 29c1d948bbdec2d741072fc506b6f4e1751bfa9e1df703a6ae0dd9ce784cdc56
[INFO] running `Command { std: "docker" "start" "-a" "29c1d948bbdec2d741072fc506b6f4e1751bfa9e1df703a6ae0dd9ce784cdc56", kill_on_drop: false }`
[INFO] [stderr]    Compiling libc v0.2.137
[INFO] [stderr]    Compiling proc-macro2 v1.0.47
[INFO] [stderr]    Compiling quote v1.0.21
[INFO] [stderr]    Compiling unicode-ident v1.0.5
[INFO] [stderr]    Compiling autocfg v1.1.0
[INFO] [stderr]    Compiling syn v1.0.103
[INFO] [stderr]    Compiling serde_derive v1.0.147
[INFO] [stderr]    Compiling serde v1.0.147
[INFO] [stderr]    Compiling memchr v2.5.0
[INFO] [stderr]    Compiling lazy_static v1.4.0
[INFO] [stderr]    Compiling serde_json v1.0.87
[INFO] [stderr]    Compiling unicode-width v0.1.10
[INFO] [stderr]    Compiling fastrand v1.8.0
[INFO] [stderr]    Compiling hashbrown v0.12.3
[INFO] [stderr]    Compiling cfg-if v1.0.0
[INFO] [stderr]    Compiling remove_dir_all v0.5.3
[INFO] [stderr]    Compiling itoa v1.0.4
[INFO] [stderr]    Compiling ryu v1.0.11
[INFO] [stderr]    Compiling zeroize v1.5.7
[INFO] [stderr]    Compiling regex-syntax v0.6.28
[INFO] [stderr]    Compiling help v0.0.0
[INFO] [stderr]    Compiling md5 v0.7.0
[INFO] [stderr]    Compiling indexmap v1.9.2
[INFO] [stderr]    Compiling priority-queue v1.3.0
[INFO] [stderr]    Compiling aho-corasick v0.7.20
[INFO] [stderr]    Compiling terminal_size v0.1.17
[INFO] [stderr]    Compiling atty v0.2.14
[INFO] [stderr]    Compiling tempfile v3.3.0
[INFO] [stderr]    Compiling colored v2.0.0
[INFO] [stderr]    Compiling console v0.15.2
[INFO] [stderr]    Compiling dialoguer v0.10.2
[INFO] [stderr]    Compiling regex v1.7.0
[INFO] [stderr]    Compiling advent_of_code v0.1.0 (/opt/rustwide/workdir)
[INFO] [stdout] warning: value assigned to `prev_x` is never read
[INFO] [stdout]    --> src/y_2016/d_1.rs:121:17
[INFO] [stdout]     |
[INFO] [stdout] 121 |         let mut prev_x = 0;
[INFO] [stdout]     |                 ^^^^^^
[INFO] [stdout]     |
[INFO] [stdout]     = help: maybe it is overwritten before being read?
[INFO] [stdout]     = note: `#[warn(unused_assignments)]` on by default
[INFO] [stdout] 
[INFO] [stdout] 
[INFO] [stdout] warning: value assigned to `prev_y` is never read
[INFO] [stdout]    --> src/y_2016/d_1.rs:122:17
[INFO] [stdout]     |
[INFO] [stdout] 122 |         let mut prev_y = 0;
[INFO] [stdout]     |                 ^^^^^^
[INFO] [stdout]     |
[INFO] [stdout]     = help: maybe it is overwritten before being read?
[INFO] [stdout] 
[INFO] [stdout] 
[INFO] [stdout] warning: 2 warnings emitted
[INFO] [stdout] 
[INFO] [stdout] 
[INFO] [stderr]     Finished dev [unoptimized + debuginfo] target(s) in 8.51s
[INFO] running `Command { std: "docker" "inspect" "29c1d948bbdec2d741072fc506b6f4e1751bfa9e1df703a6ae0dd9ce784cdc56", kill_on_drop: false }`
[INFO] running `Command { std: "docker" "rm" "-f" "29c1d948bbdec2d741072fc506b6f4e1751bfa9e1df703a6ae0dd9ce784cdc56", kill_on_drop: false }`
[INFO] [stdout] 29c1d948bbdec2d741072fc506b6f4e1751bfa9e1df703a6ae0dd9ce784cdc56
[INFO] running `Command { std: "docker" "create" "-v" "/var/lib/crater-agent-workspace/builds/worker-6-tc2/target:/opt/rustwide/target:rw,Z" "-v" "/var/lib/crater-agent-workspace/builds/worker-6-tc2/source:/opt/rustwide/workdir:ro,Z" "-v" "/var/lib/crater-agent-workspace/cargo-home:/opt/rustwide/cargo-home:ro,Z" "-v" "/var/lib/crater-agent-workspace/rustup-home:/opt/rustwide/rustup-home:ro,Z" "-e" "SOURCE_DIR=/opt/rustwide/workdir" "-e" "CARGO_TARGET_DIR=/opt/rustwide/target" "-e" "CARGO_INCREMENTAL=0" "-e" "RUST_BACKTRACE=full" "-e" "RUSTFLAGS=--cap-lints=warn" "-e" "RUSTDOCFLAGS=--cap-lints=warn" "-e" "CARGO_HOME=/opt/rustwide/cargo-home" "-e" "RUSTUP_HOME=/opt/rustwide/rustup-home" "-w" "/opt/rustwide/workdir" "-m" "1610612736" "--user" "0:0" "--network" "none" "ghcr.io/rust-lang/crates-build-env/linux@sha256:2788e3201cd34a07e3172128adcd8b3090168a8e3bcc40d7c032b9dda1df7d1c" "/opt/rustwide/cargo-home/bin/cargo" "+beta-2023-12-22" "test" "--frozen" "--no-run" "--message-format=json", kill_on_drop: false }`
[INFO] [stdout] 30e0574e4c81bff78defd25833d112223c5ae3f31cbae0033807556202e0e2cb
[INFO] running `Command { std: "docker" "start" "-a" "30e0574e4c81bff78defd25833d112223c5ae3f31cbae0033807556202e0e2cb", kill_on_drop: false }`
[INFO] [stdout] warning: value assigned to `prev_x` is never read
[INFO] [stdout]    --> src/y_2016/d_1.rs:121:17
[INFO] [stdout]     |
[INFO] [stdout] 121 |         let mut prev_x = 0;
[INFO] [stdout]     |                 ^^^^^^
[INFO] [stdout]     |
[INFO] [stdout]     = help: maybe it is overwritten before being read?
[INFO] [stdout]     = note: `#[warn(unused_assignments)]` on by default
[INFO] [stdout] 
[INFO] [stdout] 
[INFO] [stdout] warning: value assigned to `prev_y` is never read
[INFO] [stdout]    --> src/y_2016/d_1.rs:122:17
[INFO] [stdout]     |
[INFO] [stdout] 122 |         let mut prev_y = 0;
[INFO] [stdout]     |                 ^^^^^^
[INFO] [stdout]     |
[INFO] [stdout]     = help: maybe it is overwritten before being read?
[INFO] [stdout] 
[INFO] [stdout] 
[INFO] [stderr]    Compiling advent_of_code v0.1.0 (/opt/rustwide/workdir)
[INFO] [stdout] warning: 2 warnings emitted
[INFO] [stdout] 
[INFO] [stdout] 
[INFO] [stdout] warning: value assigned to `prev_x` is never read
[INFO] [stdout]    --> src/y_2016/d_1.rs:121:17
[INFO] [stdout]     |
[INFO] [stdout] 121 |         let mut prev_x = 0;
[INFO] [stdout]     |                 ^^^^^^
[INFO] [stdout]     |
[INFO] [stdout]     = help: maybe it is overwritten before being read?
[INFO] [stdout]     = note: `#[warn(unused_assignments)]` on by default
[INFO] [stdout] 
[INFO] [stdout] 
[INFO] [stdout] warning: value assigned to `prev_y` is never read
[INFO] [stdout]    --> src/y_2016/d_1.rs:122:17
[INFO] [stdout]     |
[INFO] [stdout] 122 |         let mut prev_y = 0;
[INFO] [stdout]     |                 ^^^^^^
[INFO] [stdout]     |
[INFO] [stdout]     = help: maybe it is overwritten before being read?
[INFO] [stdout] 
[INFO] [stdout] 
[INFO] [stdout] warning: 2 warnings emitted
[INFO] [stdout] 
[INFO] [stdout] 
[INFO] [stderr]     Finished test [unoptimized + debuginfo] target(s) in 1.84s
[INFO] running `Command { std: "docker" "inspect" "30e0574e4c81bff78defd25833d112223c5ae3f31cbae0033807556202e0e2cb", kill_on_drop: false }`
[INFO] running `Command { std: "docker" "rm" "-f" "30e0574e4c81bff78defd25833d112223c5ae3f31cbae0033807556202e0e2cb", kill_on_drop: false }`
[INFO] [stdout] 30e0574e4c81bff78defd25833d112223c5ae3f31cbae0033807556202e0e2cb
[INFO] running `Command { std: "docker" "create" "-v" "/var/lib/crater-agent-workspace/builds/worker-6-tc2/target:/opt/rustwide/target:rw,Z" "-v" "/var/lib/crater-agent-workspace/builds/worker-6-tc2/source:/opt/rustwide/workdir:ro,Z" "-v" "/var/lib/crater-agent-workspace/cargo-home:/opt/rustwide/cargo-home:ro,Z" "-v" "/var/lib/crater-agent-workspace/rustup-home:/opt/rustwide/rustup-home:ro,Z" "-e" "SOURCE_DIR=/opt/rustwide/workdir" "-e" "CARGO_TARGET_DIR=/opt/rustwide/target" "-e" "CARGO_INCREMENTAL=0" "-e" "RUST_BACKTRACE=full" "-e" "RUSTFLAGS=--cap-lints=warn" "-e" "RUSTDOCFLAGS=--cap-lints=warn" "-e" "CARGO_HOME=/opt/rustwide/cargo-home" "-e" "RUSTUP_HOME=/opt/rustwide/rustup-home" "-w" "/opt/rustwide/workdir" "-m" "1610612736" "--user" "0:0" "--network" "none" "ghcr.io/rust-lang/crates-build-env/linux@sha256:2788e3201cd34a07e3172128adcd8b3090168a8e3bcc40d7c032b9dda1df7d1c" "/opt/rustwide/cargo-home/bin/cargo" "+beta-2023-12-22" "test" "--frozen", kill_on_drop: false }`
[INFO] [stdout] b1ed039d690041e0c9dcf020c885d7f63e9cf0252adbc82469048b5d740c7f38
[INFO] running `Command { std: "docker" "start" "-a" "b1ed039d690041e0c9dcf020c885d7f63e9cf0252adbc82469048b5d740c7f38", kill_on_drop: false }`
[INFO] [stderr] warning: value assigned to `prev_x` is never read
[INFO] [stderr]    --> src/y_2016/d_1.rs:121:17
[INFO] [stderr]     |
[INFO] [stderr] 121 |         let mut prev_x = 0;
[INFO] [stderr]     |                 ^^^^^^
[INFO] [stderr]     |
[INFO] [stderr]     = help: maybe it is overwritten before being read?
[INFO] [stderr]     = note: `#[warn(unused_assignments)]` on by default
[INFO] [stderr] 
[INFO] [stderr] warning: value assigned to `prev_y` is never read
[INFO] [stderr]    --> src/y_2016/d_1.rs:122:17
[INFO] [stderr]     |
[INFO] [stderr] 122 |         let mut prev_y = 0;
[INFO] [stderr]     |                 ^^^^^^
[INFO] [stderr]     |
[INFO] [stderr]     = help: maybe it is overwritten before being read?
[INFO] [stderr] 
[INFO] [stderr] warning: `advent_of_code` (lib) generated 2 warnings
[INFO] [stderr] warning: `advent_of_code` (lib test) generated 2 warnings (2 duplicates)
[INFO] [stderr]     Finished test [unoptimized + debuginfo] target(s) in 0.02s
[INFO] [stderr]      Running unittests src/lib.rs (/opt/rustwide/target/debug/deps/advent_of_code-4d6f95affbd47c76)
[INFO] [stdout] 
[INFO] [stdout] running 73 tests
[INFO] [stdout] test y_2015::d_10::tests::q1_works ... ok
[INFO] [stdout] test y_2015::d_12::tests::q1_works ... ok
[INFO] [stdout] test y_2015::d_1::tests::q1_works ... ok
[INFO] [stdout] test y_2015::d_12::tests::q2_works ... ok
[INFO] [stdout] test y_2015::d_1::tests::q2_works ... ok
[INFO] [stdout] test y_2015::d_2::tests::q1_works ... ok
[INFO] [stdout] test y_2015::d_2::tests::q2_works ... ok
[INFO] [stdout] test y_2015::d_3::tests::q1_works ... ok
[INFO] [stdout] test y_2015::d_3::tests::q1b_works ... ok
[INFO] [stdout] test y_2015::d_3::tests::q1c_works ... ok
[INFO] [stdout] test y_2015::d_3::tests::q2_works ... ok
[INFO] [stdout] test y_2015::d_3::tests::q2b_works ... ok
[INFO] [stdout] test y_2015::d_5::tests::q1_works ... ok
[INFO] [stdout] test y_2015::d_5::tests::q2_works ... ok
[INFO] [stdout] test y_2015::d_8::tests::q2b_works ... ok
[INFO] [stdout] test y_2015::d_8::tests::q2_works ... ok
[INFO] [stdout] test y_2016::d_1::tests::q1_works ... ok
[INFO] [stdout] test y_2016::d_1::tests::q2_works ... ok
[INFO] [stdout] test y_2017::d_1::tests::q1b_works ... ok
[INFO] [stdout] test y_2017::d_1::tests::q1_works ... ok
[INFO] [stdout] test y_2015::d_8::tests::q1b_works ... ok
[INFO] [stdout] test y_2015::d_8::tests::q1_works ... ok
[INFO] [stdout] test y_2017::d_1::tests::q1c_works ... ok
[INFO] [stdout] test y_2017::d_1::tests::q2_works ... ok
[INFO] [stdout] test y_2017::d_1::tests::q2f_works ... ok
[INFO] [stdout] test y_2017::d_1::tests::q1d_works ... ok
[INFO] [stdout] test y_2017::d_1::tests::q2g_works ... ok
[INFO] [stdout] test y_2017::d_1::tests::q2i_works ... ok
[INFO] [stdout] test y_2017::d_2::tests::q1_works ... ok
[INFO] [stdout] test y_2017::d_1::tests::q2h_works ... ok
[INFO] [stdout] test y_2017::d_2::tests::q2_works ... ok
[INFO] [stdout] test y_2018::d_1::tests::q1_works ... ok
[INFO] [stdout] test y_2018::d_2::tests::q2_works ... ok
[INFO] [stdout] test y_2018::d_2::tests::q1_works ... ok
[INFO] [stdout] test y_2022::d_10::tests::q1_works ... ok
[INFO] [stdout] test y_2018::d_1::tests::q2_works ... ok
[INFO] [stdout] test y_2022::d_1::tests::q1_works ... ok
[INFO] [stdout] test y_2022::d_12::tests::q2_works ... ok
[INFO] [stdout] test y_2022::d_11::tests::test_bored ... ok
[INFO] [stdout] test y_2022::d_2::tests::q2_works ... ok
[INFO] [stdout] test y_2022::d_1::tests::q2_works ... ok
[INFO] [stdout] test y_2015::d_11::tests::q2_works ... ok
[INFO] [stdout] test y_2015::d_11::tests::q1_works ... ok
[INFO] [stdout] test y_2022::d_2::tests::q1_works ... ok
[INFO] [stdout] test y_2022::d_3::tests::q2_works ... ok
[INFO] [stdout] test y_2022::d_3::tests::q1_works ... ok
[INFO] [stdout] test y_2022::d_6::tests::q1_works ... ok
[INFO] [stdout] test y_2022::d_6::tests::q2_works ... ok
[INFO] [stdout] test y_2022::d_7::tests::q1_works ... ok
[INFO] [stdout] test y_2022::d_7::tests::q2_works ... ok
[INFO] [stdout] test y_2022::d_8::tests::q1_works ... ok
[INFO] [stdout] test y_2022::d_8::tests::q2_works ... ok
[INFO] [stdout] test y_2022::d_9::tests::q1_works ... ok
[INFO] [stdout] test y_2022::d_9::tests::q2_works ... ok
[INFO] [stdout] test y_2022::d_5::tests::q1_works ... ok
[INFO] [stdout] test y_2022::d_5::tests::q2_works ... ok
[INFO] [stdout] test y_2023::d_2::tests::q1_works ... ok
[INFO] [stdout] test y_2023::d_1::tests::q2_works ... ok
[INFO] [stdout] test y_2023::d_2::tests::q2_works ... ok
[INFO] [stdout] test y_2015::d_7::tests::q1_works ... ok
[INFO] [stdout] test y_2023::d_1::tests::q1_works ... ok
[INFO] [stdout] test y_2022::d_4::tests::q1_works ... ok
[INFO] [stdout] test y_2022::d_4::tests::q2_works ... ok
[INFO] [stdout] test y_2022::d_11::tests::q1_works ... ok
[INFO] [stdout] test y_2015::d_9::tests::q2_works ... ok
[INFO] [stdout] test y_2015::d_9::tests::q1_works ... ok
[INFO] [stdout] test y_2022::d_11::tests::q2_works ... ok
[INFO] [stdout] test y_2022::d_12::tests::q1_works ... FAILED
[INFO] [stdout] test y_2015::d_6::tests::q1_works ... ok
[INFO] [stdout] test y_2015::d_6::tests::q2_works ... ok
[INFO] [stdout] test y_2015::d_6::tests::q2b_works ... ok
[INFO] [stdout] test y_2015::d_4::tests::q1_works ... ok
[INFO] [stdout] test y_2015::d_4::tests::q2_works ... ok
[INFO] [stdout] 
[INFO] [stdout] failures:
[INFO] [stdout] 
[INFO] [stdout] ---- y_2022::d_12::tests::q1_works stdout ----
[INFO] [stdout] [src/y_2022/d_12.rs:46:9] self.map.clone() = [
[INFO] [stdout]     [
[INFO] [stdout]         83,
[INFO] [stdout]         97,
[INFO] [stdout]         98,
[INFO] [stdout]         113,
[INFO] [stdout]         112,
[INFO] [stdout]         111,
[INFO] [stdout]         110,
[INFO] [stdout]         109,
[INFO] [stdout]     ],
[INFO] [stdout]     [
[INFO] [stdout]         97,
[INFO] [stdout]         98,
[INFO] [stdout]         99,
[INFO] [stdout]         114,
[INFO] [stdout]         121,
[INFO] [stdout]         120,
[INFO] [stdout]         120,
[INFO] [stdout]         108,
[INFO] [stdout]     ],
[INFO] [stdout]     [
[INFO] [stdout]         97,
[INFO] [stdout]         99,
[INFO] [stdout]         99,
[INFO] [stdout]         115,
[INFO] [stdout]         122,
[INFO] [stdout]         69,
[INFO] [stdout]         120,
[INFO] [stdout]         107,
[INFO] [stdout]     ],
[INFO] [stdout]     [
[INFO] [stdout]         97,
[INFO] [stdout]         99,
[INFO] [stdout]         99,
[INFO] [stdout]         116,
[INFO] [stdout]         117,
[INFO] [stdout]         118,
[INFO] [stdout]         119,
[INFO] [stdout]         106,
[INFO] [stdout]     ],
[INFO] [stdout]     [
[INFO] [stdout]         97,
[INFO] [stdout]         98,
[INFO] [stdout]         100,
[INFO] [stdout]         101,
[INFO] [stdout]         102,
[INFO] [stdout]         103,
[INFO] [stdout]         104,
[INFO] [stdout]         105,
[INFO] [stdout]     ],
[INFO] [stdout] ]
[INFO] [stdout] thread 'y_2022::d_12::tests::q1_works' panicked at src/y_2022/d_12.rs:116:35:
[INFO] [stdout] index out of bounds: the len is 5 but the index is 5
[INFO] [stdout] stack backtrace:
[INFO] [stdout]    0:     0x5623ca62d856 - std::backtrace_rs::backtrace::libunwind::trace::h261606ad26a499c1
[INFO] [stdout]                                at /rustc/0e09125c6c3c2fd70d7de961bcf0e51575235fad/library/std/src/../../backtrace/src/backtrace/libunwind.rs:104:5
[INFO] [stdout]    1:     0x5623ca62d856 - std::backtrace_rs::backtrace::trace_unsynchronized::hd183f0625477fb28
[INFO] [stdout]                                at /rustc/0e09125c6c3c2fd70d7de961bcf0e51575235fad/library/std/src/../../backtrace/src/backtrace/mod.rs:66:5
[INFO] [stdout]    2:     0x5623ca62d856 - std::sys_common::backtrace::_print_fmt::hd7f8fef21b4eda67
[INFO] [stdout]                                at /rustc/0e09125c6c3c2fd70d7de961bcf0e51575235fad/library/std/src/sys_common/backtrace.rs:68:5
[INFO] [stdout]    3:     0x5623ca62d856 - <std::sys_common::backtrace::_print::DisplayBacktrace as core::fmt::Display>::fmt::h623d9b51f2f453f1
[INFO] [stdout]                                at /rustc/0e09125c6c3c2fd70d7de961bcf0e51575235fad/library/std/src/sys_common/backtrace.rs:44:22
[INFO] [stdout]    4:     0x5623ca657590 - core::fmt::rt::Argument::fmt::h9f417ac76a86f368
[INFO] [stdout]                                at /rustc/0e09125c6c3c2fd70d7de961bcf0e51575235fad/library/core/src/fmt/rt.rs:142:9
[INFO] [stdout]    5:     0x5623ca657590 - core::fmt::write::hc9b6faf4ac2aeff7
[INFO] [stdout]                                at /rustc/0e09125c6c3c2fd70d7de961bcf0e51575235fad/library/core/src/fmt/mod.rs:1120:17
[INFO] [stdout]    6:     0x5623ca62b2bf - std::io::Write::write_fmt::he04625a3a989fec3
[INFO] [stdout]                                at /rustc/0e09125c6c3c2fd70d7de961bcf0e51575235fad/library/std/src/io/mod.rs:1810:15
[INFO] [stdout]    7:     0x5623ca62d634 - std::sys_common::backtrace::_print::hd5d66399c7df88a2
[INFO] [stdout]                                at /rustc/0e09125c6c3c2fd70d7de961bcf0e51575235fad/library/std/src/sys_common/backtrace.rs:47:5
[INFO] [stdout]    8:     0x5623ca62d634 - std::sys_common::backtrace::print::he81ed2da642d37e5
[INFO] [stdout]                                at /rustc/0e09125c6c3c2fd70d7de961bcf0e51575235fad/library/std/src/sys_common/backtrace.rs:34:9
[INFO] [stdout]    9:     0x5623ca62f3a7 - std::panicking::default_hook::{{closure}}::h85773f4fa117163d
[INFO] [stdout]   10:     0x5623ca62f08d - std::panicking::default_hook::h6a1694a91d09b278
[INFO] [stdout]                                at /rustc/0e09125c6c3c2fd70d7de961bcf0e51575235fad/library/std/src/panicking.rs:289:9
[INFO] [stdout]   11:     0x5623ca448017 - <alloc::boxed::Box<F,A> as core::ops::function::Fn<Args>>::call::h616ac37fa3cd6c8f
[INFO] [stdout]                                at /rustc/0e09125c6c3c2fd70d7de961bcf0e51575235fad/library/alloc/src/boxed.rs:2029:9
[INFO] [stdout]   12:     0x5623ca448017 - test::test_main::{{closure}}::h00d84697cefdcbb6
[INFO] [stdout]                                at /rustc/0e09125c6c3c2fd70d7de961bcf0e51575235fad/library/test/src/lib.rs:138:21
[INFO] [stdout]   13:     0x5623ca62f9c6 - <alloc::boxed::Box<F,A> as core::ops::function::Fn<Args>>::call::hcb3fe3b9bb537ba8
[INFO] [stdout]                                at /rustc/0e09125c6c3c2fd70d7de961bcf0e51575235fad/library/alloc/src/boxed.rs:2029:9
[INFO] [stdout]   14:     0x5623ca62f9c6 - std::panicking::rust_panic_with_hook::h0a7ad96e90f7145b
[INFO] [stdout]                                at /rustc/0e09125c6c3c2fd70d7de961bcf0e51575235fad/library/std/src/panicking.rs:783:13
[INFO] [stdout]   15:     0x5623ca62f712 - std::panicking::begin_panic_handler::{{closure}}::h7919090525c6485e
[INFO] [stdout]                                at /rustc/0e09125c6c3c2fd70d7de961bcf0e51575235fad/library/std/src/panicking.rs:657:13
[INFO] [stdout]   16:     0x5623ca62dd56 - std::sys_common::backtrace::__rust_end_short_backtrace::hf3289479464f7dfe
[INFO] [stdout]                                at /rustc/0e09125c6c3c2fd70d7de961bcf0e51575235fad/library/std/src/sys_common/backtrace.rs:171:18
[INFO] [stdout]   17:     0x5623ca62f470 - rust_begin_unwind
[INFO] [stdout]                                at /rustc/0e09125c6c3c2fd70d7de961bcf0e51575235fad/library/std/src/panicking.rs:645:5
[INFO] [stdout]   18:     0x5623ca365205 - core::panicking::panic_fmt::hcc9f77c5c132af55
[INFO] [stdout]                                at /rustc/0e09125c6c3c2fd70d7de961bcf0e51575235fad/library/core/src/panicking.rs:72:14
[INFO] [stdout]   19:     0x5623ca3653e2 - core::panicking::panic_bounds_check::h24e82910cb718d54
[INFO] [stdout]                                at /rustc/0e09125c6c3c2fd70d7de961bcf0e51575235fad/library/core/src/panicking.rs:208:5
[INFO] [stdout]   20:     0x5623ca54cb8e - <usize as core::slice::index::SliceIndex<[T]>>::index::hb42d6d230842af94
[INFO] [stdout]                                at /rustc/0e09125c6c3c2fd70d7de961bcf0e51575235fad/library/core/src/slice/index.rs:255:10
[INFO] [stdout]   21:     0x5623ca527845 - core::slice::index::<impl core::ops::index::Index<I> for [T]>::index::h0ac4a9b04c91b153
[INFO] [stdout]                                at /rustc/0e09125c6c3c2fd70d7de961bcf0e51575235fad/library/core/src/slice/index.rs:18:9
[INFO] [stdout]   22:     0x5623ca527845 - <alloc::vec::Vec<T,A> as core::ops::index::Index<I>>::index::h70b448381d0b1382
[INFO] [stdout]                                at /rustc/0e09125c6c3c2fd70d7de961bcf0e51575235fad/library/alloc/src/vec/mod.rs:2770:9
[INFO] [stdout]   23:     0x5623ca40aa5a - advent_of_code::y_2022::d_12::Day12::find_path::h7658eac0772e40d5
[INFO] [stdout]                                at /opt/rustwide/workdir/src/y_2022/d_12.rs:116:35
[INFO] [stdout]   24:     0x5623ca40abb2 - advent_of_code::y_2022::d_12::Day12::find_path::h7658eac0772e40d5
[INFO] [stdout]                                at /opt/rustwide/workdir/src/y_2022/d_12.rs:120:25
[INFO] [stdout]   25:     0x5623ca40abb2 - advent_of_code::y_2022::d_12::Day12::find_path::h7658eac0772e40d5
[INFO] [stdout]                                at /opt/rustwide/workdir/src/y_2022/d_12.rs:120:25
[INFO] [stdout]   26:     0x5623ca40abb2 - advent_of_code::y_2022::d_12::Day12::find_path::h7658eac0772e40d5
[INFO] [stdout]                                at /opt/rustwide/workdir/src/y_2022/d_12.rs:120:25
[INFO] [stdout]   27:     0x5623ca40abb2 - advent_of_code::y_2022::d_12::Day12::find_path::h7658eac0772e40d5
[INFO] [stdout]                                at /opt/rustwide/workdir/src/y_2022/d_12.rs:120:25
[INFO] [stdout]   28:     0x5623ca40a1e6 - <advent_of_code::y_2022::d_12::Day12 as advent_of_code::traits::Questions>::question_one::h843b56ec04131177
[INFO] [stdout]                                at /opt/rustwide/workdir/src/y_2022/d_12.rs:54:19
[INFO] [stdout]   29:     0x5623ca3d53cc - advent_of_code::y_2022::d_12::tests::q1_works::h485bc3d24c9b158b
[INFO] [stdout]                                at /opt/rustwide/workdir/src/y_2022/d_12.rs:142:18
[INFO] [stdout]   30:     0x5623ca3d52e7 - advent_of_code::y_2022::d_12::tests::q1_works::{{closure}}::h834c3abbb56e876d
[INFO] [stdout]                                at /opt/rustwide/workdir/src/y_2022/d_12.rs:133:18
[INFO] [stdout]   31:     0x5623ca3f37a6 - core::ops::function::FnOnce::call_once::h52acaf8b11d34916
[INFO] [stdout]                                at /rustc/0e09125c6c3c2fd70d7de961bcf0e51575235fad/library/core/src/ops/function.rs:250:5
[INFO] [stdout]   32:     0x5623ca44d8ef - core::ops::function::FnOnce::call_once::hd64d26f405258157
[INFO] [stdout]                                at /rustc/0e09125c6c3c2fd70d7de961bcf0e51575235fad/library/core/src/ops/function.rs:250:5
[INFO] [stdout]   33:     0x5623ca44d8ef - test::__rust_begin_short_backtrace::he21b0b7a6d731bf9
[INFO] [stdout]                                at /rustc/0e09125c6c3c2fd70d7de961bcf0e51575235fad/library/test/src/lib.rs:627:18
[INFO] [stdout]   34:     0x5623ca44c671 - test::run_test_in_process::{{closure}}::hf5c73986d7bdfde2
[INFO] [stdout]                                at /rustc/0e09125c6c3c2fd70d7de961bcf0e51575235fad/library/test/src/lib.rs:650:60
[INFO] [stdout]   35:     0x5623ca44c671 - <core::panic::unwind_safe::AssertUnwindSafe<F> as core::ops::function::FnOnce<()>>::call_once::h330011ad032aadc0
[INFO] [stdout]                                at /rustc/0e09125c6c3c2fd70d7de961bcf0e51575235fad/library/core/src/panic/unwind_safe.rs:272:9
[INFO] [stdout]   36:     0x5623ca44c671 - std::panicking::try::do_call::he61b0a958b795a41
[INFO] [stdout]                                at /rustc/0e09125c6c3c2fd70d7de961bcf0e51575235fad/library/std/src/panicking.rs:552:40
[INFO] [stdout]   37:     0x5623ca44c671 - std::panicking::try::h7309da130f906eb7
[INFO] [stdout]                                at /rustc/0e09125c6c3c2fd70d7de961bcf0e51575235fad/library/std/src/panicking.rs:516:19
[INFO] [stdout]   38:     0x5623ca44c671 - std::panic::catch_unwind::hc5c3a06fdaf0a92a
[INFO] [stdout]                                at /rustc/0e09125c6c3c2fd70d7de961bcf0e51575235fad/library/std/src/panic.rs:142:14
[INFO] [stdout]   39:     0x5623ca44c671 - test::run_test_in_process::h7e7b7c71c3324e0f
[INFO] [stdout]                                at /rustc/0e09125c6c3c2fd70d7de961bcf0e51575235fad/library/test/src/lib.rs:650:27
[INFO] [stdout]   40:     0x5623ca44c671 - test::run_test::{{closure}}::h1f509f28f5cf20b1
[INFO] [stdout]                                at /rustc/0e09125c6c3c2fd70d7de961bcf0e51575235fad/library/test/src/lib.rs:573:43
[INFO] [stdout]   41:     0x5623ca4139a6 - test::run_test::{{closure}}::h1754218abf443f6d
[INFO] [stdout]                                at /rustc/0e09125c6c3c2fd70d7de961bcf0e51575235fad/library/test/src/lib.rs:601:41
[INFO] [stdout]   42:     0x5623ca4139a6 - std::sys_common::backtrace::__rust_begin_short_backtrace::h2ee174b9d5954948
[INFO] [stdout]                                at /rustc/0e09125c6c3c2fd70d7de961bcf0e51575235fad/library/std/src/sys_common/backtrace.rs:155:18
[INFO] [stdout]   43:     0x5623ca418a07 - std::thread::Builder::spawn_unchecked_::{{closure}}::{{closure}}::hf60bee9c1a17ef09
[INFO] [stdout]                                at /rustc/0e09125c6c3c2fd70d7de961bcf0e51575235fad/library/std/src/thread/mod.rs:529:17
[INFO] [stdout]   44:     0x5623ca418a07 - <core::panic::unwind_safe::AssertUnwindSafe<F> as core::ops::function::FnOnce<()>>::call_once::h33d0dddec5216160
[INFO] [stdout]                                at /rustc/0e09125c6c3c2fd70d7de961bcf0e51575235fad/library/core/src/panic/unwind_safe.rs:272:9
[INFO] [stdout]   45:     0x5623ca418a07 - std::panicking::try::do_call::h144b3048b546f835
[INFO] [stdout]                                at /rustc/0e09125c6c3c2fd70d7de961bcf0e51575235fad/library/std/src/panicking.rs:552:40
[INFO] [stdout]   46:     0x5623ca418a07 - std::panicking::try::h978244d04646189f
[INFO] [stdout]                                at /rustc/0e09125c6c3c2fd70d7de961bcf0e51575235fad/library/std/src/panicking.rs:516:19
[INFO] [stdout]   47:     0x5623ca418a07 - std::panic::catch_unwind::hdf436369d188fe86
[INFO] [stdout]                                at /rustc/0e09125c6c3c2fd70d7de961bcf0e51575235fad/library/std/src/panic.rs:142:14
[INFO] [stdout]   48:     0x5623ca418a07 - std::thread::Builder::spawn_unchecked_::{{closure}}::h87329cbdd33c79ec
[INFO] [stdout]                                at /rustc/0e09125c6c3c2fd70d7de961bcf0e51575235fad/library/std/src/thread/mod.rs:528:30
[INFO] [stdout]   49:     0x5623ca418a07 - core::ops::function::FnOnce::call_once{{vtable.shim}}::h401abbe67897d450
[INFO] [stdout]                                at /rustc/0e09125c6c3c2fd70d7de961bcf0e51575235fad/library/core/src/ops/function.rs:250:5
[INFO] [stdout]   50:     0x5623ca634475 - <alloc::boxed::Box<F,A> as core::ops::function::FnOnce<Args>>::call_once::h5d7c8f150ab9c84c
[INFO] [stdout]                                at /rustc/0e09125c6c3c2fd70d7de961bcf0e51575235fad/library/alloc/src/boxed.rs:2015:9
[INFO] [stdout]   51:     0x5623ca634475 - <alloc::boxed::Box<F,A> as core::ops::function::FnOnce<Args>>::call_once::h570d5b005c242c15
[INFO] [stdout]                                at /rustc/0e09125c6c3c2fd70d7de961bcf0e51575235fad/library/alloc/src/boxed.rs:2015:9
[INFO] [stdout]   52:     0x5623ca634475 - std::sys::unix::thread::Thread::new::thread_start::h36b0a20c0b2361ad
[INFO] [stdout]                                at /rustc/0e09125c6c3c2fd70d7de961bcf0e51575235fad/library/std/src/sys/unix/thread.rs:108:17
[INFO] [stdout]   53:     0x7f5f46922ac3 - <unknown>
[INFO] [stdout]   54:     0x7f5f469b3bf4 - __clone
[INFO] [stdout]   55:                0x0 - <unknown>
[INFO] [stdout] 
[INFO] [stdout] 
[INFO] [stdout] failures:
[INFO] [stdout]     y_2022::d_12::tests::q1_works
[INFO] [stdout] 
[INFO] [stdout] test result: FAILED. 72 passed; 1 failed; 0 ignored; 0 measured; 0 filtered out; finished in 13.68s
[INFO] [stdout] 
[INFO] [stderr] error: test failed, to rerun pass `--lib`
[INFO] running `Command { std: "docker" "inspect" "b1ed039d690041e0c9dcf020c885d7f63e9cf0252adbc82469048b5d740c7f38", kill_on_drop: false }`
[INFO] running `Command { std: "docker" "rm" "-f" "b1ed039d690041e0c9dcf020c885d7f63e9cf0252adbc82469048b5d740c7f38", kill_on_drop: false }`
[INFO] [stdout] b1ed039d690041e0c9dcf020c885d7f63e9cf0252adbc82469048b5d740c7f38
