[INFO] cloning repository https://github.com/litvinav/zorka
[INFO] running `Command { std: "git" "-c" "credential.helper=" "-c" "credential.helper=/workspace/cargo-home/bin/git-credential-null" "clone" "--bare" "https://github.com/litvinav/zorka" "/workspace/cache/git-repos/https%3A%2F%2Fgithub.com%2Flitvinav%2Fzorka", kill_on_drop: false }`
[INFO] [stderr] Cloning into bare repository '/workspace/cache/git-repos/https%3A%2F%2Fgithub.com%2Flitvinav%2Fzorka'...
[INFO] running `Command { std: "git" "rev-parse" "HEAD", kill_on_drop: false }`
[INFO] [stdout] dc17118729a6b38e946fc1ecf752ce3c8b8b3a04
[INFO] testing litvinav/zorka against 1.75.0 for beta-1.76-1
[INFO] running `Command { std: "git" "clone" "/workspace/cache/git-repos/https%3A%2F%2Fgithub.com%2Flitvinav%2Fzorka" "/workspace/builds/worker-5-tc1/source", kill_on_drop: false }`
[INFO] [stderr] Cloning into '/workspace/builds/worker-5-tc1/source'...
[INFO] [stderr] done.
[INFO] validating manifest of git repo https://github.com/litvinav/zorka on toolchain 1.75.0
[INFO] running `Command { std: CARGO_HOME="/workspace/cargo-home" RUSTUP_HOME="/workspace/rustup-home" "/workspace/cargo-home/bin/cargo" "+1.75.0" "metadata" "--manifest-path" "Cargo.toml" "--no-deps", kill_on_drop: false }`
[INFO] started tweaking git repo https://github.com/litvinav/zorka
[INFO] finished tweaking git repo https://github.com/litvinav/zorka
[INFO] tweaked toml for git repo https://github.com/litvinav/zorka written to /workspace/builds/worker-5-tc1/source/Cargo.toml
[INFO] crate git repo https://github.com/litvinav/zorka already has a lockfile, it will not be regenerated
[INFO] running `Command { std: CARGO_HOME="/workspace/cargo-home" RUSTUP_HOME="/workspace/rustup-home" "/workspace/cargo-home/bin/cargo" "+1.75.0" "fetch" "--manifest-path" "Cargo.toml", kill_on_drop: false }`
[INFO] [stderr]  Downloading crates ...
[INFO] [stderr]   Downloaded uuid-macro-internal v1.3.3
[INFO] [stderr]   Downloaded chrono v0.4.25
[INFO] running `Command { std: "docker" "create" "-v" "/var/lib/crater-agent-workspace/builds/worker-5-tc1/target:/opt/rustwide/target:rw,Z" "-v" "/var/lib/crater-agent-workspace/builds/worker-5-tc1/source:/opt/rustwide/workdir:ro,Z" "-v" "/var/lib/crater-agent-workspace/cargo-home:/opt/rustwide/cargo-home:ro,Z" "-v" "/var/lib/crater-agent-workspace/rustup-home:/opt/rustwide/rustup-home:ro,Z" "-e" "SOURCE_DIR=/opt/rustwide/workdir" "-e" "CARGO_TARGET_DIR=/opt/rustwide/target" "-e" "CARGO_HOME=/opt/rustwide/cargo-home" "-e" "RUSTUP_HOME=/opt/rustwide/rustup-home" "-w" "/opt/rustwide/workdir" "-m" "1610612736" "--user" "0:0" "--network" "none" "ghcr.io/rust-lang/crates-build-env/linux@sha256:2788e3201cd34a07e3172128adcd8b3090168a8e3bcc40d7c032b9dda1df7d1c" "/opt/rustwide/cargo-home/bin/cargo" "+1.75.0" "metadata" "--no-deps" "--format-version=1", kill_on_drop: false }`
[INFO] [stdout] e15792e3c8ae8e3945208f6821101a26a710ab5f3c962e64afa126481fdf0ac8
[INFO] running `Command { std: "docker" "start" "-a" "e15792e3c8ae8e3945208f6821101a26a710ab5f3c962e64afa126481fdf0ac8", kill_on_drop: false }`
[INFO] running `Command { std: "docker" "inspect" "e15792e3c8ae8e3945208f6821101a26a710ab5f3c962e64afa126481fdf0ac8", kill_on_drop: false }`
[INFO] running `Command { std: "docker" "rm" "-f" "e15792e3c8ae8e3945208f6821101a26a710ab5f3c962e64afa126481fdf0ac8", kill_on_drop: false }`
[INFO] [stdout] e15792e3c8ae8e3945208f6821101a26a710ab5f3c962e64afa126481fdf0ac8
[INFO] running `Command { std: "docker" "create" "-v" "/var/lib/crater-agent-workspace/builds/worker-5-tc1/target:/opt/rustwide/target:rw,Z" "-v" "/var/lib/crater-agent-workspace/builds/worker-5-tc1/source:/opt/rustwide/workdir:ro,Z" "-v" "/var/lib/crater-agent-workspace/cargo-home:/opt/rustwide/cargo-home:ro,Z" "-v" "/var/lib/crater-agent-workspace/rustup-home:/opt/rustwide/rustup-home:ro,Z" "-e" "SOURCE_DIR=/opt/rustwide/workdir" "-e" "CARGO_TARGET_DIR=/opt/rustwide/target" "-e" "CARGO_INCREMENTAL=0" "-e" "RUST_BACKTRACE=full" "-e" "RUSTFLAGS=--cap-lints=warn" "-e" "RUSTDOCFLAGS=--cap-lints=warn" "-e" "CARGO_HOME=/opt/rustwide/cargo-home" "-e" "RUSTUP_HOME=/opt/rustwide/rustup-home" "-w" "/opt/rustwide/workdir" "-m" "1610612736" "--user" "0:0" "--network" "none" "ghcr.io/rust-lang/crates-build-env/linux@sha256:2788e3201cd34a07e3172128adcd8b3090168a8e3bcc40d7c032b9dda1df7d1c" "/opt/rustwide/cargo-home/bin/cargo" "+1.75.0" "build" "--frozen" "--message-format=json", kill_on_drop: false }`
[INFO] [stdout] ab167c0f94eee517fad727b321dfa3662cf2dcf4fa452f004982ebcddb424a0f
[INFO] running `Command { std: "docker" "start" "-a" "ab167c0f94eee517fad727b321dfa3662cf2dcf4fa452f004982ebcddb424a0f", kill_on_drop: false }`
[INFO] [stderr]    Compiling libc v0.2.140
[INFO] [stderr]    Compiling version_check v0.9.4
[INFO] [stderr]    Compiling autocfg v1.1.0
[INFO] [stderr]    Compiling proc-macro2 v1.0.54
[INFO] [stderr]    Compiling quote v1.0.26
[INFO] [stderr]    Compiling unicode-ident v1.0.8
[INFO] [stderr]    Compiling memchr v2.5.0
[INFO] [stderr]    Compiling log v0.4.17
[INFO] [stderr]    Compiling pin-project-lite v0.2.9
[INFO] [stderr]    Compiling once_cell v1.17.1
[INFO] [stderr]    Compiling regex-syntax v0.6.29
[INFO] [stderr]    Compiling itoa v1.0.6
[INFO] [stderr]    Compiling ppv-lite86 v0.2.17
[INFO] [stderr]    Compiling bytes v1.4.0
[INFO] [stderr]    Compiling uncased v0.9.7
[INFO] [stderr]    Compiling futures-core v0.3.27
[INFO] [stderr]    Compiling lock_api v0.4.9
[INFO] [stderr]    Compiling parking_lot_core v0.9.7
[INFO] [stderr]    Compiling syn v2.0.11
[INFO] [stderr]    Compiling aho-corasick v0.7.20
[INFO] [stderr]    Compiling getrandom v0.2.8
[INFO] [stderr]    Compiling siphasher v0.3.10
[INFO] [stderr]    Compiling syn v1.0.109
[INFO] [stderr]    Compiling smallvec v1.10.0
[INFO] [stderr]    Compiling rand_core v0.6.4
[INFO] [stderr]    Compiling jobserver v0.1.26
[INFO] [stderr]    Compiling rand_chacha v0.3.1
[INFO] [stderr]    Compiling num-traits v0.2.15
[INFO] [stderr]    Compiling tokio v1.27.0
[INFO] [stderr]    Compiling regex v1.7.3
[INFO] [stderr]    Compiling typenum v1.16.0
[INFO] [stderr]    Compiling serde_derive v1.0.159
[INFO] [stderr]    Compiling parking_lot v0.12.1
[INFO] [stderr]    Compiling cc v1.0.79
[INFO] [stderr]    Compiling signal-hook-registry v1.4.1
[INFO] [stderr]    Compiling mio v0.8.6
[INFO] [stderr]    Compiling socket2 v0.4.9
[INFO] [stderr]    Compiling generic-array v0.14.7
[INFO] [stderr]    Compiling tracing-core v0.1.30
[INFO] [stderr]    Compiling futures-task v0.3.27
[INFO] [stderr]    Compiling serde v1.0.159
[INFO] [stderr]    Compiling pkg-config v0.3.26
[INFO] [stderr]    Compiling tracing v0.1.37
[INFO] [stderr]    Compiling zstd-sys v2.0.7+zstd.1.5.4
[INFO] [stderr]    Compiling phf_shared v0.10.0
[INFO] [stderr]    Compiling percent-encoding v2.2.0
[INFO] [stderr]    Compiling futures-util v0.3.27
[INFO] [stderr]    Compiling rand v0.8.5
[INFO] [stderr]    Compiling http v0.2.9
[INFO] [stderr]    Compiling indexmap v1.9.3
[INFO] [stderr]    Compiling futures-sink v0.3.27
[INFO] [stderr]    Compiling pin-utils v0.1.0
[INFO] [stderr]    Compiling thiserror v1.0.40
[INFO] [stderr]    Compiling paste v1.0.12
[INFO] [stderr]    Compiling phf_generator v0.10.0
[INFO] [stderr]    Compiling thiserror-impl v1.0.40
[INFO] [stderr]    Compiling bytestring v1.3.0
[INFO] [stderr]    Compiling num-integer v0.1.45
[INFO] [stderr]    Compiling slab v0.4.8
[INFO] [stderr]    Compiling unicase v2.6.0
[INFO] [stderr]    Compiling tinyvec_macros v0.1.1
[INFO] [stderr]    Compiling ryu v1.0.13
[INFO] [stderr]    Compiling zstd-safe v6.0.4+zstd.1.5.4
[INFO] [stderr]    Compiling alloc-no-stdlib v2.0.4
[INFO] [stderr]    Compiling hashbrown v0.12.3
[INFO] [stderr]    Compiling crc32fast v1.3.2
[INFO] [stderr]    Compiling bitflags v1.3.2
[INFO] [stderr]    Compiling local-waker v0.1.3
[INFO] [stderr]    Compiling alloc-stdlib v0.2.2
[INFO] [stderr]    Compiling tinyvec v1.6.0
[INFO] [stderr]    Compiling tokio-util v0.7.7
[INFO] [stderr]    Compiling phf_codegen v0.10.0
[INFO] [stderr]    Compiling crypto-common v0.1.6
[INFO] [stderr]    Compiling block-buffer v0.10.4
[INFO] [stderr]    Compiling phf v0.10.1
[INFO] [stderr]    Compiling parse-zoneinfo v0.3.0
[INFO] [stderr]    Compiling ahash v0.8.3
[INFO] [stderr]    Compiling time-core v0.1.0
[INFO] [stderr]    Compiling adler v1.0.2
[INFO] [stderr]    Compiling serde_json v1.0.95
[INFO] [stderr]    Compiling ucd-trie v0.1.5
[INFO] [stderr]    Compiling httparse v1.8.0
[INFO] [stderr]    Compiling pest v2.5.6
[INFO] [stderr]    Compiling miniz_oxide v0.6.2
[INFO] [stderr]    Compiling time-macros v0.2.8
[INFO] [stderr]    Compiling actix-service v2.0.2
[INFO] [stderr]    Compiling chrono-tz-build v0.0.2
[INFO] [stderr]    Compiling unicode-normalization v0.1.22
[INFO] [stderr]    Compiling digest v0.10.6
[INFO] [stderr]    Compiling actix-rt v2.8.0
[INFO] [stderr]    Compiling brotli-decompressor v2.3.4
[INFO] [stderr]    Compiling actix-utils v3.0.1
[INFO] [stderr]    Compiling form_urlencoded v1.1.0
[INFO] [stderr]    Compiling bstr v1.4.0
[INFO] [stderr]    Compiling num-rational v0.3.2
[INFO] [stderr]    Compiling num-iter v0.1.43
[INFO] [stderr]    Compiling cookie v0.16.2
[INFO] [stderr]    Compiling ahash v0.7.6
[INFO] [stderr]    Compiling unicode-bidi v0.3.13
[INFO] [stderr]    Compiling mime v0.3.17
[INFO] [stderr]    Compiling unic-common v0.9.0
[INFO] [stderr]    Compiling unic-char-range v0.9.0
[INFO] [stderr]    Compiling cpufeatures v0.2.6
[INFO] [stderr]    Compiling same-file v1.0.6
[INFO] [stderr]    Compiling libm v0.2.6
[INFO] [stderr]    Compiling convert_case v0.4.0
[INFO] [stderr]    Compiling idna v0.3.0
[INFO] [stderr]    Compiling pest_meta v2.5.6
[INFO] [stderr]    Compiling walkdir v2.3.3
[INFO] [stderr]    Compiling derive_more v0.99.17
[INFO] [stderr]    Compiling unic-char-property v0.9.0
[INFO] [stderr]    Compiling sha1 v0.10.5
[INFO] [stderr]    Compiling unic-ucd-version v0.9.0
[INFO] [stderr]    Compiling time v0.3.20
[INFO] [stderr]    Compiling brotli v3.3.4
[INFO] [stderr]    Compiling globset v0.4.10
[INFO] [stderr]    Compiling flate2 v1.0.25
[INFO] [stderr]    Compiling mime_guess v2.0.4
[INFO] [stderr]    Compiling actix-router v0.5.1
[INFO] [stderr]    Compiling h2 v0.3.16
[INFO] [stderr]    Compiling chrono-tz v0.6.1
[INFO] [stderr]    Compiling actix-codec v0.5.0
[INFO] [stderr]    Compiling local-channel v0.1.3
[INFO] [stderr]    Compiling num_cpus v1.15.0
[INFO] [stderr]    Compiling thread_local v1.1.4
[INFO] [stderr]    Compiling encoding_rs v0.8.32
[INFO] [stderr]    Compiling httpdate v1.0.2
[INFO] [stderr]    Compiling iana-time-zone v0.1.54
[INFO] [stderr]    Compiling base64 v0.21.0
[INFO] [stderr]    Compiling language-tags v0.3.2
[INFO] [stderr]    Compiling chrono v0.4.25
[INFO] [stderr]    Compiling ignore v0.4.20
[INFO] [stderr]    Compiling actix-web-codegen v4.2.0
[INFO] [stderr]    Compiling actix-server v2.2.0
[INFO] [stderr]    Compiling serde_urlencoded v0.7.1
[INFO] [stderr]    Compiling unic-ucd-segment v0.9.0
[INFO] [stderr]    Compiling pest_generator v2.5.6
[INFO] [stderr]    Compiling url v2.3.1
[INFO] [stderr]    Compiling actix-macros v0.2.3
[INFO] [stderr]    Compiling deunicode v0.4.3
[INFO] [stderr]    Compiling bytemuck v1.13.1
[INFO] [stderr]    Compiling byteorder v1.4.3
[INFO] [stderr]    Compiling color_quant v1.1.0
[INFO] [stderr]    Compiling slug v0.1.4
[INFO] [stderr]    Compiling pest_derive v2.5.6
[INFO] [stderr]    Compiling humansize v2.1.3
[INFO] [stderr]    Compiling image v0.23.14
[INFO] [stderr]    Compiling unic-segment v0.9.0
[INFO] [stderr]    Compiling globwalk v0.8.1
[INFO] [stderr]    Compiling uuid-macro-internal v1.3.3
[INFO] [stderr]    Compiling http-range v0.1.5
[INFO] [stderr]    Compiling checked_int_cast v1.0.0
[INFO] [stderr]    Compiling askama_escape v0.10.3
[INFO] [stderr]    Compiling unsafe-libyaml v0.2.7
[INFO] [stderr]    Compiling uuid v1.3.3
[INFO] [stderr]    Compiling qrcode v0.12.0
[INFO] [stderr]    Compiling serde_yaml v0.9.19
[INFO] [stderr]    Compiling tera v1.18.1
[INFO] [stderr]    Compiling zstd v0.12.3+zstd.1.5.2
[INFO] [stderr]    Compiling actix-http v3.3.1
[INFO] [stderr]    Compiling actix-web v4.3.1
[INFO] [stderr]    Compiling actix-files v0.6.2
[INFO] [stderr]    Compiling zorka v0.4.0 (/opt/rustwide/workdir)
[INFO] [stderr]     Finished dev [unoptimized + debuginfo] target(s) in 32.46s
[INFO] running `Command { std: "docker" "inspect" "ab167c0f94eee517fad727b321dfa3662cf2dcf4fa452f004982ebcddb424a0f", kill_on_drop: false }`
[INFO] running `Command { std: "docker" "rm" "-f" "ab167c0f94eee517fad727b321dfa3662cf2dcf4fa452f004982ebcddb424a0f", kill_on_drop: false }`
[INFO] [stdout] ab167c0f94eee517fad727b321dfa3662cf2dcf4fa452f004982ebcddb424a0f
[INFO] running `Command { std: "docker" "create" "-v" "/var/lib/crater-agent-workspace/builds/worker-5-tc1/target:/opt/rustwide/target:rw,Z" "-v" "/var/lib/crater-agent-workspace/builds/worker-5-tc1/source:/opt/rustwide/workdir:ro,Z" "-v" "/var/lib/crater-agent-workspace/cargo-home:/opt/rustwide/cargo-home:ro,Z" "-v" "/var/lib/crater-agent-workspace/rustup-home:/opt/rustwide/rustup-home:ro,Z" "-e" "SOURCE_DIR=/opt/rustwide/workdir" "-e" "CARGO_TARGET_DIR=/opt/rustwide/target" "-e" "CARGO_INCREMENTAL=0" "-e" "RUST_BACKTRACE=full" "-e" "RUSTFLAGS=--cap-lints=warn" "-e" "RUSTDOCFLAGS=--cap-lints=warn" "-e" "CARGO_HOME=/opt/rustwide/cargo-home" "-e" "RUSTUP_HOME=/opt/rustwide/rustup-home" "-w" "/opt/rustwide/workdir" "-m" "1610612736" "--user" "0:0" "--network" "none" "ghcr.io/rust-lang/crates-build-env/linux@sha256:2788e3201cd34a07e3172128adcd8b3090168a8e3bcc40d7c032b9dda1df7d1c" "/opt/rustwide/cargo-home/bin/cargo" "+1.75.0" "test" "--frozen" "--no-run" "--message-format=json", kill_on_drop: false }`
[INFO] [stdout] 5d12d1dddb0cc6d9be63ee3d3aa670bc2a12607ff1663a685a1d5975e5726250
[INFO] running `Command { std: "docker" "start" "-a" "5d12d1dddb0cc6d9be63ee3d3aa670bc2a12607ff1663a685a1d5975e5726250", kill_on_drop: false }`
[INFO] [stderr]    Compiling zorka v0.4.0 (/opt/rustwide/workdir)
[INFO] [stderr]     Finished test [unoptimized + debuginfo] target(s) in 3.57s
[INFO] running `Command { std: "docker" "inspect" "5d12d1dddb0cc6d9be63ee3d3aa670bc2a12607ff1663a685a1d5975e5726250", kill_on_drop: false }`
[INFO] running `Command { std: "docker" "rm" "-f" "5d12d1dddb0cc6d9be63ee3d3aa670bc2a12607ff1663a685a1d5975e5726250", kill_on_drop: false }`
[INFO] [stdout] 5d12d1dddb0cc6d9be63ee3d3aa670bc2a12607ff1663a685a1d5975e5726250
[INFO] running `Command { std: "docker" "create" "-v" "/var/lib/crater-agent-workspace/builds/worker-5-tc1/target:/opt/rustwide/target:rw,Z" "-v" "/var/lib/crater-agent-workspace/builds/worker-5-tc1/source:/opt/rustwide/workdir:ro,Z" "-v" "/var/lib/crater-agent-workspace/cargo-home:/opt/rustwide/cargo-home:ro,Z" "-v" "/var/lib/crater-agent-workspace/rustup-home:/opt/rustwide/rustup-home:ro,Z" "-e" "SOURCE_DIR=/opt/rustwide/workdir" "-e" "CARGO_TARGET_DIR=/opt/rustwide/target" "-e" "CARGO_INCREMENTAL=0" "-e" "RUST_BACKTRACE=full" "-e" "RUSTFLAGS=--cap-lints=warn" "-e" "RUSTDOCFLAGS=--cap-lints=warn" "-e" "CARGO_HOME=/opt/rustwide/cargo-home" "-e" "RUSTUP_HOME=/opt/rustwide/rustup-home" "-w" "/opt/rustwide/workdir" "-m" "1610612736" "--user" "0:0" "--network" "none" "ghcr.io/rust-lang/crates-build-env/linux@sha256:2788e3201cd34a07e3172128adcd8b3090168a8e3bcc40d7c032b9dda1df7d1c" "/opt/rustwide/cargo-home/bin/cargo" "+1.75.0" "test" "--frozen", kill_on_drop: false }`
[INFO] [stdout] c9731408cc7b671ec50e480ad5f6ab973c6767f437c2d36b377126a1fe3b821d
[INFO] running `Command { std: "docker" "start" "-a" "c9731408cc7b671ec50e480ad5f6ab973c6767f437c2d36b377126a1fe3b821d", kill_on_drop: false }`
[INFO] [stderr]     Finished test [unoptimized + debuginfo] target(s) in 0.09s
[INFO] [stderr]      Running unittests src/main.rs (/opt/rustwide/target/debug/deps/zorka-e304de0b5f0edd5e)
[INFO] [stdout] 
[INFO] [stdout] running 4 tests
[INFO] [stdout] test tests::testing::healthcheck ... ok
[INFO] [stdout] test tests::testing::admin_dashboard ... ok
[INFO] [stdout] test tests::testing::url_shortening ... ok
[INFO] [stdout] test tests::testing::backups ... FAILED
[INFO] [stdout] 
[INFO] [stdout] failures:
[INFO] [stdout] 
[INFO] [stdout] ---- tests::testing::backups stdout ----
[INFO] [stdout] Read-only file system (os error 30)
[INFO] [stdout] Backing up database pre shutdown...
[INFO] [stdout] Read-only file system (os error 30)
[INFO] [stdout] thread 'tests::testing::backups' panicked at src/database.rs:97:18:
[INFO] [stdout] could not backup the database on exit: Os { code: 2, kind: NotFound, message: "No such file or directory" }
[INFO] [stdout] stack backtrace:
[INFO] [stdout]    0:     0x564837c29b5c - std::backtrace_rs::backtrace::libunwind::trace::ha637c64ce894333a
[INFO] [stdout]                                at /rustc/82e1608dfa6e0b5569232559e3d385fea5a93112/library/std/src/../../backtrace/src/backtrace/libunwind.rs:104:5
[INFO] [stdout]    1:     0x564837c29b5c - std::backtrace_rs::backtrace::trace_unsynchronized::h47f62dea28e0c88d
[INFO] [stdout]                                at /rustc/82e1608dfa6e0b5569232559e3d385fea5a93112/library/std/src/../../backtrace/src/backtrace/mod.rs:66:5
[INFO] [stdout]    2:     0x564837c29b5c - std::sys_common::backtrace::_print_fmt::h9eef0abe20ede486
[INFO] [stdout]                                at /rustc/82e1608dfa6e0b5569232559e3d385fea5a93112/library/std/src/sys_common/backtrace.rs:67:5
[INFO] [stdout]    3:     0x564837c29b5c - <std::sys_common::backtrace::_print::DisplayBacktrace as core::fmt::Display>::fmt::hed7f999df88cc644
[INFO] [stdout]                                at /rustc/82e1608dfa6e0b5569232559e3d385fea5a93112/library/std/src/sys_common/backtrace.rs:44:22
[INFO] [stdout]    4:     0x564837c58450 - core::fmt::rt::Argument::fmt::h1539a9308b8d058d
[INFO] [stdout]                                at /rustc/82e1608dfa6e0b5569232559e3d385fea5a93112/library/core/src/fmt/rt.rs:142:9
[INFO] [stdout]    5:     0x564837c58450 - core::fmt::write::h3a39390d8560d9c9
[INFO] [stdout]                                at /rustc/82e1608dfa6e0b5569232559e3d385fea5a93112/library/core/src/fmt/mod.rs:1120:17
[INFO] [stdout]    6:     0x564837c2716f - std::io::Write::write_fmt::h040b369f3a0f9cbc
[INFO] [stdout]                                at /rustc/82e1608dfa6e0b5569232559e3d385fea5a93112/library/std/src/io/mod.rs:1762:15
[INFO] [stdout]    7:     0x564837c29944 - std::sys_common::backtrace::_print::h894006fb5c6f3d45
[INFO] [stdout]                                at /rustc/82e1608dfa6e0b5569232559e3d385fea5a93112/library/std/src/sys_common/backtrace.rs:47:5
[INFO] [stdout]    8:     0x564837c29944 - std::sys_common::backtrace::print::h23a2d212c6fff936
[INFO] [stdout]                                at /rustc/82e1608dfa6e0b5569232559e3d385fea5a93112/library/std/src/sys_common/backtrace.rs:34:9
[INFO] [stdout]    9:     0x564837c2b607 - std::panicking::default_hook::{{closure}}::h8a1d2ee00185001a
[INFO] [stdout]   10:     0x564837c2b2f3 - std::panicking::default_hook::h6038f2eba384e475
[INFO] [stdout]                                at /rustc/82e1608dfa6e0b5569232559e3d385fea5a93112/library/std/src/panicking.rs:289:9
[INFO] [stdout]   11:     0x5648374d88c7 - <alloc::boxed::Box<F,A> as core::ops::function::Fn<Args>>::call::h0ad024c9bdc6d768
[INFO] [stdout]                                at /rustc/82e1608dfa6e0b5569232559e3d385fea5a93112/library/alloc/src/boxed.rs:2021:9
[INFO] [stdout]   12:     0x5648374d88c7 - test::test_main::{{closure}}::h7500b54257359db6
[INFO] [stdout]                                at /rustc/82e1608dfa6e0b5569232559e3d385fea5a93112/library/test/src/lib.rs:138:21
[INFO] [stdout]   13:     0x564837c2bc18 - <alloc::boxed::Box<F,A> as core::ops::function::Fn<Args>>::call::h1f8f335eaa9cfaee
[INFO] [stdout]                                at /rustc/82e1608dfa6e0b5569232559e3d385fea5a93112/library/alloc/src/boxed.rs:2021:9
[INFO] [stdout]   14:     0x564837c2bc18 - std::panicking::rust_panic_with_hook::h2b5517d590cab22e
[INFO] [stdout]                                at /rustc/82e1608dfa6e0b5569232559e3d385fea5a93112/library/std/src/panicking.rs:783:13
[INFO] [stdout]   15:     0x564837c2b96e - std::panicking::begin_panic_handler::{{closure}}::h233112c06e0ef43e
[INFO] [stdout]                                at /rustc/82e1608dfa6e0b5569232559e3d385fea5a93112/library/std/src/panicking.rs:657:13
[INFO] [stdout]   16:     0x564837c2a026 - std::sys_common::backtrace::__rust_end_short_backtrace::h6e893f24d7ebbff8
[INFO] [stdout]                                at /rustc/82e1608dfa6e0b5569232559e3d385fea5a93112/library/std/src/sys_common/backtrace.rs:170:18
[INFO] [stdout]   17:     0x564837c2b6d2 - rust_begin_unwind
[INFO] [stdout]                                at /rustc/82e1608dfa6e0b5569232559e3d385fea5a93112/library/std/src/panicking.rs:645:5
[INFO] [stdout]   18:     0x5648374227d5 - core::panicking::panic_fmt::hbf0e066aabfa482c
[INFO] [stdout]                                at /rustc/82e1608dfa6e0b5569232559e3d385fea5a93112/library/core/src/panicking.rs:72:14
[INFO] [stdout]   19:     0x564837422da3 - core::result::unwrap_failed::hddb4fea594200c52
[INFO] [stdout]                                at /rustc/82e1608dfa6e0b5569232559e3d385fea5a93112/library/core/src/result.rs:1653:5
[INFO] [stdout]   20:     0x564837b9258f - core::result::Result<T,E>::expect::h63a650e47edc417a
[INFO] [stdout]                                at /rustc/82e1608dfa6e0b5569232559e3d385fea5a93112/library/core/src/result.rs:1034:23
[INFO] [stdout]   21:     0x56483745a676 - <zorka::database::Database as core::ops::drop::Drop>::drop::ha2b1f2335d27cfe6
[INFO] [stdout]                                at /opt/rustwide/workdir/src/database.rs:96:13
[INFO] [stdout]   22:     0x56483749faa3 - core::ptr::drop_in_place<zorka::database::Database>::hf562ff3613ae0947
[INFO] [stdout]                                at /rustc/82e1608dfa6e0b5569232559e3d385fea5a93112/library/core/src/ptr/mod.rs:498:1
[INFO] [stdout]   23:     0x564837475bd6 - core::mem::drop::hb6894a737c831cd2
[INFO] [stdout]                                at /rustc/82e1608dfa6e0b5569232559e3d385fea5a93112/library/core/src/mem/mod.rs:992:24
[INFO] [stdout]   24:     0x564837484f2c - zorka::tests::testing::backups::{{closure}}::hfefcefeb10b4cc1f
[INFO] [stdout]                                at /opt/rustwide/workdir/src/tests.rs:149:9
[INFO] [stdout]   25:     0x56483748ff1e - <tokio::task::local::RunUntil<T> as core::future::future::Future>::poll::{{closure}}::h8b8079809b22ad21
[INFO] [stdout]                                at /opt/rustwide/cargo-home/registry/src/index.crates.io-6f17d22bba15001f/tokio-1.27.0/src/task/local.rs:923:42
[INFO] [stdout]   26:     0x56483748e15e - tokio::task::local::LocalSet::with::{{closure}}::h0f42cd4251237acf
[INFO] [stdout]                                at /opt/rustwide/cargo-home/registry/src/index.crates.io-6f17d22bba15001f/tokio-1.27.0/src/task/local.rs:684:13
[INFO] [stdout]   27:     0x5648374554f4 - std::thread::local::LocalKey<T>::try_with::h6b1340851320a11a
[INFO] [stdout]                                at /rustc/82e1608dfa6e0b5569232559e3d385fea5a93112/library/std/src/thread/local.rs:270:16
[INFO] [stdout]   28:     0x56483745458a - std::thread::local::LocalKey<T>::with::he26d929e02557f86
[INFO] [stdout]                                at /rustc/82e1608dfa6e0b5569232559e3d385fea5a93112/library/std/src/thread/local.rs:246:9
[INFO] [stdout]   29:     0x56483748e096 - tokio::task::local::LocalSet::with::hea29fbe6067e60d2
[INFO] [stdout]                                at /opt/rustwide/cargo-home/registry/src/index.crates.io-6f17d22bba15001f/tokio-1.27.0/src/task/local.rs:667:9
[INFO] [stdout]   30:     0x56483748fc85 - <tokio::task::local::RunUntil<T> as core::future::future::Future>::poll::h5a9a2fc20d764932
[INFO] [stdout]                                at /opt/rustwide/cargo-home/registry/src/index.crates.io-6f17d22bba15001f/tokio-1.27.0/src/task/local.rs:913:9
[INFO] [stdout]   31:     0x56483748ebab - tokio::task::local::LocalSet::run_until::{{closure}}::h2e725662974fb0bd
[INFO] [stdout]                                at /opt/rustwide/cargo-home/registry/src/index.crates.io-6f17d22bba15001f/tokio-1.27.0/src/task/local.rs:573:19
[INFO] [stdout]   32:     0x56483742ff1b - <core::pin::Pin<P> as core::future::future::Future>::poll::h63aaf3a007e354ff
[INFO] [stdout]                                at /rustc/82e1608dfa6e0b5569232559e3d385fea5a93112/library/core/src/future/future.rs:125:9
[INFO] [stdout]   33:     0x564837452664 - tokio::runtime::scheduler::current_thread::CoreGuard::block_on::{{closure}}::{{closure}}::{{closure}}::h6bbeefc09f5f1629
[INFO] [stdout]                                at /opt/rustwide/cargo-home/registry/src/index.crates.io-6f17d22bba15001f/tokio-1.27.0/src/runtime/scheduler/current_thread.rs:541:57
[INFO] [stdout]   34:     0x56483745226a - tokio::runtime::coop::with_budget::h1c60e2feb87628b6
[INFO] [stdout]                                at /opt/rustwide/cargo-home/registry/src/index.crates.io-6f17d22bba15001f/tokio-1.27.0/src/runtime/coop.rs:107:5
[INFO] [stdout]   35:     0x56483745226a - tokio::runtime::coop::budget::h512088763c7b7125
[INFO] [stdout]                                at /opt/rustwide/cargo-home/registry/src/index.crates.io-6f17d22bba15001f/tokio-1.27.0/src/runtime/coop.rs:73:5
[INFO] [stdout]   36:     0x56483745226a - tokio::runtime::scheduler::current_thread::CoreGuard::block_on::{{closure}}::{{closure}}::h2b601fe8fcd2d8dd
[INFO] [stdout]                                at /opt/rustwide/cargo-home/registry/src/index.crates.io-6f17d22bba15001f/tokio-1.27.0/src/runtime/scheduler/current_thread.rs:541:25
[INFO] [stdout]   37:     0x56483744c73c - tokio::runtime::scheduler::current_thread::Context::enter::hcaf01e5ebca0116d
[INFO] [stdout]                                at /opt/rustwide/cargo-home/registry/src/index.crates.io-6f17d22bba15001f/tokio-1.27.0/src/runtime/scheduler/current_thread.rs:350:19
[INFO] [stdout]   38:     0x56483745095a - tokio::runtime::scheduler::current_thread::CoreGuard::block_on::{{closure}}::hde78b394d1c01bd2
[INFO] [stdout]                                at /opt/rustwide/cargo-home/registry/src/index.crates.io-6f17d22bba15001f/tokio-1.27.0/src/runtime/scheduler/current_thread.rs:540:36
[INFO] [stdout]   39:     0x56483744eedb - tokio::runtime::scheduler::current_thread::CoreGuard::enter::{{closure}}::hbd6352074e3f7c6e
[INFO] [stdout]                                at /opt/rustwide/cargo-home/registry/src/index.crates.io-6f17d22bba15001f/tokio-1.27.0/src/runtime/scheduler/current_thread.rs:615:57
[INFO] [stdout]   40:     0x56483746c1e8 - tokio::macros::scoped_tls::ScopedKey<T>::set::h47e96de63b282b93
[INFO] [stdout]                                at /opt/rustwide/cargo-home/registry/src/index.crates.io-6f17d22bba15001f/tokio-1.27.0/src/macros/scoped_tls.rs:61:9
[INFO] [stdout]   41:     0x56483744e7bf - tokio::runtime::scheduler::current_thread::CoreGuard::enter::h78cdb58e0d35b73c
[INFO] [stdout]                                at /opt/rustwide/cargo-home/registry/src/index.crates.io-6f17d22bba15001f/tokio-1.27.0/src/runtime/scheduler/current_thread.rs:615:27
[INFO] [stdout]   42:     0x56483744ef0d - tokio::runtime::scheduler::current_thread::CoreGuard::block_on::h139a1b7d9f29cf50
[INFO] [stdout]                                at /opt/rustwide/cargo-home/registry/src/index.crates.io-6f17d22bba15001f/tokio-1.27.0/src/runtime/scheduler/current_thread.rs:530:19
[INFO] [stdout]   43:     0x56483744aca6 - tokio::runtime::scheduler::current_thread::CurrentThread::block_on::h314d6932ce55f2aa
[INFO] [stdout]                                at /opt/rustwide/cargo-home/registry/src/index.crates.io-6f17d22bba15001f/tokio-1.27.0/src/runtime/scheduler/current_thread.rs:154:24
[INFO] [stdout]   44:     0x56483743dd83 - tokio::runtime::runtime::Runtime::block_on::hf9622f2523856c13
[INFO] [stdout]                                at /opt/rustwide/cargo-home/registry/src/index.crates.io-6f17d22bba15001f/tokio-1.27.0/src/runtime/runtime.rs:302:47
[INFO] [stdout]   45:     0x56483748e64d - tokio::task::local::LocalSet::block_on::h8ffc069e892437df
[INFO] [stdout]                                at /opt/rustwide/cargo-home/registry/src/index.crates.io-6f17d22bba15001f/tokio-1.27.0/src/task/local.rs:534:9
[INFO] [stdout]   46:     0x56483745288c - actix_rt::runtime::Runtime::block_on::h6e96617c771f15e8
[INFO] [stdout]                                at /opt/rustwide/cargo-home/registry/src/index.crates.io-6f17d22bba15001f/actix-rt-2.8.0/src/runtime.rs:82:9
[INFO] [stdout]   47:     0x5648374979e2 - actix_rt::system::SystemRunner::block_on::h2e9f76c11cd6818f
[INFO] [stdout]                                at /opt/rustwide/cargo-home/registry/src/index.crates.io-6f17d22bba15001f/actix-rt-2.8.0/src/system.rs:210:9
[INFO] [stdout]   48:     0x564837484b60 - zorka::tests::testing::backups::h77d6df6d54bc634b
[INFO] [stdout]                                at /opt/rustwide/workdir/src/tests.rs:135:5
[INFO] [stdout]   49:     0x564837484b17 - zorka::tests::testing::backups::{{closure}}::h5c81c20f5367b88d
[INFO] [stdout]                                at /opt/rustwide/workdir/src/tests.rs:136:23
[INFO] [stdout]   50:     0x56483749b256 - core::ops::function::FnOnce::call_once::h8d854ff1a9461b08
[INFO] [stdout]                                at /rustc/82e1608dfa6e0b5569232559e3d385fea5a93112/library/core/src/ops/function.rs:250:5
[INFO] [stdout]   51:     0x5648374ddf1f - core::ops::function::FnOnce::call_once::h2b5d431d5046312d
[INFO] [stdout]                                at /rustc/82e1608dfa6e0b5569232559e3d385fea5a93112/library/core/src/ops/function.rs:250:5
[INFO] [stdout]   52:     0x5648374ddf1f - test::__rust_begin_short_backtrace::h7714669af176e207
[INFO] [stdout]                                at /rustc/82e1608dfa6e0b5569232559e3d385fea5a93112/library/test/src/lib.rs:628:18
[INFO] [stdout]   53:     0x5648374dcf35 - test::run_test_in_process::{{closure}}::h85218797dcbcec12
[INFO] [stdout]                                at /rustc/82e1608dfa6e0b5569232559e3d385fea5a93112/library/test/src/lib.rs:651:60
[INFO] [stdout]   54:     0x5648374dcf35 - <core::panic::unwind_safe::AssertUnwindSafe<F> as core::ops::function::FnOnce<()>>::call_once::h76c106ea31c14d7b
[INFO] [stdout]                                at /rustc/82e1608dfa6e0b5569232559e3d385fea5a93112/library/core/src/panic/unwind_safe.rs:272:9
[INFO] [stdout]   55:     0x5648374dcf35 - std::panicking::try::do_call::h3bd5d0f6620ee946
[INFO] [stdout]                                at /rustc/82e1608dfa6e0b5569232559e3d385fea5a93112/library/std/src/panicking.rs:552:40
[INFO] [stdout]   56:     0x5648374dcf35 - std::panicking::try::h232e535e4744fe31
[INFO] [stdout]                                at /rustc/82e1608dfa6e0b5569232559e3d385fea5a93112/library/std/src/panicking.rs:516:19
[INFO] [stdout]   57:     0x5648374dcf35 - std::panic::catch_unwind::h3ce3bd6ca8dbac68
[INFO] [stdout]                                at /rustc/82e1608dfa6e0b5569232559e3d385fea5a93112/library/std/src/panic.rs:142:14
[INFO] [stdout]   58:     0x5648374dcf35 - test::run_test_in_process::hc97b257c9621286a
[INFO] [stdout]                                at /rustc/82e1608dfa6e0b5569232559e3d385fea5a93112/library/test/src/lib.rs:651:27
[INFO] [stdout]   59:     0x5648374dcf35 - test::run_test::{{closure}}::h2aa798823a438d38
[INFO] [stdout]                                at /rustc/82e1608dfa6e0b5569232559e3d385fea5a93112/library/test/src/lib.rs:574:43
[INFO] [stdout]   60:     0x5648374a51f6 - test::run_test::{{closure}}::h87d231c78fb59832
[INFO] [stdout]                                at /rustc/82e1608dfa6e0b5569232559e3d385fea5a93112/library/test/src/lib.rs:602:41
[INFO] [stdout]   61:     0x5648374a51f6 - std::sys_common::backtrace::__rust_begin_short_backtrace::he6df152596625789
[INFO] [stdout]                                at /rustc/82e1608dfa6e0b5569232559e3d385fea5a93112/library/std/src/sys_common/backtrace.rs:154:18
[INFO] [stdout]   62:     0x5648374aa2a7 - std::thread::Builder::spawn_unchecked_::{{closure}}::{{closure}}::ha94be15d1e0acf36
[INFO] [stdout]                                at /rustc/82e1608dfa6e0b5569232559e3d385fea5a93112/library/std/src/thread/mod.rs:529:17
[INFO] [stdout]   63:     0x5648374aa2a7 - <core::panic::unwind_safe::AssertUnwindSafe<F> as core::ops::function::FnOnce<()>>::call_once::h9dc6bd6372f16606
[INFO] [stdout]                                at /rustc/82e1608dfa6e0b5569232559e3d385fea5a93112/library/core/src/panic/unwind_safe.rs:272:9
[INFO] [stdout]   64:     0x5648374aa2a7 - std::panicking::try::do_call::h9057517f80303cd4
[INFO] [stdout]                                at /rustc/82e1608dfa6e0b5569232559e3d385fea5a93112/library/std/src/panicking.rs:552:40
[INFO] [stdout]   65:     0x5648374aa2a7 - std::panicking::try::he3a30b11ee45340c
[INFO] [stdout]                                at /rustc/82e1608dfa6e0b5569232559e3d385fea5a93112/library/std/src/panicking.rs:516:19
[INFO] [stdout]   66:     0x5648374aa2a7 - std::panic::catch_unwind::h410458cfd3528b8b
[INFO] [stdout]                                at /rustc/82e1608dfa6e0b5569232559e3d385fea5a93112/library/std/src/panic.rs:142:14
[INFO] [stdout]   67:     0x5648374aa2a7 - std::thread::Builder::spawn_unchecked_::{{closure}}::h72ac3bdb567b737b
[INFO] [stdout]                                at /rustc/82e1608dfa6e0b5569232559e3d385fea5a93112/library/std/src/thread/mod.rs:528:30
[INFO] [stdout]   68:     0x5648374aa2a7 - core::ops::function::FnOnce::call_once{{vtable.shim}}::h38f34da3654a8344
[INFO] [stdout]                                at /rustc/82e1608dfa6e0b5569232559e3d385fea5a93112/library/core/src/ops/function.rs:250:5
[INFO] [stdout]   69:     0x564837c316b5 - <alloc::boxed::Box<F,A> as core::ops::function::FnOnce<Args>>::call_once::hc7eafaff61e32df9
[INFO] [stdout]                                at /rustc/82e1608dfa6e0b5569232559e3d385fea5a93112/library/alloc/src/boxed.rs:2007:9
[INFO] [stdout]   70:     0x564837c316b5 - <alloc::boxed::Box<F,A> as core::ops::function::FnOnce<Args>>::call_once::h6ba4a5de48dd2304
[INFO] [stdout]                                at /rustc/82e1608dfa6e0b5569232559e3d385fea5a93112/library/alloc/src/boxed.rs:2007:9
[INFO] [stdout]   71:     0x564837c316b5 - std::sys::unix::thread::Thread::new::thread_start::he469335aef763e45
[INFO] [stdout]                                at /rustc/82e1608dfa6e0b5569232559e3d385fea5a93112/library/std/src/sys/unix/thread.rs:108:17
[INFO] [stdout]   72:     0x7f218c9bdac3 - <unknown>
[INFO] [stdout]   73:     0x7f218ca4ebf4 - __clone
[INFO] [stdout]   74:                0x0 - <unknown>
[INFO] [stdout] 
[INFO] [stdout] 
[INFO] [stdout] failures:
[INFO] [stdout]     tests::testing::backups
[INFO] [stdout] 
[INFO] [stdout] test result: FAILED. 3 passed; 1 failed; 0 ignored; 0 measured; 0 filtered out; finished in 0.05s
[INFO] [stdout] 
[INFO] [stderr] error: test failed, to rerun pass `--bin zorka`
[INFO] running `Command { std: "docker" "inspect" "c9731408cc7b671ec50e480ad5f6ab973c6767f437c2d36b377126a1fe3b821d", kill_on_drop: false }`
[INFO] running `Command { std: "docker" "rm" "-f" "c9731408cc7b671ec50e480ad5f6ab973c6767f437c2d36b377126a1fe3b821d", kill_on_drop: false }`
[INFO] [stdout] c9731408cc7b671ec50e480ad5f6ab973c6767f437c2d36b377126a1fe3b821d
[INFO] testing litvinav/zorka against beta-2023-12-22 for beta-1.76-1
[INFO] running `Command { std: "git" "clone" "/workspace/cache/git-repos/https%3A%2F%2Fgithub.com%2Flitvinav%2Fzorka" "/workspace/builds/worker-5-tc2/source", kill_on_drop: false }`
[INFO] [stderr] Cloning into '/workspace/builds/worker-5-tc2/source'...
[INFO] [stderr] done.
[INFO] validating manifest of git repo https://github.com/litvinav/zorka on toolchain beta-2023-12-22
[INFO] running `Command { std: CARGO_HOME="/workspace/cargo-home" RUSTUP_HOME="/workspace/rustup-home" "/workspace/cargo-home/bin/cargo" "+beta-2023-12-22" "metadata" "--manifest-path" "Cargo.toml" "--no-deps", kill_on_drop: false }`
[INFO] started tweaking git repo https://github.com/litvinav/zorka
[INFO] finished tweaking git repo https://github.com/litvinav/zorka
[INFO] tweaked toml for git repo https://github.com/litvinav/zorka written to /workspace/builds/worker-5-tc2/source/Cargo.toml
[INFO] crate git repo https://github.com/litvinav/zorka already has a lockfile, it will not be regenerated
[INFO] running `Command { std: CARGO_HOME="/workspace/cargo-home" RUSTUP_HOME="/workspace/rustup-home" "/workspace/cargo-home/bin/cargo" "+beta-2023-12-22" "fetch" "--manifest-path" "Cargo.toml", kill_on_drop: false }`
[INFO] running `Command { std: "docker" "create" "-v" "/var/lib/crater-agent-workspace/builds/worker-5-tc2/target:/opt/rustwide/target:rw,Z" "-v" "/var/lib/crater-agent-workspace/builds/worker-5-tc2/source:/opt/rustwide/workdir:ro,Z" "-v" "/var/lib/crater-agent-workspace/cargo-home:/opt/rustwide/cargo-home:ro,Z" "-v" "/var/lib/crater-agent-workspace/rustup-home:/opt/rustwide/rustup-home:ro,Z" "-e" "SOURCE_DIR=/opt/rustwide/workdir" "-e" "CARGO_TARGET_DIR=/opt/rustwide/target" "-e" "CARGO_HOME=/opt/rustwide/cargo-home" "-e" "RUSTUP_HOME=/opt/rustwide/rustup-home" "-w" "/opt/rustwide/workdir" "-m" "1610612736" "--user" "0:0" "--network" "none" "ghcr.io/rust-lang/crates-build-env/linux@sha256:2788e3201cd34a07e3172128adcd8b3090168a8e3bcc40d7c032b9dda1df7d1c" "/opt/rustwide/cargo-home/bin/cargo" "+beta-2023-12-22" "metadata" "--no-deps" "--format-version=1", kill_on_drop: false }`
[INFO] [stdout] 6b20f22782964acf2ed62a4b7110a0603f2d4e32a977108550f30ef5fb205067
[INFO] running `Command { std: "docker" "start" "-a" "6b20f22782964acf2ed62a4b7110a0603f2d4e32a977108550f30ef5fb205067", kill_on_drop: false }`
[INFO] running `Command { std: "docker" "inspect" "6b20f22782964acf2ed62a4b7110a0603f2d4e32a977108550f30ef5fb205067", kill_on_drop: false }`
[INFO] running `Command { std: "docker" "rm" "-f" "6b20f22782964acf2ed62a4b7110a0603f2d4e32a977108550f30ef5fb205067", kill_on_drop: false }`
[INFO] [stdout] 6b20f22782964acf2ed62a4b7110a0603f2d4e32a977108550f30ef5fb205067
[INFO] running `Command { std: "docker" "create" "-v" "/var/lib/crater-agent-workspace/builds/worker-5-tc2/target:/opt/rustwide/target:rw,Z" "-v" "/var/lib/crater-agent-workspace/builds/worker-5-tc2/source:/opt/rustwide/workdir:ro,Z" "-v" "/var/lib/crater-agent-workspace/cargo-home:/opt/rustwide/cargo-home:ro,Z" "-v" "/var/lib/crater-agent-workspace/rustup-home:/opt/rustwide/rustup-home:ro,Z" "-e" "SOURCE_DIR=/opt/rustwide/workdir" "-e" "CARGO_TARGET_DIR=/opt/rustwide/target" "-e" "CARGO_INCREMENTAL=0" "-e" "RUST_BACKTRACE=full" "-e" "RUSTFLAGS=--cap-lints=warn" "-e" "RUSTDOCFLAGS=--cap-lints=warn" "-e" "CARGO_HOME=/opt/rustwide/cargo-home" "-e" "RUSTUP_HOME=/opt/rustwide/rustup-home" "-w" "/opt/rustwide/workdir" "-m" "1610612736" "--user" "0:0" "--network" "none" "ghcr.io/rust-lang/crates-build-env/linux@sha256:2788e3201cd34a07e3172128adcd8b3090168a8e3bcc40d7c032b9dda1df7d1c" "/opt/rustwide/cargo-home/bin/cargo" "+beta-2023-12-22" "build" "--frozen" "--message-format=json", kill_on_drop: false }`
[INFO] [stdout] efb993536479f5d85d63659ef7a30dc3fedf4645b99dbf8f28b56fad06697d05
[INFO] running `Command { std: "docker" "start" "-a" "efb993536479f5d85d63659ef7a30dc3fedf4645b99dbf8f28b56fad06697d05", kill_on_drop: false }`
[INFO] [stderr]    Compiling libc v0.2.140
[INFO] [stderr]    Compiling version_check v0.9.4
[INFO] [stderr]    Compiling autocfg v1.1.0
[INFO] [stderr]    Compiling proc-macro2 v1.0.54
[INFO] [stderr]    Compiling unicode-ident v1.0.8
[INFO] [stderr]    Compiling quote v1.0.26
[INFO] [stderr]    Compiling memchr v2.5.0
[INFO] [stderr]    Compiling log v0.4.17
[INFO] [stderr]    Compiling pin-project-lite v0.2.9
[INFO] [stderr]    Compiling once_cell v1.17.1
[INFO] [stderr]    Compiling regex-syntax v0.6.29
[INFO] [stderr]    Compiling bytes v1.4.0
[INFO] [stderr]    Compiling itoa v1.0.6
[INFO] [stderr]    Compiling ppv-lite86 v0.2.17
[INFO] [stderr]    Compiling uncased v0.9.7
[INFO] [stderr]    Compiling futures-core v0.3.27
[INFO] [stderr]    Compiling lock_api v0.4.9
[INFO] [stderr]    Compiling aho-corasick v0.7.20
[INFO] [stderr]    Compiling parking_lot_core v0.9.7
[INFO] [stderr]    Compiling getrandom v0.2.8
[INFO] [stderr]    Compiling syn v2.0.11
[INFO] [stderr]    Compiling smallvec v1.10.0
[INFO] [stderr]    Compiling siphasher v0.3.10
[INFO] [stderr]    Compiling rand_core v0.6.4
[INFO] [stderr]    Compiling syn v1.0.109
[INFO] [stderr]    Compiling jobserver v0.1.26
[INFO] [stderr]    Compiling rand_chacha v0.3.1
[INFO] [stderr]    Compiling num-traits v0.2.15
[INFO] [stderr]    Compiling tokio v1.27.0
[INFO] [stderr]    Compiling typenum v1.16.0
[INFO] [stderr]    Compiling serde_derive v1.0.159
[INFO] [stderr]    Compiling parking_lot v0.12.1
[INFO] [stderr]    Compiling regex v1.7.3
[INFO] [stderr]    Compiling cc v1.0.79
[INFO] [stderr]    Compiling signal-hook-registry v1.4.1
[INFO] [stderr]    Compiling socket2 v0.4.9
[INFO] [stderr]    Compiling mio v0.8.6
[INFO] [stderr]    Compiling generic-array v0.14.7
[INFO] [stderr]    Compiling tracing-core v0.1.30
[INFO] [stderr]    Compiling pkg-config v0.3.26
[INFO] [stderr]    Compiling serde v1.0.159
[INFO] [stderr]    Compiling futures-task v0.3.27
[INFO] [stderr]    Compiling tracing v0.1.37
[INFO] [stderr]    Compiling zstd-sys v2.0.7+zstd.1.5.4
[INFO] [stderr]    Compiling phf_shared v0.10.0
[INFO] [stderr]    Compiling futures-util v0.3.27
[INFO] [stderr]    Compiling percent-encoding v2.2.0
[INFO] [stderr]    Compiling rand v0.8.5
[INFO] [stderr]    Compiling http v0.2.9
[INFO] [stderr]    Compiling indexmap v1.9.3
[INFO] [stderr]    Compiling pin-utils v0.1.0
[INFO] [stderr]    Compiling futures-sink v0.3.27
[INFO] [stderr]    Compiling paste v1.0.12
[INFO] [stderr]    Compiling thiserror v1.0.40
[INFO] [stderr]    Compiling phf_generator v0.10.0
[INFO] [stderr]    Compiling thiserror-impl v1.0.40
[INFO] [stderr]    Compiling bytestring v1.3.0
[INFO] [stderr]    Compiling num-integer v0.1.45
[INFO] [stderr]    Compiling slab v0.4.8
[INFO] [stderr]    Compiling unicase v2.6.0
[INFO] [stderr]    Compiling hashbrown v0.12.3
[INFO] [stderr]    Compiling crc32fast v1.3.2
[INFO] [stderr]    Compiling tinyvec_macros v0.1.1
[INFO] [stderr]    Compiling local-waker v0.1.3
[INFO] [stderr]    Compiling alloc-no-stdlib v2.0.4
[INFO] [stderr]    Compiling zstd-safe v6.0.4+zstd.1.5.4
[INFO] [stderr]    Compiling ryu v1.0.13
[INFO] [stderr]    Compiling bitflags v1.3.2
[INFO] [stderr]    Compiling alloc-stdlib v0.2.2
[INFO] [stderr]    Compiling tinyvec v1.6.0
[INFO] [stderr]    Compiling phf_codegen v0.10.0
[INFO] [stderr]    Compiling block-buffer v0.10.4
[INFO] [stderr]    Compiling crypto-common v0.1.6
[INFO] [stderr]    Compiling tokio-util v0.7.7
[INFO] [stderr]    Compiling phf v0.10.1
[INFO] [stderr]    Compiling parse-zoneinfo v0.3.0
[INFO] [stderr]    Compiling ahash v0.8.3
[INFO] [stderr]    Compiling ucd-trie v0.1.5
[INFO] [stderr]    Compiling httparse v1.8.0
[INFO] [stderr]    Compiling serde_json v1.0.95
[INFO] [stderr]    Compiling time-core v0.1.0
[INFO] [stderr]    Compiling adler v1.0.2
[INFO] [stderr]    Compiling time-macros v0.2.8
[INFO] [stderr]    Compiling pest v2.5.6
[INFO] [stderr]    Compiling miniz_oxide v0.6.2
[INFO] [stderr]    Compiling actix-service v2.0.2
[INFO] [stderr]    Compiling chrono-tz-build v0.0.2
[INFO] [stderr]    Compiling unicode-normalization v0.1.22
[INFO] [stderr]    Compiling digest v0.10.6
[INFO] [stderr]    Compiling actix-rt v2.8.0
[INFO] [stderr]    Compiling brotli-decompressor v2.3.4
[INFO] [stderr]    Compiling actix-utils v3.0.1
[INFO] [stderr]    Compiling form_urlencoded v1.1.0
[INFO] [stderr]    Compiling bstr v1.4.0
[INFO] [stderr]    Compiling num-rational v0.3.2
[INFO] [stderr]    Compiling num-iter v0.1.43
[INFO] [stderr]    Compiling ahash v0.7.6
[INFO] [stderr]    Compiling cookie v0.16.2
[INFO] [stderr]    Compiling mime v0.3.17
[INFO] [stderr]    Compiling unic-common v0.9.0
[INFO] [stderr]    Compiling libm v0.2.6
[INFO] [stderr]    Compiling unic-char-range v0.9.0
[INFO] [stderr]    Compiling cpufeatures v0.2.6
[INFO] [stderr]    Compiling same-file v1.0.6
[INFO] [stderr]    Compiling convert_case v0.4.0
[INFO] [stderr]    Compiling unicode-bidi v0.3.13
[INFO] [stderr]    Compiling walkdir v2.3.3
[INFO] [stderr]    Compiling unic-char-property v0.9.0
[INFO] [stderr]    Compiling sha1 v0.10.5
[INFO] [stderr]    Compiling unic-ucd-version v0.9.0
[INFO] [stderr]    Compiling idna v0.3.0
[INFO] [stderr]    Compiling pest_meta v2.5.6
[INFO] [stderr]    Compiling derive_more v0.99.17
[INFO] [stderr]    Compiling brotli v3.3.4
[INFO] [stderr]    Compiling globset v0.4.10
[INFO] [stderr]    Compiling time v0.3.20
[INFO] [stderr]    Compiling flate2 v1.0.25
[INFO] [stderr]    Compiling actix-router v0.5.1
[INFO] [stderr]    Compiling mime_guess v2.0.4
[INFO] [stderr]    Compiling h2 v0.3.16
[INFO] [stderr]    Compiling chrono-tz v0.6.1
[INFO] [stderr]    Compiling actix-codec v0.5.0
[INFO] [stderr]    Compiling local-channel v0.1.3
[INFO] [stderr]    Compiling num_cpus v1.15.0
[INFO] [stderr]    Compiling thread_local v1.1.4
[INFO] [stderr]    Compiling encoding_rs v0.8.32
[INFO] [stderr]    Compiling language-tags v0.3.2
[INFO] [stderr]    Compiling iana-time-zone v0.1.54
[INFO] [stderr]    Compiling httpdate v1.0.2
[INFO] [stderr]    Compiling base64 v0.21.0
[INFO] [stderr]    Compiling ignore v0.4.20
[INFO] [stderr]    Compiling chrono v0.4.25
[INFO] [stderr]    Compiling actix-server v2.2.0
[INFO] [stderr]    Compiling actix-web-codegen v4.2.0
[INFO] [stderr]    Compiling serde_urlencoded v0.7.1
[INFO] [stderr]    Compiling pest_generator v2.5.6
[INFO] [stderr]    Compiling url v2.3.1
[INFO] [stderr]    Compiling unic-ucd-segment v0.9.0
[INFO] [stderr]    Compiling actix-macros v0.2.3
[INFO] [stderr]    Compiling color_quant v1.1.0
[INFO] [stderr]    Compiling byteorder v1.4.3
[INFO] [stderr]    Compiling bytemuck v1.13.1
[INFO] [stderr]    Compiling deunicode v0.4.3
[INFO] [stderr]    Compiling pest_derive v2.5.6
[INFO] [stderr]    Compiling slug v0.1.4
[INFO] [stderr]    Compiling image v0.23.14
[INFO] [stderr]    Compiling humansize v2.1.3
[INFO] [stderr]    Compiling unic-segment v0.9.0
[INFO] [stderr]    Compiling globwalk v0.8.1
[INFO] [stderr]    Compiling uuid-macro-internal v1.3.3
[INFO] [stderr]    Compiling checked_int_cast v1.0.0
[INFO] [stderr]    Compiling http-range v0.1.5
[INFO] [stderr]    Compiling unsafe-libyaml v0.2.7
[INFO] [stderr]    Compiling askama_escape v0.10.3
[INFO] [stderr]    Compiling uuid v1.3.3
[INFO] [stderr]    Compiling qrcode v0.12.0
[INFO] [stderr]    Compiling serde_yaml v0.9.19
[INFO] [stderr]    Compiling tera v1.18.1
[INFO] [stderr]    Compiling zstd v0.12.3+zstd.1.5.2
[INFO] [stderr]    Compiling actix-http v3.3.1
[INFO] [stderr]    Compiling actix-web v4.3.1
[INFO] [stderr]    Compiling actix-files v0.6.2
[INFO] [stderr]    Compiling zorka v0.4.0 (/opt/rustwide/workdir)
[INFO] [stderr]     Finished dev [unoptimized + debuginfo] target(s) in 27.64s
[INFO] running `Command { std: "docker" "inspect" "efb993536479f5d85d63659ef7a30dc3fedf4645b99dbf8f28b56fad06697d05", kill_on_drop: false }`
[INFO] running `Command { std: "docker" "rm" "-f" "efb993536479f5d85d63659ef7a30dc3fedf4645b99dbf8f28b56fad06697d05", kill_on_drop: false }`
[INFO] [stdout] efb993536479f5d85d63659ef7a30dc3fedf4645b99dbf8f28b56fad06697d05
[INFO] running `Command { std: "docker" "create" "-v" "/var/lib/crater-agent-workspace/builds/worker-5-tc2/target:/opt/rustwide/target:rw,Z" "-v" "/var/lib/crater-agent-workspace/builds/worker-5-tc2/source:/opt/rustwide/workdir:ro,Z" "-v" "/var/lib/crater-agent-workspace/cargo-home:/opt/rustwide/cargo-home:ro,Z" "-v" "/var/lib/crater-agent-workspace/rustup-home:/opt/rustwide/rustup-home:ro,Z" "-e" "SOURCE_DIR=/opt/rustwide/workdir" "-e" "CARGO_TARGET_DIR=/opt/rustwide/target" "-e" "CARGO_INCREMENTAL=0" "-e" "RUST_BACKTRACE=full" "-e" "RUSTFLAGS=--cap-lints=warn" "-e" "RUSTDOCFLAGS=--cap-lints=warn" "-e" "CARGO_HOME=/opt/rustwide/cargo-home" "-e" "RUSTUP_HOME=/opt/rustwide/rustup-home" "-w" "/opt/rustwide/workdir" "-m" "1610612736" "--user" "0:0" "--network" "none" "ghcr.io/rust-lang/crates-build-env/linux@sha256:2788e3201cd34a07e3172128adcd8b3090168a8e3bcc40d7c032b9dda1df7d1c" "/opt/rustwide/cargo-home/bin/cargo" "+beta-2023-12-22" "test" "--frozen" "--no-run" "--message-format=json", kill_on_drop: false }`
[INFO] [stdout] 9312c4e87a6f255c91b34908c65c50929bca1ab3cb981eeebc457c1360bf1930
[INFO] running `Command { std: "docker" "start" "-a" "9312c4e87a6f255c91b34908c65c50929bca1ab3cb981eeebc457c1360bf1930", kill_on_drop: false }`
[INFO] [stderr]    Compiling zorka v0.4.0 (/opt/rustwide/workdir)
[INFO] [stderr]     Finished test [unoptimized + debuginfo] target(s) in 3.36s
[INFO] running `Command { std: "docker" "inspect" "9312c4e87a6f255c91b34908c65c50929bca1ab3cb981eeebc457c1360bf1930", kill_on_drop: false }`
[INFO] running `Command { std: "docker" "rm" "-f" "9312c4e87a6f255c91b34908c65c50929bca1ab3cb981eeebc457c1360bf1930", kill_on_drop: false }`
[INFO] [stdout] 9312c4e87a6f255c91b34908c65c50929bca1ab3cb981eeebc457c1360bf1930
[INFO] running `Command { std: "docker" "create" "-v" "/var/lib/crater-agent-workspace/builds/worker-5-tc2/target:/opt/rustwide/target:rw,Z" "-v" "/var/lib/crater-agent-workspace/builds/worker-5-tc2/source:/opt/rustwide/workdir:ro,Z" "-v" "/var/lib/crater-agent-workspace/cargo-home:/opt/rustwide/cargo-home:ro,Z" "-v" "/var/lib/crater-agent-workspace/rustup-home:/opt/rustwide/rustup-home:ro,Z" "-e" "SOURCE_DIR=/opt/rustwide/workdir" "-e" "CARGO_TARGET_DIR=/opt/rustwide/target" "-e" "CARGO_INCREMENTAL=0" "-e" "RUST_BACKTRACE=full" "-e" "RUSTFLAGS=--cap-lints=warn" "-e" "RUSTDOCFLAGS=--cap-lints=warn" "-e" "CARGO_HOME=/opt/rustwide/cargo-home" "-e" "RUSTUP_HOME=/opt/rustwide/rustup-home" "-w" "/opt/rustwide/workdir" "-m" "1610612736" "--user" "0:0" "--network" "none" "ghcr.io/rust-lang/crates-build-env/linux@sha256:2788e3201cd34a07e3172128adcd8b3090168a8e3bcc40d7c032b9dda1df7d1c" "/opt/rustwide/cargo-home/bin/cargo" "+beta-2023-12-22" "test" "--frozen", kill_on_drop: false }`
[INFO] [stdout] 162ae84199f36e3b9821b6fe9c98fc9f51977b734883f945088aa8052bf5adad
[INFO] running `Command { std: "docker" "start" "-a" "162ae84199f36e3b9821b6fe9c98fc9f51977b734883f945088aa8052bf5adad", kill_on_drop: false }`
[INFO] [stderr]     Finished test [unoptimized + debuginfo] target(s) in 0.09s
[INFO] [stderr]      Running unittests src/main.rs (/opt/rustwide/target/debug/deps/zorka-7625887f5e6579d5)
[INFO] [stdout] 
[INFO] [stdout] running 4 tests
[INFO] [stdout] test tests::testing::healthcheck ... ok
[INFO] [stdout] test tests::testing::admin_dashboard ... ok
[INFO] [stdout] test tests::testing::url_shortening ... ok
[INFO] [stdout] test tests::testing::backups ... FAILED
[INFO] [stdout] 
[INFO] [stdout] failures:
[INFO] [stdout] 
[INFO] [stdout] ---- tests::testing::backups stdout ----
[INFO] [stdout] Read-only file system (os error 30)
[INFO] [stdout] Backing up database pre shutdown...
[INFO] [stdout] Read-only file system (os error 30)
[INFO] [stdout] thread 'tests::testing::backups' panicked at src/database.rs:97:18:
[INFO] [stdout] could not backup the database on exit: Os { code: 2, kind: NotFound, message: "No such file or directory" }
[INFO] [stdout] stack backtrace:
[INFO] [stdout]    0:     0x559aa2a13066 - std::backtrace_rs::backtrace::libunwind::trace::h261606ad26a499c1
[INFO] [stdout]                                at /rustc/0e09125c6c3c2fd70d7de961bcf0e51575235fad/library/std/src/../../backtrace/src/backtrace/libunwind.rs:104:5
[INFO] [stdout]    1:     0x559aa2a13066 - std::backtrace_rs::backtrace::trace_unsynchronized::hd183f0625477fb28
[INFO] [stdout]                                at /rustc/0e09125c6c3c2fd70d7de961bcf0e51575235fad/library/std/src/../../backtrace/src/backtrace/mod.rs:66:5
[INFO] [stdout]    2:     0x559aa2a13066 - std::sys_common::backtrace::_print_fmt::hd7f8fef21b4eda67
[INFO] [stdout]                                at /rustc/0e09125c6c3c2fd70d7de961bcf0e51575235fad/library/std/src/sys_common/backtrace.rs:68:5
[INFO] [stdout]    3:     0x559aa2a13066 - <std::sys_common::backtrace::_print::DisplayBacktrace as core::fmt::Display>::fmt::h623d9b51f2f453f1
[INFO] [stdout]                                at /rustc/0e09125c6c3c2fd70d7de961bcf0e51575235fad/library/std/src/sys_common/backtrace.rs:44:22
[INFO] [stdout]    4:     0x559aa2a40c20 - core::fmt::rt::Argument::fmt::h9f417ac76a86f368
[INFO] [stdout]                                at /rustc/0e09125c6c3c2fd70d7de961bcf0e51575235fad/library/core/src/fmt/rt.rs:142:9
[INFO] [stdout]    5:     0x559aa2a40c20 - core::fmt::write::hc9b6faf4ac2aeff7
[INFO] [stdout]                                at /rustc/0e09125c6c3c2fd70d7de961bcf0e51575235fad/library/core/src/fmt/mod.rs:1120:17
[INFO] [stdout]    6:     0x559aa2a1072f - std::io::Write::write_fmt::he04625a3a989fec3
[INFO] [stdout]                                at /rustc/0e09125c6c3c2fd70d7de961bcf0e51575235fad/library/std/src/io/mod.rs:1810:15
[INFO] [stdout]    7:     0x559aa2a12e44 - std::sys_common::backtrace::_print::hd5d66399c7df88a2
[INFO] [stdout]                                at /rustc/0e09125c6c3c2fd70d7de961bcf0e51575235fad/library/std/src/sys_common/backtrace.rs:47:5
[INFO] [stdout]    8:     0x559aa2a12e44 - std::sys_common::backtrace::print::he81ed2da642d37e5
[INFO] [stdout]                                at /rustc/0e09125c6c3c2fd70d7de961bcf0e51575235fad/library/std/src/sys_common/backtrace.rs:34:9
[INFO] [stdout]    9:     0x559aa2a14bb7 - std::panicking::default_hook::{{closure}}::h85773f4fa117163d
[INFO] [stdout]   10:     0x559aa2a1489d - std::panicking::default_hook::h6a1694a91d09b278
[INFO] [stdout]                                at /rustc/0e09125c6c3c2fd70d7de961bcf0e51575235fad/library/std/src/panicking.rs:289:9
[INFO] [stdout]   11:     0x559aa22c6267 - <alloc::boxed::Box<F,A> as core::ops::function::Fn<Args>>::call::h616ac37fa3cd6c8f
[INFO] [stdout]                                at /rustc/0e09125c6c3c2fd70d7de961bcf0e51575235fad/library/alloc/src/boxed.rs:2029:9
[INFO] [stdout]   12:     0x559aa22c6267 - test::test_main::{{closure}}::h00d84697cefdcbb6
[INFO] [stdout]                                at /rustc/0e09125c6c3c2fd70d7de961bcf0e51575235fad/library/test/src/lib.rs:138:21
[INFO] [stdout]   13:     0x559aa2a151d6 - <alloc::boxed::Box<F,A> as core::ops::function::Fn<Args>>::call::hcb3fe3b9bb537ba8
[INFO] [stdout]                                at /rustc/0e09125c6c3c2fd70d7de961bcf0e51575235fad/library/alloc/src/boxed.rs:2029:9
[INFO] [stdout]   14:     0x559aa2a151d6 - std::panicking::rust_panic_with_hook::h0a7ad96e90f7145b
[INFO] [stdout]                                at /rustc/0e09125c6c3c2fd70d7de961bcf0e51575235fad/library/std/src/panicking.rs:783:13
[INFO] [stdout]   15:     0x559aa2a14f22 - std::panicking::begin_panic_handler::{{closure}}::h7919090525c6485e
[INFO] [stdout]                                at /rustc/0e09125c6c3c2fd70d7de961bcf0e51575235fad/library/std/src/panicking.rs:657:13
[INFO] [stdout]   16:     0x559aa2a13566 - std::sys_common::backtrace::__rust_end_short_backtrace::hf3289479464f7dfe
[INFO] [stdout]                                at /rustc/0e09125c6c3c2fd70d7de961bcf0e51575235fad/library/std/src/sys_common/backtrace.rs:171:18
[INFO] [stdout]   17:     0x559aa2a14c80 - rust_begin_unwind
[INFO] [stdout]                                at /rustc/0e09125c6c3c2fd70d7de961bcf0e51575235fad/library/std/src/panicking.rs:645:5
[INFO] [stdout]   18:     0x559aa220e7e5 - core::panicking::panic_fmt::hcc9f77c5c132af55
[INFO] [stdout]                                at /rustc/0e09125c6c3c2fd70d7de961bcf0e51575235fad/library/core/src/panicking.rs:72:14
[INFO] [stdout]   19:     0x559aa220edc3 - core::result::unwrap_failed::hbe14f498be1452f9
[INFO] [stdout]                                at /rustc/0e09125c6c3c2fd70d7de961bcf0e51575235fad/library/core/src/result.rs:1649:5
[INFO] [stdout]   20:     0x559aa298eb7f - core::result::Result<T,E>::expect::h8871ce2755571cce
[INFO] [stdout]                                at /rustc/0e09125c6c3c2fd70d7de961bcf0e51575235fad/library/core/src/result.rs:1030:23
[INFO] [stdout]   21:     0x559aa2249422 - <zorka::database::Database as core::ops::drop::Drop>::drop::hf4945fc69e9ec3bd
[INFO] [stdout]                                at /opt/rustwide/workdir/src/database.rs:96:13
[INFO] [stdout]   22:     0x559aa226cc53 - core::ptr::drop_in_place<zorka::database::Database>::h6a4b83482cfc0828
[INFO] [stdout]                                at /rustc/0e09125c6c3c2fd70d7de961bcf0e51575235fad/library/core/src/ptr/mod.rs:507:1
[INFO] [stdout]   23:     0x559aa2284cc6 - core::mem::drop::h2e6f2714e609ad7c
[INFO] [stdout]                                at /rustc/0e09125c6c3c2fd70d7de961bcf0e51575235fad/library/core/src/mem/mod.rs:992:24
[INFO] [stdout]   24:     0x559aa223099a - zorka::tests::testing::backups::{{closure}}::h0af314ffe728e703
[INFO] [stdout]                                at /opt/rustwide/workdir/src/tests.rs:149:9
[INFO] [stdout]   25:     0x559aa2265f3e - <tokio::task::local::RunUntil<T> as core::future::future::Future>::poll::{{closure}}::hdfcdde14580089e6
[INFO] [stdout]                                at /opt/rustwide/cargo-home/registry/src/index.crates.io-6f17d22bba15001f/tokio-1.27.0/src/task/local.rs:923:42
[INFO] [stdout]   26:     0x559aa226428e - tokio::task::local::LocalSet::with::{{closure}}::h5436006037e17d11
[INFO] [stdout]                                at /opt/rustwide/cargo-home/registry/src/index.crates.io-6f17d22bba15001f/tokio-1.27.0/src/task/local.rs:684:13
[INFO] [stdout]   27:     0x559aa224ee64 - std::thread::local::LocalKey<T>::try_with::hc755df13fb98f62c
[INFO] [stdout]                                at /rustc/0e09125c6c3c2fd70d7de961bcf0e51575235fad/library/std/src/thread/local.rs:270:16
[INFO] [stdout]   28:     0x559aa224d31a - std::thread::local::LocalKey<T>::with::ha9dad5d92350d66b
[INFO] [stdout]                                at /rustc/0e09125c6c3c2fd70d7de961bcf0e51575235fad/library/std/src/thread/local.rs:246:9
[INFO] [stdout]   29:     0x559aa2263f06 - tokio::task::local::LocalSet::with::h44c0a32dd6c8a703
[INFO] [stdout]                                at /opt/rustwide/cargo-home/registry/src/index.crates.io-6f17d22bba15001f/tokio-1.27.0/src/task/local.rs:667:9
[INFO] [stdout]   30:     0x559aa2265a05 - <tokio::task::local::RunUntil<T> as core::future::future::Future>::poll::h770476e6f03f04ea
[INFO] [stdout]                                at /opt/rustwide/cargo-home/registry/src/index.crates.io-6f17d22bba15001f/tokio-1.27.0/src/task/local.rs:913:9
[INFO] [stdout]   31:     0x559aa2264cc5 - tokio::task::local::LocalSet::run_until::{{closure}}::hc32b00f507c53290
[INFO] [stdout]                                at /opt/rustwide/cargo-home/registry/src/index.crates.io-6f17d22bba15001f/tokio-1.27.0/src/task/local.rs:573:19
[INFO] [stdout]   32:     0x559aa224732b - <core::pin::Pin<P> as core::future::future::Future>::poll::hd5eb45ee8c7c92e4
[INFO] [stdout]                                at /rustc/0e09125c6c3c2fd70d7de961bcf0e51575235fad/library/core/src/future/future.rs:124:9
[INFO] [stdout]   33:     0x559aa22419c4 - tokio::runtime::scheduler::current_thread::CoreGuard::block_on::{{closure}}::{{closure}}::{{closure}}::h4a09b1e5cd17dd86
[INFO] [stdout]                                at /opt/rustwide/cargo-home/registry/src/index.crates.io-6f17d22bba15001f/tokio-1.27.0/src/runtime/scheduler/current_thread.rs:541:57
[INFO] [stdout]   34:     0x559aa22413fa - tokio::runtime::coop::with_budget::h270799d8459e920a
[INFO] [stdout]                                at /opt/rustwide/cargo-home/registry/src/index.crates.io-6f17d22bba15001f/tokio-1.27.0/src/runtime/coop.rs:107:5
[INFO] [stdout]   35:     0x559aa22413fa - tokio::runtime::coop::budget::h180d261af66ee788
[INFO] [stdout]                                at /opt/rustwide/cargo-home/registry/src/index.crates.io-6f17d22bba15001f/tokio-1.27.0/src/runtime/coop.rs:73:5
[INFO] [stdout]   36:     0x559aa22413fa - tokio::runtime::scheduler::current_thread::CoreGuard::block_on::{{closure}}::{{closure}}::h4a51789c800a4ce4
[INFO] [stdout]                                at /opt/rustwide/cargo-home/registry/src/index.crates.io-6f17d22bba15001f/tokio-1.27.0/src/runtime/scheduler/current_thread.rs:541:25
[INFO] [stdout]   37:     0x559aa223c09c - tokio::runtime::scheduler::current_thread::Context::enter::hccd5e74ce244747b
[INFO] [stdout]                                at /opt/rustwide/cargo-home/registry/src/index.crates.io-6f17d22bba15001f/tokio-1.27.0/src/runtime/scheduler/current_thread.rs:350:19
[INFO] [stdout]   38:     0x559aa223fc9a - tokio::runtime::scheduler::current_thread::CoreGuard::block_on::{{closure}}::h593c5529e2122226
[INFO] [stdout]                                at /opt/rustwide/cargo-home/registry/src/index.crates.io-6f17d22bba15001f/tokio-1.27.0/src/runtime/scheduler/current_thread.rs:540:36
[INFO] [stdout]   39:     0x559aa223e1fb - tokio::runtime::scheduler::current_thread::CoreGuard::enter::{{closure}}::hfb18419e9f5b0e61
[INFO] [stdout]                                at /opt/rustwide/cargo-home/registry/src/index.crates.io-6f17d22bba15001f/tokio-1.27.0/src/runtime/scheduler/current_thread.rs:615:57
[INFO] [stdout]   40:     0x559aa221f8a8 - tokio::macros::scoped_tls::ScopedKey<T>::set::h25afe6ffe255866f
[INFO] [stdout]                                at /opt/rustwide/cargo-home/registry/src/index.crates.io-6f17d22bba15001f/tokio-1.27.0/src/macros/scoped_tls.rs:61:9
[INFO] [stdout]   41:     0x559aa223db1f - tokio::runtime::scheduler::current_thread::CoreGuard::enter::hc9cb22e50fc5fddb
[INFO] [stdout]                                at /opt/rustwide/cargo-home/registry/src/index.crates.io-6f17d22bba15001f/tokio-1.27.0/src/runtime/scheduler/current_thread.rs:615:27
[INFO] [stdout]   42:     0x559aa223e2dd - tokio::runtime::scheduler::current_thread::CoreGuard::block_on::h8ca8a2823d06613f
[INFO] [stdout]                                at /opt/rustwide/cargo-home/registry/src/index.crates.io-6f17d22bba15001f/tokio-1.27.0/src/runtime/scheduler/current_thread.rs:530:19
[INFO] [stdout]   43:     0x559aa223a496 - tokio::runtime::scheduler::current_thread::CurrentThread::block_on::hbc5b08593b71dd80
[INFO] [stdout]                                at /opt/rustwide/cargo-home/registry/src/index.crates.io-6f17d22bba15001f/tokio-1.27.0/src/runtime/scheduler/current_thread.rs:154:24
[INFO] [stdout]   44:     0x559aa2286843 - tokio::runtime::runtime::Runtime::block_on::h2879c32df1bc7697
[INFO] [stdout]                                at /opt/rustwide/cargo-home/registry/src/index.crates.io-6f17d22bba15001f/tokio-1.27.0/src/runtime/runtime.rs:302:47
[INFO] [stdout]   45:     0x559aa226454d - tokio::task::local::LocalSet::block_on::hacfc1b1cbe890a13
[INFO] [stdout]                                at /opt/rustwide/cargo-home/registry/src/index.crates.io-6f17d22bba15001f/tokio-1.27.0/src/task/local.rs:534:9
[INFO] [stdout]   46:     0x559aa22368cc - actix_rt::runtime::Runtime::block_on::hf809a16f8c861d69
[INFO] [stdout]                                at /opt/rustwide/cargo-home/registry/src/index.crates.io-6f17d22bba15001f/actix-rt-2.8.0/src/runtime.rs:82:9
[INFO] [stdout]   47:     0x559aa22225d2 - actix_rt::system::SystemRunner::block_on::h87e4a21f68dfd7a0
[INFO] [stdout]                                at /opt/rustwide/cargo-home/registry/src/index.crates.io-6f17d22bba15001f/actix-rt-2.8.0/src/system.rs:210:9
[INFO] [stdout]   48:     0x559aa22305e0 - zorka::tests::testing::backups::h1121224fd4b0fd5f
[INFO] [stdout]                                at /opt/rustwide/workdir/src/tests.rs:135:5
[INFO] [stdout]   49:     0x559aa2230597 - zorka::tests::testing::backups::{{closure}}::h4d33200afc154ca3
[INFO] [stdout]                                at /opt/rustwide/workdir/src/tests.rs:136:23
[INFO] [stdout]   50:     0x559aa22683f6 - core::ops::function::FnOnce::call_once::h335eb9aeea02cda5
[INFO] [stdout]                                at /rustc/0e09125c6c3c2fd70d7de961bcf0e51575235fad/library/core/src/ops/function.rs:250:5
[INFO] [stdout]   51:     0x559aa22cbb3f - core::ops::function::FnOnce::call_once::hd64d26f405258157
[INFO] [stdout]                                at /rustc/0e09125c6c3c2fd70d7de961bcf0e51575235fad/library/core/src/ops/function.rs:250:5
[INFO] [stdout]   52:     0x559aa22cbb3f - test::__rust_begin_short_backtrace::he21b0b7a6d731bf9
[INFO] [stdout]                                at /rustc/0e09125c6c3c2fd70d7de961bcf0e51575235fad/library/test/src/lib.rs:627:18
[INFO] [stdout]   53:     0x559aa22ca8c1 - test::run_test_in_process::{{closure}}::hf5c73986d7bdfde2
[INFO] [stdout]                                at /rustc/0e09125c6c3c2fd70d7de961bcf0e51575235fad/library/test/src/lib.rs:650:60
[INFO] [stdout]   54:     0x559aa22ca8c1 - <core::panic::unwind_safe::AssertUnwindSafe<F> as core::ops::function::FnOnce<()>>::call_once::h330011ad032aadc0
[INFO] [stdout]                                at /rustc/0e09125c6c3c2fd70d7de961bcf0e51575235fad/library/core/src/panic/unwind_safe.rs:272:9
[INFO] [stdout]   55:     0x559aa22ca8c1 - std::panicking::try::do_call::he61b0a958b795a41
[INFO] [stdout]                                at /rustc/0e09125c6c3c2fd70d7de961bcf0e51575235fad/library/std/src/panicking.rs:552:40
[INFO] [stdout]   56:     0x559aa22ca8c1 - std::panicking::try::h7309da130f906eb7
[INFO] [stdout]                                at /rustc/0e09125c6c3c2fd70d7de961bcf0e51575235fad/library/std/src/panicking.rs:516:19
[INFO] [stdout]   57:     0x559aa22ca8c1 - std::panic::catch_unwind::hc5c3a06fdaf0a92a
[INFO] [stdout]                                at /rustc/0e09125c6c3c2fd70d7de961bcf0e51575235fad/library/std/src/panic.rs:142:14
[INFO] [stdout]   58:     0x559aa22ca8c1 - test::run_test_in_process::h7e7b7c71c3324e0f
[INFO] [stdout]                                at /rustc/0e09125c6c3c2fd70d7de961bcf0e51575235fad/library/test/src/lib.rs:650:27
[INFO] [stdout]   59:     0x559aa22ca8c1 - test::run_test::{{closure}}::h1f509f28f5cf20b1
[INFO] [stdout]                                at /rustc/0e09125c6c3c2fd70d7de961bcf0e51575235fad/library/test/src/lib.rs:573:43
[INFO] [stdout]   60:     0x559aa2291bf6 - test::run_test::{{closure}}::h1754218abf443f6d
[INFO] [stdout]                                at /rustc/0e09125c6c3c2fd70d7de961bcf0e51575235fad/library/test/src/lib.rs:601:41
[INFO] [stdout]   61:     0x559aa2291bf6 - std::sys_common::backtrace::__rust_begin_short_backtrace::h2ee174b9d5954948
[INFO] [stdout]                                at /rustc/0e09125c6c3c2fd70d7de961bcf0e51575235fad/library/std/src/sys_common/backtrace.rs:155:18
[INFO] [stdout]   62:     0x559aa2296c57 - std::thread::Builder::spawn_unchecked_::{{closure}}::{{closure}}::hf60bee9c1a17ef09
[INFO] [stdout]                                at /rustc/0e09125c6c3c2fd70d7de961bcf0e51575235fad/library/std/src/thread/mod.rs:529:17
[INFO] [stdout]   63:     0x559aa2296c57 - <core::panic::unwind_safe::AssertUnwindSafe<F> as core::ops::function::FnOnce<()>>::call_once::h33d0dddec5216160
[INFO] [stdout]                                at /rustc/0e09125c6c3c2fd70d7de961bcf0e51575235fad/library/core/src/panic/unwind_safe.rs:272:9
[INFO] [stdout]   64:     0x559aa2296c57 - std::panicking::try::do_call::h144b3048b546f835
[INFO] [stdout]                                at /rustc/0e09125c6c3c2fd70d7de961bcf0e51575235fad/library/std/src/panicking.rs:552:40
[INFO] [stdout]   65:     0x559aa2296c57 - std::panicking::try::h978244d04646189f
[INFO] [stdout]                                at /rustc/0e09125c6c3c2fd70d7de961bcf0e51575235fad/library/std/src/panicking.rs:516:19
[INFO] [stdout]   66:     0x559aa2296c57 - std::panic::catch_unwind::hdf436369d188fe86
[INFO] [stdout]                                at /rustc/0e09125c6c3c2fd70d7de961bcf0e51575235fad/library/std/src/panic.rs:142:14
[INFO] [stdout]   67:     0x559aa2296c57 - std::thread::Builder::spawn_unchecked_::{{closure}}::h87329cbdd33c79ec
[INFO] [stdout]                                at /rustc/0e09125c6c3c2fd70d7de961bcf0e51575235fad/library/std/src/thread/mod.rs:528:30
[INFO] [stdout]   68:     0x559aa2296c57 - core::ops::function::FnOnce::call_once{{vtable.shim}}::h401abbe67897d450
[INFO] [stdout]                                at /rustc/0e09125c6c3c2fd70d7de961bcf0e51575235fad/library/core/src/ops/function.rs:250:5
[INFO] [stdout]   69:     0x559aa2a1acb5 - <alloc::boxed::Box<F,A> as core::ops::function::FnOnce<Args>>::call_once::h5d7c8f150ab9c84c
[INFO] [stdout]                                at /rustc/0e09125c6c3c2fd70d7de961bcf0e51575235fad/library/alloc/src/boxed.rs:2015:9
[INFO] [stdout]   70:     0x559aa2a1acb5 - <alloc::boxed::Box<F,A> as core::ops::function::FnOnce<Args>>::call_once::h570d5b005c242c15
[INFO] [stdout]                                at /rustc/0e09125c6c3c2fd70d7de961bcf0e51575235fad/library/alloc/src/boxed.rs:2015:9
[INFO] [stdout]   71:     0x559aa2a1acb5 - std::sys::unix::thread::Thread::new::thread_start::h36b0a20c0b2361ad
[INFO] [stdout]                                at /rustc/0e09125c6c3c2fd70d7de961bcf0e51575235fad/library/std/src/sys/unix/thread.rs:108:17
[INFO] [stdout]   72:     0x7f4041e94ac3 - <unknown>
[INFO] [stdout]   73:     0x7f4041f25bf4 - __clone
[INFO] [stdout]   74:                0x0 - <unknown>
[INFO] [stdout] 
[INFO] [stdout] 
[INFO] [stdout] failures:
[INFO] [stdout]     tests::testing::backups
[INFO] [stdout] 
[INFO] [stdout] test result: FAILED. 3 passed; 1 failed; 0 ignored; 0 measured; 0 filtered out; finished in 0.06s
[INFO] [stdout] 
[INFO] [stderr] error: test failed, to rerun pass `--bin zorka`
[INFO] running `Command { std: "docker" "inspect" "162ae84199f36e3b9821b6fe9c98fc9f51977b734883f945088aa8052bf5adad", kill_on_drop: false }`
[INFO] running `Command { std: "docker" "rm" "-f" "162ae84199f36e3b9821b6fe9c98fc9f51977b734883f945088aa8052bf5adad", kill_on_drop: false }`
[INFO] [stdout] 162ae84199f36e3b9821b6fe9c98fc9f51977b734883f945088aa8052bf5adad
