[INFO] cloning repository https://github.com/link-a/learning-rust
[INFO] running `Command { std: "git" "-c" "credential.helper=" "-c" "credential.helper=/workspace/cargo-home/bin/git-credential-null" "clone" "--bare" "https://github.com/link-a/learning-rust" "/workspace/cache/git-repos/https%3A%2F%2Fgithub.com%2Flink-a%2Flearning-rust", kill_on_drop: false }`
[INFO] [stderr] Cloning into bare repository '/workspace/cache/git-repos/https%3A%2F%2Fgithub.com%2Flink-a%2Flearning-rust'...
[INFO] running `Command { std: "git" "rev-parse" "HEAD", kill_on_drop: false }`
[INFO] [stdout] 5cfe739935d47058eacef6536a5a34cefc528368
[INFO] testing link-a/learning-rust against 1.75.0 for beta-1.76-1
[INFO] running `Command { std: "git" "clone" "/workspace/cache/git-repos/https%3A%2F%2Fgithub.com%2Flink-a%2Flearning-rust" "/workspace/builds/worker-5-tc1/source", kill_on_drop: false }`
[INFO] [stderr] Cloning into '/workspace/builds/worker-5-tc1/source'...
[INFO] [stderr] done.
[INFO] validating manifest of git repo https://github.com/link-a/learning-rust on toolchain 1.75.0
[INFO] running `Command { std: CARGO_HOME="/workspace/cargo-home" RUSTUP_HOME="/workspace/rustup-home" "/workspace/cargo-home/bin/cargo" "+1.75.0" "metadata" "--manifest-path" "Cargo.toml" "--no-deps", kill_on_drop: false }`
[INFO] started tweaking git repo https://github.com/link-a/learning-rust
[INFO] finished tweaking git repo https://github.com/link-a/learning-rust
[INFO] tweaked toml for git repo https://github.com/link-a/learning-rust written to /workspace/builds/worker-5-tc1/source/Cargo.toml
[INFO] crate git repo https://github.com/link-a/learning-rust already has a lockfile, it will not be regenerated
[INFO] running `Command { std: CARGO_HOME="/workspace/cargo-home" RUSTUP_HOME="/workspace/rustup-home" "/workspace/cargo-home/bin/cargo" "+1.75.0" "fetch" "--manifest-path" "Cargo.toml", kill_on_drop: false }`
[INFO] [stderr]     Updating crates.io index
[INFO] [stderr]  Downloading crates ...
[INFO] [stderr]   Downloaded bloom v0.3.2
[INFO] running `Command { std: "docker" "create" "-v" "/var/lib/crater-agent-workspace/builds/worker-5-tc1/target:/opt/rustwide/target:rw,Z" "-v" "/var/lib/crater-agent-workspace/builds/worker-5-tc1/source:/opt/rustwide/workdir:ro,Z" "-v" "/var/lib/crater-agent-workspace/cargo-home:/opt/rustwide/cargo-home:ro,Z" "-v" "/var/lib/crater-agent-workspace/rustup-home:/opt/rustwide/rustup-home:ro,Z" "-e" "SOURCE_DIR=/opt/rustwide/workdir" "-e" "CARGO_TARGET_DIR=/opt/rustwide/target" "-e" "CARGO_HOME=/opt/rustwide/cargo-home" "-e" "RUSTUP_HOME=/opt/rustwide/rustup-home" "-w" "/opt/rustwide/workdir" "-m" "1610612736" "--user" "0:0" "--network" "none" "ghcr.io/rust-lang/crates-build-env/linux@sha256:2788e3201cd34a07e3172128adcd8b3090168a8e3bcc40d7c032b9dda1df7d1c" "/opt/rustwide/cargo-home/bin/cargo" "+1.75.0" "metadata" "--no-deps" "--format-version=1", kill_on_drop: false }`
[INFO] [stdout] af7729b8f21a4ff55291f1fb2fefca015a99eb64a802c6c577fd5a548757fdf1
[INFO] running `Command { std: "docker" "start" "-a" "af7729b8f21a4ff55291f1fb2fefca015a99eb64a802c6c577fd5a548757fdf1", kill_on_drop: false }`
[INFO] running `Command { std: "docker" "inspect" "af7729b8f21a4ff55291f1fb2fefca015a99eb64a802c6c577fd5a548757fdf1", kill_on_drop: false }`
[INFO] running `Command { std: "docker" "rm" "-f" "af7729b8f21a4ff55291f1fb2fefca015a99eb64a802c6c577fd5a548757fdf1", kill_on_drop: false }`
[INFO] [stdout] af7729b8f21a4ff55291f1fb2fefca015a99eb64a802c6c577fd5a548757fdf1
[INFO] running `Command { std: "docker" "create" "-v" "/var/lib/crater-agent-workspace/builds/worker-5-tc1/target:/opt/rustwide/target:rw,Z" "-v" "/var/lib/crater-agent-workspace/builds/worker-5-tc1/source:/opt/rustwide/workdir:ro,Z" "-v" "/var/lib/crater-agent-workspace/cargo-home:/opt/rustwide/cargo-home:ro,Z" "-v" "/var/lib/crater-agent-workspace/rustup-home:/opt/rustwide/rustup-home:ro,Z" "-e" "SOURCE_DIR=/opt/rustwide/workdir" "-e" "CARGO_TARGET_DIR=/opt/rustwide/target" "-e" "CARGO_INCREMENTAL=0" "-e" "RUST_BACKTRACE=full" "-e" "RUSTFLAGS=--cap-lints=warn" "-e" "RUSTDOCFLAGS=--cap-lints=warn" "-e" "CARGO_HOME=/opt/rustwide/cargo-home" "-e" "RUSTUP_HOME=/opt/rustwide/rustup-home" "-w" "/opt/rustwide/workdir" "-m" "1610612736" "--user" "0:0" "--network" "none" "ghcr.io/rust-lang/crates-build-env/linux@sha256:2788e3201cd34a07e3172128adcd8b3090168a8e3bcc40d7c032b9dda1df7d1c" "/opt/rustwide/cargo-home/bin/cargo" "+1.75.0" "build" "--frozen" "--message-format=json", kill_on_drop: false }`
[INFO] [stdout] 08b69286ff1e4799e60f17a07931e4d191c720fb8b2020bd1117aadca8831859
[INFO] running `Command { std: "docker" "start" "-a" "08b69286ff1e4799e60f17a07931e4d191c720fb8b2020bd1117aadca8831859", kill_on_drop: false }`
[INFO] [stderr]    Compiling libc v0.2.66
[INFO] [stderr]    Compiling bitflags v1.2.1
[INFO] [stderr]    Compiling unicode-width v0.1.7
[INFO] [stderr]    Compiling bit-vec v0.4.4
[INFO] [stderr]    Compiling strsim v0.8.0
[INFO] [stderr]    Compiling vec_map v0.8.1
[INFO] [stderr]    Compiling ansi_term v0.11.0
[INFO] [stderr]    Compiling textwrap v0.11.0
[INFO] [stderr]    Compiling bloom v0.3.2
[INFO] [stderr]    Compiling atty v0.2.14
[INFO] [stderr]    Compiling clap v2.33.0
[INFO] [stderr]    Compiling ctci v0.1.0 (/opt/rustwide/workdir)
[INFO] [stdout] warning: fields `min_height` and `min_width_pad` are never read
[INFO] [stdout]  --> src/bin/comment_block.rs:7:5
[INFO] [stdout]   |
[INFO] [stdout] 4 | struct CommentBlock {
[INFO] [stdout]   |        ------------ fields in this struct
[INFO] [stdout] ...
[INFO] [stdout] 7 |     min_height: i16,
[INFO] [stdout]   |     ^^^^^^^^^^
[INFO] [stdout] 8 |     min_width_pad: i16,
[INFO] [stdout]   |     ^^^^^^^^^^^^^
[INFO] [stdout]   |
[INFO] [stdout]   = note: `CommentBlock` has a derived impl for the trait `Clone`, but this is intentionally ignored during dead code analysis
[INFO] [stdout]   = note: `#[warn(dead_code)]` on by default
[INFO] [stdout] 
[INFO] [stdout] 
[INFO] [stdout] warning: fields `val`, `next`, and `prev` are never read
[INFO] [stdout]   --> src/bin/linked_list.rs:9:5
[INFO] [stdout]    |
[INFO] [stdout] 8  | struct Node<T> {
[INFO] [stdout]    |        ---- fields in this struct
[INFO] [stdout] 9  |     val: T,
[INFO] [stdout]    |     ^^^
[INFO] [stdout] 10 |     next: NodePtr<T>,
[INFO] [stdout]    |     ^^^^
[INFO] [stdout] 11 |     prev: NodePtr<T>,
[INFO] [stdout]    |     ^^^^
[INFO] [stdout]    |
[INFO] [stdout]    = note: `Node` has a derived impl for the trait `Debug`, but this is intentionally ignored during dead code analysis
[INFO] [stdout]    = note: `#[warn(dead_code)]` on by default
[INFO] [stdout] 
[INFO] [stdout] 
[INFO] [stdout] warning: field `tail` is never read
[INFO] [stdout]   --> src/bin/linked_list.rs:38:5
[INFO] [stdout]    |
[INFO] [stdout] 36 | struct DoublyLinkedList<T> where T: Default + Debug + Copy {
[INFO] [stdout]    |        ---------------- field in this struct
[INFO] [stdout] 37 |     head: NodePtr<T>,
[INFO] [stdout] 38 |     tail: NodePtr<T>
[INFO] [stdout]    |     ^^^^
[INFO] [stdout]    |
[INFO] [stdout]    = note: `DoublyLinkedList` has a derived impl for the trait `Debug`, but this is intentionally ignored during dead code analysis
[INFO] [stdout] 
[INFO] [stdout] 
[INFO] [stdout] warning: field `val` is never read
[INFO] [stdout]  --> src/bin/ownership.rs:3:5
[INFO] [stdout]   |
[INFO] [stdout] 2 | struct Foo {
[INFO] [stdout]   |        --- field in this struct
[INFO] [stdout] 3 |     val: i32,
[INFO] [stdout]   |     ^^^
[INFO] [stdout]   |
[INFO] [stdout]   = note: `Foo` has a derived impl for the trait `Debug`, but this is intentionally ignored during dead code analysis
[INFO] [stdout]   = note: `#[warn(dead_code)]` on by default
[INFO] [stdout] 
[INFO] [stdout] 
[INFO] [stdout] warning: fields `val`, `next`, and `prev` are never read
[INFO] [stdout]   --> src/bin/ownership.rs:17:9
[INFO] [stdout]    |
[INFO] [stdout] 16 |     pub struct Node {
[INFO] [stdout]    |                ---- fields in this struct
[INFO] [stdout] 17 |         val: u64,
[INFO] [stdout]    |         ^^^
[INFO] [stdout] 18 |         next: Option<Box<Node>>,
[INFO] [stdout]    |         ^^^^
[INFO] [stdout] 19 |         prev: Option<Box<Node>>,
[INFO] [stdout]    |         ^^^^
[INFO] [stdout]    |
[INFO] [stdout]    = note: `Node` has a derived impl for the trait `Debug`, but this is intentionally ignored during dead code analysis
[INFO] [stdout] 
[INFO] [stdout] 
[INFO] [stdout] warning: fields `val`, `next`, and `prev` are never read
[INFO] [stdout]   --> src/bin/ownership.rs:42:9
[INFO] [stdout]    |
[INFO] [stdout] 41 |     pub struct Node<'a> {
[INFO] [stdout]    |                ---- fields in this struct
[INFO] [stdout] 42 |         val: u64,
[INFO] [stdout]    |         ^^^
[INFO] [stdout] 43 |         next: Option<&'a Box<Node<'a>>>,
[INFO] [stdout]    |         ^^^^
[INFO] [stdout] 44 |         prev: Option<&'a Box<Node<'a>>>,
[INFO] [stdout]    |         ^^^^
[INFO] [stdout]    |
[INFO] [stdout]    = note: `Node` has a derived impl for the trait `Debug`, but this is intentionally ignored during dead code analysis
[INFO] [stdout] 
[INFO] [stdout] 
[INFO] [stdout] warning: 1 warning emitted
[INFO] [stdout] 
[INFO] [stdout] 
[INFO] [stdout] warning: unused import: `std::collections::VecDeque`
[INFO] [stdout]  --> src/bin/ref_playground.rs:2:5
[INFO] [stdout]   |
[INFO] [stdout] 2 | use std::collections::VecDeque;
[INFO] [stdout]   |     ^^^^^^^^^^^^^^^^^^^^^^^^^^
[INFO] [stdout]   |
[INFO] [stdout]   = note: `#[warn(unused_imports)]` on by default
[INFO] [stdout] 
[INFO] [stdout] 
[INFO] [stdout] warning: 2 warnings emitted
[INFO] [stdout] 
[INFO] [stdout] 
[INFO] [stdout] warning: 3 warnings emitted
[INFO] [stdout] 
[INFO] [stdout] 
[INFO] [stdout] warning: struct `DPSolution` is never constructed
[INFO] [stdout]  --> src/bin/house_robber_ii.rs:2:8
[INFO] [stdout]   |
[INFO] [stdout] 2 | struct DPSolution {}
[INFO] [stdout]   |        ^^^^^^^^^^
[INFO] [stdout]   |
[INFO] [stdout]   = note: `#[warn(dead_code)]` on by default
[INFO] [stdout] 
[INFO] [stdout] 
[INFO] [stdout] warning: associated functions `rob_simple` and `rob` are never used
[INFO] [stdout]   --> src/bin/house_robber_ii.rs:5:8
[INFO] [stdout]    |
[INFO] [stdout] 4  | impl DPSolution {
[INFO] [stdout]    | --------------- associated functions in this implementation
[INFO] [stdout] 5  |     fn rob_simple(nums: &[i32]) -> i32 {
[INFO] [stdout]    |        ^^^^^^^^^^
[INFO] [stdout] ...
[INFO] [stdout] 16 |     pub fn rob(nums: Vec<i32>) -> i32 {
[INFO] [stdout]    |            ^^^
[INFO] [stdout] 
[INFO] [stdout] 
[INFO] [stdout] warning: 1 warning emitted
[INFO] [stdout] 
[INFO] [stdout] 
[INFO] [stdout] warning: 2 warnings emitted
[INFO] [stdout] 
[INFO] [stdout] 
[INFO] [stdout] warning: unused variable: `cell_1`
[INFO] [stdout]  --> src/bin/unsafe.rs:7:9
[INFO] [stdout]   |
[INFO] [stdout] 7 |     let cell_1 = Cell {
[INFO] [stdout]   |         ^^^^^^ help: if this is intentional, prefix it with an underscore: `_cell_1`
[INFO] [stdout]   |
[INFO] [stdout]   = note: `#[warn(unused_variables)]` on by default
[INFO] [stdout] 
[INFO] [stdout] 
[INFO] [stdout] warning: unnecessary `unsafe` block
[INFO] [stdout]   --> src/bin/unsafe.rs:11:5
[INFO] [stdout]    |
[INFO] [stdout] 11 |     unsafe {
[INFO] [stdout]    |     ^^^^^^ unnecessary `unsafe` block
[INFO] [stdout]    |
[INFO] [stdout]    = note: `#[warn(unused_unsafe)]` on by default
[INFO] [stdout] 
[INFO] [stdout] 
[INFO] [stdout] warning: fields `val` and `next` are never read
[INFO] [stdout]  --> src/bin/unsafe.rs:2:5
[INFO] [stdout]   |
[INFO] [stdout] 1 | struct Cell {
[INFO] [stdout]   |        ---- fields in this struct
[INFO] [stdout] 2 |     val: i32,
[INFO] [stdout]   |     ^^^
[INFO] [stdout] 3 |     next: Option<Box<Cell>>,
[INFO] [stdout]   |     ^^^^
[INFO] [stdout]   |
[INFO] [stdout]   = note: `#[warn(dead_code)]` on by default
[INFO] [stdout] 
[INFO] [stdout] 
[INFO] [stdout] warning: 3 warnings emitted
[INFO] [stdout] 
[INFO] [stdout] 
[INFO] [stdout] warning: struct `Solution` is never constructed
[INFO] [stdout]   --> src/bin/min_depth_binary_tree.rs:24:8
[INFO] [stdout]    |
[INFO] [stdout] 24 | struct Solution {}
[INFO] [stdout]    |        ^^^^^^^^
[INFO] [stdout]    |
[INFO] [stdout]    = note: `#[warn(dead_code)]` on by default
[INFO] [stdout] 
[INFO] [stdout] 
[INFO] [stdout] warning: associated function `min_depth` is never used
[INFO] [stdout]   --> src/bin/min_depth_binary_tree.rs:27:12
[INFO] [stdout]    |
[INFO] [stdout] 26 | impl Solution {
[INFO] [stdout]    | ------------- associated function in this implementation
[INFO] [stdout] 27 |     pub fn min_depth(root: Option<Rc<RefCell<TreeNode>>>) -> i32 {
[INFO] [stdout]    |            ^^^^^^^^^
[INFO] [stdout] 
[INFO] [stdout] 
[INFO] [stdout] warning: unused import: `std::borrow::Borrow`
[INFO] [stdout]  --> src/bin/ref_cells.rs:1:5
[INFO] [stdout]   |
[INFO] [stdout] 1 | use std::borrow::Borrow;
[INFO] [stdout]   |     ^^^^^^^^^^^^^^^^^^^
[INFO] [stdout]   |
[INFO] [stdout]   = note: `#[warn(unused_imports)]` on by default
[INFO] [stdout] 
[INFO] [stdout] 
[INFO] [stdout] warning: unused import: `std::cell::RefCell`
[INFO] [stdout]  --> src/bin/ref_cells.rs:2:5
[INFO] [stdout]   |
[INFO] [stdout] 2 | use std::cell::RefCell;
[INFO] [stdout]   |     ^^^^^^^^^^^^^^^^^^
[INFO] [stdout] 
[INFO] [stdout] 
[INFO] [stdout] warning: unused import: `std::mem`
[INFO] [stdout]  --> src/bin/ref_cells.rs:3:5
[INFO] [stdout]   |
[INFO] [stdout] 3 | use std::mem;
[INFO] [stdout]   |     ^^^^^^^^
[INFO] [stdout] 
[INFO] [stdout] 
[INFO] [stdout] warning: unused import: `std::rc::Rc`
[INFO] [stdout]  --> src/bin/ref_cells.rs:4:5
[INFO] [stdout]   |
[INFO] [stdout] 4 | use std::rc::Rc;
[INFO] [stdout]   |     ^^^^^^^^^^^
[INFO] [stdout] 
[INFO] [stdout] 
[INFO] [stdout] warning: unused import: `std::mem`
[INFO] [stdout]    --> src/bin/ref_cells.rs:228:9
[INFO] [stdout]     |
[INFO] [stdout] 228 |     use std::mem;
[INFO] [stdout]     |         ^^^^^^^^
[INFO] [stdout] 
[INFO] [stdout] 
[INFO] [stdout] warning: fields `val` and `next` are never read
[INFO] [stdout]   --> src/bin/ref_cells.rs:15:9
[INFO] [stdout]    |
[INFO] [stdout] 14 |     struct Node {
[INFO] [stdout]    |            ---- fields in this struct
[INFO] [stdout] 15 |         val: i32,
[INFO] [stdout]    |         ^^^
[INFO] [stdout] 16 |         next: Option<Rc<RefCell<Node>>>,
[INFO] [stdout]    |         ^^^^
[INFO] [stdout]    |
[INFO] [stdout]    = note: `Node` has a derived impl for the trait `Debug`, but this is intentionally ignored during dead code analysis
[INFO] [stdout]    = note: `#[warn(dead_code)]` on by default
[INFO] [stdout] 
[INFO] [stdout] 
[INFO] [stdout] warning: 2 warnings emitted
[INFO] [stdout] 
[INFO] [stdout] 
[INFO] [stdout] warning: 6 warnings emitted
[INFO] [stdout] 
[INFO] [stdout] 
[INFO] [stdout] warning: struct `NaiveSolution` is never constructed
[INFO] [stdout]  --> src/bin/max_distance_in_arrays.rs:1:8
[INFO] [stdout]   |
[INFO] [stdout] 1 | struct NaiveSolution {}
[INFO] [stdout]   |        ^^^^^^^^^^^^^
[INFO] [stdout]   |
[INFO] [stdout]   = note: `#[warn(dead_code)]` on by default
[INFO] [stdout] 
[INFO] [stdout] 
[INFO] [stdout] warning: associated function `max_distance` is never used
[INFO] [stdout]  --> src/bin/max_distance_in_arrays.rs:5:12
[INFO] [stdout]   |
[INFO] [stdout] 3 | impl NaiveSolution {
[INFO] [stdout]   | ------------------ associated function in this implementation
[INFO] [stdout] 4 |
[INFO] [stdout] 5 |     pub fn max_distance(arrays: Vec<Vec<i32>>) -> i32 {
[INFO] [stdout]   |            ^^^^^^^^^^^^
[INFO] [stdout] 
[INFO] [stdout] 
[INFO] [stdout] warning: struct `FastestSolution` is never constructed
[INFO] [stdout]   --> src/bin/max_distance_in_arrays.rs:23:8
[INFO] [stdout]    |
[INFO] [stdout] 23 | struct FastestSolution {}
[INFO] [stdout]    |        ^^^^^^^^^^^^^^^
[INFO] [stdout] 
[INFO] [stdout] 
[INFO] [stdout] warning: associated function `max_distance` is never used
[INFO] [stdout]   --> src/bin/max_distance_in_arrays.rs:26:12
[INFO] [stdout]    |
[INFO] [stdout] 24 | impl FastestSolution {
[INFO] [stdout]    | -------------------- associated function in this implementation
[INFO] [stdout] 25 |
[INFO] [stdout] 26 |     pub fn max_distance(arrays: Vec<Vec<i32>>) -> i32 {
[INFO] [stdout]    |            ^^^^^^^^^^^^
[INFO] [stdout] 
[INFO] [stdout] 
[INFO] [stdout] warning: 4 warnings emitted
[INFO] [stdout] 
[INFO] [stdout] 
[INFO] [stderr]     Finished dev [unoptimized + debuginfo] target(s) in 5.50s
[INFO] running `Command { std: "docker" "inspect" "08b69286ff1e4799e60f17a07931e4d191c720fb8b2020bd1117aadca8831859", kill_on_drop: false }`
[INFO] running `Command { std: "docker" "rm" "-f" "08b69286ff1e4799e60f17a07931e4d191c720fb8b2020bd1117aadca8831859", kill_on_drop: false }`
[INFO] [stdout] 08b69286ff1e4799e60f17a07931e4d191c720fb8b2020bd1117aadca8831859
[INFO] running `Command { std: "docker" "create" "-v" "/var/lib/crater-agent-workspace/builds/worker-5-tc1/target:/opt/rustwide/target:rw,Z" "-v" "/var/lib/crater-agent-workspace/builds/worker-5-tc1/source:/opt/rustwide/workdir:ro,Z" "-v" "/var/lib/crater-agent-workspace/cargo-home:/opt/rustwide/cargo-home:ro,Z" "-v" "/var/lib/crater-agent-workspace/rustup-home:/opt/rustwide/rustup-home:ro,Z" "-e" "SOURCE_DIR=/opt/rustwide/workdir" "-e" "CARGO_TARGET_DIR=/opt/rustwide/target" "-e" "CARGO_INCREMENTAL=0" "-e" "RUST_BACKTRACE=full" "-e" "RUSTFLAGS=--cap-lints=warn" "-e" "RUSTDOCFLAGS=--cap-lints=warn" "-e" "CARGO_HOME=/opt/rustwide/cargo-home" "-e" "RUSTUP_HOME=/opt/rustwide/rustup-home" "-w" "/opt/rustwide/workdir" "-m" "1610612736" "--user" "0:0" "--network" "none" "ghcr.io/rust-lang/crates-build-env/linux@sha256:2788e3201cd34a07e3172128adcd8b3090168a8e3bcc40d7c032b9dda1df7d1c" "/opt/rustwide/cargo-home/bin/cargo" "+1.75.0" "test" "--frozen" "--no-run" "--message-format=json", kill_on_drop: false }`
[INFO] [stdout] eb5e0598e1b274c93259b9483333f49972bb962c2b9e7a7d2caa48bb7e8c5c83
[INFO] running `Command { std: "docker" "start" "-a" "eb5e0598e1b274c93259b9483333f49972bb962c2b9e7a7d2caa48bb7e8c5c83", kill_on_drop: false }`
[INFO] [stderr]    Compiling ctci v0.1.0 (/opt/rustwide/workdir)
[INFO] [stdout] warning: fields `min_height` and `min_width_pad` are never read
[INFO] [stdout]  --> src/bin/comment_block.rs:7:5
[INFO] [stdout]   |
[INFO] [stdout] 4 | struct CommentBlock {
[INFO] [stdout]   |        ------------ fields in this struct
[INFO] [stdout] ...
[INFO] [stdout] 7 |     min_height: i16,
[INFO] [stdout]   |     ^^^^^^^^^^
[INFO] [stdout] 8 |     min_width_pad: i16,
[INFO] [stdout]   |     ^^^^^^^^^^^^^
[INFO] [stdout]   |
[INFO] [stdout]   = note: `CommentBlock` has a derived impl for the trait `Clone`, but this is intentionally ignored during dead code analysis
[INFO] [stdout]   = note: `#[warn(dead_code)]` on by default
[INFO] [stdout] 
[INFO] [stdout] 
[INFO] [stdout] warning: field `val` is never read
[INFO] [stdout]  --> src/bin/ownership.rs:3:5
[INFO] [stdout]   |
[INFO] [stdout] 2 | struct Foo {
[INFO] [stdout]   |        --- field in this struct
[INFO] [stdout] 3 |     val: i32,
[INFO] [stdout]   |     ^^^
[INFO] [stdout]   |
[INFO] [stdout]   = note: `Foo` has a derived impl for the trait `Debug`, but this is intentionally ignored during dead code analysis
[INFO] [stdout]   = note: `#[warn(dead_code)]` on by default
[INFO] [stdout] 
[INFO] [stdout] 
[INFO] [stdout] warning: fields `val`, `next`, and `prev` are never read
[INFO] [stdout]   --> src/bin/ownership.rs:17:9
[INFO] [stdout]    |
[INFO] [stdout] 16 |     pub struct Node {
[INFO] [stdout]    |                ---- fields in this struct
[INFO] [stdout] 17 |         val: u64,
[INFO] [stdout]    |         ^^^
[INFO] [stdout] 18 |         next: Option<Box<Node>>,
[INFO] [stdout]    |         ^^^^
[INFO] [stdout] 19 |         prev: Option<Box<Node>>,
[INFO] [stdout]    |         ^^^^
[INFO] [stdout]    |
[INFO] [stdout]    = note: `Node` has a derived impl for the trait `Debug`, but this is intentionally ignored during dead code analysis
[INFO] [stdout] 
[INFO] [stdout] 
[INFO] [stdout] warning: fields `val`, `next`, and `prev` are never read
[INFO] [stdout]   --> src/bin/ownership.rs:42:9
[INFO] [stdout]    |
[INFO] [stdout] 41 |     pub struct Node<'a> {
[INFO] [stdout]    |                ---- fields in this struct
[INFO] [stdout] 42 |         val: u64,
[INFO] [stdout]    |         ^^^
[INFO] [stdout] 43 |         next: Option<&'a Box<Node<'a>>>,
[INFO] [stdout]    |         ^^^^
[INFO] [stdout] 44 |         prev: Option<&'a Box<Node<'a>>>,
[INFO] [stdout]    |         ^^^^
[INFO] [stdout]    |
[INFO] [stdout]    = note: `Node` has a derived impl for the trait `Debug`, but this is intentionally ignored during dead code analysis
[INFO] [stdout] 
[INFO] [stdout] 
[INFO] [stdout] warning: unused import: `std::borrow::Borrow`
[INFO] [stdout]  --> src/bin/ref_cells.rs:1:5
[INFO] [stdout]   |
[INFO] [stdout] 1 | use std::borrow::Borrow;
[INFO] [stdout]   |     ^^^^^^^^^^^^^^^^^^^
[INFO] [stdout]   |
[INFO] [stdout]   = note: `#[warn(unused_imports)]` on by default
[INFO] [stdout] 
[INFO] [stdout] 
[INFO] [stdout] warning: unused import: `std::cell::RefCell`
[INFO] [stdout]  --> src/bin/ref_cells.rs:2:5
[INFO] [stdout]   |
[INFO] [stdout] 2 | use std::cell::RefCell;
[INFO] [stdout]   |     ^^^^^^^^^^^^^^^^^^
[INFO] [stdout] 
[INFO] [stdout] 
[INFO] [stdout] warning: unused import: `std::mem`
[INFO] [stdout]  --> src/bin/ref_cells.rs:3:5
[INFO] [stdout]   |
[INFO] [stdout] 3 | use std::mem;
[INFO] [stdout]   |     ^^^^^^^^
[INFO] [stdout] 
[INFO] [stdout] 
[INFO] [stdout] warning: unused import: `std::rc::Rc`
[INFO] [stdout]  --> src/bin/ref_cells.rs:4:5
[INFO] [stdout]   |
[INFO] [stdout] 4 | use std::rc::Rc;
[INFO] [stdout]   |     ^^^^^^^^^^^
[INFO] [stdout] 
[INFO] [stdout] 
[INFO] [stdout] warning: unused import: `std::mem`
[INFO] [stdout]    --> src/bin/ref_cells.rs:228:9
[INFO] [stdout]     |
[INFO] [stdout] 228 |     use std::mem;
[INFO] [stdout]     |         ^^^^^^^^
[INFO] [stdout] 
[INFO] [stdout] 
[INFO] [stdout] warning: field `val` is never read
[INFO] [stdout]   --> src/bin/ref_cells.rs:15:9
[INFO] [stdout]    |
[INFO] [stdout] 14 |     struct Node {
[INFO] [stdout]    |            ---- field in this struct
[INFO] [stdout] 15 |         val: i32,
[INFO] [stdout]    |         ^^^
[INFO] [stdout]    |
[INFO] [stdout]    = note: `Node` has a derived impl for the trait `Debug`, but this is intentionally ignored during dead code analysis
[INFO] [stdout]    = note: `#[warn(dead_code)]` on by default
[INFO] [stdout] 
[INFO] [stdout] 
[INFO] [stdout] warning: 1 warning emitted
[INFO] [stdout] 
[INFO] [stdout] 
[INFO] [stdout] warning: 3 warnings emitted
[INFO] [stdout] 
[INFO] [stdout] 
[INFO] [stdout] warning: fields `val`, `next`, and `prev` are never read
[INFO] [stdout]   --> src/bin/linked_list.rs:9:5
[INFO] [stdout]    |
[INFO] [stdout] 8  | struct Node<T> {
[INFO] [stdout]    |        ---- fields in this struct
[INFO] [stdout] 9  |     val: T,
[INFO] [stdout]    |     ^^^
[INFO] [stdout] 10 |     next: NodePtr<T>,
[INFO] [stdout]    |     ^^^^
[INFO] [stdout] 11 |     prev: NodePtr<T>,
[INFO] [stdout]    |     ^^^^
[INFO] [stdout]    |
[INFO] [stdout]    = note: `Node` has a derived impl for the trait `Debug`, but this is intentionally ignored during dead code analysis
[INFO] [stdout]    = note: `#[warn(dead_code)]` on by default
[INFO] [stdout] 
[INFO] [stdout] 
[INFO] [stdout] warning: field `tail` is never read
[INFO] [stdout]   --> src/bin/linked_list.rs:38:5
[INFO] [stdout]    |
[INFO] [stdout] 36 | struct DoublyLinkedList<T> where T: Default + Debug + Copy {
[INFO] [stdout]    |        ---------------- field in this struct
[INFO] [stdout] 37 |     head: NodePtr<T>,
[INFO] [stdout] 38 |     tail: NodePtr<T>
[INFO] [stdout]    |     ^^^^
[INFO] [stdout]    |
[INFO] [stdout]    = note: `DoublyLinkedList` has a derived impl for the trait `Debug`, but this is intentionally ignored during dead code analysis
[INFO] [stdout] 
[INFO] [stdout] 
[INFO] [stdout] warning: unused variable: `l`
[INFO] [stdout]   --> src/bin/ref_playground.rs:59:13
[INFO] [stdout]    |
[INFO] [stdout] 59 |         let l = &(r.left);
[INFO] [stdout]    |             ^ help: if this is intentional, prefix it with an underscore: `_l`
[INFO] [stdout]    |
[INFO] [stdout]    = note: `#[warn(unused_variables)]` on by default
[INFO] [stdout] 
[INFO] [stdout] 
[INFO] [stdout] warning: 6 warnings emitted
[INFO] [stdout] 
[INFO] [stdout] 
[INFO] [stdout] warning: unused variable: `cell_1`
[INFO] [stdout]  --> src/bin/unsafe.rs:7:9
[INFO] [stdout]   |
[INFO] [stdout] 7 |     let cell_1 = Cell {
[INFO] [stdout]   |         ^^^^^^ help: if this is intentional, prefix it with an underscore: `_cell_1`
[INFO] [stdout]   |
[INFO] [stdout]   = note: `#[warn(unused_variables)]` on by default
[INFO] [stdout] 
[INFO] [stdout] 
[INFO] [stdout] warning: unnecessary `unsafe` block
[INFO] [stdout]   --> src/bin/unsafe.rs:11:5
[INFO] [stdout]    |
[INFO] [stdout] 11 |     unsafe {
[INFO] [stdout]    |     ^^^^^^ unnecessary `unsafe` block
[INFO] [stdout]    |
[INFO] [stdout]    = note: `#[warn(unused_unsafe)]` on by default
[INFO] [stdout] 
[INFO] [stdout] 
[INFO] [stdout] warning: fields `val` and `next` are never read
[INFO] [stdout]  --> src/bin/unsafe.rs:2:5
[INFO] [stdout]   |
[INFO] [stdout] 1 | struct Cell {
[INFO] [stdout]   |        ---- fields in this struct
[INFO] [stdout] 2 |     val: i32,
[INFO] [stdout]   |     ^^^
[INFO] [stdout] 3 |     next: Option<Box<Cell>>,
[INFO] [stdout]   |     ^^^^
[INFO] [stdout]   |
[INFO] [stdout]   = note: `#[warn(dead_code)]` on by default
[INFO] [stdout] 
[INFO] [stdout] 
[INFO] [stdout] warning: 1 warning emitted
[INFO] [stdout] 
[INFO] [stdout] 
[INFO] [stdout] warning: 2 warnings emitted
[INFO] [stdout] 
[INFO] [stdout] 
[INFO] [stdout] warning: 3 warnings emitted
[INFO] [stdout] 
[INFO] [stdout] 
[INFO] [stderr]     Finished test [unoptimized + debuginfo] target(s) in 3.65s
[INFO] running `Command { std: "docker" "inspect" "eb5e0598e1b274c93259b9483333f49972bb962c2b9e7a7d2caa48bb7e8c5c83", kill_on_drop: false }`
[INFO] running `Command { std: "docker" "rm" "-f" "eb5e0598e1b274c93259b9483333f49972bb962c2b9e7a7d2caa48bb7e8c5c83", kill_on_drop: false }`
[INFO] [stdout] eb5e0598e1b274c93259b9483333f49972bb962c2b9e7a7d2caa48bb7e8c5c83
[INFO] running `Command { std: "docker" "create" "-v" "/var/lib/crater-agent-workspace/builds/worker-5-tc1/target:/opt/rustwide/target:rw,Z" "-v" "/var/lib/crater-agent-workspace/builds/worker-5-tc1/source:/opt/rustwide/workdir:ro,Z" "-v" "/var/lib/crater-agent-workspace/cargo-home:/opt/rustwide/cargo-home:ro,Z" "-v" "/var/lib/crater-agent-workspace/rustup-home:/opt/rustwide/rustup-home:ro,Z" "-e" "SOURCE_DIR=/opt/rustwide/workdir" "-e" "CARGO_TARGET_DIR=/opt/rustwide/target" "-e" "CARGO_INCREMENTAL=0" "-e" "RUST_BACKTRACE=full" "-e" "RUSTFLAGS=--cap-lints=warn" "-e" "RUSTDOCFLAGS=--cap-lints=warn" "-e" "CARGO_HOME=/opt/rustwide/cargo-home" "-e" "RUSTUP_HOME=/opt/rustwide/rustup-home" "-w" "/opt/rustwide/workdir" "-m" "1610612736" "--user" "0:0" "--network" "none" "ghcr.io/rust-lang/crates-build-env/linux@sha256:2788e3201cd34a07e3172128adcd8b3090168a8e3bcc40d7c032b9dda1df7d1c" "/opt/rustwide/cargo-home/bin/cargo" "+1.75.0" "test" "--frozen", kill_on_drop: false }`
[INFO] [stdout] 6f2dc308625f2b5218452fec48e59f178802f61f51a05066b3d465b1acc87646
[INFO] running `Command { std: "docker" "start" "-a" "6f2dc308625f2b5218452fec48e59f178802f61f51a05066b3d465b1acc87646", kill_on_drop: false }`
[INFO] [stderr] warning: fields `val`, `next`, and `prev` are never read
[INFO] [stderr]   --> src/bin/linked_list.rs:9:5
[INFO] [stderr]    |
[INFO] [stderr] 8  | struct Node<T> {
[INFO] [stderr]    |        ---- fields in this struct
[INFO] [stderr] 9  |     val: T,
[INFO] [stderr]    |     ^^^
[INFO] [stderr] 10 |     next: NodePtr<T>,
[INFO] [stderr]    |     ^^^^
[INFO] [stderr] 11 |     prev: NodePtr<T>,
[INFO] [stderr]    |     ^^^^
[INFO] [stderr]    |
[INFO] [stderr]    = note: `Node` has a derived impl for the trait `Debug`, but this is intentionally ignored during dead code analysis
[INFO] [stderr]    = note: `#[warn(dead_code)]` on by default
[INFO] [stderr] 
[INFO] [stderr] warning: field `tail` is never read
[INFO] [stderr]   --> src/bin/linked_list.rs:38:5
[INFO] [stderr]    |
[INFO] [stderr] 36 | struct DoublyLinkedList<T> where T: Default + Debug + Copy {
[INFO] [stderr]    |        ---------------- field in this struct
[INFO] [stderr] 37 |     head: NodePtr<T>,
[INFO] [stderr] 38 |     tail: NodePtr<T>
[INFO] [stderr]    |     ^^^^
[INFO] [stderr]    |
[INFO] [stderr]    = note: `DoublyLinkedList` has a derived impl for the trait `Debug`, but this is intentionally ignored during dead code analysis
[INFO] [stderr] 
[INFO] [stderr] warning: `ctci` (bin "linked_list" test) generated 2 warnings
[INFO] [stderr] warning: unused variable: `cell_1`
[INFO] [stderr]  --> src/bin/unsafe.rs:7:9
[INFO] [stderr]   |
[INFO] [stderr] 7 |     let cell_1 = Cell {
[INFO] [stderr]   |         ^^^^^^ help: if this is intentional, prefix it with an underscore: `_cell_1`
[INFO] [stderr]   |
[INFO] [stderr]   = note: `#[warn(unused_variables)]` on by default
[INFO] [stderr] 
[INFO] [stderr] warning: unnecessary `unsafe` block
[INFO] [stderr]   --> src/bin/unsafe.rs:11:5
[INFO] [stderr]    |
[INFO] [stderr] 11 |     unsafe {
[INFO] [stderr]    |     ^^^^^^ unnecessary `unsafe` block
[INFO] [stderr]    |
[INFO] [stderr]    = note: `#[warn(unused_unsafe)]` on by default
[INFO] [stderr] 
[INFO] [stderr] warning: fields `val` and `next` are never read
[INFO] [stderr]  --> src/bin/unsafe.rs:2:5
[INFO] [stderr]   |
[INFO] [stderr] 1 | struct Cell {
[INFO] [stderr]   |        ---- fields in this struct
[INFO] [stderr] 2 |     val: i32,
[INFO] [stderr]   |     ^^^
[INFO] [stderr] 3 |     next: Option<Box<Cell>>,
[INFO] [stderr]   |     ^^^^
[INFO] [stderr]   |
[INFO] [stderr]   = note: `#[warn(dead_code)]` on by default
[INFO] [stderr] 
[INFO] [stderr] warning: unused import: `std::borrow::Borrow`
[INFO] [stderr]  --> src/bin/ref_cells.rs:1:5
[INFO] [stderr]   |
[INFO] [stderr] 1 | use std::borrow::Borrow;
[INFO] [stderr]   |     ^^^^^^^^^^^^^^^^^^^
[INFO] [stderr]   |
[INFO] [stderr]   = note: `#[warn(unused_imports)]` on by default
[INFO] [stderr] 
[INFO] [stderr] warning: unused import: `std::cell::RefCell`
[INFO] [stderr]  --> src/bin/ref_cells.rs:2:5
[INFO] [stderr]   |
[INFO] [stderr] 2 | use std::cell::RefCell;
[INFO] [stderr]   |     ^^^^^^^^^^^^^^^^^^
[INFO] [stderr] 
[INFO] [stderr] warning: unused import: `std::mem`
[INFO] [stderr]  --> src/bin/ref_cells.rs:3:5
[INFO] [stderr]   |
[INFO] [stderr] 3 | use std::mem;
[INFO] [stderr]   |     ^^^^^^^^
[INFO] [stderr] 
[INFO] [stderr] warning: unused import: `std::rc::Rc`
[INFO] [stderr]  --> src/bin/ref_cells.rs:4:5
[INFO] [stderr]   |
[INFO] [stderr] 4 | use std::rc::Rc;
[INFO] [stderr]   |     ^^^^^^^^^^^
[INFO] [stderr] 
[INFO] [stderr] warning: unused import: `std::mem`
[INFO] [stderr]    --> src/bin/ref_cells.rs:228:9
[INFO] [stderr]     |
[INFO] [stderr] 228 |     use std::mem;
[INFO] [stderr]     |         ^^^^^^^^
[INFO] [stderr] 
[INFO] [stderr] warning: field `val` is never read
[INFO] [stderr]   --> src/bin/ref_cells.rs:15:9
[INFO] [stderr]    |
[INFO] [stderr] 14 |     struct Node {
[INFO] [stderr]    |            ---- field in this struct
[INFO] [stderr] 15 |         val: i32,
[INFO] [stderr]    |         ^^^
[INFO] [stderr]    |
[INFO] [stderr]    = note: `Node` has a derived impl for the trait `Debug`, but this is intentionally ignored during dead code analysis
[INFO] [stderr]    = note: `#[warn(dead_code)]` on by default
[INFO] [stderr] 
[INFO] [stderr] warning: `ctci` (bin "unsafe" test) generated 3 warnings (run `cargo fix --bin "unsafe" --tests` to apply 1 suggestion)
[INFO] [stderr] warning: `ctci` (bin "ref_cells" test) generated 6 warnings (run `cargo fix --bin "ref_cells" --tests` to apply 5 suggestions)
[INFO] [stderr] warning: field `val` is never read
[INFO] [stderr]  --> src/bin/ownership.rs:3:5
[INFO] [stderr]   |
[INFO] [stderr] 2 | struct Foo {
[INFO] [stderr]   |        --- field in this struct
[INFO] [stderr] 3 |     val: i32,
[INFO] [stderr]   |     ^^^
[INFO] [stderr]   |
[INFO] [stderr]   = note: `Foo` has a derived impl for the trait `Debug`, but this is intentionally ignored during dead code analysis
[INFO] [stderr]   = note: `#[warn(dead_code)]` on by default
[INFO] [stderr] 
[INFO] [stderr] warning: fields `val`, `next`, and `prev` are never read
[INFO] [stderr]   --> src/bin/ownership.rs:17:9
[INFO] [stderr]    |
[INFO] [stderr] 16 |     pub struct Node {
[INFO] [stderr]    |                ---- fields in this struct
[INFO] [stderr] 17 |         val: u64,
[INFO] [stderr]    |         ^^^
[INFO] [stderr] 18 |         next: Option<Box<Node>>,
[INFO] [stderr]    |         ^^^^
[INFO] [stderr] 19 |         prev: Option<Box<Node>>,
[INFO] [stderr]    |         ^^^^
[INFO] [stderr]    |
[INFO] [stderr]    = note: `Node` has a derived impl for the trait `Debug`, but this is intentionally ignored during dead code analysis
[INFO] [stderr] 
[INFO] [stderr] warning: fields `val`, `next`, and `prev` are never read
[INFO] [stderr]   --> src/bin/ownership.rs:42:9
[INFO] [stderr]    |
[INFO] [stderr] 41 |     pub struct Node<'a> {
[INFO] [stderr]    |                ---- fields in this struct
[INFO] [stderr] 42 |         val: u64,
[INFO] [stderr]    |         ^^^
[INFO] [stderr] 43 |         next: Option<&'a Box<Node<'a>>>,
[INFO] [stderr]    |         ^^^^
[INFO] [stderr] 44 |         prev: Option<&'a Box<Node<'a>>>,
[INFO] [stderr]    |         ^^^^
[INFO] [stderr]    |
[INFO] [stderr]    = note: `Node` has a derived impl for the trait `Debug`, but this is intentionally ignored during dead code analysis
[INFO] [stderr] 
[INFO] [stderr] warning: `ctci` (bin "ownership" test) generated 3 warnings
[INFO] [stderr] warning: unused variable: `l`
[INFO] [stderr]   --> src/bin/ref_playground.rs:59:13
[INFO] [stderr]    |
[INFO] [stderr] 59 |         let l = &(r.left);
[INFO] [stderr]    |             ^ help: if this is intentional, prefix it with an underscore: `_l`
[INFO] [stderr]    |
[INFO] [stderr]    = note: `#[warn(unused_variables)]` on by default
[INFO] [stderr] 
[INFO] [stderr] warning: fields `min_height` and `min_width_pad` are never read
[INFO] [stderr]  --> src/bin/comment_block.rs:7:5
[INFO] [stderr]   |
[INFO] [stderr] 4 | struct CommentBlock {
[INFO] [stderr]   |        ------------ fields in this struct
[INFO] [stderr] ...
[INFO] [stderr] 7 |     min_height: i16,
[INFO] [stderr]   |     ^^^^^^^^^^
[INFO] [stderr] 8 |     min_width_pad: i16,
[INFO] [stderr]   |     ^^^^^^^^^^^^^
[INFO] [stderr]   |
[INFO] [stderr]   = note: `CommentBlock` has a derived impl for the trait `Clone`, but this is intentionally ignored during dead code analysis
[INFO] [stderr]   = note: `#[warn(dead_code)]` on by default
[INFO] [stderr] 
[INFO] [stderr] warning: `ctci` (bin "ref_playground" test) generated 1 warning (run `cargo fix --bin "ref_playground" --tests` to apply 1 suggestion)
[INFO] [stderr] warning: `ctci` (bin "comment_block" test) generated 1 warning
[INFO] [stderr]     Finished test [unoptimized + debuginfo] target(s) in 0.03s
[INFO] [stderr]      Running unittests src/bin/add_two_binary_strings.rs (/opt/rustwide/target/debug/deps/add_two_binary_strings-d8cd60ef9afa8ec7)
[INFO] [stdout] 
[INFO] [stdout] running 1 test
[INFO] [stdout] test simple_tests::simple_test ... ok
[INFO] [stdout] 
[INFO] [stdout] test result: ok. 1 passed; 0 failed; 0 ignored; 0 measured; 0 filtered out; finished in 0.00s
[INFO] [stdout] 
[INFO] [stderr]      Running unittests src/bin/anagram_groups.rs (/opt/rustwide/target/debug/deps/anagram_groups-9649767fd305496b)
[INFO] [stdout] 
[INFO] [stdout] running 2 tests
[INFO] [stdout] test tests::test_simple ... ok
[INFO] [stdout] test tests::vec_test ... ok
[INFO] [stdout] 
[INFO] [stdout] test result: ok. 2 passed; 0 failed; 0 ignored; 0 measured; 0 filtered out; finished in 0.00s
[INFO] [stdout] 
[INFO] [stderr]      Running unittests src/bin/array_triples.rs (/opt/rustwide/target/debug/deps/array_triples-51c0a14d21f40265)
[INFO] [stdout] 
[INFO] [stdout] running 4 tests
[INFO] [stdout] test tests::another_simple ... ok
[INFO] [stdout] test tests::bit_test ... ok
[INFO] [stdout] test tests::simple ... ok
[INFO] [stdout] test tests::simplest_test ... ok
[INFO] [stdout] 
[INFO] [stdout] test result: ok. 4 passed; 0 failed; 0 ignored; 0 measured; 0 filtered out; finished in 0.00s
[INFO] [stdout] 
[INFO] [stderr]      Running unittests src/bin/binary_search.rs (/opt/rustwide/target/debug/deps/binary_search-0c19587a4a3b5270)
[INFO] [stdout] 
[INFO] [stdout] running 8 tests
[INFO] [stdout] test tests::single_element_found ... ok
[INFO] [stdout] test tests::leet_code_failed ... ok
[INFO] [stdout] test tests::empty_test ... ok
[INFO] [stdout] test tests::single_element_not_found ... ok
[INFO] [stdout] test tests::as_vec ... ok
[INFO] [stdout] test tests::multiple_element_found_at_first_index ... ok
[INFO] [stdout] test tests::multiple_element_found_at_mid_index ... ok
[INFO] [stdout] test tests::multiple_element_found_at_last_index ... ok
[INFO] [stdout] 
[INFO] [stdout] test result: ok. 8 passed; 0 failed; 0 ignored; 0 measured; 0 filtered out; finished in 0.01s
[INFO] [stdout] 
[INFO] [stderr]      Running unittests src/bin/brackets.rs (/opt/rustwide/target/debug/deps/brackets-2907ef46391cbe1c)
[INFO] [stdout] 
[INFO] [stdout] running 4 tests
[INFO] [stdout] test tests::complex_test ... ok
[INFO] [stdout] test tests::simple_incorrect ... ok
[INFO] [stdout] test tests::complex_incorrect ... ok
[INFO] [stderr]      Running unittests src/bin/ch1_1_1.rs (/opt/rustwide/target/debug/deps/ch1_1_1-8c0b036fdff60e7c)
[INFO] [stdout] test tests::test ... ok
[INFO] [stdout] 
[INFO] [stdout] test result: ok. 4 passed; 0 failed; 0 ignored; 0 measured; 0 filtered out; finished in 0.00s
[INFO] [stdout] 
[INFO] [stdout] 
[INFO] [stdout] running 6 tests
[INFO] [stdout] test tests::test_that_single_char_is_unique ... ok
[INFO] [stdout] test tests::test_that_duplicate_char_is_unique_via_set ... ok
[INFO] [stdout] test tests::test_that_empty_string_is_unique_via_set ... ok
[INFO] [stdout] test tests::test_that_duplicate_char_is_not_unique ... ok
[INFO] [stdout] test tests::test_that_empty_string_is_unique ... ok
[INFO] [stdout] test tests::test_that_single_char_is_unique_via_set ... ok
[INFO] [stdout] 
[INFO] [stdout] test result: ok. 6 passed; 0 failed; 0 ignored; 0 measured; 0 filtered out; finished in 0.00s
[INFO] [stdout] 
[INFO] [stderr]      Running unittests src/bin/ch1_1_2.rs (/opt/rustwide/target/debug/deps/ch1_1_2-36f8bdab2685f893)
[INFO] [stdout] 
[INFO] [stdout] running 0 tests
[INFO] [stdout] 
[INFO] [stdout] test result: ok. 0 passed; 0 failed; 0 ignored; 0 measured; 0 filtered out; finished in 0.00s
[INFO] [stdout] 
[INFO] [stderr]      Running unittests src/bin/ch7_7_1.rs (/opt/rustwide/target/debug/deps/ch7_7_1-f1a08fb8914ed49b)
[INFO] [stdout] 
[INFO] [stdout] running 0 tests
[INFO] [stdout] 
[INFO] [stdout] test result: ok. 0 passed; 0 failed; 0 ignored; 0 measured; 0 filtered out; finished in 0.00s
[INFO] [stdout] 
[INFO] [stderr]      Running unittests src/bin/comment_block.rs (/opt/rustwide/target/debug/deps/comment_block-52b171ec02f5967a)
[INFO] [stdout] 
[INFO] [stdout] running 1 test
[INFO] [stdout] test tests::simple_test ... ok
[INFO] [stdout] 
[INFO] [stdout] test result: ok. 1 passed; 0 failed; 0 ignored; 0 measured; 0 filtered out; finished in 0.00s
[INFO] [stdout] 
[INFO] [stderr]      Running unittests src/bin/construct_binary_search_tree_from_preorder_traversal.rs (/opt/rustwide/target/debug/deps/construct_binary_search_tree_from_preorder_traversal-6c25fe93d731b712)
[INFO] [stdout] 
[INFO] [stdout] running 3 tests
[INFO] [stdout] test tests::simple_test_short ... ok
[INFO] [stdout] test tests::simple_test_bit_longer ... ok
[INFO] [stdout] test tests::simple_test ... ok
[INFO] [stdout] 
[INFO] [stdout] test result: ok. 3 passed; 0 failed; 0 ignored; 0 measured; 0 filtered out; finished in 0.00s
[INFO] [stdout] 
[INFO] [stderr]      Running unittests src/bin/critical_connections.rs (/opt/rustwide/target/debug/deps/critical_connections-405ca79c6bc9cbdd)
[INFO] [stdout] 
[INFO] [stdout] running 2 tests
[INFO] [stdout] test tests::harder_test ... FAILED
[INFO] [stdout] test tests::simple_test ... FAILED
[INFO] [stdout] 
[INFO] [stdout] failures:
[INFO] [stdout] 
[INFO] [stdout] ---- tests::harder_test stdout ----
[INFO] [stdout] {0: [1, 2], 4: [3, 5], 3: [1, 4, 5], 5: [4, 3], 1: [0, 2, 3], 2: [1, 0]}
[INFO] [stdout] thread 'tests::harder_test' panicked at src/bin/critical_connections.rs:65:9:
[INFO] [stdout] assertion `left == right` failed
[INFO] [stdout]   left: []
[INFO] [stdout]  right: [[3, 1]]
[INFO] [stdout] stack backtrace:
[INFO] [stdout]    0:     0x559bd534137c - std::backtrace_rs::backtrace::libunwind::trace::ha637c64ce894333a
[INFO] [stdout]                                at /rustc/82e1608dfa6e0b5569232559e3d385fea5a93112/library/std/src/../../backtrace/src/backtrace/libunwind.rs:104:5
[INFO] [stdout]    1:     0x559bd534137c - std::backtrace_rs::backtrace::trace_unsynchronized::h47f62dea28e0c88d
[INFO] [stdout]                                at /rustc/82e1608dfa6e0b5569232559e3d385fea5a93112/library/std/src/../../backtrace/src/backtrace/mod.rs:66:5
[INFO] [stdout]    2:     0x559bd534137c - std::sys_common::backtrace::_print_fmt::h9eef0abe20ede486
[INFO] [stdout]                                at /rustc/82e1608dfa6e0b5569232559e3d385fea5a93112/library/std/src/sys_common/backtrace.rs:67:5
[INFO] [stdout]    3:     0x559bd534137c - <std::sys_common::backtrace::_print::DisplayBacktrace as core::fmt::Display>::fmt::hed7f999df88cc644
[INFO] [stdout]                                at /rustc/82e1608dfa6e0b5569232559e3d385fea5a93112/library/std/src/sys_common/backtrace.rs:44:22
[INFO] [stdout]    4:     0x559bd536b200 - core::fmt::rt::Argument::fmt::h1539a9308b8d058d
[INFO] [stdout]                                at /rustc/82e1608dfa6e0b5569232559e3d385fea5a93112/library/core/src/fmt/rt.rs:142:9
[INFO] [stdout]    5:     0x559bd536b200 - core::fmt::write::h3a39390d8560d9c9
[INFO] [stdout]                                at /rustc/82e1608dfa6e0b5569232559e3d385fea5a93112/library/core/src/fmt/mod.rs:1120:17
[INFO] [stdout]    6:     0x559bd533ed2f - std::io::Write::write_fmt::h040b369f3a0f9cbc
[INFO] [stdout]                                at /rustc/82e1608dfa6e0b5569232559e3d385fea5a93112/library/std/src/io/mod.rs:1762:15
[INFO] [stdout]    7:     0x559bd5341164 - std::sys_common::backtrace::_print::h894006fb5c6f3d45
[INFO] [stdout]                                at /rustc/82e1608dfa6e0b5569232559e3d385fea5a93112/library/std/src/sys_common/backtrace.rs:47:5
[INFO] [stdout]    8:     0x559bd5341164 - std::sys_common::backtrace::print::h23a2d212c6fff936
[INFO] [stdout]                                at /rustc/82e1608dfa6e0b5569232559e3d385fea5a93112/library/std/src/sys_common/backtrace.rs:34:9
[INFO] [stdout]    9:     0x559bd5342e27 - std::panicking::default_hook::{{closure}}::h8a1d2ee00185001a
[INFO] [stdout]   10:     0x559bd5342b13 - std::panicking::default_hook::h6038f2eba384e475
[INFO] [stdout]                                at /rustc/82e1608dfa6e0b5569232559e3d385fea5a93112/library/std/src/panicking.rs:289:9
[INFO] [stdout]   11:     0x559bd5313527 - <alloc::boxed::Box<F,A> as core::ops::function::Fn<Args>>::call::h0ad024c9bdc6d768
[INFO] [stdout]                                at /rustc/82e1608dfa6e0b5569232559e3d385fea5a93112/library/alloc/src/boxed.rs:2021:9
[INFO] [stdout]   12:     0x559bd5313527 - test::test_main::{{closure}}::h7500b54257359db6
[INFO] [stdout]                                at /rustc/82e1608dfa6e0b5569232559e3d385fea5a93112/library/test/src/lib.rs:138:21
[INFO] [stdout]   13:     0x559bd5343438 - <alloc::boxed::Box<F,A> as core::ops::function::Fn<Args>>::call::h1f8f335eaa9cfaee
[INFO] [stdout]                                at /rustc/82e1608dfa6e0b5569232559e3d385fea5a93112/library/alloc/src/boxed.rs:2021:9
[INFO] [stdout]   14:     0x559bd5343438 - std::panicking::rust_panic_with_hook::h2b5517d590cab22e
[INFO] [stdout]                                at /rustc/82e1608dfa6e0b5569232559e3d385fea5a93112/library/std/src/panicking.rs:783:13
[INFO] [stdout]   15:     0x559bd534318e - std::panicking::begin_panic_handler::{{closure}}::h233112c06e0ef43e
[INFO] [stdout]                                at /rustc/82e1608dfa6e0b5569232559e3d385fea5a93112/library/std/src/panicking.rs:657:13
[INFO] [stdout]   16:     0x559bd5341846 - std::sys_common::backtrace::__rust_end_short_backtrace::h6e893f24d7ebbff8
[INFO] [stdout]                                at /rustc/82e1608dfa6e0b5569232559e3d385fea5a93112/library/std/src/sys_common/backtrace.rs:170:18
[INFO] [stdout]   17:     0x559bd5342ef2 - rust_begin_unwind
[INFO] [stdout]                                at /rustc/82e1608dfa6e0b5569232559e3d385fea5a93112/library/std/src/panicking.rs:645:5
[INFO] [stdout]   18:     0x559bd52cccf5 - core::panicking::panic_fmt::hbf0e066aabfa482c
[INFO] [stdout]                                at /rustc/82e1608dfa6e0b5569232559e3d385fea5a93112/library/core/src/panicking.rs:72:14
[INFO] [stdout]   19:     0x559bd52cd10b - core::panicking::assert_failed_inner::h0bba8b7c26ee4492
[INFO] [stdout]   20:     0x559bd52d76ce - core::panicking::assert_failed::hba46ad41c8e2289e
[INFO] [stdout]                                at /rustc/82e1608dfa6e0b5569232559e3d385fea5a93112/library/core/src/panicking.rs:279:5
[INFO] [stdout]   21:     0x559bd52df4f3 - critical_connections::tests::run_test::h57162d9455a0cf76
[INFO] [stdout]                                at /opt/rustwide/workdir/src/bin/critical_connections.rs:65:9
[INFO] [stdout]   22:     0x559bd52dfb22 - critical_connections::tests::harder_test::hef2cb0131c3d3f2c
[INFO] [stdout]                                at /opt/rustwide/workdir/src/bin/critical_connections.rs:77:9
[INFO] [stdout]   23:     0x559bd52df917 - critical_connections::tests::harder_test::{{closure}}::h64a6f0514f3a85ba
[INFO] [stdout]                                at /opt/rustwide/workdir/src/bin/critical_connections.rs:75:25
[INFO] [stdout]   24:     0x559bd52d6c26 - core::ops::function::FnOnce::call_once::h0c9fe4afecb1f6b0
[INFO] [stdout]                                at /rustc/82e1608dfa6e0b5569232559e3d385fea5a93112/library/core/src/ops/function.rs:250:5
[INFO] [stdout]   25:     0x559bd5318b7f - core::ops::function::FnOnce::call_once::h2b5d431d5046312d
[INFO] [stdout]                                at /rustc/82e1608dfa6e0b5569232559e3d385fea5a93112/library/core/src/ops/function.rs:250:5
[INFO] [stdout]   26:     0x559bd5318b7f - test::__rust_begin_short_backtrace::h7714669af176e207
[INFO] [stdout]                                at /rustc/82e1608dfa6e0b5569232559e3d385fea5a93112/library/test/src/lib.rs:628:18
[INFO] [stdout]   27:     0x559bd5317b95 - test::run_test_in_process::{{closure}}::h85218797dcbcec12
[INFO] [stdout]                                at /rustc/82e1608dfa6e0b5569232559e3d385fea5a93112/library/test/src/lib.rs:651:60
[INFO] [stdout]   28:     0x559bd5317b95 - <core::panic::unwind_safe::AssertUnwindSafe<F> as core::ops::function::FnOnce<()>>::call_once::h76c106ea31c14d7b
[INFO] [stdout]                                at /rustc/82e1608dfa6e0b5569232559e3d385fea5a93112/library/core/src/panic/unwind_safe.rs:272:9
[INFO] [stdout]   29:     0x559bd5317b95 - std::panicking::try::do_call::h3bd5d0f6620ee946
[INFO] [stdout]                                at /rustc/82e1608dfa6e0b5569232559e3d385fea5a93112/library/std/src/panicking.rs:552:40
[INFO] [stdout]   30:     0x559bd5317b95 - std::panicking::try::h232e535e4744fe31
[INFO] [stdout]                                at /rustc/82e1608dfa6e0b5569232559e3d385fea5a93112/library/std/src/panicking.rs:516:19
[INFO] [stdout]   31:     0x559bd5317b95 - std::panic::catch_unwind::h3ce3bd6ca8dbac68
[INFO] [stdout]                                at /rustc/82e1608dfa6e0b5569232559e3d385fea5a93112/library/std/src/panic.rs:142:14
[INFO] [stdout]   32:     0x559bd5317b95 - test::run_test_in_process::hc97b257c9621286a
[INFO] [stdout]                                at /rustc/82e1608dfa6e0b5569232559e3d385fea5a93112/library/test/src/lib.rs:651:27
[INFO] [stdout]   33:     0x559bd5317b95 - test::run_test::{{closure}}::h2aa798823a438d38
[INFO] [stdout]                                at /rustc/82e1608dfa6e0b5569232559e3d385fea5a93112/library/test/src/lib.rs:574:43
[INFO] [stdout]   34:     0x559bd52dfe56 - test::run_test::{{closure}}::h87d231c78fb59832
[INFO] [stdout]                                at /rustc/82e1608dfa6e0b5569232559e3d385fea5a93112/library/test/src/lib.rs:602:41
[INFO] [stdout]   35:     0x559bd52dfe56 - std::sys_common::backtrace::__rust_begin_short_backtrace::he6df152596625789
[INFO] [stdout]                                at /rustc/82e1608dfa6e0b5569232559e3d385fea5a93112/library/std/src/sys_common/backtrace.rs:154:18
[INFO] [stdout]   36:     0x559bd52e4f07 - std::thread::Builder::spawn_unchecked_::{{closure}}::{{closure}}::ha94be15d1e0acf36
[INFO] [stdout]                                at /rustc/82e1608dfa6e0b5569232559e3d385fea5a93112/library/std/src/thread/mod.rs:529:17
[INFO] [stdout]   37:     0x559bd52e4f07 - <core::panic::unwind_safe::AssertUnwindSafe<F> as core::ops::function::FnOnce<()>>::call_once::h9dc6bd6372f16606
[INFO] [stdout]                                at /rustc/82e1608dfa6e0b5569232559e3d385fea5a93112/library/core/src/panic/unwind_safe.rs:272:9
[INFO] [stdout]   38:     0x559bd52e4f07 - std::panicking::try::do_call::h9057517f80303cd4
[INFO] [stdout]                                at /rustc/82e1608dfa6e0b5569232559e3d385fea5a93112/library/std/src/panicking.rs:552:40
[INFO] [stdout]   39:     0x559bd52e4f07 - std::panicking::try::he3a30b11ee45340c
[INFO] [stdout]                                at /rustc/82e1608dfa6e0b5569232559e3d385fea5a93112/library/std/src/panicking.rs:516:19
[INFO] [stdout]   40:     0x559bd52e4f07 - std::panic::catch_unwind::h410458cfd3528b8b
[INFO] [stdout]                                at /rustc/82e1608dfa6e0b5569232559e3d385fea5a93112/library/std/src/panic.rs:142:14
[INFO] [stdout]   41:     0x559bd52e4f07 - std::thread::Builder::spawn_unchecked_::{{closure}}::h72ac3bdb567b737b
[INFO] [stdout]                                at /rustc/82e1608dfa6e0b5569232559e3d385fea5a93112/library/std/src/thread/mod.rs:528:30
[INFO] [stdout]   42:     0x559bd52e4f07 - core::ops::function::FnOnce::call_once{{vtable.shim}}::h38f34da3654a8344
[INFO] [stdout]                                at /rustc/82e1608dfa6e0b5569232559e3d385fea5a93112/library/core/src/ops/function.rs:250:5
[INFO] [stdout]   43:     0x559bd5347ec5 - <alloc::boxed::Box<F,A> as core::ops::function::FnOnce<Args>>::call_once::hc7eafaff61e32df9
[INFO] [stdout]                                at /rustc/82e1608dfa6e0b5569232559e3d385fea5a93112/library/alloc/src/boxed.rs:2007:9
[INFO] [stdout]   44:     0x559bd5347ec5 - <alloc::boxed::Box<F,A> as core::ops::function::FnOnce<Args>>::call_once::h6ba4a5de48dd2304
[INFO] [stdout]                                at /rustc/82e1608dfa6e0b5569232559e3d385fea5a93112/library/alloc/src/boxed.rs:2007:9
[INFO] [stdout]   45:     0x559bd5347ec5 - std::sys::unix::thread::Thread::new::thread_start::he469335aef763e45
[INFO] [stdout]                                at /rustc/82e1608dfa6e0b5569232559e3d385fea5a93112/library/std/src/sys/unix/thread.rs:108:17
[INFO] [stdout]   46:     0x7f2b432f8ac3 - <unknown>
[INFO] [stdout]   47:     0x7f2b43389bf4 - __clone
[INFO] [stdout]   48:                0x0 - <unknown>
[INFO] [stdout] 
[INFO] [stdout] ---- tests::simple_test stdout ----
[INFO] [stdout] {1: [0, 2, 3], 2: [1, 0], 0: [1, 2], 3: [1]}
[INFO] [stdout] thread 'tests::simple_test' panicked at src/bin/critical_connections.rs:65:9:
[INFO] [stdout] assertion `left == right` failed
[INFO] [stdout]   left: []
[INFO] [stdout]  right: [[3, 1]]
[INFO] [stdout] stack backtrace:
[INFO] [stdout]    0:     0x559bd534137c - std::backtrace_rs::backtrace::libunwind::trace::ha637c64ce894333a
[INFO] [stdout]                                at /rustc/82e1608dfa6e0b5569232559e3d385fea5a93112/library/std/src/../../backtrace/src/backtrace/libunwind.rs:104:5
[INFO] [stdout]    1:     0x559bd534137c - std::backtrace_rs::backtrace::trace_unsynchronized::h47f62dea28e0c88d
[INFO] [stdout]                                at /rustc/82e1608dfa6e0b5569232559e3d385fea5a93112/library/std/src/../../backtrace/src/backtrace/mod.rs:66:5
[INFO] [stdout]    2:     0x559bd534137c - std::sys_common::backtrace::_print_fmt::h9eef0abe20ede486
[INFO] [stdout]                                at /rustc/82e1608dfa6e0b5569232559e3d385fea5a93112/library/std/src/sys_common/backtrace.rs:67:5
[INFO] [stdout]    3:     0x559bd534137c - <std::sys_common::backtrace::_print::DisplayBacktrace as core::fmt::Display>::fmt::hed7f999df88cc644
[INFO] [stdout]                                at /rustc/82e1608dfa6e0b5569232559e3d385fea5a93112/library/std/src/sys_common/backtrace.rs:44:22
[INFO] [stdout]    4:     0x559bd536b200 - core::fmt::rt::Argument::fmt::h1539a9308b8d058d
[INFO] [stdout]                                at /rustc/82e1608dfa6e0b5569232559e3d385fea5a93112/library/core/src/fmt/rt.rs:142:9
[INFO] [stdout]    5:     0x559bd536b200 - core::fmt::write::h3a39390d8560d9c9
[INFO] [stdout]                                at /rustc/82e1608dfa6e0b5569232559e3d385fea5a93112/library/core/src/fmt/mod.rs:1120:17
[INFO] [stdout]    6:     0x559bd533ed2f - std::io::Write::write_fmt::h040b369f3a0f9cbc
[INFO] [stdout]                                at /rustc/82e1608dfa6e0b5569232559e3d385fea5a93112/library/std/src/io/mod.rs:1762:15
[INFO] [stdout]    7:     0x559bd5341164 - std::sys_common::backtrace::_print::h894006fb5c6f3d45
[INFO] [stdout]                                at /rustc/82e1608dfa6e0b5569232559e3d385fea5a93112/library/std/src/sys_common/backtrace.rs:47:5
[INFO] [stdout]    8:     0x559bd5341164 - std::sys_common::backtrace::print::h23a2d212c6fff936
[INFO] [stdout]                                at /rustc/82e1608dfa6e0b5569232559e3d385fea5a93112/library/std/src/sys_common/backtrace.rs:34:9
[INFO] [stdout]    9:     0x559bd5342e27 - std::panicking::default_hook::{{closure}}::h8a1d2ee00185001a
[INFO] [stdout]   10:     0x559bd5342b13 - std::panicking::default_hook::h6038f2eba384e475
[INFO] [stdout]                                at /rustc/82e1608dfa6e0b5569232559e3d385fea5a93112/library/std/src/panicking.rs:289:9
[INFO] [stdout]   11:     0x559bd5313527 - <alloc::boxed::Box<F,A> as core::ops::function::Fn<Args>>::call::h0ad024c9bdc6d768
[INFO] [stdout]                                at /rustc/82e1608dfa6e0b5569232559e3d385fea5a93112/library/alloc/src/boxed.rs:2021:9
[INFO] [stdout]   12:     0x559bd5313527 - test::test_main::{{closure}}::h7500b54257359db6
[INFO] [stdout]                                at /rustc/82e1608dfa6e0b5569232559e3d385fea5a93112/library/test/src/lib.rs:138:21
[INFO] [stdout]   13:     0x559bd5343438 - <alloc::boxed::Box<F,A> as core::ops::function::Fn<Args>>::call::h1f8f335eaa9cfaee
[INFO] [stdout]                                at /rustc/82e1608dfa6e0b5569232559e3d385fea5a93112/library/alloc/src/boxed.rs:2021:9
[INFO] [stdout]   14:     0x559bd5343438 - std::panicking::rust_panic_with_hook::h2b5517d590cab22e
[INFO] [stdout]                                at /rustc/82e1608dfa6e0b5569232559e3d385fea5a93112/library/std/src/panicking.rs:783:13
[INFO] [stdout]   15:     0x559bd534318e - std::panicking::begin_panic_handler::{{closure}}::h233112c06e0ef43e
[INFO] [stdout]                                at /rustc/82e1608dfa6e0b5569232559e3d385fea5a93112/library/std/src/panicking.rs:657:13
[INFO] [stdout]   16:     0x559bd5341846 - std::sys_common::backtrace::__rust_end_short_backtrace::h6e893f24d7ebbff8
[INFO] [stdout]                                at /rustc/82e1608dfa6e0b5569232559e3d385fea5a93112/library/std/src/sys_common/backtrace.rs:170:18
[INFO] [stdout]   17:     0x559bd5342ef2 - rust_begin_unwind
[INFO] [stdout]                                at /rustc/82e1608dfa6e0b5569232559e3d385fea5a93112/library/std/src/panicking.rs:645:5
[INFO] [stdout]   18:     0x559bd52cccf5 - core::panicking::panic_fmt::hbf0e066aabfa482c
[INFO] [stdout]                                at /rustc/82e1608dfa6e0b5569232559e3d385fea5a93112/library/core/src/panicking.rs:72:14
[INFO] [stdout]   19:     0x559bd52cd10b - core::panicking::assert_failed_inner::h0bba8b7c26ee4492
[INFO] [stdout]   20:     0x559bd52d76ce - core::panicking::assert_failed::hba46ad41c8e2289e
[INFO] [stdout]                                at /rustc/82e1608dfa6e0b5569232559e3d385fea5a93112/library/core/src/panicking.rs:279:5
[INFO] [stdout]   21:     0x559bd52df4f3 - critical_connections::tests::run_test::h57162d9455a0cf76
[INFO] [stdout]                                at /opt/rustwide/workdir/src/bin/critical_connections.rs:65:9
[INFO] [stdout]   22:     0x559bd52df8c5 - critical_connections::tests::simple_test::h0760dca7a5339125
[INFO] [stdout]                                at /opt/rustwide/workdir/src/bin/critical_connections.rs:71:9
[INFO] [stdout]   23:     0x559bd52df707 - critical_connections::tests::simple_test::{{closure}}::h44bb1cc884eeb205
[INFO] [stdout]                                at /opt/rustwide/workdir/src/bin/critical_connections.rs:69:25
[INFO] [stdout]   24:     0x559bd52d6d06 - core::ops::function::FnOnce::call_once::h471883b51c0ae65d
[INFO] [stdout]                                at /rustc/82e1608dfa6e0b5569232559e3d385fea5a93112/library/core/src/ops/function.rs:250:5
[INFO] [stdout]   25:     0x559bd5318b7f - core::ops::function::FnOnce::call_once::h2b5d431d5046312d
[INFO] [stdout]                                at /rustc/82e1608dfa6e0b5569232559e3d385fea5a93112/library/core/src/ops/function.rs:250:5
[INFO] [stdout]   26:     0x559bd5318b7f - test::__rust_begin_short_backtrace::h7714669af176e207
[INFO] [stdout]                                at /rustc/82e1608dfa6e0b5569232559e3d385fea5a93112/library/test/src/lib.rs:628:18
[INFO] [stdout]   27:     0x559bd5317b95 - test::run_test_in_process::{{closure}}::h85218797dcbcec12
[INFO] [stdout]                                at /rustc/82e1608dfa6e0b5569232559e3d385fea5a93112/library/test/src/lib.rs:651:60
[INFO] [stdout]   28:     0x559bd5317b95 - <core::panic::unwind_safe::AssertUnwindSafe<F> as core::ops::function::FnOnce<()>>::call_once::h76c106ea31c14d7b
[INFO] [stdout]                                at /rustc/82e1608dfa6e0b5569232559e3d385fea5a93112/library/core/src/panic/unwind_safe.rs:272:9
[INFO] [stdout]   29:     0x559bd5317b95 - std::panicking::try::do_call::h3bd5d0f6620ee946
[INFO] [stdout]                                at /rustc/82e1608dfa6e0b5569232559e3d385fea5a93112/library/std/src/panicking.rs:552:40
[INFO] [stdout]   30:     0x559bd5317b95 - std::panicking::try::h232e535e4744fe31
[INFO] [stdout]                                at /rustc/82e1608dfa6e0b5569232559e3d385fea5a93112/library/std/src/panicking.rs:516:19
[INFO] [stdout]   31:     0x559bd5317b95 - std::panic::catch_unwind::h3ce3bd6ca8dbac68
[INFO] [stdout]                                at /rustc/82e1608dfa6e0b5569232559e3d385fea5a93112/library/std/src/panic.rs:142:14
[INFO] [stdout]   32:     0x559bd5317b95 - test::run_test_in_process::hc97b257c9621286a
[INFO] [stdout]                                at /rustc/82e1608dfa6e0b5569232559e3d385fea5a93112/library/test/src/lib.rs:651:27
[INFO] [stdout]   33:     0x559bd5317b95 - test::run_test::{{closure}}::h2aa798823a438d38
[INFO] [stdout]                                at /rustc/82e1608dfa6e0b5569232559e3d385fea5a93112/library/test/src/lib.rs:574:43
[INFO] [stdout]   34:     0x559bd52dfe56 - test::run_test::{{closure}}::h87d231c78fb59832
[INFO] [stdout]                                at /rustc/82e1608dfa6e0b5569232559e3d385fea5a93112/library/test/src/lib.rs:602:41
[INFO] [stdout]   35:     0x559bd52dfe56 - std::sys_common::backtrace::__rust_begin_short_backtrace::he6df152596625789
[INFO] [stdout]                                at /rustc/82e1608dfa6e0b5569232559e3d385fea5a93112/library/std/src/sys_common/backtrace.rs:154:18
[INFO] [stdout]   36:     0x559bd52e4f07 - std::thread::Builder::spawn_unchecked_::{{closure}}::{{closure}}::ha94be15d1e0acf36
[INFO] [stdout]                                at /rustc/82e1608dfa6e0b5569232559e3d385fea5a93112/library/std/src/thread/mod.rs:529:17
[INFO] [stdout]   37:     0x559bd52e4f07 - <core::panic::unwind_safe::AssertUnwindSafe<F> as core::ops::function::FnOnce<()>>::call_once::h9dc6bd6372f16606
[INFO] [stdout]                                at /rustc/82e1608dfa6e0b5569232559e3d385fea5a93112/library/core/src/panic/unwind_safe.rs:272:9
[INFO] [stdout]   38:     0x559bd52e4f07 - std::panicking::try::do_call::h9057517f80303cd4
[INFO] [stdout]                                at /rustc/82e1608dfa6e0b5569232559e3d385fea5a93112/library/std/src/panicking.rs:552:40
[INFO] [stdout]   39:     0x559bd52e4f07 - std::panicking::try::he3a30b11ee45340c
[INFO] [stdout]                                at /rustc/82e1608dfa6e0b5569232559e3d385fea5a93112/library/std/src/panicking.rs:516:19
[INFO] [stdout]   40:     0x559bd52e4f07 - std::panic::catch_unwind::h410458cfd3528b8b
[INFO] [stdout]                                at /rustc/82e1608dfa6e0b5569232559e3d385fea5a93112/library/std/src/panic.rs:142:14
[INFO] [stdout]   41:     0x559bd52e4f07 - std::thread::Builder::spawn_unchecked_::{{closure}}::h72ac3bdb567b737b
[INFO] [stdout]                                at /rustc/82e1608dfa6e0b5569232559e3d385fea5a93112/library/std/src/thread/mod.rs:528:30
[INFO] [stdout]   42:     0x559bd52e4f07 - core::ops::function::FnOnce::call_once{{vtable.shim}}::h38f34da3654a8344
[INFO] [stdout]                                at /rustc/82e1608dfa6e0b5569232559e3d385fea5a93112/library/core/src/ops/function.rs:250:5
[INFO] [stdout]   43:     0x559bd5347ec5 - <alloc::boxed::Box<F,A> as core::ops::function::FnOnce<Args>>::call_once::hc7eafaff61e32df9
[INFO] [stdout]                                at /rustc/82e1608dfa6e0b5569232559e3d385fea5a93112/library/alloc/src/boxed.rs:2007:9
[INFO] [stdout]   44:     0x559bd5347ec5 - <alloc::boxed::Box<F,A> as core::ops::function::FnOnce<Args>>::call_once::h6ba4a5de48dd2304
[INFO] [stdout]                                at /rustc/82e1608dfa6e0b5569232559e3d385fea5a93112/library/alloc/src/boxed.rs:2007:9
[INFO] [stdout]   45:     0x559bd5347ec5 - std::sys::unix::thread::Thread::new::thread_start::he469335aef763e45
[INFO] [stdout]                                at /rustc/82e1608dfa6e0b5569232559e3d385fea5a93112/library/std/src/sys/unix/thread.rs:108:17
[INFO] [stdout]   46:     0x7f2b432f8ac3 - <unknown>
[INFO] [stdout]   47:     0x7f2b43389bf4 - __clone
[INFO] [stdout]   48:                0x0 - <unknown>
[INFO] [stdout] 
[INFO] [stdout] 
[INFO] [stdout] failures:
[INFO] [stdout]     tests::harder_test
[INFO] [stdout]     tests::simple_test
[INFO] [stdout] 
[INFO] [stdout] test result: FAILED. 0 passed; 2 failed; 0 ignored; 0 measured; 0 filtered out; finished in 0.02s
[INFO] [stdout] 
[INFO] [stderr] error: test failed, to rerun pass `--bin critical_connections`
[INFO] running `Command { std: "docker" "inspect" "6f2dc308625f2b5218452fec48e59f178802f61f51a05066b3d465b1acc87646", kill_on_drop: false }`
[INFO] running `Command { std: "docker" "rm" "-f" "6f2dc308625f2b5218452fec48e59f178802f61f51a05066b3d465b1acc87646", kill_on_drop: false }`
[INFO] [stdout] 6f2dc308625f2b5218452fec48e59f178802f61f51a05066b3d465b1acc87646
[INFO] testing link-a/learning-rust against beta-2023-12-22 for beta-1.76-1
[INFO] running `Command { std: "git" "clone" "/workspace/cache/git-repos/https%3A%2F%2Fgithub.com%2Flink-a%2Flearning-rust" "/workspace/builds/worker-5-tc2/source", kill_on_drop: false }`
[INFO] [stderr] Cloning into '/workspace/builds/worker-5-tc2/source'...
[INFO] [stderr] done.
[INFO] validating manifest of git repo https://github.com/link-a/learning-rust on toolchain beta-2023-12-22
[INFO] running `Command { std: CARGO_HOME="/workspace/cargo-home" RUSTUP_HOME="/workspace/rustup-home" "/workspace/cargo-home/bin/cargo" "+beta-2023-12-22" "metadata" "--manifest-path" "Cargo.toml" "--no-deps", kill_on_drop: false }`
[INFO] started tweaking git repo https://github.com/link-a/learning-rust
[INFO] finished tweaking git repo https://github.com/link-a/learning-rust
[INFO] tweaked toml for git repo https://github.com/link-a/learning-rust written to /workspace/builds/worker-5-tc2/source/Cargo.toml
[INFO] crate git repo https://github.com/link-a/learning-rust already has a lockfile, it will not be regenerated
[INFO] running `Command { std: CARGO_HOME="/workspace/cargo-home" RUSTUP_HOME="/workspace/rustup-home" "/workspace/cargo-home/bin/cargo" "+beta-2023-12-22" "fetch" "--manifest-path" "Cargo.toml", kill_on_drop: false }`
[INFO] running `Command { std: "docker" "create" "-v" "/var/lib/crater-agent-workspace/builds/worker-5-tc2/target:/opt/rustwide/target:rw,Z" "-v" "/var/lib/crater-agent-workspace/builds/worker-5-tc2/source:/opt/rustwide/workdir:ro,Z" "-v" "/var/lib/crater-agent-workspace/cargo-home:/opt/rustwide/cargo-home:ro,Z" "-v" "/var/lib/crater-agent-workspace/rustup-home:/opt/rustwide/rustup-home:ro,Z" "-e" "SOURCE_DIR=/opt/rustwide/workdir" "-e" "CARGO_TARGET_DIR=/opt/rustwide/target" "-e" "CARGO_HOME=/opt/rustwide/cargo-home" "-e" "RUSTUP_HOME=/opt/rustwide/rustup-home" "-w" "/opt/rustwide/workdir" "-m" "1610612736" "--user" "0:0" "--network" "none" "ghcr.io/rust-lang/crates-build-env/linux@sha256:2788e3201cd34a07e3172128adcd8b3090168a8e3bcc40d7c032b9dda1df7d1c" "/opt/rustwide/cargo-home/bin/cargo" "+beta-2023-12-22" "metadata" "--no-deps" "--format-version=1", kill_on_drop: false }`
[INFO] [stdout] 73fb2bdff861104bffa22f0f8578951618eded07a030138cc41371f13608dde2
[INFO] running `Command { std: "docker" "start" "-a" "73fb2bdff861104bffa22f0f8578951618eded07a030138cc41371f13608dde2", kill_on_drop: false }`
[INFO] running `Command { std: "docker" "inspect" "73fb2bdff861104bffa22f0f8578951618eded07a030138cc41371f13608dde2", kill_on_drop: false }`
[INFO] running `Command { std: "docker" "rm" "-f" "73fb2bdff861104bffa22f0f8578951618eded07a030138cc41371f13608dde2", kill_on_drop: false }`
[INFO] [stdout] 73fb2bdff861104bffa22f0f8578951618eded07a030138cc41371f13608dde2
[INFO] running `Command { std: "docker" "create" "-v" "/var/lib/crater-agent-workspace/builds/worker-5-tc2/target:/opt/rustwide/target:rw,Z" "-v" "/var/lib/crater-agent-workspace/builds/worker-5-tc2/source:/opt/rustwide/workdir:ro,Z" "-v" "/var/lib/crater-agent-workspace/cargo-home:/opt/rustwide/cargo-home:ro,Z" "-v" "/var/lib/crater-agent-workspace/rustup-home:/opt/rustwide/rustup-home:ro,Z" "-e" "SOURCE_DIR=/opt/rustwide/workdir" "-e" "CARGO_TARGET_DIR=/opt/rustwide/target" "-e" "CARGO_INCREMENTAL=0" "-e" "RUST_BACKTRACE=full" "-e" "RUSTFLAGS=--cap-lints=warn" "-e" "RUSTDOCFLAGS=--cap-lints=warn" "-e" "CARGO_HOME=/opt/rustwide/cargo-home" "-e" "RUSTUP_HOME=/opt/rustwide/rustup-home" "-w" "/opt/rustwide/workdir" "-m" "1610612736" "--user" "0:0" "--network" "none" "ghcr.io/rust-lang/crates-build-env/linux@sha256:2788e3201cd34a07e3172128adcd8b3090168a8e3bcc40d7c032b9dda1df7d1c" "/opt/rustwide/cargo-home/bin/cargo" "+beta-2023-12-22" "build" "--frozen" "--message-format=json", kill_on_drop: false }`
[INFO] [stdout] 8eb518df778a9fea4d5483a7c72c77270741a39cd198d16bb60ced760043465f
[INFO] running `Command { std: "docker" "start" "-a" "8eb518df778a9fea4d5483a7c72c77270741a39cd198d16bb60ced760043465f", kill_on_drop: false }`
[INFO] [stderr]    Compiling libc v0.2.66
[INFO] [stderr]    Compiling bitflags v1.2.1
[INFO] [stderr]    Compiling unicode-width v0.1.7
[INFO] [stderr]    Compiling ansi_term v0.11.0
[INFO] [stderr]    Compiling strsim v0.8.0
[INFO] [stderr]    Compiling bit-vec v0.4.4
[INFO] [stderr]    Compiling vec_map v0.8.1
[INFO] [stderr]    Compiling textwrap v0.11.0
[INFO] [stderr]    Compiling bloom v0.3.2
[INFO] [stderr]    Compiling atty v0.2.14
[INFO] [stderr]    Compiling clap v2.33.0
[INFO] [stderr]    Compiling ctci v0.1.0 (/opt/rustwide/workdir)
[INFO] [stdout] warning: struct `DPSolution` is never constructed
[INFO] [stdout]  --> src/bin/house_robber_ii.rs:2:8
[INFO] [stdout]   |
[INFO] [stdout] 2 | struct DPSolution {}
[INFO] [stdout]   |        ^^^^^^^^^^
[INFO] [stdout]   |
[INFO] [stdout]   = note: `#[warn(dead_code)]` on by default
[INFO] [stdout] 
[INFO] [stdout] 
[INFO] [stdout] warning: associated functions `rob_simple` and `rob` are never used
[INFO] [stdout]   --> src/bin/house_robber_ii.rs:5:8
[INFO] [stdout]    |
[INFO] [stdout] 4  | impl DPSolution {
[INFO] [stdout]    | --------------- associated functions in this implementation
[INFO] [stdout] 5  |     fn rob_simple(nums: &[i32]) -> i32 {
[INFO] [stdout]    |        ^^^^^^^^^^
[INFO] [stdout] ...
[INFO] [stdout] 16 |     pub fn rob(nums: Vec<i32>) -> i32 {
[INFO] [stdout]    |            ^^^
[INFO] [stdout] 
[INFO] [stdout] 
[INFO] [stdout] warning: unused variable: `cell_1`
[INFO] [stdout]  --> src/bin/unsafe.rs:7:9
[INFO] [stdout]   |
[INFO] [stdout] 7 |     let cell_1 = Cell {
[INFO] [stdout]   |         ^^^^^^ help: if this is intentional, prefix it with an underscore: `_cell_1`
[INFO] [stdout]   |
[INFO] [stdout]   = note: `#[warn(unused_variables)]` on by default
[INFO] [stdout] 
[INFO] [stdout] 
[INFO] [stdout] warning: unnecessary `unsafe` block
[INFO] [stdout]   --> src/bin/unsafe.rs:11:5
[INFO] [stdout]    |
[INFO] [stdout] 11 |     unsafe {
[INFO] [stdout]    |     ^^^^^^ unnecessary `unsafe` block
[INFO] [stdout]    |
[INFO] [stdout]    = note: `#[warn(unused_unsafe)]` on by default
[INFO] [stdout] 
[INFO] [stdout] 
[INFO] [stdout] warning: fields `val` and `next` are never read
[INFO] [stdout]  --> src/bin/unsafe.rs:2:5
[INFO] [stdout]   |
[INFO] [stdout] 1 | struct Cell {
[INFO] [stdout]   |        ---- fields in this struct
[INFO] [stdout] 2 |     val: i32,
[INFO] [stdout]   |     ^^^
[INFO] [stdout] 3 |     next: Option<Box<Cell>>,
[INFO] [stdout]   |     ^^^^
[INFO] [stdout]   |
[INFO] [stdout]   = note: `#[warn(dead_code)]` on by default
[INFO] [stdout] 
[INFO] [stdout] 
[INFO] [stdout] warning: struct `NaiveSolution` is never constructed
[INFO] [stdout]  --> src/bin/max_distance_in_arrays.rs:1:8
[INFO] [stdout]   |
[INFO] [stdout] 1 | struct NaiveSolution {}
[INFO] [stdout]   |        ^^^^^^^^^^^^^
[INFO] [stdout]   |
[INFO] [stdout]   = note: `#[warn(dead_code)]` on by default
[INFO] [stdout] 
[INFO] [stdout] 
[INFO] [stdout] warning: associated function `max_distance` is never used
[INFO] [stdout]  --> src/bin/max_distance_in_arrays.rs:5:12
[INFO] [stdout]   |
[INFO] [stdout] 3 | impl NaiveSolution {
[INFO] [stdout]   | ------------------ associated function in this implementation
[INFO] [stdout] 4 |
[INFO] [stdout] 5 |     pub fn max_distance(arrays: Vec<Vec<i32>>) -> i32 {
[INFO] [stdout]   |            ^^^^^^^^^^^^
[INFO] [stdout] 
[INFO] [stdout] 
[INFO] [stdout] warning: struct `FastestSolution` is never constructed
[INFO] [stdout]   --> src/bin/max_distance_in_arrays.rs:23:8
[INFO] [stdout]    |
[INFO] [stdout] 23 | struct FastestSolution {}
[INFO] [stdout]    |        ^^^^^^^^^^^^^^^
[INFO] [stdout] 
[INFO] [stdout] 
[INFO] [stdout] warning: associated function `max_distance` is never used
[INFO] [stdout]   --> src/bin/max_distance_in_arrays.rs:26:12
[INFO] [stdout]    |
[INFO] [stdout] 24 | impl FastestSolution {
[INFO] [stdout]    | -------------------- associated function in this implementation
[INFO] [stdout] 25 |
[INFO] [stdout] 26 |     pub fn max_distance(arrays: Vec<Vec<i32>>) -> i32 {
[INFO] [stdout]    |            ^^^^^^^^^^^^
[INFO] [stdout] 
[INFO] [stdout] 
[INFO] [stdout] warning: 2 warnings emitted
[INFO] [stdout] 
[INFO] [stdout] 
[INFO] [stdout] warning: 3 warnings emitted
[INFO] [stdout] 
[INFO] [stdout] 
[INFO] [stdout] warning: 4 warnings emitted
[INFO] [stdout] 
[INFO] [stdout] 
[INFO] [stdout] warning: field `val` is never read
[INFO] [stdout]  --> src/bin/ownership.rs:3:5
[INFO] [stdout]   |
[INFO] [stdout] 2 | struct Foo {
[INFO] [stdout]   |        --- field in this struct
[INFO] [stdout] 3 |     val: i32,
[INFO] [stdout]   |     ^^^
[INFO] [stdout]   |
[INFO] [stdout]   = note: `Foo` has a derived impl for the trait `Debug`, but this is intentionally ignored during dead code analysis
[INFO] [stdout]   = note: `#[warn(dead_code)]` on by default
[INFO] [stdout] 
[INFO] [stdout] 
[INFO] [stdout] warning: fields `val`, `next`, and `prev` are never read
[INFO] [stdout]   --> src/bin/ownership.rs:17:9
[INFO] [stdout]    |
[INFO] [stdout] 16 |     pub struct Node {
[INFO] [stdout]    |                ---- fields in this struct
[INFO] [stdout] 17 |         val: u64,
[INFO] [stdout]    |         ^^^
[INFO] [stdout] 18 |         next: Option<Box<Node>>,
[INFO] [stdout]    |         ^^^^
[INFO] [stdout] 19 |         prev: Option<Box<Node>>,
[INFO] [stdout]    |         ^^^^
[INFO] [stdout]    |
[INFO] [stdout]    = note: `Node` has a derived impl for the trait `Debug`, but this is intentionally ignored during dead code analysis
[INFO] [stdout] 
[INFO] [stdout] 
[INFO] [stdout] warning: fields `val`, `next`, and `prev` are never read
[INFO] [stdout]   --> src/bin/ownership.rs:42:9
[INFO] [stdout]    |
[INFO] [stdout] 41 |     pub struct Node<'a> {
[INFO] [stdout]    |                ---- fields in this struct
[INFO] [stdout] 42 |         val: u64,
[INFO] [stdout]    |         ^^^
[INFO] [stdout] 43 |         next: Option<&'a Box<Node<'a>>>,
[INFO] [stdout]    |         ^^^^
[INFO] [stdout] 44 |         prev: Option<&'a Box<Node<'a>>>,
[INFO] [stdout]    |         ^^^^
[INFO] [stdout]    |
[INFO] [stdout]    = note: `Node` has a derived impl for the trait `Debug`, but this is intentionally ignored during dead code analysis
[INFO] [stdout] 
[INFO] [stdout] 
[INFO] [stdout] warning: 3 warnings emitted
[INFO] [stdout] 
[INFO] [stdout] 
[INFO] [stdout] warning: fields `min_height` and `min_width_pad` are never read
[INFO] [stdout]  --> src/bin/comment_block.rs:7:5
[INFO] [stdout]   |
[INFO] [stdout] 4 | struct CommentBlock {
[INFO] [stdout]   |        ------------ fields in this struct
[INFO] [stdout] ...
[INFO] [stdout] 7 |     min_height: i16,
[INFO] [stdout]   |     ^^^^^^^^^^
[INFO] [stdout] 8 |     min_width_pad: i16,
[INFO] [stdout]   |     ^^^^^^^^^^^^^
[INFO] [stdout]   |
[INFO] [stdout]   = note: `CommentBlock` has a derived impl for the trait `Clone`, but this is intentionally ignored during dead code analysis
[INFO] [stdout]   = note: `#[warn(dead_code)]` on by default
[INFO] [stdout] 
[INFO] [stdout] 
[INFO] [stdout] warning: unused import: `std::borrow::Borrow`
[INFO] [stdout]  --> src/bin/ref_cells.rs:1:5
[INFO] [stdout]   |
[INFO] [stdout] 1 | use std::borrow::Borrow;
[INFO] [stdout]   |     ^^^^^^^^^^^^^^^^^^^
[INFO] [stdout]   |
[INFO] [stdout]   = note: `#[warn(unused_imports)]` on by default
[INFO] [stdout] 
[INFO] [stdout] 
[INFO] [stdout] warning: unused import: `std::cell::RefCell`
[INFO] [stdout]  --> src/bin/ref_cells.rs:2:5
[INFO] [stdout]   |
[INFO] [stdout] 2 | use std::cell::RefCell;
[INFO] [stdout]   |     ^^^^^^^^^^^^^^^^^^
[INFO] [stdout] 
[INFO] [stdout] 
[INFO] [stdout] warning: unused import: `std::mem`
[INFO] [stdout]  --> src/bin/ref_cells.rs:3:5
[INFO] [stdout]   |
[INFO] [stdout] 3 | use std::mem;
[INFO] [stdout]   |     ^^^^^^^^
[INFO] [stdout] 
[INFO] [stdout] 
[INFO] [stdout] warning: unused import: `std::rc::Rc`
[INFO] [stdout]  --> src/bin/ref_cells.rs:4:5
[INFO] [stdout]   |
[INFO] [stdout] 4 | use std::rc::Rc;
[INFO] [stdout]   |     ^^^^^^^^^^^
[INFO] [stdout] 
[INFO] [stdout] 
[INFO] [stdout] warning: unused import: `std::mem`
[INFO] [stdout]    --> src/bin/ref_cells.rs:228:9
[INFO] [stdout]     |
[INFO] [stdout] 228 |     use std::mem;
[INFO] [stdout]     |         ^^^^^^^^
[INFO] [stdout] 
[INFO] [stdout] 
[INFO] [stdout] warning: fields `val` and `next` are never read
[INFO] [stdout]   --> src/bin/ref_cells.rs:15:9
[INFO] [stdout]    |
[INFO] [stdout] 14 |     struct Node {
[INFO] [stdout]    |            ---- fields in this struct
[INFO] [stdout] 15 |         val: i32,
[INFO] [stdout]    |         ^^^
[INFO] [stdout] 16 |         next: Option<Rc<RefCell<Node>>>,
[INFO] [stdout]    |         ^^^^
[INFO] [stdout]    |
[INFO] [stdout]    = note: `Node` has a derived impl for the trait `Debug`, but this is intentionally ignored during dead code analysis
[INFO] [stdout]    = note: `#[warn(dead_code)]` on by default
[INFO] [stdout] 
[INFO] [stdout] 
[INFO] [stdout] warning: 1 warning emitted
[INFO] [stdout] 
[INFO] [stdout] 
[INFO] [stdout] warning: 6 warnings emitted
[INFO] [stdout] 
[INFO] [stdout] 
[INFO] [stdout] warning: fields `val`, `next`, and `prev` are never read
[INFO] [stdout]   --> src/bin/linked_list.rs:9:5
[INFO] [stdout]    |
[INFO] [stdout] 8  | struct Node<T> {
[INFO] [stdout]    |        ---- fields in this struct
[INFO] [stdout] 9  |     val: T,
[INFO] [stdout]    |     ^^^
[INFO] [stdout] 10 |     next: NodePtr<T>,
[INFO] [stdout]    |     ^^^^
[INFO] [stdout] 11 |     prev: NodePtr<T>,
[INFO] [stdout]    |     ^^^^
[INFO] [stdout]    |
[INFO] [stdout]    = note: `Node` has a derived impl for the trait `Debug`, but this is intentionally ignored during dead code analysis
[INFO] [stdout]    = note: `#[warn(dead_code)]` on by default
[INFO] [stdout] 
[INFO] [stdout] 
[INFO] [stdout] warning: field `tail` is never read
[INFO] [stdout]   --> src/bin/linked_list.rs:38:5
[INFO] [stdout]    |
[INFO] [stdout] 36 | struct DoublyLinkedList<T> where T: Default + Debug + Copy {
[INFO] [stdout]    |        ---------------- field in this struct
[INFO] [stdout] 37 |     head: NodePtr<T>,
[INFO] [stdout] 38 |     tail: NodePtr<T>
[INFO] [stdout]    |     ^^^^
[INFO] [stdout]    |
[INFO] [stdout]    = note: `DoublyLinkedList` has a derived impl for the trait `Debug`, but this is intentionally ignored during dead code analysis
[INFO] [stdout] 
[INFO] [stdout] 
[INFO] [stdout] warning: 2 warnings emitted
[INFO] [stdout] 
[INFO] [stdout] 
[INFO] [stdout] warning: unused import: `std::collections::VecDeque`
[INFO] [stdout]  --> src/bin/ref_playground.rs:2:5
[INFO] [stdout]   |
[INFO] [stdout] 2 | use std::collections::VecDeque;
[INFO] [stdout]   |     ^^^^^^^^^^^^^^^^^^^^^^^^^^
[INFO] [stdout]   |
[INFO] [stdout]   = note: `#[warn(unused_imports)]` on by default
[INFO] [stdout] 
[INFO] [stdout] 
[INFO] [stdout] warning: struct `Solution` is never constructed
[INFO] [stdout]   --> src/bin/min_depth_binary_tree.rs:24:8
[INFO] [stdout]    |
[INFO] [stdout] 24 | struct Solution {}
[INFO] [stdout]    |        ^^^^^^^^
[INFO] [stdout]    |
[INFO] [stdout]    = note: `#[warn(dead_code)]` on by default
[INFO] [stdout] 
[INFO] [stdout] 
[INFO] [stdout] warning: associated function `min_depth` is never used
[INFO] [stdout]   --> src/bin/min_depth_binary_tree.rs:27:12
[INFO] [stdout]    |
[INFO] [stdout] 26 | impl Solution {
[INFO] [stdout]    | ------------- associated function in this implementation
[INFO] [stdout] 27 |     pub fn min_depth(root: Option<Rc<RefCell<TreeNode>>>) -> i32 {
[INFO] [stdout]    |            ^^^^^^^^^
[INFO] [stdout] 
[INFO] [stdout] 
[INFO] [stdout] warning: 1 warning emitted
[INFO] [stdout] 
[INFO] [stdout] 
[INFO] [stdout] warning: 2 warnings emitted
[INFO] [stdout] 
[INFO] [stdout] 
[INFO] [stderr]     Finished dev [unoptimized + debuginfo] target(s) in 6.85s
[INFO] running `Command { std: "docker" "inspect" "8eb518df778a9fea4d5483a7c72c77270741a39cd198d16bb60ced760043465f", kill_on_drop: false }`
[INFO] running `Command { std: "docker" "rm" "-f" "8eb518df778a9fea4d5483a7c72c77270741a39cd198d16bb60ced760043465f", kill_on_drop: false }`
[INFO] [stdout] 8eb518df778a9fea4d5483a7c72c77270741a39cd198d16bb60ced760043465f
[INFO] running `Command { std: "docker" "create" "-v" "/var/lib/crater-agent-workspace/builds/worker-5-tc2/target:/opt/rustwide/target:rw,Z" "-v" "/var/lib/crater-agent-workspace/builds/worker-5-tc2/source:/opt/rustwide/workdir:ro,Z" "-v" "/var/lib/crater-agent-workspace/cargo-home:/opt/rustwide/cargo-home:ro,Z" "-v" "/var/lib/crater-agent-workspace/rustup-home:/opt/rustwide/rustup-home:ro,Z" "-e" "SOURCE_DIR=/opt/rustwide/workdir" "-e" "CARGO_TARGET_DIR=/opt/rustwide/target" "-e" "CARGO_INCREMENTAL=0" "-e" "RUST_BACKTRACE=full" "-e" "RUSTFLAGS=--cap-lints=warn" "-e" "RUSTDOCFLAGS=--cap-lints=warn" "-e" "CARGO_HOME=/opt/rustwide/cargo-home" "-e" "RUSTUP_HOME=/opt/rustwide/rustup-home" "-w" "/opt/rustwide/workdir" "-m" "1610612736" "--user" "0:0" "--network" "none" "ghcr.io/rust-lang/crates-build-env/linux@sha256:2788e3201cd34a07e3172128adcd8b3090168a8e3bcc40d7c032b9dda1df7d1c" "/opt/rustwide/cargo-home/bin/cargo" "+beta-2023-12-22" "test" "--frozen" "--no-run" "--message-format=json", kill_on_drop: false }`
[INFO] [stdout] df2dd76cc9c3287c703366c5ab765060535ceb2d970e42b0945c045837a03b7b
[INFO] running `Command { std: "docker" "start" "-a" "df2dd76cc9c3287c703366c5ab765060535ceb2d970e42b0945c045837a03b7b", kill_on_drop: false }`
[INFO] [stderr]    Compiling ctci v0.1.0 (/opt/rustwide/workdir)
[INFO] [stdout] warning: field `val` is never read
[INFO] [stdout]  --> src/bin/ownership.rs:3:5
[INFO] [stdout]   |
[INFO] [stdout] 2 | struct Foo {
[INFO] [stdout]   |        --- field in this struct
[INFO] [stdout] 3 |     val: i32,
[INFO] [stdout]   |     ^^^
[INFO] [stdout]   |
[INFO] [stdout]   = note: `Foo` has a derived impl for the trait `Debug`, but this is intentionally ignored during dead code analysis
[INFO] [stdout]   = note: `#[warn(dead_code)]` on by default
[INFO] [stdout] 
[INFO] [stdout] 
[INFO] [stdout] warning: fields `val`, `next`, and `prev` are never read
[INFO] [stdout]   --> src/bin/ownership.rs:17:9
[INFO] [stdout]    |
[INFO] [stdout] 16 |     pub struct Node {
[INFO] [stdout]    |                ---- fields in this struct
[INFO] [stdout] 17 |         val: u64,
[INFO] [stdout]    |         ^^^
[INFO] [stdout] 18 |         next: Option<Box<Node>>,
[INFO] [stdout]    |         ^^^^
[INFO] [stdout] 19 |         prev: Option<Box<Node>>,
[INFO] [stdout]    |         ^^^^
[INFO] [stdout]    |
[INFO] [stdout]    = note: `Node` has a derived impl for the trait `Debug`, but this is intentionally ignored during dead code analysis
[INFO] [stdout] 
[INFO] [stdout] 
[INFO] [stdout] warning: fields `val`, `next`, and `prev` are never read
[INFO] [stdout]   --> src/bin/ownership.rs:42:9
[INFO] [stdout]    |
[INFO] [stdout] 41 |     pub struct Node<'a> {
[INFO] [stdout]    |                ---- fields in this struct
[INFO] [stdout] 42 |         val: u64,
[INFO] [stdout]    |         ^^^
[INFO] [stdout] 43 |         next: Option<&'a Box<Node<'a>>>,
[INFO] [stdout]    |         ^^^^
[INFO] [stdout] 44 |         prev: Option<&'a Box<Node<'a>>>,
[INFO] [stdout]    |         ^^^^
[INFO] [stdout]    |
[INFO] [stdout]    = note: `Node` has a derived impl for the trait `Debug`, but this is intentionally ignored during dead code analysis
[INFO] [stdout] 
[INFO] [stdout] 
[INFO] [stdout] warning: 3 warnings emitted
[INFO] [stdout] 
[INFO] [stdout] 
[INFO] [stdout] warning: unused variable: `cell_1`
[INFO] [stdout]  --> src/bin/unsafe.rs:7:9
[INFO] [stdout]   |
[INFO] [stdout] 7 |     let cell_1 = Cell {
[INFO] [stdout]   |         ^^^^^^ help: if this is intentional, prefix it with an underscore: `_cell_1`
[INFO] [stdout]   |
[INFO] [stdout]   = note: `#[warn(unused_variables)]` on by default
[INFO] [stdout] 
[INFO] [stdout] 
[INFO] [stdout] warning: unnecessary `unsafe` block
[INFO] [stdout]   --> src/bin/unsafe.rs:11:5
[INFO] [stdout]    |
[INFO] [stdout] 11 |     unsafe {
[INFO] [stdout]    |     ^^^^^^ unnecessary `unsafe` block
[INFO] [stdout]    |
[INFO] [stdout]    = note: `#[warn(unused_unsafe)]` on by default
[INFO] [stdout] 
[INFO] [stdout] 
[INFO] [stdout] warning: fields `val` and `next` are never read
[INFO] [stdout]  --> src/bin/unsafe.rs:2:5
[INFO] [stdout]   |
[INFO] [stdout] 1 | struct Cell {
[INFO] [stdout]   |        ---- fields in this struct
[INFO] [stdout] 2 |     val: i32,
[INFO] [stdout]   |     ^^^
[INFO] [stdout] 3 |     next: Option<Box<Cell>>,
[INFO] [stdout]   |     ^^^^
[INFO] [stdout]   |
[INFO] [stdout]   = note: `#[warn(dead_code)]` on by default
[INFO] [stdout] 
[INFO] [stdout] 
[INFO] [stdout] warning: 3 warnings emitted
[INFO] [stdout] 
[INFO] [stdout] 
[INFO] [stdout] warning: fields `val`, `next`, and `prev` are never read
[INFO] [stdout]   --> src/bin/linked_list.rs:9:5
[INFO] [stdout]    |
[INFO] [stdout] 8  | struct Node<T> {
[INFO] [stdout]    |        ---- fields in this struct
[INFO] [stdout] 9  |     val: T,
[INFO] [stdout]    |     ^^^
[INFO] [stdout] 10 |     next: NodePtr<T>,
[INFO] [stdout]    |     ^^^^
[INFO] [stdout] 11 |     prev: NodePtr<T>,
[INFO] [stdout]    |     ^^^^
[INFO] [stdout]    |
[INFO] [stdout]    = note: `Node` has a derived impl for the trait `Debug`, but this is intentionally ignored during dead code analysis
[INFO] [stdout]    = note: `#[warn(dead_code)]` on by default
[INFO] [stdout] 
[INFO] [stdout] 
[INFO] [stdout] warning: field `tail` is never read
[INFO] [stdout]   --> src/bin/linked_list.rs:38:5
[INFO] [stdout]    |
[INFO] [stdout] 36 | struct DoublyLinkedList<T> where T: Default + Debug + Copy {
[INFO] [stdout]    |        ---------------- field in this struct
[INFO] [stdout] 37 |     head: NodePtr<T>,
[INFO] [stdout] 38 |     tail: NodePtr<T>
[INFO] [stdout]    |     ^^^^
[INFO] [stdout]    |
[INFO] [stdout]    = note: `DoublyLinkedList` has a derived impl for the trait `Debug`, but this is intentionally ignored during dead code analysis
[INFO] [stdout] 
[INFO] [stdout] 
[INFO] [stdout] warning: 2 warnings emitted
[INFO] [stdout] 
[INFO] [stdout] 
[INFO] [stdout] warning: fields `min_height` and `min_width_pad` are never read
[INFO] [stdout]  --> src/bin/comment_block.rs:7:5
[INFO] [stdout]   |
[INFO] [stdout] 4 | struct CommentBlock {
[INFO] [stdout]   |        ------------ fields in this struct
[INFO] [stdout] ...
[INFO] [stdout] 7 |     min_height: i16,
[INFO] [stdout]   |     ^^^^^^^^^^
[INFO] [stdout] 8 |     min_width_pad: i16,
[INFO] [stdout]   |     ^^^^^^^^^^^^^
[INFO] [stdout]   |
[INFO] [stdout]   = note: `CommentBlock` has a derived impl for the trait `Clone`, but this is intentionally ignored during dead code analysis
[INFO] [stdout]   = note: `#[warn(dead_code)]` on by default
[INFO] [stdout] 
[INFO] [stdout] 
[INFO] [stdout] warning: unused variable: `l`
[INFO] [stdout]   --> src/bin/ref_playground.rs:59:13
[INFO] [stdout]    |
[INFO] [stdout] 59 |         let l = &(r.left);
[INFO] [stdout]    |             ^ help: if this is intentional, prefix it with an underscore: `_l`
[INFO] [stdout]    |
[INFO] [stdout]    = note: `#[warn(unused_variables)]` on by default
[INFO] [stdout] 
[INFO] [stdout] 
[INFO] [stdout] warning: 1 warning emitted
[INFO] [stdout] 
[INFO] [stdout] 
[INFO] [stdout] warning: 1 warning emitted
[INFO] [stdout] 
[INFO] [stdout] 
[INFO] [stdout] warning: unused import: `std::borrow::Borrow`
[INFO] [stdout]  --> src/bin/ref_cells.rs:1:5
[INFO] [stdout]   |
[INFO] [stdout] 1 | use std::borrow::Borrow;
[INFO] [stdout]   |     ^^^^^^^^^^^^^^^^^^^
[INFO] [stdout]   |
[INFO] [stdout]   = note: `#[warn(unused_imports)]` on by default
[INFO] [stdout] 
[INFO] [stdout] 
[INFO] [stdout] warning: unused import: `std::cell::RefCell`
[INFO] [stdout]  --> src/bin/ref_cells.rs:2:5
[INFO] [stdout]   |
[INFO] [stdout] 2 | use std::cell::RefCell;
[INFO] [stdout]   |     ^^^^^^^^^^^^^^^^^^
[INFO] [stdout] 
[INFO] [stdout] 
[INFO] [stdout] warning: unused import: `std::mem`
[INFO] [stdout]  --> src/bin/ref_cells.rs:3:5
[INFO] [stdout]   |
[INFO] [stdout] 3 | use std::mem;
[INFO] [stdout]   |     ^^^^^^^^
[INFO] [stdout] 
[INFO] [stdout] 
[INFO] [stdout] warning: unused import: `std::rc::Rc`
[INFO] [stdout]  --> src/bin/ref_cells.rs:4:5
[INFO] [stdout]   |
[INFO] [stdout] 4 | use std::rc::Rc;
[INFO] [stdout]   |     ^^^^^^^^^^^
[INFO] [stdout] 
[INFO] [stdout] 
[INFO] [stdout] warning: unused import: `std::mem`
[INFO] [stdout]    --> src/bin/ref_cells.rs:228:9
[INFO] [stdout]     |
[INFO] [stdout] 228 |     use std::mem;
[INFO] [stdout]     |         ^^^^^^^^
[INFO] [stdout] 
[INFO] [stdout] 
[INFO] [stdout] warning: field `val` is never read
[INFO] [stdout]   --> src/bin/ref_cells.rs:15:9
[INFO] [stdout]    |
[INFO] [stdout] 14 |     struct Node {
[INFO] [stdout]    |            ---- field in this struct
[INFO] [stdout] 15 |         val: i32,
[INFO] [stdout]    |         ^^^
[INFO] [stdout]    |
[INFO] [stdout]    = note: `Node` has a derived impl for the trait `Debug`, but this is intentionally ignored during dead code analysis
[INFO] [stdout]    = note: `#[warn(dead_code)]` on by default
[INFO] [stdout] 
[INFO] [stdout] 
[INFO] [stdout] warning: 6 warnings emitted
[INFO] [stdout] 
[INFO] [stdout] 
[INFO] [stderr]     Finished test [unoptimized + debuginfo] target(s) in 4.96s
[INFO] running `Command { std: "docker" "inspect" "df2dd76cc9c3287c703366c5ab765060535ceb2d970e42b0945c045837a03b7b", kill_on_drop: false }`
[INFO] running `Command { std: "docker" "rm" "-f" "df2dd76cc9c3287c703366c5ab765060535ceb2d970e42b0945c045837a03b7b", kill_on_drop: false }`
[INFO] [stdout] df2dd76cc9c3287c703366c5ab765060535ceb2d970e42b0945c045837a03b7b
[INFO] running `Command { std: "docker" "create" "-v" "/var/lib/crater-agent-workspace/builds/worker-5-tc2/target:/opt/rustwide/target:rw,Z" "-v" "/var/lib/crater-agent-workspace/builds/worker-5-tc2/source:/opt/rustwide/workdir:ro,Z" "-v" "/var/lib/crater-agent-workspace/cargo-home:/opt/rustwide/cargo-home:ro,Z" "-v" "/var/lib/crater-agent-workspace/rustup-home:/opt/rustwide/rustup-home:ro,Z" "-e" "SOURCE_DIR=/opt/rustwide/workdir" "-e" "CARGO_TARGET_DIR=/opt/rustwide/target" "-e" "CARGO_INCREMENTAL=0" "-e" "RUST_BACKTRACE=full" "-e" "RUSTFLAGS=--cap-lints=warn" "-e" "RUSTDOCFLAGS=--cap-lints=warn" "-e" "CARGO_HOME=/opt/rustwide/cargo-home" "-e" "RUSTUP_HOME=/opt/rustwide/rustup-home" "-w" "/opt/rustwide/workdir" "-m" "1610612736" "--user" "0:0" "--network" "none" "ghcr.io/rust-lang/crates-build-env/linux@sha256:2788e3201cd34a07e3172128adcd8b3090168a8e3bcc40d7c032b9dda1df7d1c" "/opt/rustwide/cargo-home/bin/cargo" "+beta-2023-12-22" "test" "--frozen", kill_on_drop: false }`
[INFO] [stdout] 74b755fea6cb260fb39e2af381f10dcbfa97e428f7857893dd935b00f37ddbbb
[INFO] running `Command { std: "docker" "start" "-a" "74b755fea6cb260fb39e2af381f10dcbfa97e428f7857893dd935b00f37ddbbb", kill_on_drop: false }`
[INFO] [stderr] warning: fields `val`, `next`, and `prev` are never read
[INFO] [stderr]   --> src/bin/linked_list.rs:9:5
[INFO] [stderr]    |
[INFO] [stderr] 8  | struct Node<T> {
[INFO] [stderr]    |        ---- fields in this struct
[INFO] [stderr] 9  |     val: T,
[INFO] [stderr]    |     ^^^
[INFO] [stderr] 10 |     next: NodePtr<T>,
[INFO] [stderr]    |     ^^^^
[INFO] [stderr] 11 |     prev: NodePtr<T>,
[INFO] [stderr]    |     ^^^^
[INFO] [stderr]    |
[INFO] [stderr]    = note: `Node` has a derived impl for the trait `Debug`, but this is intentionally ignored during dead code analysis
[INFO] [stderr]    = note: `#[warn(dead_code)]` on by default
[INFO] [stderr] 
[INFO] [stderr] warning: field `tail` is never read
[INFO] [stderr]   --> src/bin/linked_list.rs:38:5
[INFO] [stderr]    |
[INFO] [stderr] 36 | struct DoublyLinkedList<T> where T: Default + Debug + Copy {
[INFO] [stderr]    |        ---------------- field in this struct
[INFO] [stderr] 37 |     head: NodePtr<T>,
[INFO] [stderr] 38 |     tail: NodePtr<T>
[INFO] [stderr]    |     ^^^^
[INFO] [stderr]    |
[INFO] [stderr]    = note: `DoublyLinkedList` has a derived impl for the trait `Debug`, but this is intentionally ignored during dead code analysis
[INFO] [stderr] 
[INFO] [stderr] warning: fields `min_height` and `min_width_pad` are never read
[INFO] [stderr]  --> src/bin/comment_block.rs:7:5
[INFO] [stderr]   |
[INFO] [stderr] 4 | struct CommentBlock {
[INFO] [stderr]   |        ------------ fields in this struct
[INFO] [stderr] ...
[INFO] [stderr] 7 |     min_height: i16,
[INFO] [stderr]   |     ^^^^^^^^^^
[INFO] [stderr] 8 |     min_width_pad: i16,
[INFO] [stderr]   |     ^^^^^^^^^^^^^
[INFO] [stderr]   |
[INFO] [stderr]   = note: `CommentBlock` has a derived impl for the trait `Clone`, but this is intentionally ignored during dead code analysis
[INFO] [stderr]   = note: `#[warn(dead_code)]` on by default
[INFO] [stderr] 
[INFO] [stderr] warning: `ctci` (bin "linked_list" test) generated 2 warnings
[INFO] [stderr] warning: `ctci` (bin "comment_block" test) generated 1 warning
[INFO] [stderr] warning: field `val` is never read
[INFO] [stderr]  --> src/bin/ownership.rs:3:5
[INFO] [stderr]   |
[INFO] [stderr] 2 | struct Foo {
[INFO] [stderr]   |        --- field in this struct
[INFO] [stderr] 3 |     val: i32,
[INFO] [stderr]   |     ^^^
[INFO] [stderr]   |
[INFO] [stderr]   = note: `Foo` has a derived impl for the trait `Debug`, but this is intentionally ignored during dead code analysis
[INFO] [stderr]   = note: `#[warn(dead_code)]` on by default
[INFO] [stderr] 
[INFO] [stderr] warning: fields `val`, `next`, and `prev` are never read
[INFO] [stderr]   --> src/bin/ownership.rs:17:9
[INFO] [stderr]    |
[INFO] [stderr] 16 |     pub struct Node {
[INFO] [stderr]    |                ---- fields in this struct
[INFO] [stderr] 17 |         val: u64,
[INFO] [stderr]    |         ^^^
[INFO] [stderr] 18 |         next: Option<Box<Node>>,
[INFO] [stderr]    |         ^^^^
[INFO] [stderr] 19 |         prev: Option<Box<Node>>,
[INFO] [stderr]    |         ^^^^
[INFO] [stderr]    |
[INFO] [stderr]    = note: `Node` has a derived impl for the trait `Debug`, but this is intentionally ignored during dead code analysis
[INFO] [stderr] 
[INFO] [stderr] warning: fields `val`, `next`, and `prev` are never read
[INFO] [stderr]   --> src/bin/ownership.rs:42:9
[INFO] [stderr]    |
[INFO] [stderr] 41 |     pub struct Node<'a> {
[INFO] [stderr]    |                ---- fields in this struct
[INFO] [stderr] 42 |         val: u64,
[INFO] [stderr]    |         ^^^
[INFO] [stderr] 43 |         next: Option<&'a Box<Node<'a>>>,
[INFO] [stderr]    |         ^^^^
[INFO] [stderr] 44 |         prev: Option<&'a Box<Node<'a>>>,
[INFO] [stderr]    |         ^^^^
[INFO] [stderr]    |
[INFO] [stderr]    = note: `Node` has a derived impl for the trait `Debug`, but this is intentionally ignored during dead code analysis
[INFO] [stderr] 
[INFO] [stderr] warning: `ctci` (bin "ownership" test) generated 3 warnings
[INFO] [stderr] warning: unused variable: `l`
[INFO] [stderr]   --> src/bin/ref_playground.rs:59:13
[INFO] [stderr]    |
[INFO] [stderr] 59 |         let l = &(r.left);
[INFO] [stderr]    |             ^ help: if this is intentional, prefix it with an underscore: `_l`
[INFO] [stderr]    |
[INFO] [stderr]    = note: `#[warn(unused_variables)]` on by default
[INFO] [stderr] 
[INFO] [stderr] warning: `ctci` (bin "ref_playground" test) generated 1 warning (run `cargo fix --bin "ref_playground" --tests` to apply 1 suggestion)
[INFO] [stderr] warning: unused variable: `cell_1`
[INFO] [stderr]  --> src/bin/unsafe.rs:7:9
[INFO] [stderr]   |
[INFO] [stderr] 7 |     let cell_1 = Cell {
[INFO] [stderr]   |         ^^^^^^ help: if this is intentional, prefix it with an underscore: `_cell_1`
[INFO] [stderr]   |
[INFO] [stderr]   = note: `#[warn(unused_variables)]` on by default
[INFO] [stderr] 
[INFO] [stderr] warning: unnecessary `unsafe` block
[INFO] [stderr]   --> src/bin/unsafe.rs:11:5
[INFO] [stderr]    |
[INFO] [stderr] 11 |     unsafe {
[INFO] [stderr]    |     ^^^^^^ unnecessary `unsafe` block
[INFO] [stderr]    |
[INFO] [stderr]    = note: `#[warn(unused_unsafe)]` on by default
[INFO] [stderr] 
[INFO] [stderr] warning: fields `val` and `next` are never read
[INFO] [stderr]  --> src/bin/unsafe.rs:2:5
[INFO] [stderr]   |
[INFO] [stderr] 1 | struct Cell {
[INFO] [stderr]   |        ---- fields in this struct
[INFO] [stderr] 2 |     val: i32,
[INFO] [stderr]   |     ^^^
[INFO] [stderr] 3 |     next: Option<Box<Cell>>,
[INFO] [stderr]   |     ^^^^
[INFO] [stderr]   |
[INFO] [stderr]   = note: `#[warn(dead_code)]` on by default
[INFO] [stderr] 
[INFO] [stderr] warning: `ctci` (bin "unsafe" test) generated 3 warnings (run `cargo fix --bin "unsafe" --tests` to apply 1 suggestion)
[INFO] [stderr] warning: unused import: `std::borrow::Borrow`
[INFO] [stderr]  --> src/bin/ref_cells.rs:1:5
[INFO] [stderr]   |
[INFO] [stderr] 1 | use std::borrow::Borrow;
[INFO] [stderr]   |     ^^^^^^^^^^^^^^^^^^^
[INFO] [stderr]   |
[INFO] [stderr]   = note: `#[warn(unused_imports)]` on by default
[INFO] [stderr] 
[INFO] [stderr] warning: unused import: `std::cell::RefCell`
[INFO] [stderr]  --> src/bin/ref_cells.rs:2:5
[INFO] [stderr]   |
[INFO] [stderr] 2 | use std::cell::RefCell;
[INFO] [stderr]   |     ^^^^^^^^^^^^^^^^^^
[INFO] [stderr] 
[INFO] [stderr] warning: unused import: `std::mem`
[INFO] [stderr]  --> src/bin/ref_cells.rs:3:5
[INFO] [stderr]   |
[INFO] [stderr] 3 | use std::mem;
[INFO] [stderr]   |     ^^^^^^^^
[INFO] [stderr] 
[INFO] [stderr] warning: unused import: `std::rc::Rc`
[INFO] [stderr]  --> src/bin/ref_cells.rs:4:5
[INFO] [stderr]   |
[INFO] [stderr] 4 | use std::rc::Rc;
[INFO] [stderr]   |     ^^^^^^^^^^^
[INFO] [stderr] 
[INFO] [stderr] warning: unused import: `std::mem`
[INFO] [stderr]    --> src/bin/ref_cells.rs:228:9
[INFO] [stderr]     |
[INFO] [stderr] 228 |     use std::mem;
[INFO] [stderr]     |         ^^^^^^^^
[INFO] [stderr] 
[INFO] [stderr] warning: field `val` is never read
[INFO] [stderr]   --> src/bin/ref_cells.rs:15:9
[INFO] [stderr]    |
[INFO] [stderr] 14 |     struct Node {
[INFO] [stderr]    |            ---- field in this struct
[INFO] [stderr] 15 |         val: i32,
[INFO] [stderr]    |         ^^^
[INFO] [stderr]    |
[INFO] [stderr]    = note: `Node` has a derived impl for the trait `Debug`, but this is intentionally ignored during dead code analysis
[INFO] [stderr]    = note: `#[warn(dead_code)]` on by default
[INFO] [stderr] 
[INFO] [stderr] warning: `ctci` (bin "ref_cells" test) generated 6 warnings (run `cargo fix --bin "ref_cells" --tests` to apply 5 suggestions)
[INFO] [stderr]     Finished test [unoptimized + debuginfo] target(s) in 0.02s
[INFO] [stderr]      Running unittests src/bin/add_two_binary_strings.rs (/opt/rustwide/target/debug/deps/add_two_binary_strings-d5238e40b407bd66)
[INFO] [stderr]      Running unittests src/bin/anagram_groups.rs (/opt/rustwide/target/debug/deps/anagram_groups-99e16ea5f3cc07ea)
[INFO] [stdout] 
[INFO] [stdout] running 1 test
[INFO] [stdout] test simple_tests::simple_test ... ok
[INFO] [stdout] 
[INFO] [stdout] test result: ok. 1 passed; 0 failed; 0 ignored; 0 measured; 0 filtered out; finished in 0.00s
[INFO] [stdout] 
[INFO] [stdout] 
[INFO] [stdout] running 2 tests
[INFO] [stdout] test tests::vec_test ... ok
[INFO] [stdout] test tests::test_simple ... ok
[INFO] [stdout] 
[INFO] [stdout] test result: ok. 2 passed; 0 failed; 0 ignored; 0 measured; 0 filtered out; finished in 0.00s
[INFO] [stdout] 
[INFO] [stderr]      Running unittests src/bin/array_triples.rs (/opt/rustwide/target/debug/deps/array_triples-6788a00673e8e3d9)
[INFO] [stdout] 
[INFO] [stdout] running 4 tests
[INFO] [stdout] test tests::simple ... ok
[INFO] [stdout] test tests::bit_test ... ok
[INFO] [stdout] test tests::simplest_test ... ok
[INFO] [stderr]      Running unittests src/bin/binary_search.rs (/opt/rustwide/target/debug/deps/binary_search-868a94d996143146)
[INFO] [stdout] test tests::another_simple ... ok
[INFO] [stdout] 
[INFO] [stdout] test result: ok. 4 passed; 0 failed; 0 ignored; 0 measured; 0 filtered out; finished in 0.00s
[INFO] [stdout] 
[INFO] [stdout] 
[INFO] [stdout] running 8 tests
[INFO] [stdout] test tests::single_element_found ... ok
[INFO] [stdout] test tests::as_vec ... ok
[INFO] [stdout] test tests::multiple_element_found_at_last_index ... ok
[INFO] [stdout] test tests::multiple_element_found_at_first_index ... ok
[INFO] [stdout] test tests::single_element_not_found ... ok
[INFO] [stdout] test tests::empty_test ... ok
[INFO] [stdout] test tests::multiple_element_found_at_mid_index ... ok
[INFO] [stdout] test tests::leet_code_failed ... ok
[INFO] [stdout] 
[INFO] [stdout] test result: ok. 8 passed; 0 failed; 0 ignored; 0 measured; 0 filtered out; finished in 0.00s
[INFO] [stdout] 
[INFO] [stderr]      Running unittests src/bin/brackets.rs (/opt/rustwide/target/debug/deps/brackets-239b2a1966362faf)
[INFO] [stdout] 
[INFO] [stdout] running 4 tests
[INFO] [stdout] test tests::complex_incorrect ... ok
[INFO] [stdout] test tests::complex_test ... ok
[INFO] [stdout] test tests::simple_incorrect ... ok
[INFO] [stdout] test tests::test ... ok
[INFO] [stdout] 
[INFO] [stdout] test result: ok. 4 passed; 0 failed; 0 ignored; 0 measured; 0 filtered out; finished in 0.00s
[INFO] [stdout] 
[INFO] [stderr]      Running unittests src/bin/ch1_1_1.rs (/opt/rustwide/target/debug/deps/ch1_1_1-7c761a710096c510)
[INFO] [stdout] 
[INFO] [stdout] running 6 tests
[INFO] [stdout] test tests::test_that_empty_string_is_unique ... ok
[INFO] [stdout] test tests::test_that_single_char_is_unique ... ok
[INFO] [stdout] test tests::test_that_empty_string_is_unique_via_set ... ok
[INFO] [stdout] test tests::test_that_duplicate_char_is_unique_via_set ... ok
[INFO] [stdout] test tests::test_that_single_char_is_unique_via_set ... ok
[INFO] [stdout] test tests::test_that_duplicate_char_is_not_unique ... ok
[INFO] [stdout] 
[INFO] [stdout] test result: ok. 6 passed; 0 failed; 0 ignored; 0 measured; 0 filtered out; finished in 0.01s
[INFO] [stdout] 
[INFO] [stderr]      Running unittests src/bin/ch1_1_2.rs (/opt/rustwide/target/debug/deps/ch1_1_2-2756b62e496d1d8d)
[INFO] [stdout] 
[INFO] [stdout] running 0 tests
[INFO] [stdout] 
[INFO] [stdout] test result: ok. 0 passed; 0 failed; 0 ignored; 0 measured; 0 filtered out; finished in 0.00s
[INFO] [stdout] 
[INFO] [stderr]      Running unittests src/bin/ch7_7_1.rs (/opt/rustwide/target/debug/deps/ch7_7_1-7d3bf528cdf4fc94)
[INFO] [stdout] 
[INFO] [stdout] running 0 tests
[INFO] [stdout] 
[INFO] [stdout] test result: ok. 0 passed; 0 failed; 0 ignored; 0 measured; 0 filtered out; finished in 0.00s
[INFO] [stdout] 
[INFO] [stderr]      Running unittests src/bin/comment_block.rs (/opt/rustwide/target/debug/deps/comment_block-5a739d98f8fd299f)
[INFO] [stdout] 
[INFO] [stdout] running 1 test
[INFO] [stdout] test tests::simple_test ... ok
[INFO] [stdout] 
[INFO] [stdout] test result: ok. 1 passed; 0 failed; 0 ignored; 0 measured; 0 filtered out; finished in 0.00s
[INFO] [stdout] 
[INFO] [stderr]      Running unittests src/bin/construct_binary_search_tree_from_preorder_traversal.rs (/opt/rustwide/target/debug/deps/construct_binary_search_tree_from_preorder_traversal-6cfe88cb5a30a248)
[INFO] [stdout] 
[INFO] [stdout] running 3 tests
[INFO] [stdout] test tests::simple_test ... ok
[INFO] [stdout] test tests::simple_test_short ... ok
[INFO] [stdout] test tests::simple_test_bit_longer ... ok
[INFO] [stdout] 
[INFO] [stdout] test result: ok. 3 passed; 0 failed; 0 ignored; 0 measured; 0 filtered out; finished in 0.00s
[INFO] [stdout] 
[INFO] [stderr]      Running unittests src/bin/critical_connections.rs (/opt/rustwide/target/debug/deps/critical_connections-03fdf2828fdc014e)
[INFO] [stdout] 
[INFO] [stdout] running 2 tests
[INFO] [stdout] test tests::harder_test ... FAILED
[INFO] [stdout] test tests::simple_test ... FAILED
[INFO] [stdout] 
[INFO] [stdout] failures:
[INFO] [stdout] 
[INFO] [stdout] ---- tests::harder_test stdout ----
[INFO] [stdout] {3: [1, 4, 5], 1: [0, 2, 3], 2: [1, 0], 4: [3, 5], 5: [4, 3], 0: [1, 2]}
[INFO] [stdout] thread 'tests::harder_test' panicked at src/bin/critical_connections.rs:65:9:
[INFO] [stdout] assertion `left == right` failed
[INFO] [stdout]   left: []
[INFO] [stdout]  right: [[3, 1]]
[INFO] [stdout] stack backtrace:
[INFO] [stdout]    0:     0x55b54bb2fb16 - std::backtrace_rs::backtrace::libunwind::trace::h261606ad26a499c1
[INFO] [stdout]                                at /rustc/0e09125c6c3c2fd70d7de961bcf0e51575235fad/library/std/src/../../backtrace/src/backtrace/libunwind.rs:104:5
[INFO] [stdout]    1:     0x55b54bb2fb16 - std::backtrace_rs::backtrace::trace_unsynchronized::hd183f0625477fb28
[INFO] [stdout]                                at /rustc/0e09125c6c3c2fd70d7de961bcf0e51575235fad/library/std/src/../../backtrace/src/backtrace/mod.rs:66:5
[INFO] [stdout]    2:     0x55b54bb2fb16 - std::sys_common::backtrace::_print_fmt::hd7f8fef21b4eda67
[INFO] [stdout]                                at /rustc/0e09125c6c3c2fd70d7de961bcf0e51575235fad/library/std/src/sys_common/backtrace.rs:68:5
[INFO] [stdout]    3:     0x55b54bb2fb16 - <std::sys_common::backtrace::_print::DisplayBacktrace as core::fmt::Display>::fmt::h623d9b51f2f453f1
[INFO] [stdout]                                at /rustc/0e09125c6c3c2fd70d7de961bcf0e51575235fad/library/std/src/sys_common/backtrace.rs:44:22
[INFO] [stdout]    4:     0x55b54bb58c90 - core::fmt::rt::Argument::fmt::h9f417ac76a86f368
[INFO] [stdout]                                at /rustc/0e09125c6c3c2fd70d7de961bcf0e51575235fad/library/core/src/fmt/rt.rs:142:9
[INFO] [stdout]    5:     0x55b54bb58c90 - core::fmt::write::hc9b6faf4ac2aeff7
[INFO] [stdout]                                at /rustc/0e09125c6c3c2fd70d7de961bcf0e51575235fad/library/core/src/fmt/mod.rs:1120:17
[INFO] [stdout]    6:     0x55b54bb2d57f - std::io::Write::write_fmt::he04625a3a989fec3
[INFO] [stdout]                                at /rustc/0e09125c6c3c2fd70d7de961bcf0e51575235fad/library/std/src/io/mod.rs:1810:15
[INFO] [stdout]    7:     0x55b54bb2f8f4 - std::sys_common::backtrace::_print::hd5d66399c7df88a2
[INFO] [stdout]                                at /rustc/0e09125c6c3c2fd70d7de961bcf0e51575235fad/library/std/src/sys_common/backtrace.rs:47:5
[INFO] [stdout]    8:     0x55b54bb2f8f4 - std::sys_common::backtrace::print::he81ed2da642d37e5
[INFO] [stdout]                                at /rustc/0e09125c6c3c2fd70d7de961bcf0e51575235fad/library/std/src/sys_common/backtrace.rs:34:9
[INFO] [stdout]    9:     0x55b54bb31667 - std::panicking::default_hook::{{closure}}::h85773f4fa117163d
[INFO] [stdout]   10:     0x55b54bb3134d - std::panicking::default_hook::h6a1694a91d09b278
[INFO] [stdout]                                at /rustc/0e09125c6c3c2fd70d7de961bcf0e51575235fad/library/std/src/panicking.rs:289:9
[INFO] [stdout]   11:     0x55b54bb01527 - <alloc::boxed::Box<F,A> as core::ops::function::Fn<Args>>::call::h616ac37fa3cd6c8f
[INFO] [stdout]                                at /rustc/0e09125c6c3c2fd70d7de961bcf0e51575235fad/library/alloc/src/boxed.rs:2029:9
[INFO] [stdout]   12:     0x55b54bb01527 - test::test_main::{{closure}}::h00d84697cefdcbb6
[INFO] [stdout]                                at /rustc/0e09125c6c3c2fd70d7de961bcf0e51575235fad/library/test/src/lib.rs:138:21
[INFO] [stdout]   13:     0x55b54bb31c86 - <alloc::boxed::Box<F,A> as core::ops::function::Fn<Args>>::call::hcb3fe3b9bb537ba8
[INFO] [stdout]                                at /rustc/0e09125c6c3c2fd70d7de961bcf0e51575235fad/library/alloc/src/boxed.rs:2029:9
[INFO] [stdout]   14:     0x55b54bb31c86 - std::panicking::rust_panic_with_hook::h0a7ad96e90f7145b
[INFO] [stdout]                                at /rustc/0e09125c6c3c2fd70d7de961bcf0e51575235fad/library/std/src/panicking.rs:783:13
[INFO] [stdout]   15:     0x55b54bb319d2 - std::panicking::begin_panic_handler::{{closure}}::h7919090525c6485e
[INFO] [stdout]                                at /rustc/0e09125c6c3c2fd70d7de961bcf0e51575235fad/library/std/src/panicking.rs:657:13
[INFO] [stdout]   16:     0x55b54bb30016 - std::sys_common::backtrace::__rust_end_short_backtrace::hf3289479464f7dfe
[INFO] [stdout]                                at /rustc/0e09125c6c3c2fd70d7de961bcf0e51575235fad/library/std/src/sys_common/backtrace.rs:171:18
[INFO] [stdout]   17:     0x55b54bb31730 - rust_begin_unwind
[INFO] [stdout]                                at /rustc/0e09125c6c3c2fd70d7de961bcf0e51575235fad/library/std/src/panicking.rs:645:5
[INFO] [stdout]   18:     0x55b54bab9cd5 - core::panicking::panic_fmt::hcc9f77c5c132af55
[INFO] [stdout]                                at /rustc/0e09125c6c3c2fd70d7de961bcf0e51575235fad/library/core/src/panicking.rs:72:14
[INFO] [stdout]   19:     0x55b54baba10b - core::panicking::assert_failed_inner::h9f13e27dd63c3a08
[INFO] [stdout]                                at /rustc/0e09125c6c3c2fd70d7de961bcf0e51575235fad/library/core/src/panicking.rs:342:17
[INFO] [stdout]   20:     0x55b54bacb1fe - core::panicking::assert_failed::hdddad4e10d3cdf09
[INFO] [stdout]                                at /rustc/0e09125c6c3c2fd70d7de961bcf0e51575235fad/library/core/src/panicking.rs:297:5
[INFO] [stdout]   21:     0x55b54bacc513 - critical_connections::tests::run_test::hd1d4c7fbd95b7428
[INFO] [stdout]                                at /opt/rustwide/workdir/src/bin/critical_connections.rs:65:9
[INFO] [stdout]   22:     0x55b54baccb3e - critical_connections::tests::harder_test::h6aaa0fb82f5d73b8
[INFO] [stdout]                                at /opt/rustwide/workdir/src/bin/critical_connections.rs:77:9
[INFO] [stdout]   23:     0x55b54bacc937 - critical_connections::tests::harder_test::{{closure}}::h74b9cc58264804c5
[INFO] [stdout]                                at /opt/rustwide/workdir/src/bin/critical_connections.rs:75:25
[INFO] [stdout]   24:     0x55b54bac7026 - core::ops::function::FnOnce::call_once::h6e1abd4dd375a212
[INFO] [stdout]                                at /rustc/0e09125c6c3c2fd70d7de961bcf0e51575235fad/library/core/src/ops/function.rs:250:5
[INFO] [stdout]   25:     0x55b54bb06dff - core::ops::function::FnOnce::call_once::hd64d26f405258157
[INFO] [stdout]                                at /rustc/0e09125c6c3c2fd70d7de961bcf0e51575235fad/library/core/src/ops/function.rs:250:5
[INFO] [stdout]   26:     0x55b54bb06dff - test::__rust_begin_short_backtrace::he21b0b7a6d731bf9
[INFO] [stdout]                                at /rustc/0e09125c6c3c2fd70d7de961bcf0e51575235fad/library/test/src/lib.rs:627:18
[INFO] [stdout]   27:     0x55b54bb05b81 - test::run_test_in_process::{{closure}}::hf5c73986d7bdfde2
[INFO] [stdout]                                at /rustc/0e09125c6c3c2fd70d7de961bcf0e51575235fad/library/test/src/lib.rs:650:60
[INFO] [stdout]   28:     0x55b54bb05b81 - <core::panic::unwind_safe::AssertUnwindSafe<F> as core::ops::function::FnOnce<()>>::call_once::h330011ad032aadc0
[INFO] [stdout]                                at /rustc/0e09125c6c3c2fd70d7de961bcf0e51575235fad/library/core/src/panic/unwind_safe.rs:272:9
[INFO] [stdout]   29:     0x55b54bb05b81 - std::panicking::try::do_call::he61b0a958b795a41
[INFO] [stdout]                                at /rustc/0e09125c6c3c2fd70d7de961bcf0e51575235fad/library/std/src/panicking.rs:552:40
[INFO] [stdout]   30:     0x55b54bb05b81 - std::panicking::try::h7309da130f906eb7
[INFO] [stdout]                                at /rustc/0e09125c6c3c2fd70d7de961bcf0e51575235fad/library/std/src/panicking.rs:516:19
[INFO] [stdout]   31:     0x55b54bb05b81 - std::panic::catch_unwind::hc5c3a06fdaf0a92a
[INFO] [stdout]                                at /rustc/0e09125c6c3c2fd70d7de961bcf0e51575235fad/library/std/src/panic.rs:142:14
[INFO] [stdout]   32:     0x55b54bb05b81 - test::run_test_in_process::h7e7b7c71c3324e0f
[INFO] [stdout]                                at /rustc/0e09125c6c3c2fd70d7de961bcf0e51575235fad/library/test/src/lib.rs:650:27
[INFO] [stdout]   33:     0x55b54bb05b81 - test::run_test::{{closure}}::h1f509f28f5cf20b1
[INFO] [stdout]                                at /rustc/0e09125c6c3c2fd70d7de961bcf0e51575235fad/library/test/src/lib.rs:573:43
[INFO] [stdout]   34:     0x55b54bacceb6 - test::run_test::{{closure}}::h1754218abf443f6d
[INFO] [stdout]                                at /rustc/0e09125c6c3c2fd70d7de961bcf0e51575235fad/library/test/src/lib.rs:601:41
[INFO] [stdout]   35:     0x55b54bacceb6 - std::sys_common::backtrace::__rust_begin_short_backtrace::h2ee174b9d5954948
[INFO] [stdout]                                at /rustc/0e09125c6c3c2fd70d7de961bcf0e51575235fad/library/std/src/sys_common/backtrace.rs:155:18
[INFO] [stdout]   36:     0x55b54bad1f17 - std::thread::Builder::spawn_unchecked_::{{closure}}::{{closure}}::hf60bee9c1a17ef09
[INFO] [stdout]                                at /rustc/0e09125c6c3c2fd70d7de961bcf0e51575235fad/library/std/src/thread/mod.rs:529:17
[INFO] [stdout]   37:     0x55b54bad1f17 - <core::panic::unwind_safe::AssertUnwindSafe<F> as core::ops::function::FnOnce<()>>::call_once::h33d0dddec5216160
[INFO] [stdout]                                at /rustc/0e09125c6c3c2fd70d7de961bcf0e51575235fad/library/core/src/panic/unwind_safe.rs:272:9
[INFO] [stdout]   38:     0x55b54bad1f17 - std::panicking::try::do_call::h144b3048b546f835
[INFO] [stdout]                                at /rustc/0e09125c6c3c2fd70d7de961bcf0e51575235fad/library/std/src/panicking.rs:552:40
[INFO] [stdout]   39:     0x55b54bad1f17 - std::panicking::try::h978244d04646189f
[INFO] [stdout]                                at /rustc/0e09125c6c3c2fd70d7de961bcf0e51575235fad/library/std/src/panicking.rs:516:19
[INFO] [stdout]   40:     0x55b54bad1f17 - std::panic::catch_unwind::hdf436369d188fe86
[INFO] [stdout]                                at /rustc/0e09125c6c3c2fd70d7de961bcf0e51575235fad/library/std/src/panic.rs:142:14
[INFO] [stdout]   41:     0x55b54bad1f17 - std::thread::Builder::spawn_unchecked_::{{closure}}::h87329cbdd33c79ec
[INFO] [stdout]                                at /rustc/0e09125c6c3c2fd70d7de961bcf0e51575235fad/library/std/src/thread/mod.rs:528:30
[INFO] [stdout]   42:     0x55b54bad1f17 - core::ops::function::FnOnce::call_once{{vtable.shim}}::h401abbe67897d450
[INFO] [stdout]                                at /rustc/0e09125c6c3c2fd70d7de961bcf0e51575235fad/library/core/src/ops/function.rs:250:5
[INFO] [stdout]   43:     0x55b54bb36735 - <alloc::boxed::Box<F,A> as core::ops::function::FnOnce<Args>>::call_once::h5d7c8f150ab9c84c
[INFO] [stdout]                                at /rustc/0e09125c6c3c2fd70d7de961bcf0e51575235fad/library/alloc/src/boxed.rs:2015:9
[INFO] [stdout]   44:     0x55b54bb36735 - <alloc::boxed::Box<F,A> as core::ops::function::FnOnce<Args>>::call_once::h570d5b005c242c15
[INFO] [stdout]                                at /rustc/0e09125c6c3c2fd70d7de961bcf0e51575235fad/library/alloc/src/boxed.rs:2015:9
[INFO] [stdout]   45:     0x55b54bb36735 - std::sys::unix::thread::Thread::new::thread_start::h36b0a20c0b2361ad
[INFO] [stdout]                                at /rustc/0e09125c6c3c2fd70d7de961bcf0e51575235fad/library/std/src/sys/unix/thread.rs:108:17
[INFO] [stdout]   46:     0x7f687b431ac3 - <unknown>
[INFO] [stdout]   47:     0x7f687b4c2bf4 - __clone
[INFO] [stdout]   48:                0x0 - <unknown>
[INFO] [stdout] 
[INFO] [stdout] ---- tests::simple_test stdout ----
[INFO] [stdout] {0: [1, 2], 3: [1], 1: [0, 2, 3], 2: [1, 0]}
[INFO] [stdout] thread 'tests::simple_test' panicked at src/bin/critical_connections.rs:65:9:
[INFO] [stdout] assertion `left == right` failed
[INFO] [stdout]   left: []
[INFO] [stdout]  right: [[3, 1]]
[INFO] [stdout] stack backtrace:
[INFO] [stdout]    0:     0x55b54bb2fb16 - std::backtrace_rs::backtrace::libunwind::trace::h261606ad26a499c1
[INFO] [stdout]                                at /rustc/0e09125c6c3c2fd70d7de961bcf0e51575235fad/library/std/src/../../backtrace/src/backtrace/libunwind.rs:104:5
[INFO] [stdout]    1:     0x55b54bb2fb16 - std::backtrace_rs::backtrace::trace_unsynchronized::hd183f0625477fb28
[INFO] [stdout]                                at /rustc/0e09125c6c3c2fd70d7de961bcf0e51575235fad/library/std/src/../../backtrace/src/backtrace/mod.rs:66:5
[INFO] [stdout]    2:     0x55b54bb2fb16 - std::sys_common::backtrace::_print_fmt::hd7f8fef21b4eda67
[INFO] [stdout]                                at /rustc/0e09125c6c3c2fd70d7de961bcf0e51575235fad/library/std/src/sys_common/backtrace.rs:68:5
[INFO] [stdout]    3:     0x55b54bb2fb16 - <std::sys_common::backtrace::_print::DisplayBacktrace as core::fmt::Display>::fmt::h623d9b51f2f453f1
[INFO] [stdout]                                at /rustc/0e09125c6c3c2fd70d7de961bcf0e51575235fad/library/std/src/sys_common/backtrace.rs:44:22
[INFO] [stdout]    4:     0x55b54bb58c90 - core::fmt::rt::Argument::fmt::h9f417ac76a86f368
[INFO] [stdout]                                at /rustc/0e09125c6c3c2fd70d7de961bcf0e51575235fad/library/core/src/fmt/rt.rs:142:9
[INFO] [stdout]    5:     0x55b54bb58c90 - core::fmt::write::hc9b6faf4ac2aeff7
[INFO] [stdout]                                at /rustc/0e09125c6c3c2fd70d7de961bcf0e51575235fad/library/core/src/fmt/mod.rs:1120:17
[INFO] [stdout]    6:     0x55b54bb2d57f - std::io::Write::write_fmt::he04625a3a989fec3
[INFO] [stdout]                                at /rustc/0e09125c6c3c2fd70d7de961bcf0e51575235fad/library/std/src/io/mod.rs:1810:15
[INFO] [stdout]    7:     0x55b54bb2f8f4 - std::sys_common::backtrace::_print::hd5d66399c7df88a2
[INFO] [stdout]                                at /rustc/0e09125c6c3c2fd70d7de961bcf0e51575235fad/library/std/src/sys_common/backtrace.rs:47:5
[INFO] [stdout]    8:     0x55b54bb2f8f4 - std::sys_common::backtrace::print::he81ed2da642d37e5
[INFO] [stdout]                                at /rustc/0e09125c6c3c2fd70d7de961bcf0e51575235fad/library/std/src/sys_common/backtrace.rs:34:9
[INFO] [stdout]    9:     0x55b54bb31667 - std::panicking::default_hook::{{closure}}::h85773f4fa117163d
[INFO] [stdout]   10:     0x55b54bb3134d - std::panicking::default_hook::h6a1694a91d09b278
[INFO] [stdout]                                at /rustc/0e09125c6c3c2fd70d7de961bcf0e51575235fad/library/std/src/panicking.rs:289:9
[INFO] [stdout]   11:     0x55b54bb01527 - <alloc::boxed::Box<F,A> as core::ops::function::Fn<Args>>::call::h616ac37fa3cd6c8f
[INFO] [stdout]                                at /rustc/0e09125c6c3c2fd70d7de961bcf0e51575235fad/library/alloc/src/boxed.rs:2029:9
[INFO] [stdout]   12:     0x55b54bb01527 - test::test_main::{{closure}}::h00d84697cefdcbb6
[INFO] [stdout]                                at /rustc/0e09125c6c3c2fd70d7de961bcf0e51575235fad/library/test/src/lib.rs:138:21
[INFO] [stdout]   13:     0x55b54bb31c86 - <alloc::boxed::Box<F,A> as core::ops::function::Fn<Args>>::call::hcb3fe3b9bb537ba8
[INFO] [stdout]                                at /rustc/0e09125c6c3c2fd70d7de961bcf0e51575235fad/library/alloc/src/boxed.rs:2029:9
[INFO] [stdout]   14:     0x55b54bb31c86 - std::panicking::rust_panic_with_hook::h0a7ad96e90f7145b
[INFO] [stdout]                                at /rustc/0e09125c6c3c2fd70d7de961bcf0e51575235fad/library/std/src/panicking.rs:783:13
[INFO] [stdout]   15:     0x55b54bb319d2 - std::panicking::begin_panic_handler::{{closure}}::h7919090525c6485e
[INFO] [stdout]                                at /rustc/0e09125c6c3c2fd70d7de961bcf0e51575235fad/library/std/src/panicking.rs:657:13
[INFO] [stdout]   16:     0x55b54bb30016 - std::sys_common::backtrace::__rust_end_short_backtrace::hf3289479464f7dfe
[INFO] [stdout]                                at /rustc/0e09125c6c3c2fd70d7de961bcf0e51575235fad/library/std/src/sys_common/backtrace.rs:171:18
[INFO] [stdout]   17:     0x55b54bb31730 - rust_begin_unwind
[INFO] [stdout]                                at /rustc/0e09125c6c3c2fd70d7de961bcf0e51575235fad/library/std/src/panicking.rs:645:5
[INFO] [stdout]   18:     0x55b54bab9cd5 - core::panicking::panic_fmt::hcc9f77c5c132af55
[INFO] [stdout]                                at /rustc/0e09125c6c3c2fd70d7de961bcf0e51575235fad/library/core/src/panicking.rs:72:14
[INFO] [stdout]   19:     0x55b54baba10b - core::panicking::assert_failed_inner::h9f13e27dd63c3a08
[INFO] [stdout]                                at /rustc/0e09125c6c3c2fd70d7de961bcf0e51575235fad/library/core/src/panicking.rs:342:17
[INFO] [stdout]   20:     0x55b54bacb1fe - core::panicking::assert_failed::hdddad4e10d3cdf09
[INFO] [stdout]                                at /rustc/0e09125c6c3c2fd70d7de961bcf0e51575235fad/library/core/src/panicking.rs:297:5
[INFO] [stdout]   21:     0x55b54bacc513 - critical_connections::tests::run_test::hd1d4c7fbd95b7428
[INFO] [stdout]                                at /opt/rustwide/workdir/src/bin/critical_connections.rs:65:9
[INFO] [stdout]   22:     0x55b54bacc8e1 - critical_connections::tests::simple_test::h3379333668eed5c1
[INFO] [stdout]                                at /opt/rustwide/workdir/src/bin/critical_connections.rs:71:9
[INFO] [stdout]   23:     0x55b54bacc727 - critical_connections::tests::simple_test::{{closure}}::h6bc6a8a7e1521360
[INFO] [stdout]                                at /opt/rustwide/workdir/src/bin/critical_connections.rs:69:25
[INFO] [stdout]   24:     0x55b54bac70b6 - core::ops::function::FnOnce::call_once::h8c757b4b5ce6e4e9
[INFO] [stdout]                                at /rustc/0e09125c6c3c2fd70d7de961bcf0e51575235fad/library/core/src/ops/function.rs:250:5
[INFO] [stdout]   25:     0x55b54bb06dff - core::ops::function::FnOnce::call_once::hd64d26f405258157
[INFO] [stdout]                                at /rustc/0e09125c6c3c2fd70d7de961bcf0e51575235fad/library/core/src/ops/function.rs:250:5
[INFO] [stdout]   26:     0x55b54bb06dff - test::__rust_begin_short_backtrace::he21b0b7a6d731bf9
[INFO] [stdout]                                at /rustc/0e09125c6c3c2fd70d7de961bcf0e51575235fad/library/test/src/lib.rs:627:18
[INFO] [stdout]   27:     0x55b54bb05b81 - test::run_test_in_process::{{closure}}::hf5c73986d7bdfde2
[INFO] [stdout]                                at /rustc/0e09125c6c3c2fd70d7de961bcf0e51575235fad/library/test/src/lib.rs:650:60
[INFO] [stdout]   28:     0x55b54bb05b81 - <core::panic::unwind_safe::AssertUnwindSafe<F> as core::ops::function::FnOnce<()>>::call_once::h330011ad032aadc0
[INFO] [stdout]                                at /rustc/0e09125c6c3c2fd70d7de961bcf0e51575235fad/library/core/src/panic/unwind_safe.rs:272:9
[INFO] [stdout]   29:     0x55b54bb05b81 - std::panicking::try::do_call::he61b0a958b795a41
[INFO] [stdout]                                at /rustc/0e09125c6c3c2fd70d7de961bcf0e51575235fad/library/std/src/panicking.rs:552:40
[INFO] [stdout]   30:     0x55b54bb05b81 - std::panicking::try::h7309da130f906eb7
[INFO] [stdout]                                at /rustc/0e09125c6c3c2fd70d7de961bcf0e51575235fad/library/std/src/panicking.rs:516:19
[INFO] [stdout]   31:     0x55b54bb05b81 - std::panic::catch_unwind::hc5c3a06fdaf0a92a
[INFO] [stdout]                                at /rustc/0e09125c6c3c2fd70d7de961bcf0e51575235fad/library/std/src/panic.rs:142:14
[INFO] [stdout]   32:     0x55b54bb05b81 - test::run_test_in_process::h7e7b7c71c3324e0f
[INFO] [stdout]                                at /rustc/0e09125c6c3c2fd70d7de961bcf0e51575235fad/library/test/src/lib.rs:650:27
[INFO] [stdout]   33:     0x55b54bb05b81 - test::run_test::{{closure}}::h1f509f28f5cf20b1
[INFO] [stdout]                                at /rustc/0e09125c6c3c2fd70d7de961bcf0e51575235fad/library/test/src/lib.rs:573:43
[INFO] [stdout]   34:     0x55b54bacceb6 - test::run_test::{{closure}}::h1754218abf443f6d
[INFO] [stdout]                                at /rustc/0e09125c6c3c2fd70d7de961bcf0e51575235fad/library/test/src/lib.rs:601:41
[INFO] [stdout]   35:     0x55b54bacceb6 - std::sys_common::backtrace::__rust_begin_short_backtrace::h2ee174b9d5954948
[INFO] [stdout]                                at /rustc/0e09125c6c3c2fd70d7de961bcf0e51575235fad/library/std/src/sys_common/backtrace.rs:155:18
[INFO] [stdout]   36:     0x55b54bad1f17 - std::thread::Builder::spawn_unchecked_::{{closure}}::{{closure}}::hf60bee9c1a17ef09
[INFO] [stdout]                                at /rustc/0e09125c6c3c2fd70d7de961bcf0e51575235fad/library/std/src/thread/mod.rs:529:17
[INFO] [stdout]   37:     0x55b54bad1f17 - <core::panic::unwind_safe::AssertUnwindSafe<F> as core::ops::function::FnOnce<()>>::call_once::h33d0dddec5216160
[INFO] [stdout]                                at /rustc/0e09125c6c3c2fd70d7de961bcf0e51575235fad/library/core/src/panic/unwind_safe.rs:272:9
[INFO] [stdout]   38:     0x55b54bad1f17 - std::panicking::try::do_call::h144b3048b546f835
[INFO] [stdout]                                at /rustc/0e09125c6c3c2fd70d7de961bcf0e51575235fad/library/std/src/panicking.rs:552:40
[INFO] [stdout]   39:     0x55b54bad1f17 - std::panicking::try::h978244d04646189f
[INFO] [stdout]                                at /rustc/0e09125c6c3c2fd70d7de961bcf0e51575235fad/library/std/src/panicking.rs:516:19
[INFO] [stdout]   40:     0x55b54bad1f17 - std::panic::catch_unwind::hdf436369d188fe86
[INFO] [stdout]                                at /rustc/0e09125c6c3c2fd70d7de961bcf0e51575235fad/library/std/src/panic.rs:142:14
[INFO] [stdout]   41:     0x55b54bad1f17 - std::thread::Builder::spawn_unchecked_::{{closure}}::h87329cbdd33c79ec
[INFO] [stdout]                                at /rustc/0e09125c6c3c2fd70d7de961bcf0e51575235fad/library/std/src/thread/mod.rs:528:30
[INFO] [stdout]   42:     0x55b54bad1f17 - core::ops::function::FnOnce::call_once{{vtable.shim}}::h401abbe67897d450
[INFO] [stdout]                                at /rustc/0e09125c6c3c2fd70d7de961bcf0e51575235fad/library/core/src/ops/function.rs:250:5
[INFO] [stdout]   43:     0x55b54bb36735 - <alloc::boxed::Box<F,A> as core::ops::function::FnOnce<Args>>::call_once::h5d7c8f150ab9c84c
[INFO] [stdout]                                at /rustc/0e09125c6c3c2fd70d7de961bcf0e51575235fad/library/alloc/src/boxed.rs:2015:9
[INFO] [stdout]   44:     0x55b54bb36735 - <alloc::boxed::Box<F,A> as core::ops::function::FnOnce<Args>>::call_once::h570d5b005c242c15
[INFO] [stdout]                                at /rustc/0e09125c6c3c2fd70d7de961bcf0e51575235fad/library/alloc/src/boxed.rs:2015:9
[INFO] [stdout]   45:     0x55b54bb36735 - std::sys::unix::thread::Thread::new::thread_start::h36b0a20c0b2361ad
[INFO] [stdout]                                at /rustc/0e09125c6c3c2fd70d7de961bcf0e51575235fad/library/std/src/sys/unix/thread.rs:108:17
[INFO] [stdout]   46:     0x7f687b431ac3 - <unknown>
[INFO] [stdout]   47:     0x7f687b4c2bf4 - __clone
[INFO] [stdout]   48:                0x0 - <unknown>
[INFO] [stdout] 
[INFO] [stdout] 
[INFO] [stdout] failures:
[INFO] [stdout]     tests::harder_test
[INFO] [stdout]     tests::simple_test
[INFO] [stdout] 
[INFO] [stdout] test result: FAILED. 0 passed; 2 failed; 0 ignored; 0 measured; 0 filtered out; finished in 0.01s
[INFO] [stdout] 
[INFO] [stderr] error: test failed, to rerun pass `--bin critical_connections`
[INFO] running `Command { std: "docker" "inspect" "74b755fea6cb260fb39e2af381f10dcbfa97e428f7857893dd935b00f37ddbbb", kill_on_drop: false }`
[INFO] running `Command { std: "docker" "rm" "-f" "74b755fea6cb260fb39e2af381f10dcbfa97e428f7857893dd935b00f37ddbbb", kill_on_drop: false }`
[INFO] [stdout] 74b755fea6cb260fb39e2af381f10dcbfa97e428f7857893dd935b00f37ddbbb
