[INFO] cloning repository https://github.com/ligvigfui/camel_cup
[INFO] running `Command { std: "git" "-c" "credential.helper=" "-c" "credential.helper=/workspace/cargo-home/bin/git-credential-null" "clone" "--bare" "https://github.com/ligvigfui/camel_cup" "/workspace/cache/git-repos/https%3A%2F%2Fgithub.com%2Fligvigfui%2Fcamel_cup", kill_on_drop: false }`
[INFO] [stderr] Cloning into bare repository '/workspace/cache/git-repos/https%3A%2F%2Fgithub.com%2Fligvigfui%2Fcamel_cup'...
[INFO] running `Command { std: "git" "rev-parse" "HEAD", kill_on_drop: false }`
[INFO] [stdout] 254375f5569f1f9708ac3778aaa22d29c48d5d3a
[INFO] testing ligvigfui/camel_cup against 1.75.0 for beta-1.76-1
[INFO] running `Command { std: "git" "clone" "/workspace/cache/git-repos/https%3A%2F%2Fgithub.com%2Fligvigfui%2Fcamel_cup" "/workspace/builds/worker-0-tc1/source", kill_on_drop: false }`
[INFO] [stderr] Cloning into '/workspace/builds/worker-0-tc1/source'...
[INFO] [stderr] done.
[INFO] validating manifest of git repo https://github.com/ligvigfui/camel_cup on toolchain 1.75.0
[INFO] running `Command { std: CARGO_HOME="/workspace/cargo-home" RUSTUP_HOME="/workspace/rustup-home" "/workspace/cargo-home/bin/cargo" "+1.75.0" "metadata" "--manifest-path" "Cargo.toml" "--no-deps", kill_on_drop: false }`
[INFO] started tweaking git repo https://github.com/ligvigfui/camel_cup
[INFO] finished tweaking git repo https://github.com/ligvigfui/camel_cup
[INFO] tweaked toml for git repo https://github.com/ligvigfui/camel_cup written to /workspace/builds/worker-0-tc1/source/Cargo.toml
[INFO] crate git repo https://github.com/ligvigfui/camel_cup already has a lockfile, it will not be regenerated
[INFO] running `Command { std: CARGO_HOME="/workspace/cargo-home" RUSTUP_HOME="/workspace/rustup-home" "/workspace/cargo-home/bin/cargo" "+1.75.0" "fetch" "--manifest-path" "Cargo.toml", kill_on_drop: false }`
[INFO] [stderr] warning: virtual workspace defaulting to `resolver = "1"` despite one or more workspace members being on edition 2021 which implies `resolver = "2"`
[INFO] [stderr] note: to keep the current resolver, specify `workspace.resolver = "1"` in the workspace root's manifest
[INFO] [stderr] note: to use the edition 2021 resolver, specify `workspace.resolver = "2"` in the workspace root's manifest
[INFO] [stderr] note: for more details see https://doc.rust-lang.org/cargo/reference/resolver.html#resolver-versions
[INFO] running `Command { std: "docker" "create" "-v" "/var/lib/crater-agent-workspace/builds/worker-0-tc1/target:/opt/rustwide/target:rw,Z" "-v" "/var/lib/crater-agent-workspace/builds/worker-0-tc1/source:/opt/rustwide/workdir:ro,Z" "-v" "/var/lib/crater-agent-workspace/cargo-home:/opt/rustwide/cargo-home:ro,Z" "-v" "/var/lib/crater-agent-workspace/rustup-home:/opt/rustwide/rustup-home:ro,Z" "-e" "SOURCE_DIR=/opt/rustwide/workdir" "-e" "CARGO_TARGET_DIR=/opt/rustwide/target" "-e" "CARGO_HOME=/opt/rustwide/cargo-home" "-e" "RUSTUP_HOME=/opt/rustwide/rustup-home" "-w" "/opt/rustwide/workdir" "-m" "1610612736" "--user" "0:0" "--network" "none" "ghcr.io/rust-lang/crates-build-env/linux@sha256:2788e3201cd34a07e3172128adcd8b3090168a8e3bcc40d7c032b9dda1df7d1c" "/opt/rustwide/cargo-home/bin/cargo" "+1.75.0" "metadata" "--no-deps" "--format-version=1", kill_on_drop: false }`
[INFO] [stdout] e988198991687d509aafd2a61a657f981daaa9fadb0d6965978f9921fe1f1db9
[INFO] running `Command { std: "docker" "start" "-a" "e988198991687d509aafd2a61a657f981daaa9fadb0d6965978f9921fe1f1db9", kill_on_drop: false }`
[INFO] running `Command { std: "docker" "inspect" "e988198991687d509aafd2a61a657f981daaa9fadb0d6965978f9921fe1f1db9", kill_on_drop: false }`
[INFO] running `Command { std: "docker" "rm" "-f" "e988198991687d509aafd2a61a657f981daaa9fadb0d6965978f9921fe1f1db9", kill_on_drop: false }`
[INFO] [stdout] e988198991687d509aafd2a61a657f981daaa9fadb0d6965978f9921fe1f1db9
[INFO] running `Command { std: "docker" "create" "-v" "/var/lib/crater-agent-workspace/builds/worker-0-tc1/target:/opt/rustwide/target:rw,Z" "-v" "/var/lib/crater-agent-workspace/builds/worker-0-tc1/source:/opt/rustwide/workdir:ro,Z" "-v" "/var/lib/crater-agent-workspace/cargo-home:/opt/rustwide/cargo-home:ro,Z" "-v" "/var/lib/crater-agent-workspace/rustup-home:/opt/rustwide/rustup-home:ro,Z" "-e" "SOURCE_DIR=/opt/rustwide/workdir" "-e" "CARGO_TARGET_DIR=/opt/rustwide/target" "-e" "CARGO_INCREMENTAL=0" "-e" "RUST_BACKTRACE=full" "-e" "RUSTFLAGS=--cap-lints=warn" "-e" "RUSTDOCFLAGS=--cap-lints=warn" "-e" "CARGO_HOME=/opt/rustwide/cargo-home" "-e" "RUSTUP_HOME=/opt/rustwide/rustup-home" "-w" "/opt/rustwide/workdir" "-m" "1610612736" "--user" "0:0" "--network" "none" "ghcr.io/rust-lang/crates-build-env/linux@sha256:2788e3201cd34a07e3172128adcd8b3090168a8e3bcc40d7c032b9dda1df7d1c" "/opt/rustwide/cargo-home/bin/cargo" "+1.75.0" "build" "--frozen" "--message-format=json", kill_on_drop: false }`
[INFO] [stdout] 7528fc4673292e366ae571c18dd3e77d50b2292641c6cd9c6b10b4fe50a7b790
[INFO] running `Command { std: "docker" "start" "-a" "7528fc4673292e366ae571c18dd3e77d50b2292641c6cd9c6b10b4fe50a7b790", kill_on_drop: false }`
[INFO] [stderr] warning: virtual workspace defaulting to `resolver = "1"` despite one or more workspace members being on edition 2021 which implies `resolver = "2"`
[INFO] [stderr] note: to keep the current resolver, specify `workspace.resolver = "1"` in the workspace root's manifest
[INFO] [stderr] note: to use the edition 2021 resolver, specify `workspace.resolver = "2"` in the workspace root's manifest
[INFO] [stderr] note: for more details see https://doc.rust-lang.org/cargo/reference/resolver.html#resolver-versions
[INFO] [stderr]    Compiling proc-macro2 v1.0.49
[INFO] [stderr]    Compiling libc v0.2.139
[INFO] [stderr]    Compiling quote v1.0.23
[INFO] [stderr]    Compiling unicode-ident v1.0.6
[INFO] [stderr]    Compiling syn v1.0.107
[INFO] [stderr]    Compiling serde_derive v1.0.152
[INFO] [stderr]    Compiling cfg-if v1.0.0
[INFO] [stderr]    Compiling serde v1.0.152
[INFO] [stderr]    Compiling ppv-lite86 v0.2.17
[INFO] [stderr]    Compiling serde_json v1.0.91
[INFO] [stderr]    Compiling ryu v1.0.12
[INFO] [stderr]    Compiling itoa v1.0.5
[INFO] [stderr]    Compiling search_tree v0.1.0 (/opt/rustwide/workdir/search_tree)
[INFO] [stdout] warning: unused variable: `value`
[INFO] [stdout]   --> search_tree/src/lib.rs:14:27
[INFO] [stdout]    |
[INFO] [stdout] 14 |     pub fn add(&mut self, value: String, data: T){}
[INFO] [stdout]    |                           ^^^^^ help: if this is intentional, prefix it with an underscore: `_value`
[INFO] [stdout]    |
[INFO] [stdout]    = note: `#[warn(unused_variables)]` on by default
[INFO] [stdout] 
[INFO] [stdout] 
[INFO] [stdout] warning: unused variable: `data`
[INFO] [stdout]   --> search_tree/src/lib.rs:14:42
[INFO] [stdout]    |
[INFO] [stdout] 14 |     pub fn add(&mut self, value: String, data: T){}
[INFO] [stdout]    |                                          ^^^^ help: if this is intentional, prefix it with an underscore: `_data`
[INFO] [stdout] 
[INFO] [stdout] 
[INFO] [stdout] warning: struct `SearchTree` is never constructed
[INFO] [stdout]  --> search_tree/src/lib.rs:4:8
[INFO] [stdout]   |
[INFO] [stdout] 4 | struct SearchTree<T> {
[INFO] [stdout]   |        ^^^^^^^^^^
[INFO] [stdout]   |
[INFO] [stdout]   = note: `#[warn(dead_code)]` on by default
[INFO] [stdout] 
[INFO] [stdout] 
[INFO] [stdout] warning: associated items `new`, `add`, `remove`, and `remove_next` are never used
[INFO] [stdout]   --> search_tree/src/lib.rs:8:8
[INFO] [stdout]    |
[INFO] [stdout] 7  | impl<T> SearchTree<T> {
[INFO] [stdout]    | --------------------- associated items in this implementation
[INFO] [stdout] 8  |     fn new() -> Self {
[INFO] [stdout]    |        ^^^
[INFO] [stdout] ...
[INFO] [stdout] 14 |     pub fn add(&mut self, value: String, data: T){}
[INFO] [stdout]    |            ^^^
[INFO] [stdout] 15 |     pub fn remove(){}
[INFO] [stdout]    |            ^^^^^^
[INFO] [stdout] 16 |     pub fn remove_next(){}
[INFO] [stdout]    |            ^^^^^^^^^^^
[INFO] [stdout] 
[INFO] [stdout] 
[INFO] [stdout] warning: struct `Node` is never constructed
[INFO] [stdout]   --> search_tree/src/lib.rs:21:8
[INFO] [stdout]    |
[INFO] [stdout] 21 | struct Node<T> {
[INFO] [stdout]    |        ^^^^
[INFO] [stdout] 
[INFO] [stdout] 
[INFO] [stdout] warning: 5 warnings emitted
[INFO] [stdout] 
[INFO] [stdout] 
[INFO] [stderr]    Compiling getrandom v0.2.8
[INFO] [stderr]    Compiling rand_core v0.6.4
[INFO] [stderr]    Compiling rand_chacha v0.3.1
[INFO] [stderr]    Compiling rand v0.8.5
[INFO] [stderr]    Compiling camel_cup v0.1.0 (/opt/rustwide/workdir/camel_cup)
[INFO] [stderr]    Compiling AI v0.1.0 (/opt/rustwide/workdir/AI)
[INFO] [stdout] warning: crate `AI` should have a snake case name
[INFO] [stdout]   |
[INFO] [stdout]   = help: convert the identifier to snake case: `ai`
[INFO] [stdout]   = note: `#[warn(non_snake_case)]` on by default
[INFO] [stdout] 
[INFO] [stdout] 
[INFO] [stdout] warning: 1 warning emitted
[INFO] [stdout] 
[INFO] [stdout] 
[INFO] [stderr]     Finished dev [unoptimized + debuginfo] target(s) in 10.04s
[INFO] running `Command { std: "docker" "inspect" "7528fc4673292e366ae571c18dd3e77d50b2292641c6cd9c6b10b4fe50a7b790", kill_on_drop: false }`
[INFO] running `Command { std: "docker" "rm" "-f" "7528fc4673292e366ae571c18dd3e77d50b2292641c6cd9c6b10b4fe50a7b790", kill_on_drop: false }`
[INFO] [stdout] 7528fc4673292e366ae571c18dd3e77d50b2292641c6cd9c6b10b4fe50a7b790
[INFO] running `Command { std: "docker" "create" "-v" "/var/lib/crater-agent-workspace/builds/worker-0-tc1/target:/opt/rustwide/target:rw,Z" "-v" "/var/lib/crater-agent-workspace/builds/worker-0-tc1/source:/opt/rustwide/workdir:ro,Z" "-v" "/var/lib/crater-agent-workspace/cargo-home:/opt/rustwide/cargo-home:ro,Z" "-v" "/var/lib/crater-agent-workspace/rustup-home:/opt/rustwide/rustup-home:ro,Z" "-e" "SOURCE_DIR=/opt/rustwide/workdir" "-e" "CARGO_TARGET_DIR=/opt/rustwide/target" "-e" "CARGO_INCREMENTAL=0" "-e" "RUST_BACKTRACE=full" "-e" "RUSTFLAGS=--cap-lints=warn" "-e" "RUSTDOCFLAGS=--cap-lints=warn" "-e" "CARGO_HOME=/opt/rustwide/cargo-home" "-e" "RUSTUP_HOME=/opt/rustwide/rustup-home" "-w" "/opt/rustwide/workdir" "-m" "1610612736" "--user" "0:0" "--network" "none" "ghcr.io/rust-lang/crates-build-env/linux@sha256:2788e3201cd34a07e3172128adcd8b3090168a8e3bcc40d7c032b9dda1df7d1c" "/opt/rustwide/cargo-home/bin/cargo" "+1.75.0" "test" "--frozen" "--no-run" "--message-format=json", kill_on_drop: false }`
[INFO] [stdout] 9c2ea5262bad51add3126c775189ef2f6d50a697706912b8aa2326264514dc1f
[INFO] running `Command { std: "docker" "start" "-a" "9c2ea5262bad51add3126c775189ef2f6d50a697706912b8aa2326264514dc1f", kill_on_drop: false }`
[INFO] [stderr] warning: virtual workspace defaulting to `resolver = "1"` despite one or more workspace members being on edition 2021 which implies `resolver = "2"`
[INFO] [stderr] note: to keep the current resolver, specify `workspace.resolver = "1"` in the workspace root's manifest
[INFO] [stderr] note: to use the edition 2021 resolver, specify `workspace.resolver = "2"` in the workspace root's manifest
[INFO] [stderr] note: for more details see https://doc.rust-lang.org/cargo/reference/resolver.html#resolver-versions
[INFO] [stdout] warning: unused variable: `value`
[INFO] [stdout]   --> search_tree/src/lib.rs:14:27
[INFO] [stdout]    |
[INFO] [stdout] 14 |     pub fn add(&mut self, value: String, data: T){}
[INFO] [stdout]    |                           ^^^^^ help: if this is intentional, prefix it with an underscore: `_value`
[INFO] [stdout]    |
[INFO] [stdout]    = note: `#[warn(unused_variables)]` on by default
[INFO] [stdout] 
[INFO] [stdout] 
[INFO] [stdout] warning: unused variable: `data`
[INFO] [stdout]   --> search_tree/src/lib.rs:14:42
[INFO] [stdout]    |
[INFO] [stdout] 14 |     pub fn add(&mut self, value: String, data: T){}
[INFO] [stdout]    |                                          ^^^^ help: if this is intentional, prefix it with an underscore: `_data`
[INFO] [stdout] 
[INFO] [stdout] 
[INFO] [stdout] warning: struct `SearchTree` is never constructed
[INFO] [stdout]  --> search_tree/src/lib.rs:4:8
[INFO] [stdout]   |
[INFO] [stdout] 4 | struct SearchTree<T> {
[INFO] [stdout]   |        ^^^^^^^^^^
[INFO] [stdout]   |
[INFO] [stdout]   = note: `#[warn(dead_code)]` on by default
[INFO] [stdout] 
[INFO] [stdout] 
[INFO] [stderr]    Compiling search_tree v0.1.0 (/opt/rustwide/workdir/search_tree)
[INFO] [stdout] warning: associated items `new`, `add`, `remove`, and `remove_next` are never used
[INFO] [stdout]   --> search_tree/src/lib.rs:8:8
[INFO] [stdout]    |
[INFO] [stdout] 7  | impl<T> SearchTree<T> {
[INFO] [stdout]    | --------------------- associated items in this implementation
[INFO] [stdout] 8  |     fn new() -> Self {
[INFO] [stdout]    |        ^^^
[INFO] [stdout] ...
[INFO] [stdout] 14 |     pub fn add(&mut self, value: String, data: T){}
[INFO] [stdout]    |            ^^^
[INFO] [stdout] 15 |     pub fn remove(){}
[INFO] [stdout]    |            ^^^^^^
[INFO] [stdout] 16 |     pub fn remove_next(){}
[INFO] [stdout]    |            ^^^^^^^^^^^
[INFO] [stdout] 
[INFO] [stdout] 
[INFO] [stdout] warning: struct `Node` is never constructed
[INFO] [stdout]   --> search_tree/src/lib.rs:21:8
[INFO] [stdout]    |
[INFO] [stdout] 21 | struct Node<T> {
[INFO] [stdout]    |        ^^^^
[INFO] [stdout] 
[INFO] [stdout] 
[INFO] [stdout] warning: 5 warnings emitted
[INFO] [stdout] 
[INFO] [stdout] 
[INFO] [stderr]    Compiling camel_cup v0.1.0 (/opt/rustwide/workdir/camel_cup)
[INFO] [stderr]    Compiling AI v0.1.0 (/opt/rustwide/workdir/AI)
[INFO] [stdout] warning: unused import: `super::*`
[INFO] [stdout]    --> AI/src/main.rs:459:9
[INFO] [stdout]     |
[INFO] [stdout] 459 |     use super::*;
[INFO] [stdout]     |         ^^^^^^^^
[INFO] [stdout]     |
[INFO] [stdout]     = note: `#[warn(unused_imports)]` on by default
[INFO] [stdout] 
[INFO] [stdout] 
[INFO] [stdout] warning: unused variable: `value`
[INFO] [stdout]   --> search_tree/src/lib.rs:14:27
[INFO] [stdout]    |
[INFO] [stdout] 14 |     pub fn add(&mut self, value: String, data: T){}
[INFO] [stdout]    |                           ^^^^^ help: if this is intentional, prefix it with an underscore: `_value`
[INFO] [stdout]    |
[INFO] [stdout]    = note: `#[warn(unused_variables)]` on by default
[INFO] [stdout] 
[INFO] [stdout] 
[INFO] [stdout] warning: unused variable: `data`
[INFO] [stdout]   --> search_tree/src/lib.rs:14:42
[INFO] [stdout]    |
[INFO] [stdout] 14 |     pub fn add(&mut self, value: String, data: T){}
[INFO] [stdout]    |                                          ^^^^ help: if this is intentional, prefix it with an underscore: `_data`
[INFO] [stdout] 
[INFO] [stdout] 
[INFO] [stdout] warning: associated functions `remove` and `remove_next` are never used
[INFO] [stdout]   --> search_tree/src/lib.rs:15:12
[INFO] [stdout]    |
[INFO] [stdout] 7  | impl<T> SearchTree<T> {
[INFO] [stdout]    | --------------------- associated functions in this implementation
[INFO] [stdout] ...
[INFO] [stdout] 15 |     pub fn remove(){}
[INFO] [stdout]    |            ^^^^^^
[INFO] [stdout] 16 |     pub fn remove_next(){}
[INFO] [stdout]    |            ^^^^^^^^^^^
[INFO] [stdout]    |
[INFO] [stdout]    = note: `#[warn(dead_code)]` on by default
[INFO] [stdout] 
[INFO] [stdout] 
[INFO] [stdout] warning: field `data` is never read
[INFO] [stdout]   --> search_tree/src/lib.rs:24:5
[INFO] [stdout]    |
[INFO] [stdout] 21 | struct Node<T> {
[INFO] [stdout]    |        ---- field in this struct
[INFO] [stdout] ...
[INFO] [stdout] 24 |     data: T,
[INFO] [stdout]    |     ^^^^
[INFO] [stdout] 
[INFO] [stdout] 
[INFO] [stdout] warning: crate `AI` should have a snake case name
[INFO] [stdout]   |
[INFO] [stdout]   = help: convert the identifier to snake case: `ai`
[INFO] [stdout]   = note: `#[warn(non_snake_case)]` on by default
[INFO] [stdout] 
[INFO] [stdout] 
[INFO] [stdout] warning: 4 warnings emitted
[INFO] [stdout] 
[INFO] [stdout] 
[INFO] [stdout] warning: 2 warnings emitted
[INFO] [stdout] 
[INFO] [stdout] 
[INFO] [stderr]     Finished test [unoptimized + debuginfo] target(s) in 0.55s
[INFO] running `Command { std: "docker" "inspect" "9c2ea5262bad51add3126c775189ef2f6d50a697706912b8aa2326264514dc1f", kill_on_drop: false }`
[INFO] running `Command { std: "docker" "rm" "-f" "9c2ea5262bad51add3126c775189ef2f6d50a697706912b8aa2326264514dc1f", kill_on_drop: false }`
[INFO] [stdout] 9c2ea5262bad51add3126c775189ef2f6d50a697706912b8aa2326264514dc1f
[INFO] running `Command { std: "docker" "create" "-v" "/var/lib/crater-agent-workspace/builds/worker-0-tc1/target:/opt/rustwide/target:rw,Z" "-v" "/var/lib/crater-agent-workspace/builds/worker-0-tc1/source:/opt/rustwide/workdir:ro,Z" "-v" "/var/lib/crater-agent-workspace/cargo-home:/opt/rustwide/cargo-home:ro,Z" "-v" "/var/lib/crater-agent-workspace/rustup-home:/opt/rustwide/rustup-home:ro,Z" "-e" "SOURCE_DIR=/opt/rustwide/workdir" "-e" "CARGO_TARGET_DIR=/opt/rustwide/target" "-e" "CARGO_INCREMENTAL=0" "-e" "RUST_BACKTRACE=full" "-e" "RUSTFLAGS=--cap-lints=warn" "-e" "RUSTDOCFLAGS=--cap-lints=warn" "-e" "CARGO_HOME=/opt/rustwide/cargo-home" "-e" "RUSTUP_HOME=/opt/rustwide/rustup-home" "-w" "/opt/rustwide/workdir" "-m" "1610612736" "--user" "0:0" "--network" "none" "ghcr.io/rust-lang/crates-build-env/linux@sha256:2788e3201cd34a07e3172128adcd8b3090168a8e3bcc40d7c032b9dda1df7d1c" "/opt/rustwide/cargo-home/bin/cargo" "+1.75.0" "test" "--frozen", kill_on_drop: false }`
[INFO] [stdout] 12ff57809aa18c284a00091a75e52a7052eae596caef70d995b8ea11ba46e300
[INFO] running `Command { std: "docker" "start" "-a" "12ff57809aa18c284a00091a75e52a7052eae596caef70d995b8ea11ba46e300", kill_on_drop: false }`
[INFO] [stderr] warning: virtual workspace defaulting to `resolver = "1"` despite one or more workspace members being on edition 2021 which implies `resolver = "2"`
[INFO] [stderr] note: to keep the current resolver, specify `workspace.resolver = "1"` in the workspace root's manifest
[INFO] [stderr] note: to use the edition 2021 resolver, specify `workspace.resolver = "2"` in the workspace root's manifest
[INFO] [stderr] note: for more details see https://doc.rust-lang.org/cargo/reference/resolver.html#resolver-versions
[INFO] [stderr] warning: unused variable: `value`
[INFO] [stderr]   --> search_tree/src/lib.rs:14:27
[INFO] [stderr]    |
[INFO] [stderr] 14 |     pub fn add(&mut self, value: String, data: T){}
[INFO] [stderr]    |                           ^^^^^ help: if this is intentional, prefix it with an underscore: `_value`
[INFO] [stderr]    |
[INFO] [stderr]    = note: `#[warn(unused_variables)]` on by default
[INFO] [stderr] 
[INFO] [stderr] warning: unused variable: `data`
[INFO] [stderr]   --> search_tree/src/lib.rs:14:42
[INFO] [stderr]    |
[INFO] [stderr] 14 |     pub fn add(&mut self, value: String, data: T){}
[INFO] [stderr]    |                                          ^^^^ help: if this is intentional, prefix it with an underscore: `_data`
[INFO] [stderr] 
[INFO] [stderr] warning: struct `SearchTree` is never constructed
[INFO] [stderr]  --> search_tree/src/lib.rs:4:8
[INFO] [stderr]   |
[INFO] [stderr] 4 | struct SearchTree<T> {
[INFO] [stderr]   |        ^^^^^^^^^^
[INFO] [stderr]   |
[INFO] [stderr]   = note: `#[warn(dead_code)]` on by default
[INFO] [stderr] 
[INFO] [stderr] warning: associated items `new`, `add`, `remove`, and `remove_next` are never used
[INFO] [stderr]   --> search_tree/src/lib.rs:8:8
[INFO] [stderr]    |
[INFO] [stderr] 7  | impl<T> SearchTree<T> {
[INFO] [stderr]    | --------------------- associated items in this implementation
[INFO] [stderr] 8  |     fn new() -> Self {
[INFO] [stderr]    |        ^^^
[INFO] [stderr] ...
[INFO] [stderr] 14 |     pub fn add(&mut self, value: String, data: T){}
[INFO] [stderr]    |            ^^^
[INFO] [stderr] 15 |     pub fn remove(){}
[INFO] [stderr]    |            ^^^^^^
[INFO] [stderr] 16 |     pub fn remove_next(){}
[INFO] [stderr]    |            ^^^^^^^^^^^
[INFO] [stderr] 
[INFO] [stderr] warning: struct `Node` is never constructed
[INFO] [stderr]   --> search_tree/src/lib.rs:21:8
[INFO] [stderr]    |
[INFO] [stderr] 21 | struct Node<T> {
[INFO] [stderr]    |        ^^^^
[INFO] [stderr] 
[INFO] [stderr] warning: associated functions `remove` and `remove_next` are never used
[INFO] [stderr]   --> search_tree/src/lib.rs:15:12
[INFO] [stderr]    |
[INFO] [stderr] 7  | impl<T> SearchTree<T> {
[INFO] [stderr]    | --------------------- associated functions in this implementation
[INFO] [stderr] ...
[INFO] [stderr] 15 |     pub fn remove(){}
[INFO] [stderr]    |            ^^^^^^
[INFO] [stderr] 16 |     pub fn remove_next(){}
[INFO] [stderr]    |            ^^^^^^^^^^^
[INFO] [stderr]    |
[INFO] [stderr]    = note: `#[warn(dead_code)]` on by default
[INFO] [stderr] 
[INFO] [stderr] warning: field `data` is never read
[INFO] [stderr]   --> search_tree/src/lib.rs:24:5
[INFO] [stderr]    |
[INFO] [stderr] 21 | struct Node<T> {
[INFO] [stderr]    |        ---- field in this struct
[INFO] [stderr] ...
[INFO] [stderr] 24 |     data: T,
[INFO] [stderr]    |     ^^^^
[INFO] [stderr] 
[INFO] [stderr] warning: `search_tree` (lib) generated 5 warnings (run `cargo fix --lib -p search_tree` to apply 2 suggestions)
[INFO] [stderr] warning: `search_tree` (lib test) generated 4 warnings (2 duplicates)
[INFO] [stderr] warning: unused import: `super::*`
[INFO] [stderr]    --> AI/src/main.rs:459:9
[INFO] [stderr]     |
[INFO] [stderr] 459 |     use super::*;
[INFO] [stderr]     |         ^^^^^^^^
[INFO] [stderr]     |
[INFO] [stderr]     = note: `#[warn(unused_imports)]` on by default
[INFO] [stderr] 
[INFO] [stderr] warning: crate `AI` should have a snake case name
[INFO] [stderr]   |
[INFO] [stderr]   = help: convert the identifier to snake case: `ai`
[INFO] [stderr]   = note: `#[warn(non_snake_case)]` on by default
[INFO] [stderr] 
[INFO] [stderr] warning: `AI` (bin "AI" test) generated 2 warnings (run `cargo fix --bin "AI" --tests` to apply 1 suggestion)
[INFO] [stderr]     Finished test [unoptimized + debuginfo] target(s) in 0.01s
[INFO] [stderr]      Running unittests src/lib.rs (/opt/rustwide/target/debug/deps/AI-1bb3999bf6737995)
[INFO] [stdout] 
[INFO] [stdout] running 2 tests
[INFO] [stdout] test neuron_network::tests::add_neuron_to_layer ... ok
[INFO] [stdout] test neuron_network::tests::test_add_layer_to_network ... ok
[INFO] [stdout] 
[INFO] [stdout] test result: ok. 2 passed; 0 failed; 0 ignored; 0 measured; 0 filtered out; finished in 0.00s
[INFO] [stdout] 
[INFO] [stderr]      Running unittests src/main.rs (/opt/rustwide/target/debug/deps/AI-dc269ff0ec1c37c0)
[INFO] [stdout] 
[INFO] [stdout] running 1 test
[INFO] [stdout] test tests::pick_networks ... ok
[INFO] [stdout] 
[INFO] [stdout] test result: ok. 1 passed; 0 failed; 0 ignored; 0 measured; 0 filtered out; finished in 0.00s
[INFO] [stdout] 
[INFO] [stderr]      Running unittests src/lib.rs (/opt/rustwide/target/debug/deps/camel_cup-1cdd786b21453ba0)
[INFO] [stdout] 
[INFO] [stdout] running 14 tests
[INFO] [stdout] test tests::evaluate_end_turn ... ok
[INFO] [stdout] test tests::reset ... ok
[INFO] [stdout] test tests::test_end_game_bet ... ok
[INFO] [stdout] test tests::display_camels ... ok
[INFO] [stdout] test tests::test_end_game_evaluate ... ok
[INFO] [stdout] test tests::test_end_turn_check ... ok
[INFO] [stdout] test tests::test_get_tip_card ... ok
[INFO] [stdout] test tests::test_get_tip_card_error ... ok
[INFO] [stdout] test tests::test_move_camel ... ok
[INFO] [stdout] test tests::test_new_camel ... ok
[INFO] [stdout] test tests::test_new_game ... ok
[INFO] [stdout] test tests::test_next_player ... ok
[INFO] [stdout] test tests::test_order_camels ... ok
[INFO] [stdout] test tests::test_place_card ... ok
[INFO] [stdout] 
[INFO] [stdout] test result: ok. 14 passed; 0 failed; 0 ignored; 0 measured; 0 filtered out; finished in 0.00s
[INFO] [stdout] 
[INFO] [stderr]      Running unittests src/main.rs (/opt/rustwide/target/debug/deps/camel_cup-642c456ccffaf41b)
[INFO] [stdout] 
[INFO] [stdout] running 0 tests
[INFO] [stdout] 
[INFO] [stdout] test result: ok. 0 passed; 0 failed; 0 ignored; 0 measured; 0 filtered out; finished in 0.00s
[INFO] [stdout] 
[INFO] [stderr]      Running unittests src/lib.rs (/opt/rustwide/target/debug/deps/search_tree-e77b565652860091)
[INFO] [stdout] 
[INFO] [stdout] running 1 test
[INFO] [stdout] test tests::add ... FAILED
[INFO] [stdout] 
[INFO] [stdout] failures:
[INFO] [stdout] 
[INFO] [stdout] ---- tests::add stdout ----
[INFO] [stdout] thread 'tests::add' panicked at search_tree/src/lib.rs:40:33:
[INFO] [stdout] index out of bounds: the len is 0 but the index is 0
[INFO] [stdout] stack backtrace:
[INFO] [stdout]    0:     0x55ff7bbbe0dc - std::backtrace_rs::backtrace::libunwind::trace::ha637c64ce894333a
[INFO] [stdout]                                at /rustc/82e1608dfa6e0b5569232559e3d385fea5a93112/library/std/src/../../backtrace/src/backtrace/libunwind.rs:104:5
[INFO] [stdout]    1:     0x55ff7bbbe0dc - std::backtrace_rs::backtrace::trace_unsynchronized::h47f62dea28e0c88d
[INFO] [stdout]                                at /rustc/82e1608dfa6e0b5569232559e3d385fea5a93112/library/std/src/../../backtrace/src/backtrace/mod.rs:66:5
[INFO] [stdout]    2:     0x55ff7bbbe0dc - std::sys_common::backtrace::_print_fmt::h9eef0abe20ede486
[INFO] [stdout]                                at /rustc/82e1608dfa6e0b5569232559e3d385fea5a93112/library/std/src/sys_common/backtrace.rs:67:5
[INFO] [stdout]    3:     0x55ff7bbbe0dc - <std::sys_common::backtrace::_print::DisplayBacktrace as core::fmt::Display>::fmt::hed7f999df88cc644
[INFO] [stdout]                                at /rustc/82e1608dfa6e0b5569232559e3d385fea5a93112/library/std/src/sys_common/backtrace.rs:44:22
[INFO] [stdout]    4:     0x55ff7bbe7c20 - core::fmt::rt::Argument::fmt::h1539a9308b8d058d
[INFO] [stdout]                                at /rustc/82e1608dfa6e0b5569232559e3d385fea5a93112/library/core/src/fmt/rt.rs:142:9
[INFO] [stdout]    5:     0x55ff7bbe7c20 - core::fmt::write::h3a39390d8560d9c9
[INFO] [stdout]                                at /rustc/82e1608dfa6e0b5569232559e3d385fea5a93112/library/core/src/fmt/mod.rs:1120:17
[INFO] [stdout]    6:     0x55ff7bbbba8f - std::io::Write::write_fmt::h040b369f3a0f9cbc
[INFO] [stdout]                                at /rustc/82e1608dfa6e0b5569232559e3d385fea5a93112/library/std/src/io/mod.rs:1762:15
[INFO] [stdout]    7:     0x55ff7bbbdec4 - std::sys_common::backtrace::_print::h894006fb5c6f3d45
[INFO] [stdout]                                at /rustc/82e1608dfa6e0b5569232559e3d385fea5a93112/library/std/src/sys_common/backtrace.rs:47:5
[INFO] [stdout]    8:     0x55ff7bbbdec4 - std::sys_common::backtrace::print::h23a2d212c6fff936
[INFO] [stdout]                                at /rustc/82e1608dfa6e0b5569232559e3d385fea5a93112/library/std/src/sys_common/backtrace.rs:34:9
[INFO] [stdout]    9:     0x55ff7bbbfb87 - std::panicking::default_hook::{{closure}}::h8a1d2ee00185001a
[INFO] [stdout]   10:     0x55ff7bbbf873 - std::panicking::default_hook::h6038f2eba384e475
[INFO] [stdout]                                at /rustc/82e1608dfa6e0b5569232559e3d385fea5a93112/library/std/src/panicking.rs:289:9
[INFO] [stdout]   11:     0x55ff7bb90287 - <alloc::boxed::Box<F,A> as core::ops::function::Fn<Args>>::call::h0ad024c9bdc6d768
[INFO] [stdout]                                at /rustc/82e1608dfa6e0b5569232559e3d385fea5a93112/library/alloc/src/boxed.rs:2021:9
[INFO] [stdout]   12:     0x55ff7bb90287 - test::test_main::{{closure}}::h7500b54257359db6
[INFO] [stdout]                                at /rustc/82e1608dfa6e0b5569232559e3d385fea5a93112/library/test/src/lib.rs:138:21
[INFO] [stdout]   13:     0x55ff7bbc0198 - <alloc::boxed::Box<F,A> as core::ops::function::Fn<Args>>::call::h1f8f335eaa9cfaee
[INFO] [stdout]                                at /rustc/82e1608dfa6e0b5569232559e3d385fea5a93112/library/alloc/src/boxed.rs:2021:9
[INFO] [stdout]   14:     0x55ff7bbc0198 - std::panicking::rust_panic_with_hook::h2b5517d590cab22e
[INFO] [stdout]                                at /rustc/82e1608dfa6e0b5569232559e3d385fea5a93112/library/std/src/panicking.rs:783:13
[INFO] [stdout]   15:     0x55ff7bbbfeee - std::panicking::begin_panic_handler::{{closure}}::h233112c06e0ef43e
[INFO] [stdout]                                at /rustc/82e1608dfa6e0b5569232559e3d385fea5a93112/library/std/src/panicking.rs:657:13
[INFO] [stdout]   16:     0x55ff7bbbe5a6 - std::sys_common::backtrace::__rust_end_short_backtrace::h6e893f24d7ebbff8
[INFO] [stdout]                                at /rustc/82e1608dfa6e0b5569232559e3d385fea5a93112/library/std/src/sys_common/backtrace.rs:170:18
[INFO] [stdout]   17:     0x55ff7bbbfc52 - rust_begin_unwind
[INFO] [stdout]                                at /rustc/82e1608dfa6e0b5569232559e3d385fea5a93112/library/std/src/panicking.rs:645:5
[INFO] [stdout]   18:     0x55ff7bb59ce5 - core::panicking::panic_fmt::hbf0e066aabfa482c
[INFO] [stdout]                                at /rustc/82e1608dfa6e0b5569232559e3d385fea5a93112/library/core/src/panicking.rs:72:14
[INFO] [stdout]   19:     0x55ff7bb59ea2 - core::panicking::panic_bounds_check::h326a19b32dc06d6d
[INFO] [stdout]                                at /rustc/82e1608dfa6e0b5569232559e3d385fea5a93112/library/core/src/panicking.rs:190:5
[INFO] [stdout]   20:     0x55ff7bb5bc9e - <usize as core::slice::index::SliceIndex<[T]>>::index::hb88f12571a8de9f8
[INFO] [stdout]                                at /rustc/82e1608dfa6e0b5569232559e3d385fea5a93112/library/core/src/slice/index.rs:258:10
[INFO] [stdout]   21:     0x55ff7bb5bf10 - core::slice::index::<impl core::ops::index::Index<I> for [T]>::index::hdc509055f672bcbe
[INFO] [stdout]                                at /rustc/82e1608dfa6e0b5569232559e3d385fea5a93112/library/core/src/slice/index.rs:18:9
[INFO] [stdout]   22:     0x55ff7bb5bf10 - <alloc::vec::Vec<T,A> as core::ops::index::Index<I>>::index::h3e0c2cdb26b36bd0
[INFO] [stdout]                                at /rustc/82e1608dfa6e0b5569232559e3d385fea5a93112/library/alloc/src/vec/mod.rs:2732:9
[INFO] [stdout]   23:     0x55ff7bb5c092 - search_tree::tests::add::he9231e7e5d04a979
[INFO] [stdout]                                at /opt/rustwide/workdir/search_tree/src/lib.rs:40:33
[INFO] [stdout]   24:     0x55ff7bb5bfe7 - search_tree::tests::add::{{closure}}::h8992cc78ba1a55ce
[INFO] [stdout]                                at /opt/rustwide/workdir/search_tree/src/lib.rs:37:13
[INFO] [stdout]   25:     0x55ff7bb5a7f6 - core::ops::function::FnOnce::call_once::h40379100c6987932
[INFO] [stdout]                                at /rustc/82e1608dfa6e0b5569232559e3d385fea5a93112/library/core/src/ops/function.rs:250:5
[INFO] [stdout]   26:     0x55ff7bb958df - core::ops::function::FnOnce::call_once::h2b5d431d5046312d
[INFO] [stdout]                                at /rustc/82e1608dfa6e0b5569232559e3d385fea5a93112/library/core/src/ops/function.rs:250:5
[INFO] [stdout]   27:     0x55ff7bb958df - test::__rust_begin_short_backtrace::h7714669af176e207
[INFO] [stdout]                                at /rustc/82e1608dfa6e0b5569232559e3d385fea5a93112/library/test/src/lib.rs:628:18
[INFO] [stdout]   28:     0x55ff7bb948f5 - test::run_test_in_process::{{closure}}::h85218797dcbcec12
[INFO] [stdout]                                at /rustc/82e1608dfa6e0b5569232559e3d385fea5a93112/library/test/src/lib.rs:651:60
[INFO] [stdout]   29:     0x55ff7bb948f5 - <core::panic::unwind_safe::AssertUnwindSafe<F> as core::ops::function::FnOnce<()>>::call_once::h76c106ea31c14d7b
[INFO] [stdout]                                at /rustc/82e1608dfa6e0b5569232559e3d385fea5a93112/library/core/src/panic/unwind_safe.rs:272:9
[INFO] [stdout]   30:     0x55ff7bb948f5 - std::panicking::try::do_call::h3bd5d0f6620ee946
[INFO] [stdout]                                at /rustc/82e1608dfa6e0b5569232559e3d385fea5a93112/library/std/src/panicking.rs:552:40
[INFO] [stdout]   31:     0x55ff7bb948f5 - std::panicking::try::h232e535e4744fe31
[INFO] [stdout]                                at /rustc/82e1608dfa6e0b5569232559e3d385fea5a93112/library/std/src/panicking.rs:516:19
[INFO] [stdout]   32:     0x55ff7bb948f5 - std::panic::catch_unwind::h3ce3bd6ca8dbac68
[INFO] [stdout]                                at /rustc/82e1608dfa6e0b5569232559e3d385fea5a93112/library/std/src/panic.rs:142:14
[INFO] [stdout]   33:     0x55ff7bb948f5 - test::run_test_in_process::hc97b257c9621286a
[INFO] [stdout]                                at /rustc/82e1608dfa6e0b5569232559e3d385fea5a93112/library/test/src/lib.rs:651:27
[INFO] [stdout]   34:     0x55ff7bb948f5 - test::run_test::{{closure}}::h2aa798823a438d38
[INFO] [stdout]                                at /rustc/82e1608dfa6e0b5569232559e3d385fea5a93112/library/test/src/lib.rs:574:43
[INFO] [stdout]   35:     0x55ff7bb5cbb6 - test::run_test::{{closure}}::h87d231c78fb59832
[INFO] [stdout]                                at /rustc/82e1608dfa6e0b5569232559e3d385fea5a93112/library/test/src/lib.rs:602:41
[INFO] [stdout]   36:     0x55ff7bb5cbb6 - std::sys_common::backtrace::__rust_begin_short_backtrace::he6df152596625789
[INFO] [stdout]                                at /rustc/82e1608dfa6e0b5569232559e3d385fea5a93112/library/std/src/sys_common/backtrace.rs:154:18
[INFO] [stdout]   37:     0x55ff7bb61c67 - std::thread::Builder::spawn_unchecked_::{{closure}}::{{closure}}::ha94be15d1e0acf36
[INFO] [stdout]                                at /rustc/82e1608dfa6e0b5569232559e3d385fea5a93112/library/std/src/thread/mod.rs:529:17
[INFO] [stdout]   38:     0x55ff7bb61c67 - <core::panic::unwind_safe::AssertUnwindSafe<F> as core::ops::function::FnOnce<()>>::call_once::h9dc6bd6372f16606
[INFO] [stdout]                                at /rustc/82e1608dfa6e0b5569232559e3d385fea5a93112/library/core/src/panic/unwind_safe.rs:272:9
[INFO] [stdout]   39:     0x55ff7bb61c67 - std::panicking::try::do_call::h9057517f80303cd4
[INFO] [stdout]                                at /rustc/82e1608dfa6e0b5569232559e3d385fea5a93112/library/std/src/panicking.rs:552:40
[INFO] [stdout]   40:     0x55ff7bb61c67 - std::panicking::try::he3a30b11ee45340c
[INFO] [stdout]                                at /rustc/82e1608dfa6e0b5569232559e3d385fea5a93112/library/std/src/panicking.rs:516:19
[INFO] [stdout]   41:     0x55ff7bb61c67 - std::panic::catch_unwind::h410458cfd3528b8b
[INFO] [stdout]                                at /rustc/82e1608dfa6e0b5569232559e3d385fea5a93112/library/std/src/panic.rs:142:14
[INFO] [stdout]   42:     0x55ff7bb61c67 - std::thread::Builder::spawn_unchecked_::{{closure}}::h72ac3bdb567b737b
[INFO] [stdout]                                at /rustc/82e1608dfa6e0b5569232559e3d385fea5a93112/library/std/src/thread/mod.rs:528:30
[INFO] [stdout]   43:     0x55ff7bb61c67 - core::ops::function::FnOnce::call_once{{vtable.shim}}::h38f34da3654a8344
[INFO] [stdout]                                at /rustc/82e1608dfa6e0b5569232559e3d385fea5a93112/library/core/src/ops/function.rs:250:5
[INFO] [stdout]   44:     0x55ff7bbc4c25 - <alloc::boxed::Box<F,A> as core::ops::function::FnOnce<Args>>::call_once::hc7eafaff61e32df9
[INFO] [stdout]                                at /rustc/82e1608dfa6e0b5569232559e3d385fea5a93112/library/alloc/src/boxed.rs:2007:9
[INFO] [stdout]   45:     0x55ff7bbc4c25 - <alloc::boxed::Box<F,A> as core::ops::function::FnOnce<Args>>::call_once::h6ba4a5de48dd2304
[INFO] [stdout]                                at /rustc/82e1608dfa6e0b5569232559e3d385fea5a93112/library/alloc/src/boxed.rs:2007:9
[INFO] [stdout]   46:     0x55ff7bbc4c25 - std::sys::unix::thread::Thread::new::thread_start::he469335aef763e45
[INFO] [stdout]                                at /rustc/82e1608dfa6e0b5569232559e3d385fea5a93112/library/std/src/sys/unix/thread.rs:108:17
[INFO] [stdout]   47:     0x7f32234c5ac3 - <unknown>
[INFO] [stdout]   48:     0x7f3223556bf4 - __clone
[INFO] [stdout]   49:                0x0 - <unknown>
[INFO] [stdout] 
[INFO] [stdout] 
[INFO] [stdout] failures:
[INFO] [stdout]     tests::add
[INFO] [stdout] 
[INFO] [stdout] test result: FAILED. 0 passed; 1 failed; 0 ignored; 0 measured; 0 filtered out; finished in 0.01s
[INFO] [stdout] 
[INFO] [stderr] error: test failed, to rerun pass `-p search_tree --lib`
[INFO] running `Command { std: "docker" "inspect" "12ff57809aa18c284a00091a75e52a7052eae596caef70d995b8ea11ba46e300", kill_on_drop: false }`
[INFO] running `Command { std: "docker" "rm" "-f" "12ff57809aa18c284a00091a75e52a7052eae596caef70d995b8ea11ba46e300", kill_on_drop: false }`
[INFO] [stdout] 12ff57809aa18c284a00091a75e52a7052eae596caef70d995b8ea11ba46e300
