[INFO] cloning repository https://github.com/lebe-dev/jencli
[INFO] running `Command { std: "git" "-c" "credential.helper=" "-c" "credential.helper=/workspace/cargo-home/bin/git-credential-null" "clone" "--bare" "https://github.com/lebe-dev/jencli" "/workspace/cache/git-repos/https%3A%2F%2Fgithub.com%2Flebe-dev%2Fjencli", kill_on_drop: false }`
[INFO] [stderr] Cloning into bare repository '/workspace/cache/git-repos/https%3A%2F%2Fgithub.com%2Flebe-dev%2Fjencli'...
[INFO] running `Command { std: "git" "rev-parse" "HEAD", kill_on_drop: false }`
[INFO] [stdout] 6625b645f2ee99d0465184be533170b877a03197
[INFO] testing lebe-dev/jencli against 1.75.0 for beta-1.76-1
[INFO] running `Command { std: "git" "clone" "/workspace/cache/git-repos/https%3A%2F%2Fgithub.com%2Flebe-dev%2Fjencli" "/workspace/builds/worker-4-tc1/source", kill_on_drop: false }`
[INFO] [stderr] Cloning into '/workspace/builds/worker-4-tc1/source'...
[INFO] [stderr] done.
[INFO] validating manifest of git repo https://github.com/lebe-dev/jencli on toolchain 1.75.0
[INFO] running `Command { std: CARGO_HOME="/workspace/cargo-home" RUSTUP_HOME="/workspace/rustup-home" "/workspace/cargo-home/bin/cargo" "+1.75.0" "metadata" "--manifest-path" "Cargo.toml" "--no-deps", kill_on_drop: false }`
[INFO] removed /workspace/builds/worker-4-tc1/source/.cargo/config
[INFO] started tweaking git repo https://github.com/lebe-dev/jencli
[INFO] finished tweaking git repo https://github.com/lebe-dev/jencli
[INFO] tweaked toml for git repo https://github.com/lebe-dev/jencli written to /workspace/builds/worker-4-tc1/source/Cargo.toml
[INFO] crate git repo https://github.com/lebe-dev/jencli already has a lockfile, it will not be regenerated
[INFO] running `Command { std: CARGO_HOME="/workspace/cargo-home" RUSTUP_HOME="/workspace/rustup-home" "/workspace/cargo-home/bin/cargo" "+1.75.0" "fetch" "--manifest-path" "Cargo.toml", kill_on_drop: false }`
[INFO] running `Command { std: "docker" "create" "-v" "/var/lib/crater-agent-workspace/builds/worker-4-tc1/target:/opt/rustwide/target:rw,Z" "-v" "/var/lib/crater-agent-workspace/builds/worker-4-tc1/source:/opt/rustwide/workdir:ro,Z" "-v" "/var/lib/crater-agent-workspace/cargo-home:/opt/rustwide/cargo-home:ro,Z" "-v" "/var/lib/crater-agent-workspace/rustup-home:/opt/rustwide/rustup-home:ro,Z" "-e" "SOURCE_DIR=/opt/rustwide/workdir" "-e" "CARGO_TARGET_DIR=/opt/rustwide/target" "-e" "CARGO_HOME=/opt/rustwide/cargo-home" "-e" "RUSTUP_HOME=/opt/rustwide/rustup-home" "-w" "/opt/rustwide/workdir" "-m" "1610612736" "--user" "0:0" "--network" "none" "ghcr.io/rust-lang/crates-build-env/linux@sha256:2788e3201cd34a07e3172128adcd8b3090168a8e3bcc40d7c032b9dda1df7d1c" "/opt/rustwide/cargo-home/bin/cargo" "+1.75.0" "metadata" "--no-deps" "--format-version=1", kill_on_drop: false }`
[INFO] [stdout] 8c7398f9cec2353fc3bfb1a9b0b8e3e813e9ce097f3e32053812b6bd4e7fb429
[INFO] running `Command { std: "docker" "start" "-a" "8c7398f9cec2353fc3bfb1a9b0b8e3e813e9ce097f3e32053812b6bd4e7fb429", kill_on_drop: false }`
[INFO] running `Command { std: "docker" "inspect" "8c7398f9cec2353fc3bfb1a9b0b8e3e813e9ce097f3e32053812b6bd4e7fb429", kill_on_drop: false }`
[INFO] running `Command { std: "docker" "rm" "-f" "8c7398f9cec2353fc3bfb1a9b0b8e3e813e9ce097f3e32053812b6bd4e7fb429", kill_on_drop: false }`
[INFO] [stdout] 8c7398f9cec2353fc3bfb1a9b0b8e3e813e9ce097f3e32053812b6bd4e7fb429
[INFO] running `Command { std: "docker" "create" "-v" "/var/lib/crater-agent-workspace/builds/worker-4-tc1/target:/opt/rustwide/target:rw,Z" "-v" "/var/lib/crater-agent-workspace/builds/worker-4-tc1/source:/opt/rustwide/workdir:ro,Z" "-v" "/var/lib/crater-agent-workspace/cargo-home:/opt/rustwide/cargo-home:ro,Z" "-v" "/var/lib/crater-agent-workspace/rustup-home:/opt/rustwide/rustup-home:ro,Z" "-e" "SOURCE_DIR=/opt/rustwide/workdir" "-e" "CARGO_TARGET_DIR=/opt/rustwide/target" "-e" "CARGO_INCREMENTAL=0" "-e" "RUST_BACKTRACE=full" "-e" "RUSTFLAGS=--cap-lints=warn" "-e" "RUSTDOCFLAGS=--cap-lints=warn" "-e" "CARGO_HOME=/opt/rustwide/cargo-home" "-e" "RUSTUP_HOME=/opt/rustwide/rustup-home" "-w" "/opt/rustwide/workdir" "-m" "1610612736" "--user" "0:0" "--network" "none" "ghcr.io/rust-lang/crates-build-env/linux@sha256:2788e3201cd34a07e3172128adcd8b3090168a8e3bcc40d7c032b9dda1df7d1c" "/opt/rustwide/cargo-home/bin/cargo" "+1.75.0" "build" "--frozen" "--message-format=json", kill_on_drop: false }`
[INFO] [stdout] 5f000ade46e59b6f9c067cfad246164b8d3c397a8f62f84c8e7d43637029000d
[INFO] running `Command { std: "docker" "start" "-a" "5f000ade46e59b6f9c067cfad246164b8d3c397a8f62f84c8e7d43637029000d", kill_on_drop: false }`
[INFO] [stderr]    Compiling libc v0.2.147
[INFO] [stderr]    Compiling once_cell v1.18.0
[INFO] [stderr]    Compiling proc-macro2 v1.0.66
[INFO] [stderr]    Compiling unicode-ident v1.0.11
[INFO] [stderr]    Compiling serde v1.0.181
[INFO] [stderr]    Compiling serde_derive v1.0.181
[INFO] [stderr]    Compiling version_check v0.9.4
[INFO] [stderr]    Compiling pin-project-lite v0.2.10
[INFO] [stderr]    Compiling bytes v1.4.0
[INFO] [stderr]    Compiling itoa v1.0.9
[INFO] [stderr]    Compiling tokio v1.29.1
[INFO] [stderr]    Compiling pkg-config v0.3.27
[INFO] [stderr]    Compiling futures-core v0.3.28
[INFO] [stderr]    Compiling ahash v0.7.6
[INFO] [stderr]    Compiling indexmap v1.9.3
[INFO] [stderr]    Compiling thiserror v1.0.44
[INFO] [stderr]    Compiling untrusted v0.7.1
[INFO] [stderr]    Compiling spin v0.5.2
[INFO] [stderr]    Compiling slab v0.4.8
[INFO] [stderr]    Compiling futures-task v0.3.28
[INFO] [stderr]    Compiling tracing-core v0.1.31
[INFO] [stderr]    Compiling futures-util v0.3.28
[INFO] [stderr]    Compiling quote v1.0.32
[INFO] [stderr]    Compiling syn v2.0.28
[INFO] [stderr]    Compiling http v0.2.9
[INFO] [stderr]    Compiling num-traits v0.2.16
[INFO] [stderr]    Compiling cc v1.0.81
[INFO] [stderr]    Compiling getrandom v0.2.10
[INFO] [stderr]    Compiling num_cpus v1.16.0
[INFO] [stderr]    Compiling socket2 v0.4.9
[INFO] [stderr]    Compiling hashbrown v0.12.3
[INFO] [stderr]    Compiling mio v0.8.8
[INFO] [stderr]    Compiling tracing v0.1.37
[INFO] [stderr]    Compiling futures-io v0.3.28
[INFO] [stderr]    Compiling ucd-trie v0.1.6
[INFO] [stderr]    Compiling ryu v1.0.15
[INFO] [stderr]    Compiling futures-sink v0.3.28
[INFO] [stderr]    Compiling futures-channel v0.3.28
[INFO] [stderr]    Compiling rustix v0.38.6
[INFO] [stderr]    Compiling ring v0.16.20
[INFO] [stderr]    Compiling openssl-sys v0.9.90
[INFO] [stderr]    Compiling openssl v0.10.55
[INFO] [stderr]    Compiling serde_json v1.0.104
[INFO] [stderr]    Compiling try-lock v0.2.4
[INFO] [stderr]    Compiling native-tls v0.2.11
[INFO] [stderr]    Compiling bitflags v2.3.3
[INFO] [stderr]    Compiling tinyvec_macros v0.1.1
[INFO] [stderr]    Compiling rustls v0.21.6
[INFO] [stderr]    Compiling linux-raw-sys v0.4.5
[INFO] [stderr]    Compiling tinyvec v1.6.0
[INFO] [stderr]    Compiling log v0.4.19
[INFO] [stderr]    Compiling want v0.3.1
[INFO] [stderr]    Compiling http-body v0.4.5
[INFO] [stderr]    Compiling lock_api v0.4.10
[INFO] [stderr]    Compiling parking_lot_core v0.9.8
[INFO] [stderr]    Compiling syn v1.0.109
[INFO] [stderr]    Compiling utf8parse v0.2.1
[INFO] [stderr]    Compiling linked-hash-map v0.5.6
[INFO] [stderr]    Compiling percent-encoding v2.3.0
[INFO] [stderr]    Compiling yaml-rust v0.4.5
[INFO] [stderr]    Compiling form_urlencoded v1.2.0
[INFO] [stderr]    Compiling anstyle-parse v0.2.1
[INFO] [stderr]    Compiling is-terminal v0.4.9
[INFO] [stderr]    Compiling unicode-normalization v0.1.22
[INFO] [stderr]    Compiling destructure_traitobject v0.2.0
[INFO] [stderr]    Compiling scopeguard v1.2.0
[INFO] [stderr]    Compiling anstyle-query v1.0.0
[INFO] [stderr]    Compiling async-trait v0.1.72
[INFO] [stderr]    Compiling smallvec v1.11.0
[INFO] [stderr]    Compiling unicode-bidi v0.3.13
[INFO] [stderr]    Compiling colorchoice v1.0.0
[INFO] [stderr]    Compiling anstyle v1.0.1
[INFO] [stderr]    Compiling anyhow v1.0.72
[INFO] [stderr]    Compiling dlv-list v0.3.0
[INFO] [stderr]    Compiling ordered-multimap v0.4.3
[INFO] [stderr]    Compiling idna v0.4.0
[INFO] [stderr]    Compiling anstream v0.3.2
[INFO] [stderr]    Compiling unsafe-any-ors v1.0.0
[INFO] [stderr]    Compiling rustls-webpki v0.101.2
[INFO] [stderr]    Compiling sct v0.7.0
[INFO] [stderr]    Compiling webpki v0.22.0
[INFO] [stderr]    Compiling tokio-util v0.7.8
[INFO] [stderr]    Compiling thiserror-impl v1.0.44
[INFO] [stderr]    Compiling futures-macro v0.3.28
[INFO] [stderr]    Compiling openssl-macros v0.1.1
[INFO] [stderr]    Compiling ordered-float v2.10.0
[INFO] [stderr]    Compiling time v0.1.45
[INFO] [stderr]    Compiling clap_lex v0.5.0
[INFO] [stderr]    Compiling base64 v0.21.2
[INFO] [stderr]    Compiling minimal-lexical v0.2.1
[INFO] [stderr]    Compiling iana-time-zone v0.1.57
[INFO] [stderr]    Compiling base64 v0.13.1
[INFO] [stderr]    Compiling pest v2.7.2
[INFO] [stderr]    Compiling strsim v0.10.0
[INFO] [stderr]    Compiling ron v0.7.1
[INFO] [stderr]    Compiling clap_builder v4.3.19
[INFO] [stderr]    Compiling pest_meta v2.7.2
[INFO] [stderr]    Compiling h2 v0.3.20
[INFO] [stderr]    Compiling pest_generator v2.7.2
[INFO] [stderr]    Compiling tokio-native-tls v0.3.1
[INFO] [stderr]    Compiling tokio-rustls v0.24.1
[INFO] [stderr]    Compiling derivative v2.2.0
[INFO] [stderr]    Compiling chrono v0.4.26
[INFO] [stderr]    Compiling nom v7.1.3
[INFO] [stderr]    Compiling rustls-pemfile v1.0.3
[INFO] [stderr]    Compiling serde-value v0.7.0
[INFO] [stderr]    Compiling pest_derive v2.7.2
[INFO] [stderr]    Compiling webpki-roots v0.22.6
[INFO] [stderr]    Compiling parking_lot v0.12.1
[INFO] [stderr]    Compiling url v2.4.0
[INFO] [stderr]    Compiling json5 v0.4.1
[INFO] [stderr]    Compiling typemap-ors v1.0.0
[INFO] [stderr]    Compiling rust-ini v0.18.0
[INFO] [stderr]    Compiling hyper v0.14.27
[INFO] [stderr]    Compiling serde_yaml v0.8.26
[INFO] [stderr]    Compiling serde_urlencoded v0.7.1
[INFO] [stderr]    Compiling toml v0.5.11
[INFO] [stderr]    Compiling thread-id v4.1.0
[INFO] [stderr]    Compiling encoding_rs v0.8.32
[INFO] [stderr]    Compiling pathdiff v0.2.1
[INFO] [stderr]    Compiling ipnet v2.8.0
[INFO] [stderr]    Compiling log-mdc v0.1.0
[INFO] [stderr]    Compiling arc-swap v1.6.0
[INFO] [stderr]    Compiling humantime v2.1.0
[INFO] [stderr]    Compiling mime v0.3.17
[INFO] [stderr]    Compiling lazy_static v1.4.0
[INFO] [stderr]    Compiling log4rs v1.2.0
[INFO] [stderr]    Compiling hyper-rustls v0.24.1
[INFO] [stderr]    Compiling hyper-tls v0.5.0
[INFO] [stderr]    Compiling config v0.13.3
[INFO] [stderr]    Compiling clap v4.3.19
[INFO] [stderr]    Compiling void v1.0.2
[INFO] [stderr]    Compiling reqwest v0.11.18
[INFO] [stderr]    Compiling urlencoding v2.1.3
[INFO] [stderr]    Compiling jencli v0.4.0 (/opt/rustwide/workdir)
[INFO] [stdout] warning: fields `number` and `url` are never read
[INFO] [stdout]    --> src/jenkins/build.rs:109:9
[INFO] [stdout]     |
[INFO] [stdout] 108 | struct JenkinsBuildInfo {
[INFO] [stdout]     |        ---------------- fields in this struct
[INFO] [stdout] 109 |     pub number: u32,
[INFO] [stdout]     |         ^^^^^^
[INFO] [stdout] 110 |     pub url: String,
[INFO] [stdout]     |         ^^^
[INFO] [stdout]     |
[INFO] [stdout]     = note: `JenkinsBuildInfo` has derived impls for the traits `Clone` and `Debug`, but these are intentionally ignored during dead code analysis
[INFO] [stdout]     = note: `#[warn(dead_code)]` on by default
[INFO] [stdout] 
[INFO] [stdout] 
[INFO] [stdout] warning: 1 warning emitted
[INFO] [stdout] 
[INFO] [stdout] 
[INFO] [stderr]     Finished dev [unoptimized + debuginfo] target(s) in 1m 12s
[INFO] running `Command { std: "docker" "inspect" "5f000ade46e59b6f9c067cfad246164b8d3c397a8f62f84c8e7d43637029000d", kill_on_drop: false }`
[INFO] running `Command { std: "docker" "rm" "-f" "5f000ade46e59b6f9c067cfad246164b8d3c397a8f62f84c8e7d43637029000d", kill_on_drop: false }`
[INFO] [stdout] 5f000ade46e59b6f9c067cfad246164b8d3c397a8f62f84c8e7d43637029000d
[INFO] running `Command { std: "docker" "create" "-v" "/var/lib/crater-agent-workspace/builds/worker-4-tc1/target:/opt/rustwide/target:rw,Z" "-v" "/var/lib/crater-agent-workspace/builds/worker-4-tc1/source:/opt/rustwide/workdir:ro,Z" "-v" "/var/lib/crater-agent-workspace/cargo-home:/opt/rustwide/cargo-home:ro,Z" "-v" "/var/lib/crater-agent-workspace/rustup-home:/opt/rustwide/rustup-home:ro,Z" "-e" "SOURCE_DIR=/opt/rustwide/workdir" "-e" "CARGO_TARGET_DIR=/opt/rustwide/target" "-e" "CARGO_INCREMENTAL=0" "-e" "RUST_BACKTRACE=full" "-e" "RUSTFLAGS=--cap-lints=warn" "-e" "RUSTDOCFLAGS=--cap-lints=warn" "-e" "CARGO_HOME=/opt/rustwide/cargo-home" "-e" "RUSTUP_HOME=/opt/rustwide/rustup-home" "-w" "/opt/rustwide/workdir" "-m" "1610612736" "--user" "0:0" "--network" "none" "ghcr.io/rust-lang/crates-build-env/linux@sha256:2788e3201cd34a07e3172128adcd8b3090168a8e3bcc40d7c032b9dda1df7d1c" "/opt/rustwide/cargo-home/bin/cargo" "+1.75.0" "test" "--frozen" "--no-run" "--message-format=json", kill_on_drop: false }`
[INFO] [stdout] 9c528844774b70e17d37bad9766cdf8e6dca07fb95f82eb458ddf28ba8eb0252
[INFO] running `Command { std: "docker" "start" "-a" "9c528844774b70e17d37bad9766cdf8e6dca07fb95f82eb458ddf28ba8eb0252", kill_on_drop: false }`
[INFO] [stderr]    Compiling getrandom v0.2.10
[INFO] [stderr]    Compiling ppv-lite86 v0.2.17
[INFO] [stderr]    Compiling unidecode v0.3.0
[INFO] [stderr]    Compiling ahash v0.7.6
[INFO] [stderr]    Compiling rand_core v0.6.4
[INFO] [stderr]    Compiling rand_chacha v0.3.1
[INFO] [stderr]    Compiling hashbrown v0.12.3
[INFO] [stderr]    Compiling rand v0.8.5
[INFO] [stderr]    Compiling indexmap v1.9.3
[INFO] [stderr]    Compiling ordered-multimap v0.4.3
[INFO] [stderr]    Compiling fake v2.6.1
[INFO] [stderr]    Compiling rust-ini v0.18.0
[INFO] [stderr]    Compiling h2 v0.3.20
[INFO] [stderr]    Compiling serde_yaml v0.8.26
[INFO] [stderr]    Compiling config v0.13.3
[INFO] [stderr]    Compiling log4rs v1.2.0
[INFO] [stderr]    Compiling hyper v0.14.27
[INFO] [stderr]    Compiling hyper-rustls v0.24.1
[INFO] [stderr]    Compiling hyper-tls v0.5.0
[INFO] [stderr]    Compiling reqwest v0.11.18
[INFO] [stderr]    Compiling jencli v0.4.0 (/opt/rustwide/workdir)
[INFO] [stdout] warning: fields `number` and `url` are never read
[INFO] [stdout]    --> src/jenkins/build.rs:109:9
[INFO] [stdout]     |
[INFO] [stdout] 108 | struct JenkinsBuildInfo {
[INFO] [stdout]     |        ---------------- fields in this struct
[INFO] [stdout] 109 |     pub number: u32,
[INFO] [stdout]     |         ^^^^^^
[INFO] [stdout] 110 |     pub url: String,
[INFO] [stdout]     |         ^^^
[INFO] [stdout]     |
[INFO] [stdout]     = note: `JenkinsBuildInfo` has derived impls for the traits `Clone` and `Debug`, but these are intentionally ignored during dead code analysis
[INFO] [stdout]     = note: `#[warn(dead_code)]` on by default
[INFO] [stdout] 
[INFO] [stdout] 
[INFO] [stdout] warning: 1 warning emitted
[INFO] [stdout] 
[INFO] [stdout] 
[INFO] [stderr]     Finished test [unoptimized + debuginfo] target(s) in 12.44s
[INFO] running `Command { std: "docker" "inspect" "9c528844774b70e17d37bad9766cdf8e6dca07fb95f82eb458ddf28ba8eb0252", kill_on_drop: false }`
[INFO] running `Command { std: "docker" "rm" "-f" "9c528844774b70e17d37bad9766cdf8e6dca07fb95f82eb458ddf28ba8eb0252", kill_on_drop: false }`
[INFO] [stdout] 9c528844774b70e17d37bad9766cdf8e6dca07fb95f82eb458ddf28ba8eb0252
[INFO] running `Command { std: "docker" "create" "-v" "/var/lib/crater-agent-workspace/builds/worker-4-tc1/target:/opt/rustwide/target:rw,Z" "-v" "/var/lib/crater-agent-workspace/builds/worker-4-tc1/source:/opt/rustwide/workdir:ro,Z" "-v" "/var/lib/crater-agent-workspace/cargo-home:/opt/rustwide/cargo-home:ro,Z" "-v" "/var/lib/crater-agent-workspace/rustup-home:/opt/rustwide/rustup-home:ro,Z" "-e" "SOURCE_DIR=/opt/rustwide/workdir" "-e" "CARGO_TARGET_DIR=/opt/rustwide/target" "-e" "CARGO_INCREMENTAL=0" "-e" "RUST_BACKTRACE=full" "-e" "RUSTFLAGS=--cap-lints=warn" "-e" "RUSTDOCFLAGS=--cap-lints=warn" "-e" "CARGO_HOME=/opt/rustwide/cargo-home" "-e" "RUSTUP_HOME=/opt/rustwide/rustup-home" "-w" "/opt/rustwide/workdir" "-m" "1610612736" "--user" "0:0" "--network" "none" "ghcr.io/rust-lang/crates-build-env/linux@sha256:2788e3201cd34a07e3172128adcd8b3090168a8e3bcc40d7c032b9dda1df7d1c" "/opt/rustwide/cargo-home/bin/cargo" "+1.75.0" "test" "--frozen", kill_on_drop: false }`
[INFO] [stdout] bc6df94ef7f7b8827f7bc6445154053f7655d6922ba03d932a1989fafc09b9ec
[INFO] running `Command { std: "docker" "start" "-a" "bc6df94ef7f7b8827f7bc6445154053f7655d6922ba03d932a1989fafc09b9ec", kill_on_drop: false }`
[INFO] [stderr] warning: fields `number` and `url` are never read
[INFO] [stderr]    --> src/jenkins/build.rs:109:9
[INFO] [stderr]     |
[INFO] [stderr] 108 | struct JenkinsBuildInfo {
[INFO] [stderr]     |        ---------------- fields in this struct
[INFO] [stderr] 109 |     pub number: u32,
[INFO] [stderr]     |         ^^^^^^
[INFO] [stderr] 110 |     pub url: String,
[INFO] [stderr]     |         ^^^
[INFO] [stderr]     |
[INFO] [stderr]     = note: `JenkinsBuildInfo` has derived impls for the traits `Clone` and `Debug`, but these are intentionally ignored during dead code analysis
[INFO] [stderr]     = note: `#[warn(dead_code)]` on by default
[INFO] [stderr] 
[INFO] [stderr] warning: `jencli` (bin "jencli" test) generated 1 warning
[INFO] [stderr]     Finished test [unoptimized + debuginfo] target(s) in 0.14s
[INFO] [stderr]      Running unittests src/main.rs (/opt/rustwide/target/debug/deps/jencli-45d983f7f43109ec)
[INFO] [stdout] 
[INFO] [stdout] running 5 tests
[INFO] [stdout] test jenkins::list::tests::job_list_should_be_returned ... ignored
[INFO] [stdout] test jenkins::build::params_deserialization_tests::test_for_string ... ok
[INFO] [stdout] test config::file::tests::config_should_be_loaded ... ok
[INFO] [stdout] test jenkins::build::params_deserialization_tests::test_for_boolean ... ok
[INFO] [stdout] test cache::tests::cache_should_be_saved_and_loaded ... FAILED
[INFO] [stdout] 
[INFO] [stdout] failures:
[INFO] [stdout] 
[INFO] [stdout] ---- cache::tests::cache_should_be_saved_and_loaded stdout ----
[INFO] [stdout] thread 'cache::tests::cache_should_be_saved_and_loaded' panicked at src/cache/mod.rs:67:67:
[INFO] [stdout] called `Result::unwrap()` on an `Err` value: Read-only file system (os error 30)
[INFO] [stdout] stack backtrace:
[INFO] [stdout]    0:     0x5571db3d11dc - std::backtrace_rs::backtrace::libunwind::trace::ha637c64ce894333a
[INFO] [stdout]                                at /rustc/82e1608dfa6e0b5569232559e3d385fea5a93112/library/std/src/../../backtrace/src/backtrace/libunwind.rs:104:5
[INFO] [stdout]    1:     0x5571db3d11dc - std::backtrace_rs::backtrace::trace_unsynchronized::h47f62dea28e0c88d
[INFO] [stdout]                                at /rustc/82e1608dfa6e0b5569232559e3d385fea5a93112/library/std/src/../../backtrace/src/backtrace/mod.rs:66:5
[INFO] [stdout]    2:     0x5571db3d11dc - std::sys_common::backtrace::_print_fmt::h9eef0abe20ede486
[INFO] [stdout]                                at /rustc/82e1608dfa6e0b5569232559e3d385fea5a93112/library/std/src/sys_common/backtrace.rs:67:5
[INFO] [stdout]    3:     0x5571db3d11dc - <std::sys_common::backtrace::_print::DisplayBacktrace as core::fmt::Display>::fmt::hed7f999df88cc644
[INFO] [stdout]                                at /rustc/82e1608dfa6e0b5569232559e3d385fea5a93112/library/std/src/sys_common/backtrace.rs:44:22
[INFO] [stdout]    4:     0x5571db3ffa30 - core::fmt::rt::Argument::fmt::h1539a9308b8d058d
[INFO] [stdout]                                at /rustc/82e1608dfa6e0b5569232559e3d385fea5a93112/library/core/src/fmt/rt.rs:142:9
[INFO] [stdout]    5:     0x5571db3ffa30 - core::fmt::write::h3a39390d8560d9c9
[INFO] [stdout]                                at /rustc/82e1608dfa6e0b5569232559e3d385fea5a93112/library/core/src/fmt/mod.rs:1120:17
[INFO] [stdout]    6:     0x5571db3ce00f - std::io::Write::write_fmt::h040b369f3a0f9cbc
[INFO] [stdout]                                at /rustc/82e1608dfa6e0b5569232559e3d385fea5a93112/library/std/src/io/mod.rs:1762:15
[INFO] [stdout]    7:     0x5571db3d0fc4 - std::sys_common::backtrace::_print::h894006fb5c6f3d45
[INFO] [stdout]                                at /rustc/82e1608dfa6e0b5569232559e3d385fea5a93112/library/std/src/sys_common/backtrace.rs:47:5
[INFO] [stdout]    8:     0x5571db3d0fc4 - std::sys_common::backtrace::print::h23a2d212c6fff936
[INFO] [stdout]                                at /rustc/82e1608dfa6e0b5569232559e3d385fea5a93112/library/std/src/sys_common/backtrace.rs:34:9
[INFO] [stdout]    9:     0x5571db3d2c87 - std::panicking::default_hook::{{closure}}::h8a1d2ee00185001a
[INFO] [stdout]   10:     0x5571db3d2973 - std::panicking::default_hook::h6038f2eba384e475
[INFO] [stdout]                                at /rustc/82e1608dfa6e0b5569232559e3d385fea5a93112/library/std/src/panicking.rs:289:9
[INFO] [stdout]   11:     0x5571dac114c7 - <alloc::boxed::Box<F,A> as core::ops::function::Fn<Args>>::call::h0ad024c9bdc6d768
[INFO] [stdout]                                at /rustc/82e1608dfa6e0b5569232559e3d385fea5a93112/library/alloc/src/boxed.rs:2021:9
[INFO] [stdout]   12:     0x5571dac114c7 - test::test_main::{{closure}}::h7500b54257359db6
[INFO] [stdout]                                at /rustc/82e1608dfa6e0b5569232559e3d385fea5a93112/library/test/src/lib.rs:138:21
[INFO] [stdout]   13:     0x5571db3d3298 - <alloc::boxed::Box<F,A> as core::ops::function::Fn<Args>>::call::h1f8f335eaa9cfaee
[INFO] [stdout]                                at /rustc/82e1608dfa6e0b5569232559e3d385fea5a93112/library/alloc/src/boxed.rs:2021:9
[INFO] [stdout]   14:     0x5571db3d3298 - std::panicking::rust_panic_with_hook::h2b5517d590cab22e
[INFO] [stdout]                                at /rustc/82e1608dfa6e0b5569232559e3d385fea5a93112/library/std/src/panicking.rs:783:13
[INFO] [stdout]   15:     0x5571db3d2fee - std::panicking::begin_panic_handler::{{closure}}::h233112c06e0ef43e
[INFO] [stdout]                                at /rustc/82e1608dfa6e0b5569232559e3d385fea5a93112/library/std/src/panicking.rs:657:13
[INFO] [stdout]   16:     0x5571db3d16a6 - std::sys_common::backtrace::__rust_end_short_backtrace::h6e893f24d7ebbff8
[INFO] [stdout]                                at /rustc/82e1608dfa6e0b5569232559e3d385fea5a93112/library/std/src/sys_common/backtrace.rs:170:18
[INFO] [stdout]   17:     0x5571db3d2d52 - rust_begin_unwind
[INFO] [stdout]                                at /rustc/82e1608dfa6e0b5569232559e3d385fea5a93112/library/std/src/panicking.rs:645:5
[INFO] [stdout]   18:     0x5571daba7a35 - core::panicking::panic_fmt::hbf0e066aabfa482c
[INFO] [stdout]                                at /rustc/82e1608dfa6e0b5569232559e3d385fea5a93112/library/core/src/panicking.rs:72:14
[INFO] [stdout]   19:     0x5571daba8063 - core::result::unwrap_failed::hddb4fea594200c52
[INFO] [stdout]                                at /rustc/82e1608dfa6e0b5569232559e3d385fea5a93112/library/core/src/result.rs:1653:5
[INFO] [stdout]   20:     0x5571dabb91ed - core::result::Result<T,E>::unwrap::h1d52719446c7be81
[INFO] [stdout]                                at /rustc/82e1608dfa6e0b5569232559e3d385fea5a93112/library/core/src/result.rs:1077:23
[INFO] [stdout]   21:     0x5571dabcc137 - jencli::cache::tests::cache_should_be_saved_and_loaded::h1eafa979f71ac1fa
[INFO] [stdout]                                at /opt/rustwide/workdir/src/cache/mod.rs:67:9
[INFO] [stdout]   22:     0x5571dabcbf07 - jencli::cache::tests::cache_should_be_saved_and_loaded::{{closure}}::h5bdeef90a3be4652
[INFO] [stdout]                                at /opt/rustwide/workdir/src/cache/mod.rs:61:42
[INFO] [stdout]   23:     0x5571dabd98c6 - core::ops::function::FnOnce::call_once::h731344df6fc53424
[INFO] [stdout]                                at /rustc/82e1608dfa6e0b5569232559e3d385fea5a93112/library/core/src/ops/function.rs:250:5
[INFO] [stdout]   24:     0x5571dac16b1f - core::ops::function::FnOnce::call_once::h2b5d431d5046312d
[INFO] [stdout]                                at /rustc/82e1608dfa6e0b5569232559e3d385fea5a93112/library/core/src/ops/function.rs:250:5
[INFO] [stdout]   25:     0x5571dac16b1f - test::__rust_begin_short_backtrace::h7714669af176e207
[INFO] [stdout]                                at /rustc/82e1608dfa6e0b5569232559e3d385fea5a93112/library/test/src/lib.rs:628:18
[INFO] [stdout]   26:     0x5571dac15b35 - test::run_test_in_process::{{closure}}::h85218797dcbcec12
[INFO] [stdout]                                at /rustc/82e1608dfa6e0b5569232559e3d385fea5a93112/library/test/src/lib.rs:651:60
[INFO] [stdout]   27:     0x5571dac15b35 - <core::panic::unwind_safe::AssertUnwindSafe<F> as core::ops::function::FnOnce<()>>::call_once::h76c106ea31c14d7b
[INFO] [stdout]                                at /rustc/82e1608dfa6e0b5569232559e3d385fea5a93112/library/core/src/panic/unwind_safe.rs:272:9
[INFO] [stdout]   28:     0x5571dac15b35 - std::panicking::try::do_call::h3bd5d0f6620ee946
[INFO] [stdout]                                at /rustc/82e1608dfa6e0b5569232559e3d385fea5a93112/library/std/src/panicking.rs:552:40
[INFO] [stdout]   29:     0x5571dac15b35 - std::panicking::try::h232e535e4744fe31
[INFO] [stdout]                                at /rustc/82e1608dfa6e0b5569232559e3d385fea5a93112/library/std/src/panicking.rs:516:19
[INFO] [stdout]   30:     0x5571dac15b35 - std::panic::catch_unwind::h3ce3bd6ca8dbac68
[INFO] [stdout]                                at /rustc/82e1608dfa6e0b5569232559e3d385fea5a93112/library/std/src/panic.rs:142:14
[INFO] [stdout]   31:     0x5571dac15b35 - test::run_test_in_process::hc97b257c9621286a
[INFO] [stdout]                                at /rustc/82e1608dfa6e0b5569232559e3d385fea5a93112/library/test/src/lib.rs:651:27
[INFO] [stdout]   32:     0x5571dac15b35 - test::run_test::{{closure}}::h2aa798823a438d38
[INFO] [stdout]                                at /rustc/82e1608dfa6e0b5569232559e3d385fea5a93112/library/test/src/lib.rs:574:43
[INFO] [stdout]   33:     0x5571dabdddf6 - test::run_test::{{closure}}::h87d231c78fb59832
[INFO] [stdout]                                at /rustc/82e1608dfa6e0b5569232559e3d385fea5a93112/library/test/src/lib.rs:602:41
[INFO] [stdout]   34:     0x5571dabdddf6 - std::sys_common::backtrace::__rust_begin_short_backtrace::he6df152596625789
[INFO] [stdout]                                at /rustc/82e1608dfa6e0b5569232559e3d385fea5a93112/library/std/src/sys_common/backtrace.rs:154:18
[INFO] [stdout]   35:     0x5571dabe2ea7 - std::thread::Builder::spawn_unchecked_::{{closure}}::{{closure}}::ha94be15d1e0acf36
[INFO] [stdout]                                at /rustc/82e1608dfa6e0b5569232559e3d385fea5a93112/library/std/src/thread/mod.rs:529:17
[INFO] [stdout]   36:     0x5571dabe2ea7 - <core::panic::unwind_safe::AssertUnwindSafe<F> as core::ops::function::FnOnce<()>>::call_once::h9dc6bd6372f16606
[INFO] [stdout]                                at /rustc/82e1608dfa6e0b5569232559e3d385fea5a93112/library/core/src/panic/unwind_safe.rs:272:9
[INFO] [stdout]   37:     0x5571dabe2ea7 - std::panicking::try::do_call::h9057517f80303cd4
[INFO] [stdout]                                at /rustc/82e1608dfa6e0b5569232559e3d385fea5a93112/library/std/src/panicking.rs:552:40
[INFO] [stdout]   38:     0x5571dabe2ea7 - std::panicking::try::he3a30b11ee45340c
[INFO] [stdout]                                at /rustc/82e1608dfa6e0b5569232559e3d385fea5a93112/library/std/src/panicking.rs:516:19
[INFO] [stdout]   39:     0x5571dabe2ea7 - std::panic::catch_unwind::h410458cfd3528b8b
[INFO] [stdout]                                at /rustc/82e1608dfa6e0b5569232559e3d385fea5a93112/library/std/src/panic.rs:142:14
[INFO] [stdout]   40:     0x5571dabe2ea7 - std::thread::Builder::spawn_unchecked_::{{closure}}::h72ac3bdb567b737b
[INFO] [stdout]                                at /rustc/82e1608dfa6e0b5569232559e3d385fea5a93112/library/std/src/thread/mod.rs:528:30
[INFO] [stdout]   41:     0x5571dabe2ea7 - core::ops::function::FnOnce::call_once{{vtable.shim}}::h38f34da3654a8344
[INFO] [stdout]                                at /rustc/82e1608dfa6e0b5569232559e3d385fea5a93112/library/core/src/ops/function.rs:250:5
[INFO] [stdout]   42:     0x5571db3d8935 - <alloc::boxed::Box<F,A> as core::ops::function::FnOnce<Args>>::call_once::hc7eafaff61e32df9
[INFO] [stdout]                                at /rustc/82e1608dfa6e0b5569232559e3d385fea5a93112/library/alloc/src/boxed.rs:2007:9
[INFO] [stdout]   43:     0x5571db3d8935 - <alloc::boxed::Box<F,A> as core::ops::function::FnOnce<Args>>::call_once::h6ba4a5de48dd2304
[INFO] [stdout]                                at /rustc/82e1608dfa6e0b5569232559e3d385fea5a93112/library/alloc/src/boxed.rs:2007:9
[INFO] [stdout]   44:     0x5571db3d8935 - std::sys::unix::thread::Thread::new::thread_start::he469335aef763e45
[INFO] [stdout]                                at /rustc/82e1608dfa6e0b5569232559e3d385fea5a93112/library/std/src/sys/unix/thread.rs:108:17
[INFO] [stdout]   45:     0x7f4b93290ac3 - <unknown>
[INFO] [stdout]   46:     0x7f4b93321bf4 - __clone
[INFO] [stdout]   47:                0x0 - <unknown>
[INFO] [stdout] 
[INFO] [stdout] 
[INFO] [stdout] failures:
[INFO] [stdout]     cache::tests::cache_should_be_saved_and_loaded
[INFO] [stdout] 
[INFO] [stdout] test result: FAILED. 3 passed; 1 failed; 1 ignored; 0 measured; 0 filtered out; finished in 0.08s
[INFO] [stdout] 
[INFO] [stderr] error: test failed, to rerun pass `--bin jencli`
[INFO] running `Command { std: "docker" "inspect" "bc6df94ef7f7b8827f7bc6445154053f7655d6922ba03d932a1989fafc09b9ec", kill_on_drop: false }`
[INFO] running `Command { std: "docker" "rm" "-f" "bc6df94ef7f7b8827f7bc6445154053f7655d6922ba03d932a1989fafc09b9ec", kill_on_drop: false }`
[INFO] [stdout] bc6df94ef7f7b8827f7bc6445154053f7655d6922ba03d932a1989fafc09b9ec
[INFO] testing lebe-dev/jencli against beta-2023-12-22 for beta-1.76-1
[INFO] running `Command { std: "git" "clone" "/workspace/cache/git-repos/https%3A%2F%2Fgithub.com%2Flebe-dev%2Fjencli" "/workspace/builds/worker-4-tc2/source", kill_on_drop: false }`
[INFO] [stderr] Cloning into '/workspace/builds/worker-4-tc2/source'...
[INFO] [stderr] done.
[INFO] validating manifest of git repo https://github.com/lebe-dev/jencli on toolchain beta-2023-12-22
[INFO] running `Command { std: CARGO_HOME="/workspace/cargo-home" RUSTUP_HOME="/workspace/rustup-home" "/workspace/cargo-home/bin/cargo" "+beta-2023-12-22" "metadata" "--manifest-path" "Cargo.toml" "--no-deps", kill_on_drop: false }`
[INFO] removed /workspace/builds/worker-4-tc2/source/.cargo/config
[INFO] started tweaking git repo https://github.com/lebe-dev/jencli
[INFO] finished tweaking git repo https://github.com/lebe-dev/jencli
[INFO] tweaked toml for git repo https://github.com/lebe-dev/jencli written to /workspace/builds/worker-4-tc2/source/Cargo.toml
[INFO] crate git repo https://github.com/lebe-dev/jencli already has a lockfile, it will not be regenerated
[INFO] running `Command { std: CARGO_HOME="/workspace/cargo-home" RUSTUP_HOME="/workspace/rustup-home" "/workspace/cargo-home/bin/cargo" "+beta-2023-12-22" "fetch" "--manifest-path" "Cargo.toml", kill_on_drop: false }`
[INFO] running `Command { std: "docker" "create" "-v" "/var/lib/crater-agent-workspace/builds/worker-4-tc2/target:/opt/rustwide/target:rw,Z" "-v" "/var/lib/crater-agent-workspace/builds/worker-4-tc2/source:/opt/rustwide/workdir:ro,Z" "-v" "/var/lib/crater-agent-workspace/cargo-home:/opt/rustwide/cargo-home:ro,Z" "-v" "/var/lib/crater-agent-workspace/rustup-home:/opt/rustwide/rustup-home:ro,Z" "-e" "SOURCE_DIR=/opt/rustwide/workdir" "-e" "CARGO_TARGET_DIR=/opt/rustwide/target" "-e" "CARGO_HOME=/opt/rustwide/cargo-home" "-e" "RUSTUP_HOME=/opt/rustwide/rustup-home" "-w" "/opt/rustwide/workdir" "-m" "1610612736" "--user" "0:0" "--network" "none" "ghcr.io/rust-lang/crates-build-env/linux@sha256:2788e3201cd34a07e3172128adcd8b3090168a8e3bcc40d7c032b9dda1df7d1c" "/opt/rustwide/cargo-home/bin/cargo" "+beta-2023-12-22" "metadata" "--no-deps" "--format-version=1", kill_on_drop: false }`
[INFO] [stdout] 2f45480facce76aca73b1df9a7cba668b97c117f958fba9ab5fa89b24a61b493
[INFO] running `Command { std: "docker" "start" "-a" "2f45480facce76aca73b1df9a7cba668b97c117f958fba9ab5fa89b24a61b493", kill_on_drop: false }`
[INFO] running `Command { std: "docker" "inspect" "2f45480facce76aca73b1df9a7cba668b97c117f958fba9ab5fa89b24a61b493", kill_on_drop: false }`
[INFO] running `Command { std: "docker" "rm" "-f" "2f45480facce76aca73b1df9a7cba668b97c117f958fba9ab5fa89b24a61b493", kill_on_drop: false }`
[INFO] [stdout] 2f45480facce76aca73b1df9a7cba668b97c117f958fba9ab5fa89b24a61b493
[INFO] running `Command { std: "docker" "create" "-v" "/var/lib/crater-agent-workspace/builds/worker-4-tc2/target:/opt/rustwide/target:rw,Z" "-v" "/var/lib/crater-agent-workspace/builds/worker-4-tc2/source:/opt/rustwide/workdir:ro,Z" "-v" "/var/lib/crater-agent-workspace/cargo-home:/opt/rustwide/cargo-home:ro,Z" "-v" "/var/lib/crater-agent-workspace/rustup-home:/opt/rustwide/rustup-home:ro,Z" "-e" "SOURCE_DIR=/opt/rustwide/workdir" "-e" "CARGO_TARGET_DIR=/opt/rustwide/target" "-e" "CARGO_INCREMENTAL=0" "-e" "RUST_BACKTRACE=full" "-e" "RUSTFLAGS=--cap-lints=warn" "-e" "RUSTDOCFLAGS=--cap-lints=warn" "-e" "CARGO_HOME=/opt/rustwide/cargo-home" "-e" "RUSTUP_HOME=/opt/rustwide/rustup-home" "-w" "/opt/rustwide/workdir" "-m" "1610612736" "--user" "0:0" "--network" "none" "ghcr.io/rust-lang/crates-build-env/linux@sha256:2788e3201cd34a07e3172128adcd8b3090168a8e3bcc40d7c032b9dda1df7d1c" "/opt/rustwide/cargo-home/bin/cargo" "+beta-2023-12-22" "build" "--frozen" "--message-format=json", kill_on_drop: false }`
[INFO] [stdout] 3d4b0cf2fb1c30594074d7835254b72e6aadc771ec2ab6dd7eab6a95c11c7d92
[INFO] running `Command { std: "docker" "start" "-a" "3d4b0cf2fb1c30594074d7835254b72e6aadc771ec2ab6dd7eab6a95c11c7d92", kill_on_drop: false }`
[INFO] [stderr]    Compiling libc v0.2.147
[INFO] [stderr]    Compiling once_cell v1.18.0
[INFO] [stderr]    Compiling proc-macro2 v1.0.66
[INFO] [stderr]    Compiling unicode-ident v1.0.11
[INFO] [stderr]    Compiling serde v1.0.181
[INFO] [stderr]    Compiling serde_derive v1.0.181
[INFO] [stderr]    Compiling version_check v0.9.4
[INFO] [stderr]    Compiling pin-project-lite v0.2.10
[INFO] [stderr]    Compiling itoa v1.0.9
[INFO] [stderr]    Compiling bytes v1.4.0
[INFO] [stderr]    Compiling tokio v1.29.1
[INFO] [stderr]    Compiling futures-core v0.3.28
[INFO] [stderr]    Compiling ahash v0.7.6
[INFO] [stderr]    Compiling pkg-config v0.3.27
[INFO] [stderr]    Compiling indexmap v1.9.3
[INFO] [stderr]    Compiling thiserror v1.0.44
[INFO] [stderr]    Compiling spin v0.5.2
[INFO] [stderr]    Compiling untrusted v0.7.1
[INFO] [stderr]    Compiling slab v0.4.8
[INFO] [stderr]    Compiling futures-task v0.3.28
[INFO] [stderr]    Compiling tracing-core v0.1.31
[INFO] [stderr]    Compiling futures-util v0.3.28
[INFO] [stderr]    Compiling quote v1.0.32
[INFO] [stderr]    Compiling cc v1.0.81
[INFO] [stderr]    Compiling getrandom v0.2.10
[INFO] [stderr]    Compiling num_cpus v1.16.0
[INFO] [stderr]    Compiling socket2 v0.4.9
[INFO] [stderr]    Compiling syn v2.0.28
[INFO] [stderr]    Compiling hashbrown v0.12.3
[INFO] [stderr]    Compiling mio v0.8.8
[INFO] [stderr]    Compiling tracing v0.1.37
[INFO] [stderr]    Compiling http v0.2.9
[INFO] [stderr]    Compiling num-traits v0.2.16
[INFO] [stderr]    Compiling rustix v0.38.6
[INFO] [stderr]    Compiling openssl v0.10.55
[INFO] [stderr]    Compiling futures-channel v0.3.28
[INFO] [stderr]    Compiling ryu v1.0.15
[INFO] [stderr]    Compiling ring v0.16.20
[INFO] [stderr]    Compiling openssl-sys v0.9.90
[INFO] [stderr]    Compiling futures-io v0.3.28
[INFO] [stderr]    Compiling futures-sink v0.3.28
[INFO] [stderr]    Compiling ucd-trie v0.1.6
[INFO] [stderr]    Compiling log v0.4.19
[INFO] [stderr]    Compiling try-lock v0.2.4
[INFO] [stderr]    Compiling linux-raw-sys v0.4.5
[INFO] [stderr]    Compiling bitflags v2.3.3
[INFO] [stderr]    Compiling native-tls v0.2.11
[INFO] [stderr]    Compiling rustls v0.21.6
[INFO] [stderr]    Compiling serde_json v1.0.104
[INFO] [stderr]    Compiling tinyvec_macros v0.1.1
[INFO] [stderr]    Compiling tinyvec v1.6.0
[INFO] [stderr]    Compiling want v0.3.1
[INFO] [stderr]    Compiling http-body v0.4.5
[INFO] [stderr]    Compiling lock_api v0.4.10
[INFO] [stderr]    Compiling linked-hash-map v0.5.6
[INFO] [stderr]    Compiling syn v1.0.109
[INFO] [stderr]    Compiling parking_lot_core v0.9.8
[INFO] [stderr]    Compiling percent-encoding v2.3.0
[INFO] [stderr]    Compiling utf8parse v0.2.1
[INFO] [stderr]    Compiling form_urlencoded v1.2.0
[INFO] [stderr]    Compiling anstyle-parse v0.2.1
[INFO] [stderr]    Compiling yaml-rust v0.4.5
[INFO] [stderr]    Compiling unicode-normalization v0.1.22
[INFO] [stderr]    Compiling is-terminal v0.4.9
[INFO] [stderr]    Compiling async-trait v0.1.72
[INFO] [stderr]    Compiling destructure_traitobject v0.2.0
[INFO] [stderr]    Compiling tokio-util v0.7.8
[INFO] [stderr]    Compiling smallvec v1.11.0
[INFO] [stderr]    Compiling anstyle-query v1.0.0
[INFO] [stderr]    Compiling unicode-bidi v0.3.13
[INFO] [stderr]    Compiling anstyle v1.0.1
[INFO] [stderr]    Compiling scopeguard v1.2.0
[INFO] [stderr]    Compiling dlv-list v0.3.0
[INFO] [stderr]    Compiling colorchoice v1.0.0
[INFO] [stderr]    Compiling anyhow v1.0.72
[INFO] [stderr]    Compiling ordered-multimap v0.4.3
[INFO] [stderr]    Compiling anstream v0.3.2
[INFO] [stderr]    Compiling idna v0.4.0
[INFO] [stderr]    Compiling unsafe-any-ors v1.0.0
[INFO] [stderr]    Compiling ordered-float v2.10.0
[INFO] [stderr]    Compiling time v0.1.45
[INFO] [stderr]    Compiling thiserror-impl v1.0.44
[INFO] [stderr]    Compiling futures-macro v0.3.28
[INFO] [stderr]    Compiling openssl-macros v0.1.1
[INFO] [stderr]    Compiling iana-time-zone v0.1.57
[INFO] [stderr]    Compiling strsim v0.10.0
[INFO] [stderr]    Compiling minimal-lexical v0.2.1
[INFO] [stderr]    Compiling sct v0.7.0
[INFO] [stderr]    Compiling rustls-webpki v0.101.2
[INFO] [stderr]    Compiling webpki v0.22.0
[INFO] [stderr]    Compiling base64 v0.21.2
[INFO] [stderr]    Compiling pest v2.7.2
[INFO] [stderr]    Compiling clap_lex v0.5.0
[INFO] [stderr]    Compiling base64 v0.13.1
[INFO] [stderr]    Compiling clap_builder v4.3.19
[INFO] [stderr]    Compiling ron v0.7.1
[INFO] [stderr]    Compiling rustls-pemfile v1.0.3
[INFO] [stderr]    Compiling pest_meta v2.7.2
[INFO] [stderr]    Compiling webpki-roots v0.22.6
[INFO] [stderr]    Compiling nom v7.1.3
[INFO] [stderr]    Compiling h2 v0.3.20
[INFO] [stderr]    Compiling pest_generator v2.7.2
[INFO] [stderr]    Compiling tokio-rustls v0.24.1
[INFO] [stderr]    Compiling derivative v2.2.0
[INFO] [stderr]    Compiling tokio-native-tls v0.3.1
[INFO] [stderr]    Compiling pest_derive v2.7.2
[INFO] [stderr]    Compiling chrono v0.4.26
[INFO] [stderr]    Compiling serde-value v0.7.0
[INFO] [stderr]    Compiling json5 v0.4.1
[INFO] [stderr]    Compiling url v2.4.0
[INFO] [stderr]    Compiling hyper v0.14.27
[INFO] [stderr]    Compiling parking_lot v0.12.1
[INFO] [stderr]    Compiling typemap-ors v1.0.0
[INFO] [stderr]    Compiling rust-ini v0.18.0
[INFO] [stderr]    Compiling serde_yaml v0.8.26
[INFO] [stderr]    Compiling serde_urlencoded v0.7.1
[INFO] [stderr]    Compiling toml v0.5.11
[INFO] [stderr]    Compiling thread-id v4.1.0
[INFO] [stderr]    Compiling encoding_rs v0.8.32
[INFO] [stderr]    Compiling lazy_static v1.4.0
[INFO] [stderr]    Compiling log-mdc v0.1.0
[INFO] [stderr]    Compiling arc-swap v1.6.0
[INFO] [stderr]    Compiling mime v0.3.17
[INFO] [stderr]    Compiling humantime v2.1.0
[INFO] [stderr]    Compiling pathdiff v0.2.1
[INFO] [stderr]    Compiling ipnet v2.8.0
[INFO] [stderr]    Compiling config v0.13.3
[INFO] [stderr]    Compiling log4rs v1.2.0
[INFO] [stderr]    Compiling clap v4.3.19
[INFO] [stderr]    Compiling void v1.0.2
[INFO] [stderr]    Compiling urlencoding v2.1.3
[INFO] [stderr]    Compiling hyper-rustls v0.24.1
[INFO] [stderr]    Compiling hyper-tls v0.5.0
[INFO] [stderr]    Compiling reqwest v0.11.18
[INFO] [stderr]    Compiling jencli v0.4.0 (/opt/rustwide/workdir)
[INFO] [stdout] warning: fields `number` and `url` are never read
[INFO] [stdout]    --> src/jenkins/build.rs:109:9
[INFO] [stdout]     |
[INFO] [stdout] 108 | struct JenkinsBuildInfo {
[INFO] [stdout]     |        ---------------- fields in this struct
[INFO] [stdout] 109 |     pub number: u32,
[INFO] [stdout]     |         ^^^^^^
[INFO] [stdout] 110 |     pub url: String,
[INFO] [stdout]     |         ^^^
[INFO] [stdout]     |
[INFO] [stdout]     = note: `JenkinsBuildInfo` has derived impls for the traits `Clone` and `Debug`, but these are intentionally ignored during dead code analysis
[INFO] [stdout]     = note: `#[warn(dead_code)]` on by default
[INFO] [stdout] 
[INFO] [stdout] 
[INFO] [stdout] warning: 1 warning emitted
[INFO] [stdout] 
[INFO] [stdout] 
[INFO] [stderr]     Finished dev [unoptimized + debuginfo] target(s) in 35.35s
[INFO] running `Command { std: "docker" "inspect" "3d4b0cf2fb1c30594074d7835254b72e6aadc771ec2ab6dd7eab6a95c11c7d92", kill_on_drop: false }`
[INFO] running `Command { std: "docker" "rm" "-f" "3d4b0cf2fb1c30594074d7835254b72e6aadc771ec2ab6dd7eab6a95c11c7d92", kill_on_drop: false }`
[INFO] [stdout] 3d4b0cf2fb1c30594074d7835254b72e6aadc771ec2ab6dd7eab6a95c11c7d92
[INFO] running `Command { std: "docker" "create" "-v" "/var/lib/crater-agent-workspace/builds/worker-4-tc2/target:/opt/rustwide/target:rw,Z" "-v" "/var/lib/crater-agent-workspace/builds/worker-4-tc2/source:/opt/rustwide/workdir:ro,Z" "-v" "/var/lib/crater-agent-workspace/cargo-home:/opt/rustwide/cargo-home:ro,Z" "-v" "/var/lib/crater-agent-workspace/rustup-home:/opt/rustwide/rustup-home:ro,Z" "-e" "SOURCE_DIR=/opt/rustwide/workdir" "-e" "CARGO_TARGET_DIR=/opt/rustwide/target" "-e" "CARGO_INCREMENTAL=0" "-e" "RUST_BACKTRACE=full" "-e" "RUSTFLAGS=--cap-lints=warn" "-e" "RUSTDOCFLAGS=--cap-lints=warn" "-e" "CARGO_HOME=/opt/rustwide/cargo-home" "-e" "RUSTUP_HOME=/opt/rustwide/rustup-home" "-w" "/opt/rustwide/workdir" "-m" "1610612736" "--user" "0:0" "--network" "none" "ghcr.io/rust-lang/crates-build-env/linux@sha256:2788e3201cd34a07e3172128adcd8b3090168a8e3bcc40d7c032b9dda1df7d1c" "/opt/rustwide/cargo-home/bin/cargo" "+beta-2023-12-22" "test" "--frozen" "--no-run" "--message-format=json", kill_on_drop: false }`
[INFO] [stdout] 516b1f0412ab53a318822fc2d2c992928e87ec6362d0775b6bf18409d1655f85
[INFO] running `Command { std: "docker" "start" "-a" "516b1f0412ab53a318822fc2d2c992928e87ec6362d0775b6bf18409d1655f85", kill_on_drop: false }`
[INFO] [stderr]    Compiling getrandom v0.2.10
[INFO] [stderr]    Compiling ppv-lite86 v0.2.17
[INFO] [stderr]    Compiling unidecode v0.3.0
[INFO] [stderr]    Compiling ahash v0.7.6
[INFO] [stderr]    Compiling rand_core v0.6.4
[INFO] [stderr]    Compiling hashbrown v0.12.3
[INFO] [stderr]    Compiling rand_chacha v0.3.1
[INFO] [stderr]    Compiling rand v0.8.5
[INFO] [stderr]    Compiling indexmap v1.9.3
[INFO] [stderr]    Compiling ordered-multimap v0.4.3
[INFO] [stderr]    Compiling rust-ini v0.18.0
[INFO] [stderr]    Compiling config v0.13.3
[INFO] [stderr]    Compiling h2 v0.3.20
[INFO] [stderr]    Compiling serde_yaml v0.8.26
[INFO] [stderr]    Compiling fake v2.6.1
[INFO] [stderr]    Compiling log4rs v1.2.0
[INFO] [stderr]    Compiling hyper v0.14.27
[INFO] [stderr]    Compiling hyper-tls v0.5.0
[INFO] [stderr]    Compiling hyper-rustls v0.24.1
[INFO] [stderr]    Compiling reqwest v0.11.18
[INFO] [stderr]    Compiling jencli v0.4.0 (/opt/rustwide/workdir)
[INFO] [stdout] warning: fields `number` and `url` are never read
[INFO] [stdout]    --> src/jenkins/build.rs:109:9
[INFO] [stdout]     |
[INFO] [stdout] 108 | struct JenkinsBuildInfo {
[INFO] [stdout]     |        ---------------- fields in this struct
[INFO] [stdout] 109 |     pub number: u32,
[INFO] [stdout]     |         ^^^^^^
[INFO] [stdout] 110 |     pub url: String,
[INFO] [stdout]     |         ^^^
[INFO] [stdout]     |
[INFO] [stdout]     = note: `JenkinsBuildInfo` has derived impls for the traits `Clone` and `Debug`, but these are intentionally ignored during dead code analysis
[INFO] [stdout]     = note: `#[warn(dead_code)]` on by default
[INFO] [stdout] 
[INFO] [stdout] 
[INFO] [stdout] warning: 1 warning emitted
[INFO] [stdout] 
[INFO] [stdout] 
[INFO] [stderr]     Finished test [unoptimized + debuginfo] target(s) in 17.63s
[INFO] running `Command { std: "docker" "inspect" "516b1f0412ab53a318822fc2d2c992928e87ec6362d0775b6bf18409d1655f85", kill_on_drop: false }`
[INFO] running `Command { std: "docker" "rm" "-f" "516b1f0412ab53a318822fc2d2c992928e87ec6362d0775b6bf18409d1655f85", kill_on_drop: false }`
[INFO] [stdout] 516b1f0412ab53a318822fc2d2c992928e87ec6362d0775b6bf18409d1655f85
[INFO] running `Command { std: "docker" "create" "-v" "/var/lib/crater-agent-workspace/builds/worker-4-tc2/target:/opt/rustwide/target:rw,Z" "-v" "/var/lib/crater-agent-workspace/builds/worker-4-tc2/source:/opt/rustwide/workdir:ro,Z" "-v" "/var/lib/crater-agent-workspace/cargo-home:/opt/rustwide/cargo-home:ro,Z" "-v" "/var/lib/crater-agent-workspace/rustup-home:/opt/rustwide/rustup-home:ro,Z" "-e" "SOURCE_DIR=/opt/rustwide/workdir" "-e" "CARGO_TARGET_DIR=/opt/rustwide/target" "-e" "CARGO_INCREMENTAL=0" "-e" "RUST_BACKTRACE=full" "-e" "RUSTFLAGS=--cap-lints=warn" "-e" "RUSTDOCFLAGS=--cap-lints=warn" "-e" "CARGO_HOME=/opt/rustwide/cargo-home" "-e" "RUSTUP_HOME=/opt/rustwide/rustup-home" "-w" "/opt/rustwide/workdir" "-m" "1610612736" "--user" "0:0" "--network" "none" "ghcr.io/rust-lang/crates-build-env/linux@sha256:2788e3201cd34a07e3172128adcd8b3090168a8e3bcc40d7c032b9dda1df7d1c" "/opt/rustwide/cargo-home/bin/cargo" "+beta-2023-12-22" "test" "--frozen", kill_on_drop: false }`
[INFO] [stdout] 5210421bcbaed6b30e71725406c5a0742f5406ac05e823fc82a874d7661927b5
[INFO] running `Command { std: "docker" "start" "-a" "5210421bcbaed6b30e71725406c5a0742f5406ac05e823fc82a874d7661927b5", kill_on_drop: false }`
[INFO] [stderr] warning: fields `number` and `url` are never read
[INFO] [stderr]    --> src/jenkins/build.rs:109:9
[INFO] [stderr]     |
[INFO] [stderr] 108 | struct JenkinsBuildInfo {
[INFO] [stderr]     |        ---------------- fields in this struct
[INFO] [stderr] 109 |     pub number: u32,
[INFO] [stderr]     |         ^^^^^^
[INFO] [stderr] 110 |     pub url: String,
[INFO] [stderr]     |         ^^^
[INFO] [stderr]     |
[INFO] [stderr]     = note: `JenkinsBuildInfo` has derived impls for the traits `Clone` and `Debug`, but these are intentionally ignored during dead code analysis
[INFO] [stderr]     = note: `#[warn(dead_code)]` on by default
[INFO] [stderr] 
[INFO] [stderr] warning: `jencli` (bin "jencli" test) generated 1 warning
[INFO] [stderr]     Finished test [unoptimized + debuginfo] target(s) in 0.16s
[INFO] [stderr]      Running unittests src/main.rs (/opt/rustwide/target/debug/deps/jencli-de15c8c9651b3379)
[INFO] [stdout] 
[INFO] [stdout] running 5 tests
[INFO] [stdout] test jenkins::list::tests::job_list_should_be_returned ... ignored
[INFO] [stdout] test jenkins::build::params_deserialization_tests::test_for_string ... ok
[INFO] [stdout] test jenkins::build::params_deserialization_tests::test_for_boolean ... ok
[INFO] [stdout] test config::file::tests::config_should_be_loaded ... ok
[INFO] [stdout] test cache::tests::cache_should_be_saved_and_loaded ... FAILED
[INFO] [stdout] 
[INFO] [stdout] failures:
[INFO] [stdout] 
[INFO] [stdout] ---- cache::tests::cache_should_be_saved_and_loaded stdout ----
[INFO] [stdout] thread 'cache::tests::cache_should_be_saved_and_loaded' panicked at src/cache/mod.rs:67:67:
[INFO] [stdout] called `Result::unwrap()` on an `Err` value: Read-only file system (os error 30)
[INFO] [stdout] stack backtrace:
[INFO] [stdout]    0:     0x560a3872ac36 - std::backtrace_rs::backtrace::libunwind::trace::h261606ad26a499c1
[INFO] [stdout]                                at /rustc/0e09125c6c3c2fd70d7de961bcf0e51575235fad/library/std/src/../../backtrace/src/backtrace/libunwind.rs:104:5
[INFO] [stdout]    1:     0x560a3872ac36 - std::backtrace_rs::backtrace::trace_unsynchronized::hd183f0625477fb28
[INFO] [stdout]                                at /rustc/0e09125c6c3c2fd70d7de961bcf0e51575235fad/library/std/src/../../backtrace/src/backtrace/mod.rs:66:5
[INFO] [stdout]    2:     0x560a3872ac36 - std::sys_common::backtrace::_print_fmt::hd7f8fef21b4eda67
[INFO] [stdout]                                at /rustc/0e09125c6c3c2fd70d7de961bcf0e51575235fad/library/std/src/sys_common/backtrace.rs:68:5
[INFO] [stdout]    3:     0x560a3872ac36 - <std::sys_common::backtrace::_print::DisplayBacktrace as core::fmt::Display>::fmt::h623d9b51f2f453f1
[INFO] [stdout]                                at /rustc/0e09125c6c3c2fd70d7de961bcf0e51575235fad/library/std/src/sys_common/backtrace.rs:44:22
[INFO] [stdout]    4:     0x560a38758730 - core::fmt::rt::Argument::fmt::h9f417ac76a86f368
[INFO] [stdout]                                at /rustc/0e09125c6c3c2fd70d7de961bcf0e51575235fad/library/core/src/fmt/rt.rs:142:9
[INFO] [stdout]    5:     0x560a38758730 - core::fmt::write::hc9b6faf4ac2aeff7
[INFO] [stdout]                                at /rustc/0e09125c6c3c2fd70d7de961bcf0e51575235fad/library/core/src/fmt/mod.rs:1120:17
[INFO] [stdout]    6:     0x560a38727b2f - std::io::Write::write_fmt::he04625a3a989fec3
[INFO] [stdout]                                at /rustc/0e09125c6c3c2fd70d7de961bcf0e51575235fad/library/std/src/io/mod.rs:1810:15
[INFO] [stdout]    7:     0x560a3872aa14 - std::sys_common::backtrace::_print::hd5d66399c7df88a2
[INFO] [stdout]                                at /rustc/0e09125c6c3c2fd70d7de961bcf0e51575235fad/library/std/src/sys_common/backtrace.rs:47:5
[INFO] [stdout]    8:     0x560a3872aa14 - std::sys_common::backtrace::print::he81ed2da642d37e5
[INFO] [stdout]                                at /rustc/0e09125c6c3c2fd70d7de961bcf0e51575235fad/library/std/src/sys_common/backtrace.rs:34:9
[INFO] [stdout]    9:     0x560a3872c787 - std::panicking::default_hook::{{closure}}::h85773f4fa117163d
[INFO] [stdout]   10:     0x560a3872c46d - std::panicking::default_hook::h6a1694a91d09b278
[INFO] [stdout]                                at /rustc/0e09125c6c3c2fd70d7de961bcf0e51575235fad/library/std/src/panicking.rs:289:9
[INFO] [stdout]   11:     0x560a37f6afc7 - <alloc::boxed::Box<F,A> as core::ops::function::Fn<Args>>::call::h616ac37fa3cd6c8f
[INFO] [stdout]                                at /rustc/0e09125c6c3c2fd70d7de961bcf0e51575235fad/library/alloc/src/boxed.rs:2029:9
[INFO] [stdout]   12:     0x560a37f6afc7 - test::test_main::{{closure}}::h00d84697cefdcbb6
[INFO] [stdout]                                at /rustc/0e09125c6c3c2fd70d7de961bcf0e51575235fad/library/test/src/lib.rs:138:21
[INFO] [stdout]   13:     0x560a3872cda6 - <alloc::boxed::Box<F,A> as core::ops::function::Fn<Args>>::call::hcb3fe3b9bb537ba8
[INFO] [stdout]                                at /rustc/0e09125c6c3c2fd70d7de961bcf0e51575235fad/library/alloc/src/boxed.rs:2029:9
[INFO] [stdout]   14:     0x560a3872cda6 - std::panicking::rust_panic_with_hook::h0a7ad96e90f7145b
[INFO] [stdout]                                at /rustc/0e09125c6c3c2fd70d7de961bcf0e51575235fad/library/std/src/panicking.rs:783:13
[INFO] [stdout]   15:     0x560a3872caf2 - std::panicking::begin_panic_handler::{{closure}}::h7919090525c6485e
[INFO] [stdout]                                at /rustc/0e09125c6c3c2fd70d7de961bcf0e51575235fad/library/std/src/panicking.rs:657:13
[INFO] [stdout]   16:     0x560a3872b136 - std::sys_common::backtrace::__rust_end_short_backtrace::hf3289479464f7dfe
[INFO] [stdout]                                at /rustc/0e09125c6c3c2fd70d7de961bcf0e51575235fad/library/std/src/sys_common/backtrace.rs:171:18
[INFO] [stdout]   17:     0x560a3872c850 - rust_begin_unwind
[INFO] [stdout]                                at /rustc/0e09125c6c3c2fd70d7de961bcf0e51575235fad/library/std/src/panicking.rs:645:5
[INFO] [stdout]   18:     0x560a37effa35 - core::panicking::panic_fmt::hcc9f77c5c132af55
[INFO] [stdout]                                at /rustc/0e09125c6c3c2fd70d7de961bcf0e51575235fad/library/core/src/panicking.rs:72:14
[INFO] [stdout]   19:     0x560a37f00073 - core::result::unwrap_failed::hbe14f498be1452f9
[INFO] [stdout]                                at /rustc/0e09125c6c3c2fd70d7de961bcf0e51575235fad/library/core/src/result.rs:1649:5
[INFO] [stdout]   20:     0x560a37f10a4d - core::result::Result<T,E>::unwrap::h012f8c16dfbfd418
[INFO] [stdout]                                at /rustc/0e09125c6c3c2fd70d7de961bcf0e51575235fad/library/core/src/result.rs:1073:23
[INFO] [stdout]   21:     0x560a37f29045 - jencli::cache::tests::cache_should_be_saved_and_loaded::hfc72219eff9a7df8
[INFO] [stdout]                                at /opt/rustwide/workdir/src/cache/mod.rs:67:9
[INFO] [stdout]   22:     0x560a37f28e17 - jencli::cache::tests::cache_should_be_saved_and_loaded::{{closure}}::h2cf8cacefdad0364
[INFO] [stdout]                                at /opt/rustwide/workdir/src/cache/mod.rs:61:42
[INFO] [stdout]   23:     0x560a37f2af56 - core::ops::function::FnOnce::call_once::hd3fdc7c28487b43d
[INFO] [stdout]                                at /rustc/0e09125c6c3c2fd70d7de961bcf0e51575235fad/library/core/src/ops/function.rs:250:5
[INFO] [stdout]   24:     0x560a37f7089f - core::ops::function::FnOnce::call_once::hd64d26f405258157
[INFO] [stdout]                                at /rustc/0e09125c6c3c2fd70d7de961bcf0e51575235fad/library/core/src/ops/function.rs:250:5
[INFO] [stdout]   25:     0x560a37f7089f - test::__rust_begin_short_backtrace::he21b0b7a6d731bf9
[INFO] [stdout]                                at /rustc/0e09125c6c3c2fd70d7de961bcf0e51575235fad/library/test/src/lib.rs:627:18
[INFO] [stdout]   26:     0x560a37f6f621 - test::run_test_in_process::{{closure}}::hf5c73986d7bdfde2
[INFO] [stdout]                                at /rustc/0e09125c6c3c2fd70d7de961bcf0e51575235fad/library/test/src/lib.rs:650:60
[INFO] [stdout]   27:     0x560a37f6f621 - <core::panic::unwind_safe::AssertUnwindSafe<F> as core::ops::function::FnOnce<()>>::call_once::h330011ad032aadc0
[INFO] [stdout]                                at /rustc/0e09125c6c3c2fd70d7de961bcf0e51575235fad/library/core/src/panic/unwind_safe.rs:272:9
[INFO] [stdout]   28:     0x560a37f6f621 - std::panicking::try::do_call::he61b0a958b795a41
[INFO] [stdout]                                at /rustc/0e09125c6c3c2fd70d7de961bcf0e51575235fad/library/std/src/panicking.rs:552:40
[INFO] [stdout]   29:     0x560a37f6f621 - std::panicking::try::h7309da130f906eb7
[INFO] [stdout]                                at /rustc/0e09125c6c3c2fd70d7de961bcf0e51575235fad/library/std/src/panicking.rs:516:19
[INFO] [stdout]   30:     0x560a37f6f621 - std::panic::catch_unwind::hc5c3a06fdaf0a92a
[INFO] [stdout]                                at /rustc/0e09125c6c3c2fd70d7de961bcf0e51575235fad/library/std/src/panic.rs:142:14
[INFO] [stdout]   31:     0x560a37f6f621 - test::run_test_in_process::h7e7b7c71c3324e0f
[INFO] [stdout]                                at /rustc/0e09125c6c3c2fd70d7de961bcf0e51575235fad/library/test/src/lib.rs:650:27
[INFO] [stdout]   32:     0x560a37f6f621 - test::run_test::{{closure}}::h1f509f28f5cf20b1
[INFO] [stdout]                                at /rustc/0e09125c6c3c2fd70d7de961bcf0e51575235fad/library/test/src/lib.rs:573:43
[INFO] [stdout]   33:     0x560a37f36956 - test::run_test::{{closure}}::h1754218abf443f6d
[INFO] [stdout]                                at /rustc/0e09125c6c3c2fd70d7de961bcf0e51575235fad/library/test/src/lib.rs:601:41
[INFO] [stdout]   34:     0x560a37f36956 - std::sys_common::backtrace::__rust_begin_short_backtrace::h2ee174b9d5954948
[INFO] [stdout]                                at /rustc/0e09125c6c3c2fd70d7de961bcf0e51575235fad/library/std/src/sys_common/backtrace.rs:155:18
[INFO] [stdout]   35:     0x560a37f3b9b7 - std::thread::Builder::spawn_unchecked_::{{closure}}::{{closure}}::hf60bee9c1a17ef09
[INFO] [stdout]                                at /rustc/0e09125c6c3c2fd70d7de961bcf0e51575235fad/library/std/src/thread/mod.rs:529:17
[INFO] [stdout]   36:     0x560a37f3b9b7 - <core::panic::unwind_safe::AssertUnwindSafe<F> as core::ops::function::FnOnce<()>>::call_once::h33d0dddec5216160
[INFO] [stdout]                                at /rustc/0e09125c6c3c2fd70d7de961bcf0e51575235fad/library/core/src/panic/unwind_safe.rs:272:9
[INFO] [stdout]   37:     0x560a37f3b9b7 - std::panicking::try::do_call::h144b3048b546f835
[INFO] [stdout]                                at /rustc/0e09125c6c3c2fd70d7de961bcf0e51575235fad/library/std/src/panicking.rs:552:40
[INFO] [stdout]   38:     0x560a37f3b9b7 - std::panicking::try::h978244d04646189f
[INFO] [stdout]                                at /rustc/0e09125c6c3c2fd70d7de961bcf0e51575235fad/library/std/src/panicking.rs:516:19
[INFO] [stdout]   39:     0x560a37f3b9b7 - std::panic::catch_unwind::hdf436369d188fe86
[INFO] [stdout]                                at /rustc/0e09125c6c3c2fd70d7de961bcf0e51575235fad/library/std/src/panic.rs:142:14
[INFO] [stdout]   40:     0x560a37f3b9b7 - std::thread::Builder::spawn_unchecked_::{{closure}}::h87329cbdd33c79ec
[INFO] [stdout]                                at /rustc/0e09125c6c3c2fd70d7de961bcf0e51575235fad/library/std/src/thread/mod.rs:528:30
[INFO] [stdout]   41:     0x560a37f3b9b7 - core::ops::function::FnOnce::call_once{{vtable.shim}}::h401abbe67897d450
[INFO] [stdout]                                at /rustc/0e09125c6c3c2fd70d7de961bcf0e51575235fad/library/core/src/ops/function.rs:250:5
[INFO] [stdout]   42:     0x560a38732465 - <alloc::boxed::Box<F,A> as core::ops::function::FnOnce<Args>>::call_once::h5d7c8f150ab9c84c
[INFO] [stdout]                                at /rustc/0e09125c6c3c2fd70d7de961bcf0e51575235fad/library/alloc/src/boxed.rs:2015:9
[INFO] [stdout]   43:     0x560a38732465 - <alloc::boxed::Box<F,A> as core::ops::function::FnOnce<Args>>::call_once::h570d5b005c242c15
[INFO] [stdout]                                at /rustc/0e09125c6c3c2fd70d7de961bcf0e51575235fad/library/alloc/src/boxed.rs:2015:9
[INFO] [stdout]   44:     0x560a38732465 - std::sys::unix::thread::Thread::new::thread_start::h36b0a20c0b2361ad
[INFO] [stdout]                                at /rustc/0e09125c6c3c2fd70d7de961bcf0e51575235fad/library/std/src/sys/unix/thread.rs:108:17
[INFO] [stdout]   45:     0x7f7278b9dac3 - <unknown>
[INFO] [stdout]   46:     0x7f7278c2ebf4 - __clone
[INFO] [stdout]   47:                0x0 - <unknown>
[INFO] [stdout] 
[INFO] [stdout] 
[INFO] [stdout] failures:
[INFO] [stdout]     cache::tests::cache_should_be_saved_and_loaded
[INFO] [stdout] 
[INFO] [stdout] test result: FAILED. 3 passed; 1 failed; 1 ignored; 0 measured; 0 filtered out; finished in 0.07s
[INFO] [stdout] 
[INFO] [stderr] error: test failed, to rerun pass `--bin jencli`
[INFO] running `Command { std: "docker" "inspect" "5210421bcbaed6b30e71725406c5a0742f5406ac05e823fc82a874d7661927b5", kill_on_drop: false }`
[INFO] running `Command { std: "docker" "rm" "-f" "5210421bcbaed6b30e71725406c5a0742f5406ac05e823fc82a874d7661927b5", kill_on_drop: false }`
[INFO] [stdout] 5210421bcbaed6b30e71725406c5a0742f5406ac05e823fc82a874d7661927b5
