[INFO] cloning repository https://github.com/kyrosle/t_dix
[INFO] running `Command { std: "git" "-c" "credential.helper=" "-c" "credential.helper=/workspace/cargo-home/bin/git-credential-null" "clone" "--bare" "https://github.com/kyrosle/t_dix" "/workspace/cache/git-repos/https%3A%2F%2Fgithub.com%2Fkyrosle%2Ft_dix", kill_on_drop: false }`
[INFO] [stderr] Cloning into bare repository '/workspace/cache/git-repos/https%3A%2F%2Fgithub.com%2Fkyrosle%2Ft_dix'...
[INFO] running `Command { std: "git" "rev-parse" "HEAD", kill_on_drop: false }`
[INFO] [stdout] 869bb52cabe4354e9d81ed66e7f54bac7fa2ecf5
[INFO] testing kyrosle/t_dix against 1.75.0 for beta-1.76-1
[INFO] running `Command { std: "git" "clone" "/workspace/cache/git-repos/https%3A%2F%2Fgithub.com%2Fkyrosle%2Ft_dix" "/workspace/builds/worker-6-tc1/source", kill_on_drop: false }`
[INFO] [stderr] Cloning into '/workspace/builds/worker-6-tc1/source'...
[INFO] [stderr] done.
[INFO] validating manifest of git repo https://github.com/kyrosle/t_dix on toolchain 1.75.0
[INFO] running `Command { std: CARGO_HOME="/workspace/cargo-home" RUSTUP_HOME="/workspace/rustup-home" "/workspace/cargo-home/bin/cargo" "+1.75.0" "metadata" "--manifest-path" "Cargo.toml" "--no-deps", kill_on_drop: false }`
[INFO] started tweaking git repo https://github.com/kyrosle/t_dix
[INFO] finished tweaking git repo https://github.com/kyrosle/t_dix
[INFO] tweaked toml for git repo https://github.com/kyrosle/t_dix written to /workspace/builds/worker-6-tc1/source/Cargo.toml
[INFO] crate git repo https://github.com/kyrosle/t_dix already has a lockfile, it will not be regenerated
[INFO] running `Command { std: CARGO_HOME="/workspace/cargo-home" RUSTUP_HOME="/workspace/rustup-home" "/workspace/cargo-home/bin/cargo" "+1.75.0" "fetch" "--manifest-path" "Cargo.toml", kill_on_drop: false }`
[INFO] [stderr]     Updating crates.io index
[INFO] [stderr]  Downloading crates ...
[INFO] [stderr]   Downloaded dioxus-ssr v0.2.1
[INFO] running `Command { std: "docker" "create" "-v" "/var/lib/crater-agent-workspace/builds/worker-6-tc1/target:/opt/rustwide/target:rw,Z" "-v" "/var/lib/crater-agent-workspace/builds/worker-6-tc1/source:/opt/rustwide/workdir:ro,Z" "-v" "/var/lib/crater-agent-workspace/cargo-home:/opt/rustwide/cargo-home:ro,Z" "-v" "/var/lib/crater-agent-workspace/rustup-home:/opt/rustwide/rustup-home:ro,Z" "-e" "SOURCE_DIR=/opt/rustwide/workdir" "-e" "CARGO_TARGET_DIR=/opt/rustwide/target" "-e" "CARGO_HOME=/opt/rustwide/cargo-home" "-e" "RUSTUP_HOME=/opt/rustwide/rustup-home" "-w" "/opt/rustwide/workdir" "-m" "1610612736" "--user" "0:0" "--network" "none" "ghcr.io/rust-lang/crates-build-env/linux@sha256:2788e3201cd34a07e3172128adcd8b3090168a8e3bcc40d7c032b9dda1df7d1c" "/opt/rustwide/cargo-home/bin/cargo" "+1.75.0" "metadata" "--no-deps" "--format-version=1", kill_on_drop: false }`
[INFO] [stdout] 4f2396049a9e936e73c5937995b4f62c7ec50987e80892705e03854ead005659
[INFO] running `Command { std: "docker" "start" "-a" "4f2396049a9e936e73c5937995b4f62c7ec50987e80892705e03854ead005659", kill_on_drop: false }`
[INFO] running `Command { std: "docker" "inspect" "4f2396049a9e936e73c5937995b4f62c7ec50987e80892705e03854ead005659", kill_on_drop: false }`
[INFO] running `Command { std: "docker" "rm" "-f" "4f2396049a9e936e73c5937995b4f62c7ec50987e80892705e03854ead005659", kill_on_drop: false }`
[INFO] [stdout] 4f2396049a9e936e73c5937995b4f62c7ec50987e80892705e03854ead005659
[INFO] running `Command { std: "docker" "create" "-v" "/var/lib/crater-agent-workspace/builds/worker-6-tc1/target:/opt/rustwide/target:rw,Z" "-v" "/var/lib/crater-agent-workspace/builds/worker-6-tc1/source:/opt/rustwide/workdir:ro,Z" "-v" "/var/lib/crater-agent-workspace/cargo-home:/opt/rustwide/cargo-home:ro,Z" "-v" "/var/lib/crater-agent-workspace/rustup-home:/opt/rustwide/rustup-home:ro,Z" "-e" "SOURCE_DIR=/opt/rustwide/workdir" "-e" "CARGO_TARGET_DIR=/opt/rustwide/target" "-e" "CARGO_INCREMENTAL=0" "-e" "RUST_BACKTRACE=full" "-e" "RUSTFLAGS=--cap-lints=warn" "-e" "RUSTDOCFLAGS=--cap-lints=warn" "-e" "CARGO_HOME=/opt/rustwide/cargo-home" "-e" "RUSTUP_HOME=/opt/rustwide/rustup-home" "-w" "/opt/rustwide/workdir" "-m" "1610612736" "--user" "0:0" "--network" "none" "ghcr.io/rust-lang/crates-build-env/linux@sha256:2788e3201cd34a07e3172128adcd8b3090168a8e3bcc40d7c032b9dda1df7d1c" "/opt/rustwide/cargo-home/bin/cargo" "+1.75.0" "build" "--frozen" "--message-format=json", kill_on_drop: false }`
[INFO] [stdout] dad18f332d7a6c6dd57bac49894809a2aa454ebeb47e15bb21b37bce7f9c3c75
[INFO] running `Command { std: "docker" "start" "-a" "dad18f332d7a6c6dd57bac49894809a2aa454ebeb47e15bb21b37bce7f9c3c75", kill_on_drop: false }`
[INFO] [stderr]    Compiling proc-macro2 v1.0.46
[INFO] [stderr]    Compiling unicode-ident v1.0.5
[INFO] [stderr]    Compiling quote v1.0.21
[INFO] [stderr]    Compiling syn v1.0.102
[INFO] [stderr]    Compiling once_cell v1.15.0
[INFO] [stderr]    Compiling cfg-if v1.0.0
[INFO] [stderr]    Compiling log v0.4.17
[INFO] [stderr]    Compiling wasm-bindgen-shared v0.2.83
[INFO] [stderr]    Compiling bumpalo v3.11.0
[INFO] [stderr]    Compiling wasm-bindgen v0.2.83
[INFO] [stderr]    Compiling serde_derive v1.0.145
[INFO] [stderr]    Compiling autocfg v1.1.0
[INFO] [stderr]    Compiling serde v1.0.145
[INFO] [stderr]    Compiling version_check v0.9.4
[INFO] [stderr]    Compiling futures-core v0.3.24
[INFO] [stderr]    Compiling memchr v2.5.0
[INFO] [stderr]    Compiling cc v1.0.73
[INFO] [stderr]    Compiling futures-channel v0.3.24
[INFO] [stderr]    Compiling libc v0.2.135
[INFO] [stderr]    Compiling pin-project-lite v0.2.9
[INFO] [stderr]    Compiling futures-task v0.3.24
[INFO] [stderr]    Compiling adler v1.0.2
[INFO] [stderr]    Compiling futures-util v0.3.24
[INFO] [stderr]    Compiling gimli v0.26.2
[INFO] [stderr]    Compiling byteorder v1.4.3
[INFO] [stderr]    Compiling smallvec v1.10.0
[INFO] [stderr]    Compiling rustc-demangle v0.1.21
[INFO] [stderr]    Compiling miniz_oxide v0.5.4
[INFO] [stderr]    Compiling slab v0.4.7
[INFO] [stderr]    Compiling indexmap v1.9.1
[INFO] [stderr]    Compiling hashbrown v0.12.3
[INFO] [stderr]    Compiling pin-utils v0.1.0
[INFO] [stderr]    Compiling fxhash v0.2.1
[INFO] [stderr]    Compiling longest-increasing-subsequence v0.1.0
[INFO] [stderr]    Compiling typenum v1.15.0
[INFO] [stderr]    Compiling object v0.29.0
[INFO] [stderr]    Compiling proc-macro-error-attr v1.0.4
[INFO] [stderr]    Compiling tinyvec_macros v0.1.0
[INFO] [stderr]    Compiling tinyvec v1.6.0
[INFO] [stderr]    Compiling proc-macro-error v1.0.4
[INFO] [stderr]    Compiling ryu v1.0.11
[INFO] [stderr]    Compiling itoa v1.0.4
[INFO] [stderr]    Compiling percent-encoding v2.2.0
[INFO] [stderr]    Compiling im-rc v15.1.0
[INFO] [stderr]    Compiling rand_core v0.6.4
[INFO] [stderr]    Compiling unicode-bidi v0.3.8
[INFO] [stderr]    Compiling form_urlencoded v1.1.0
[INFO] [stderr]    Compiling anyhow v1.0.65
[INFO] [stderr]    Compiling thiserror v1.0.37
[INFO] [stderr]    Compiling backtrace v0.3.66
[INFO] [stderr]    Compiling rand_xoshiro v0.6.0
[INFO] [stderr]    Compiling tracing-core v0.1.30
[INFO] [stderr]    Compiling lazy_static v1.4.0
[INFO] [stderr]    Compiling serde_json v1.0.86
[INFO] [stderr]    Compiling smallstr v0.2.0
[INFO] [stderr]    Compiling sharded-slab v0.1.4
[INFO] [stderr]    Compiling thread_local v1.1.4
[INFO] [stderr]    Compiling unicode-normalization v0.1.22
[INFO] [stderr]    Compiling tracing-subscriber v0.3.16
[INFO] [stderr]    Compiling bitmaps v2.1.0
[INFO] [stderr]    Compiling idna v0.3.0
[INFO] [stderr]    Compiling addr2line v0.17.0
[INFO] [stderr]    Compiling url v2.3.1
[INFO] [stderr]    Compiling sized-chunks v0.6.5
[INFO] [stderr]    Compiling wasm-bindgen-backend v0.2.83
[INFO] [stderr]    Compiling wasm-bindgen-macro-support v0.2.83
[INFO] [stderr]    Compiling futures-macro v0.3.24
[INFO] [stderr]    Compiling thiserror-impl v1.0.37
[INFO] [stderr]    Compiling dioxus-core-macro v0.2.1
[INFO] [stderr]    Compiling tracing-attributes v0.1.23
[INFO] [stderr]    Compiling wasm-bindgen-macro v0.2.83
[INFO] [stderr]    Compiling tracing v0.1.37
[INFO] [stderr]    Compiling js-sys v0.3.60
[INFO] [stderr]    Compiling console_error_panic_hook v0.1.7
[INFO] [stderr]    Compiling tracing-wasm v0.2.1
[INFO] [stderr]    Compiling web-sys v0.3.60
[INFO] [stderr]    Compiling wasm-bindgen-futures v0.4.33
[INFO] [stderr]    Compiling gloo-timers v0.2.4
[INFO] [stderr]    Compiling dioxus-core v0.2.1
[INFO] [stderr]    Compiling serde-wasm-bindgen v0.4.5
[INFO] [stderr]    Compiling serde_urlencoded v0.7.1
[INFO] [stderr]    Compiling dioxus-ssr v0.2.1
[INFO] [stderr]    Compiling dioxus-hooks v0.2.1
[INFO] [stderr]    Compiling fermi v0.2.1
[INFO] [stderr]    Compiling dioxus-html v0.2.1
[INFO] [stderr]    Compiling dioxus-interpreter-js v0.2.1
[INFO] [stderr]    Compiling gloo-events v0.1.2
[INFO] [stderr]    Compiling gloo-utils v0.1.5
[INFO] [stderr]    Compiling dioxus-web v0.2.1
[INFO] [stderr]    Compiling dioxus-router v0.2.3
[INFO] [stderr]    Compiling dioxus v0.2.4
[INFO] [stderr]    Compiling t_dix v0.1.0 (/opt/rustwide/workdir)
[INFO] [stdout] warning: unused imports: `core::IntoVNode`, `prelude::*`
[INFO] [stdout]   --> src/components/mod.rs:11:14
[INFO] [stdout]    |
[INFO] [stdout] 11 | use dioxus::{core::IntoVNode, prelude::*, prelude::*};
[INFO] [stdout]    |              ^^^^^^^^^^^^^^^              ^^^^^^^^^^
[INFO] [stdout]    |
[INFO] [stdout]    = note: `#[warn(unused_imports)]` on by default
[INFO] [stdout] 
[INFO] [stdout] 
[INFO] [stdout] warning: unused import: `video::Video`
[INFO] [stdout]   --> src/components/mod.rs:12:9
[INFO] [stdout]    |
[INFO] [stdout] 12 | pub use video::Video;
[INFO] [stdout]    |         ^^^^^^^^^^^^
[INFO] [stdout] 
[INFO] [stdout] 
[INFO] [stdout] warning: unused import: `crate::AppState`
[INFO] [stdout]   --> src/components/mod.rs:14:5
[INFO] [stdout]    |
[INFO] [stdout] 14 | use crate::AppState;
[INFO] [stdout]    |     ^^^^^^^^^^^^^^^
[INFO] [stdout] 
[INFO] [stdout] 
[INFO] [stdout] warning: unused import: `gloo_utils::format::JsValueSerdeExt`
[INFO] [stdout]  --> src/devices.rs:3:5
[INFO] [stdout]   |
[INFO] [stdout] 3 | use gloo_utils::format::JsValueSerdeExt;
[INFO] [stdout]   |     ^^^^^^^^^^^^^^^^^^^^^^^^^^^^^^^^^^^
[INFO] [stdout] 
[INFO] [stdout] 
[INFO] [stdout] warning: unused import: `info`
[INFO] [stdout]  --> src/video_stream.rs:3:15
[INFO] [stdout]   |
[INFO] [stdout] 3 | use tracing::{info, warn};
[INFO] [stdout]   |               ^^^^
[INFO] [stdout] 
[INFO] [stdout] 
[INFO] [stdout] warning: variable does not need to be mutable
[INFO] [stdout]   --> src/components/controls.rs:17:9
[INFO] [stdout]    |
[INFO] [stdout] 17 |     let mut title = cx.consume_context::<Context<String>>().unwrap();
[INFO] [stdout]    |         ----^^^^^
[INFO] [stdout]    |         |
[INFO] [stdout]    |         help: remove this `mut`
[INFO] [stdout]    |
[INFO] [stdout]    = note: `#[warn(unused_mut)]` on by default
[INFO] [stdout] 
[INFO] [stdout] 
[INFO] [stdout] warning: method `changed` is never used
[INFO] [stdout]   --> src/components/mod.rs:19:8
[INFO] [stdout]    |
[INFO] [stdout] 18 | impl Title {
[INFO] [stdout]    | ---------- method in this implementation
[INFO] [stdout] 19 |     fn changed(&mut self, title: &str) {
[INFO] [stdout]    |        ^^^^^^^
[INFO] [stdout]    |
[INFO] [stdout]    = note: `#[warn(dead_code)]` on by default
[INFO] [stdout] 
[INFO] [stdout] 
[INFO] [stdout] warning: static `TITLE` is never used
[INFO] [stdout]   --> src/components/mod.rs:35:8
[INFO] [stdout]    |
[INFO] [stdout] 35 | static TITLE: Atom<String> = |_| "feafea".to_string();
[INFO] [stdout]    |        ^^^^^
[INFO] [stdout] 
[INFO] [stdout] 
[INFO] [stdout] warning: associated items `new`, `inner`, `inner_mut`, and `change_value` are never used
[INFO] [stdout]   --> src/components/mod.rs:83:12
[INFO] [stdout]    |
[INFO] [stdout] 79 | / impl<T> Context<T>
[INFO] [stdout] 80 | | where
[INFO] [stdout] 81 | |     T: PartialEq,
[INFO] [stdout]    | |_________________- associated items in this implementation
[INFO] [stdout] 82 |   {
[INFO] [stdout] 83 |       pub fn new(value: T) -> Self {
[INFO] [stdout]    |              ^^^
[INFO] [stdout] ...
[INFO] [stdout] 86 |       pub fn inner(self) -> Rc<RefCell<T>> {
[INFO] [stdout]    |              ^^^^^
[INFO] [stdout] ...
[INFO] [stdout] 89 |       pub fn inner_mut(&mut self) -> &mut Rc<RefCell<T>> {
[INFO] [stdout]    |              ^^^^^^^^^
[INFO] [stdout] ...
[INFO] [stdout] 95 |       pub fn change_value(&self, value: T) {
[INFO] [stdout]    |              ^^^^^^^^^^^^
[INFO] [stdout] 
[INFO] [stdout] 
[INFO] [stdout] warning: function `Controls` is never used
[INFO] [stdout]  --> src/components/controls.rs:7:8
[INFO] [stdout]   |
[INFO] [stdout] 7 | pub fn Controls(cx: Scope) -> Element {
[INFO] [stdout]   |        ^^^^^^^^
[INFO] [stdout] 
[INFO] [stdout] 
[INFO] [stdout] warning: function `TestComponent` is never used
[INFO] [stdout]  --> src/components/test.rs:3:8
[INFO] [stdout]   |
[INFO] [stdout] 3 | pub fn TestComponent(cx: Scope) -> Element {
[INFO] [stdout]   |        ^^^^^^^^^^^^^
[INFO] [stdout] 
[INFO] [stdout] 
[INFO] [stdout] warning: function `Video` is never used
[INFO] [stdout]   --> src/components/video.rs:47:8
[INFO] [stdout]    |
[INFO] [stdout] 47 | pub fn Video(cx: Scope) -> Element {
[INFO] [stdout]    |        ^^^^^
[INFO] [stdout] 
[INFO] [stdout] 
[INFO] [stdout] warning: function `TestComponent` should have a snake case name
[INFO] [stdout]  --> src/components/test.rs:3:8
[INFO] [stdout]   |
[INFO] [stdout] 3 | pub fn TestComponent(cx: Scope) -> Element {
[INFO] [stdout]   |        ^^^^^^^^^^^^^ help: convert the identifier to snake case: `test_component`
[INFO] [stdout]   |
[INFO] [stdout]   = note: `#[warn(non_snake_case)]` on by default
[INFO] [stdout] 
[INFO] [stdout] 
[INFO] [stdout] warning: 13 warnings emitted
[INFO] [stdout] 
[INFO] [stdout] 
[INFO] [stderr]     Finished dev [unoptimized + debuginfo] target(s) in 14.47s
[INFO] running `Command { std: "docker" "inspect" "dad18f332d7a6c6dd57bac49894809a2aa454ebeb47e15bb21b37bce7f9c3c75", kill_on_drop: false }`
[INFO] running `Command { std: "docker" "rm" "-f" "dad18f332d7a6c6dd57bac49894809a2aa454ebeb47e15bb21b37bce7f9c3c75", kill_on_drop: false }`
[INFO] [stdout] dad18f332d7a6c6dd57bac49894809a2aa454ebeb47e15bb21b37bce7f9c3c75
[INFO] running `Command { std: "docker" "create" "-v" "/var/lib/crater-agent-workspace/builds/worker-6-tc1/target:/opt/rustwide/target:rw,Z" "-v" "/var/lib/crater-agent-workspace/builds/worker-6-tc1/source:/opt/rustwide/workdir:ro,Z" "-v" "/var/lib/crater-agent-workspace/cargo-home:/opt/rustwide/cargo-home:ro,Z" "-v" "/var/lib/crater-agent-workspace/rustup-home:/opt/rustwide/rustup-home:ro,Z" "-e" "SOURCE_DIR=/opt/rustwide/workdir" "-e" "CARGO_TARGET_DIR=/opt/rustwide/target" "-e" "CARGO_INCREMENTAL=0" "-e" "RUST_BACKTRACE=full" "-e" "RUSTFLAGS=--cap-lints=warn" "-e" "RUSTDOCFLAGS=--cap-lints=warn" "-e" "CARGO_HOME=/opt/rustwide/cargo-home" "-e" "RUSTUP_HOME=/opt/rustwide/rustup-home" "-w" "/opt/rustwide/workdir" "-m" "1610612736" "--user" "0:0" "--network" "none" "ghcr.io/rust-lang/crates-build-env/linux@sha256:2788e3201cd34a07e3172128adcd8b3090168a8e3bcc40d7c032b9dda1df7d1c" "/opt/rustwide/cargo-home/bin/cargo" "+1.75.0" "test" "--frozen" "--no-run" "--message-format=json", kill_on_drop: false }`
[INFO] [stdout] 1923fab1a2fd69111281b1f298ad00f88ca266e4f3164d103e4c812d9647ae5d
[INFO] running `Command { std: "docker" "start" "-a" "1923fab1a2fd69111281b1f298ad00f88ca266e4f3164d103e4c812d9647ae5d", kill_on_drop: false }`
[INFO] [stdout] warning: unused imports: `core::IntoVNode`, `prelude::*`
[INFO] [stdout]   --> src/components/mod.rs:11:14
[INFO] [stdout]    |
[INFO] [stdout] 11 | use dioxus::{core::IntoVNode, prelude::*, prelude::*};
[INFO] [stdout]    |              ^^^^^^^^^^^^^^^              ^^^^^^^^^^
[INFO] [stdout]    |
[INFO] [stdout]    = note: `#[warn(unused_imports)]` on by default
[INFO] [stdout] 
[INFO] [stdout] 
[INFO] [stdout] warning: unused import: `video::Video`
[INFO] [stdout]   --> src/components/mod.rs:12:9
[INFO] [stdout]    |
[INFO] [stdout] 12 | pub use video::Video;
[INFO] [stdout]    |         ^^^^^^^^^^^^
[INFO] [stdout] 
[INFO] [stdout] 
[INFO] [stdout] warning: unused import: `crate::AppState`
[INFO] [stdout]   --> src/components/mod.rs:14:5
[INFO] [stdout]    |
[INFO] [stdout] 14 | use crate::AppState;
[INFO] [stdout]    |     ^^^^^^^^^^^^^^^
[INFO] [stdout] 
[INFO] [stdout] 
[INFO] [stdout] warning: unused import: `gloo_utils::format::JsValueSerdeExt`
[INFO] [stdout]  --> src/devices.rs:3:5
[INFO] [stdout]   |
[INFO] [stdout] 3 | use gloo_utils::format::JsValueSerdeExt;
[INFO] [stdout]   |     ^^^^^^^^^^^^^^^^^^^^^^^^^^^^^^^^^^^
[INFO] [stdout] 
[INFO] [stdout] 
[INFO] [stdout] warning: unused import: `info`
[INFO] [stdout]  --> src/video_stream.rs:3:15
[INFO] [stdout]   |
[INFO] [stdout] 3 | use tracing::{info, warn};
[INFO] [stdout]   |               ^^^^
[INFO] [stdout] 
[INFO] [stdout] 
[INFO] [stdout] warning: variable does not need to be mutable
[INFO] [stdout]   --> src/components/controls.rs:17:9
[INFO] [stdout]    |
[INFO] [stdout] 17 |     let mut title = cx.consume_context::<Context<String>>().unwrap();
[INFO] [stdout]    |         ----^^^^^
[INFO] [stdout]    |         |
[INFO] [stdout]    |         help: remove this `mut`
[INFO] [stdout]    |
[INFO] [stdout]    = note: `#[warn(unused_mut)]` on by default
[INFO] [stdout] 
[INFO] [stdout] 
[INFO] [stdout] warning: method `changed` is never used
[INFO] [stdout]   --> src/components/mod.rs:19:8
[INFO] [stdout]    |
[INFO] [stdout] 18 | impl Title {
[INFO] [stdout]    | ---------- method in this implementation
[INFO] [stdout] 19 |     fn changed(&mut self, title: &str) {
[INFO] [stdout]    |        ^^^^^^^
[INFO] [stdout]    |
[INFO] [stdout]    = note: `#[warn(dead_code)]` on by default
[INFO] [stdout] 
[INFO] [stdout] 
[INFO] [stdout] warning: static `TITLE` is never used
[INFO] [stdout]   --> src/components/mod.rs:35:8
[INFO] [stdout]    |
[INFO] [stdout] 35 | static TITLE: Atom<String> = |_| "feafea".to_string();
[INFO] [stdout]    |        ^^^^^
[INFO] [stdout] 
[INFO] [stdout] 
[INFO] [stdout] warning: associated items `new`, `inner`, `inner_mut`, and `change_value` are never used
[INFO] [stdout]   --> src/components/mod.rs:83:12
[INFO] [stdout]    |
[INFO] [stdout] 79 | / impl<T> Context<T>
[INFO] [stdout] 80 | | where
[INFO] [stdout] 81 | |     T: PartialEq,
[INFO] [stdout]    | |_________________- associated items in this implementation
[INFO] [stdout] 82 |   {
[INFO] [stdout] 83 |       pub fn new(value: T) -> Self {
[INFO] [stdout]    |              ^^^
[INFO] [stdout] ...
[INFO] [stdout] 86 |       pub fn inner(self) -> Rc<RefCell<T>> {
[INFO] [stdout]    |              ^^^^^
[INFO] [stdout] ...
[INFO] [stdout] 89 |       pub fn inner_mut(&mut self) -> &mut Rc<RefCell<T>> {
[INFO] [stdout]    |              ^^^^^^^^^
[INFO] [stdout] ...
[INFO] [stdout] 95 |       pub fn change_value(&self, value: T) {
[INFO] [stdout]    |              ^^^^^^^^^^^^
[INFO] [stdout] 
[INFO] [stdout] 
[INFO] [stdout] warning: function `Controls` is never used
[INFO] [stdout]  --> src/components/controls.rs:7:8
[INFO] [stdout]   |
[INFO] [stdout] 7 | pub fn Controls(cx: Scope) -> Element {
[INFO] [stdout]   |        ^^^^^^^^
[INFO] [stdout] 
[INFO] [stdout] 
[INFO] [stdout] warning: function `TestComponent` is never used
[INFO] [stdout]  --> src/components/test.rs:3:8
[INFO] [stdout]   |
[INFO] [stdout] 3 | pub fn TestComponent(cx: Scope) -> Element {
[INFO] [stdout]   |        ^^^^^^^^^^^^^
[INFO] [stdout] 
[INFO] [stdout] 
[INFO] [stdout] warning: function `Video` is never used
[INFO] [stdout]   --> src/components/video.rs:47:8
[INFO] [stdout]    |
[INFO] [stdout] 47 | pub fn Video(cx: Scope) -> Element {
[INFO] [stdout]    |        ^^^^^
[INFO] [stdout] 
[INFO] [stdout] 
[INFO] [stderr]    Compiling t_dix v0.1.0 (/opt/rustwide/workdir)
[INFO] [stdout] warning: function `TestComponent` should have a snake case name
[INFO] [stdout]  --> src/components/test.rs:3:8
[INFO] [stdout]   |
[INFO] [stdout] 3 | pub fn TestComponent(cx: Scope) -> Element {
[INFO] [stdout]   |        ^^^^^^^^^^^^^ help: convert the identifier to snake case: `test_component`
[INFO] [stdout]   |
[INFO] [stdout]   = note: `#[warn(non_snake_case)]` on by default
[INFO] [stdout] 
[INFO] [stdout] 
[INFO] [stdout] warning: 13 warnings emitted
[INFO] [stdout] 
[INFO] [stdout] 
[INFO] [stdout] warning: unused imports: `core::IntoVNode`, `prelude::*`
[INFO] [stdout]   --> src/components/mod.rs:11:14
[INFO] [stdout]    |
[INFO] [stdout] 11 | use dioxus::{core::IntoVNode, prelude::*, prelude::*};
[INFO] [stdout]    |              ^^^^^^^^^^^^^^^              ^^^^^^^^^^
[INFO] [stdout]    |
[INFO] [stdout]    = note: `#[warn(unused_imports)]` on by default
[INFO] [stdout] 
[INFO] [stdout] 
[INFO] [stdout] warning: unused import: `video::Video`
[INFO] [stdout]   --> src/components/mod.rs:12:9
[INFO] [stdout]    |
[INFO] [stdout] 12 | pub use video::Video;
[INFO] [stdout]    |         ^^^^^^^^^^^^
[INFO] [stdout] 
[INFO] [stdout] 
[INFO] [stdout] warning: unused import: `crate::AppState`
[INFO] [stdout]   --> src/components/mod.rs:14:5
[INFO] [stdout]    |
[INFO] [stdout] 14 | use crate::AppState;
[INFO] [stdout]    |     ^^^^^^^^^^^^^^^
[INFO] [stdout] 
[INFO] [stdout] 
[INFO] [stdout] warning: unused import: `gloo_utils::format::JsValueSerdeExt`
[INFO] [stdout]  --> src/devices.rs:3:5
[INFO] [stdout]   |
[INFO] [stdout] 3 | use gloo_utils::format::JsValueSerdeExt;
[INFO] [stdout]   |     ^^^^^^^^^^^^^^^^^^^^^^^^^^^^^^^^^^^
[INFO] [stdout] 
[INFO] [stdout] 
[INFO] [stdout] warning: unused import: `info`
[INFO] [stdout]  --> src/video_stream.rs:3:15
[INFO] [stdout]   |
[INFO] [stdout] 3 | use tracing::{info, warn};
[INFO] [stdout]   |               ^^^^
[INFO] [stdout] 
[INFO] [stdout] 
[INFO] [stdout] warning: variable does not need to be mutable
[INFO] [stdout]   --> src/components/controls.rs:17:9
[INFO] [stdout]    |
[INFO] [stdout] 17 |     let mut title = cx.consume_context::<Context<String>>().unwrap();
[INFO] [stdout]    |         ----^^^^^
[INFO] [stdout]    |         |
[INFO] [stdout]    |         help: remove this `mut`
[INFO] [stdout]    |
[INFO] [stdout]    = note: `#[warn(unused_mut)]` on by default
[INFO] [stdout] 
[INFO] [stdout] 
[INFO] [stdout] warning: method `changed` is never used
[INFO] [stdout]   --> src/components/mod.rs:19:8
[INFO] [stdout]    |
[INFO] [stdout] 18 | impl Title {
[INFO] [stdout]    | ---------- method in this implementation
[INFO] [stdout] 19 |     fn changed(&mut self, title: &str) {
[INFO] [stdout]    |        ^^^^^^^
[INFO] [stdout]    |
[INFO] [stdout]    = note: `#[warn(dead_code)]` on by default
[INFO] [stdout] 
[INFO] [stdout] 
[INFO] [stdout] warning: static `TITLE` is never used
[INFO] [stdout]   --> src/components/mod.rs:35:8
[INFO] [stdout]    |
[INFO] [stdout] 35 | static TITLE: Atom<String> = |_| "feafea".to_string();
[INFO] [stdout]    |        ^^^^^
[INFO] [stdout] 
[INFO] [stdout] 
[INFO] [stdout] warning: associated items `new`, `inner`, `inner_mut`, and `change_value` are never used
[INFO] [stdout]   --> src/components/mod.rs:83:12
[INFO] [stdout]    |
[INFO] [stdout] 79 | / impl<T> Context<T>
[INFO] [stdout] 80 | | where
[INFO] [stdout] 81 | |     T: PartialEq,
[INFO] [stdout]    | |_________________- associated items in this implementation
[INFO] [stdout] 82 |   {
[INFO] [stdout] 83 |       pub fn new(value: T) -> Self {
[INFO] [stdout]    |              ^^^
[INFO] [stdout] ...
[INFO] [stdout] 86 |       pub fn inner(self) -> Rc<RefCell<T>> {
[INFO] [stdout]    |              ^^^^^
[INFO] [stdout] ...
[INFO] [stdout] 89 |       pub fn inner_mut(&mut self) -> &mut Rc<RefCell<T>> {
[INFO] [stdout]    |              ^^^^^^^^^
[INFO] [stdout] ...
[INFO] [stdout] 95 |       pub fn change_value(&self, value: T) {
[INFO] [stdout]    |              ^^^^^^^^^^^^
[INFO] [stdout] 
[INFO] [stdout] 
[INFO] [stdout] warning: function `Controls` is never used
[INFO] [stdout]  --> src/components/controls.rs:7:8
[INFO] [stdout]   |
[INFO] [stdout] 7 | pub fn Controls(cx: Scope) -> Element {
[INFO] [stdout]   |        ^^^^^^^^
[INFO] [stdout] 
[INFO] [stdout] 
[INFO] [stdout] warning: function `TestComponent` is never used
[INFO] [stdout]  --> src/components/test.rs:3:8
[INFO] [stdout]   |
[INFO] [stdout] 3 | pub fn TestComponent(cx: Scope) -> Element {
[INFO] [stdout]   |        ^^^^^^^^^^^^^
[INFO] [stdout] 
[INFO] [stdout] 
[INFO] [stdout] warning: function `Video` is never used
[INFO] [stdout]   --> src/components/video.rs:47:8
[INFO] [stdout]    |
[INFO] [stdout] 47 | pub fn Video(cx: Scope) -> Element {
[INFO] [stdout]    |        ^^^^^
[INFO] [stdout] 
[INFO] [stdout] 
[INFO] [stdout] warning: function `TestComponent` should have a snake case name
[INFO] [stdout]  --> src/components/test.rs:3:8
[INFO] [stdout]   |
[INFO] [stdout] 3 | pub fn TestComponent(cx: Scope) -> Element {
[INFO] [stdout]   |        ^^^^^^^^^^^^^ help: convert the identifier to snake case: `test_component`
[INFO] [stdout]   |
[INFO] [stdout]   = note: `#[warn(non_snake_case)]` on by default
[INFO] [stdout] 
[INFO] [stdout] 
[INFO] [stdout] warning: 13 warnings emitted
[INFO] [stdout] 
[INFO] [stdout] 
[INFO] [stderr]     Finished test [unoptimized + debuginfo] target(s) in 0.43s
[INFO] running `Command { std: "docker" "inspect" "1923fab1a2fd69111281b1f298ad00f88ca266e4f3164d103e4c812d9647ae5d", kill_on_drop: false }`
[INFO] running `Command { std: "docker" "rm" "-f" "1923fab1a2fd69111281b1f298ad00f88ca266e4f3164d103e4c812d9647ae5d", kill_on_drop: false }`
[INFO] [stdout] 1923fab1a2fd69111281b1f298ad00f88ca266e4f3164d103e4c812d9647ae5d
[INFO] running `Command { std: "docker" "create" "-v" "/var/lib/crater-agent-workspace/builds/worker-6-tc1/target:/opt/rustwide/target:rw,Z" "-v" "/var/lib/crater-agent-workspace/builds/worker-6-tc1/source:/opt/rustwide/workdir:ro,Z" "-v" "/var/lib/crater-agent-workspace/cargo-home:/opt/rustwide/cargo-home:ro,Z" "-v" "/var/lib/crater-agent-workspace/rustup-home:/opt/rustwide/rustup-home:ro,Z" "-e" "SOURCE_DIR=/opt/rustwide/workdir" "-e" "CARGO_TARGET_DIR=/opt/rustwide/target" "-e" "CARGO_INCREMENTAL=0" "-e" "RUST_BACKTRACE=full" "-e" "RUSTFLAGS=--cap-lints=warn" "-e" "RUSTDOCFLAGS=--cap-lints=warn" "-e" "CARGO_HOME=/opt/rustwide/cargo-home" "-e" "RUSTUP_HOME=/opt/rustwide/rustup-home" "-w" "/opt/rustwide/workdir" "-m" "1610612736" "--user" "0:0" "--network" "none" "ghcr.io/rust-lang/crates-build-env/linux@sha256:2788e3201cd34a07e3172128adcd8b3090168a8e3bcc40d7c032b9dda1df7d1c" "/opt/rustwide/cargo-home/bin/cargo" "+1.75.0" "test" "--frozen", kill_on_drop: false }`
[INFO] [stdout] 7295278db1686df8a55796644f0297168ed302f8c6f0d60d0b5710b5d5184c52
[INFO] running `Command { std: "docker" "start" "-a" "7295278db1686df8a55796644f0297168ed302f8c6f0d60d0b5710b5d5184c52", kill_on_drop: false }`
[INFO] [stderr] warning: unused imports: `core::IntoVNode`, `prelude::*`
[INFO] [stderr]   --> src/components/mod.rs:11:14
[INFO] [stderr]    |
[INFO] [stderr] 11 | use dioxus::{core::IntoVNode, prelude::*, prelude::*};
[INFO] [stderr]    |              ^^^^^^^^^^^^^^^              ^^^^^^^^^^
[INFO] [stderr]    |
[INFO] [stderr]    = note: `#[warn(unused_imports)]` on by default
[INFO] [stderr] 
[INFO] [stderr] warning: unused import: `video::Video`
[INFO] [stderr]   --> src/components/mod.rs:12:9
[INFO] [stderr]    |
[INFO] [stderr] 12 | pub use video::Video;
[INFO] [stderr]    |         ^^^^^^^^^^^^
[INFO] [stderr] 
[INFO] [stderr] warning: unused import: `crate::AppState`
[INFO] [stderr]   --> src/components/mod.rs:14:5
[INFO] [stderr]    |
[INFO] [stderr] 14 | use crate::AppState;
[INFO] [stderr]    |     ^^^^^^^^^^^^^^^
[INFO] [stderr] 
[INFO] [stderr] warning: unused import: `gloo_utils::format::JsValueSerdeExt`
[INFO] [stderr]  --> src/devices.rs:3:5
[INFO] [stderr]   |
[INFO] [stderr] 3 | use gloo_utils::format::JsValueSerdeExt;
[INFO] [stderr]   |     ^^^^^^^^^^^^^^^^^^^^^^^^^^^^^^^^^^^
[INFO] [stderr] 
[INFO] [stderr] warning: unused import: `info`
[INFO] [stderr]  --> src/video_stream.rs:3:15
[INFO] [stderr]   |
[INFO] [stderr] 3 | use tracing::{info, warn};
[INFO] [stderr]   |               ^^^^
[INFO] [stderr] 
[INFO] [stderr] warning: variable does not need to be mutable
[INFO] [stderr]   --> src/components/controls.rs:17:9
[INFO] [stderr]    |
[INFO] [stderr] 17 |     let mut title = cx.consume_context::<Context<String>>().unwrap();
[INFO] [stderr]    |         ----^^^^^
[INFO] [stderr]    |         |
[INFO] [stderr]    |         help: remove this `mut`
[INFO] [stderr]    |
[INFO] [stderr]    = note: `#[warn(unused_mut)]` on by default
[INFO] [stderr] 
[INFO] [stderr] warning: method `changed` is never used
[INFO] [stderr]   --> src/components/mod.rs:19:8
[INFO] [stderr]    |
[INFO] [stderr] 18 | impl Title {
[INFO] [stderr]    | ---------- method in this implementation
[INFO] [stderr] 19 |     fn changed(&mut self, title: &str) {
[INFO] [stderr]    |        ^^^^^^^
[INFO] [stderr]    |
[INFO] [stderr]    = note: `#[warn(dead_code)]` on by default
[INFO] [stderr] 
[INFO] [stderr] warning: static `TITLE` is never used
[INFO] [stderr]   --> src/components/mod.rs:35:8
[INFO] [stderr]    |
[INFO] [stderr] 35 | static TITLE: Atom<String> = |_| "feafea".to_string();
[INFO] [stderr]    |        ^^^^^
[INFO] [stderr] 
[INFO] [stderr] warning: associated items `new`, `inner`, `inner_mut`, and `change_value` are never used
[INFO] [stderr]   --> src/components/mod.rs:83:12
[INFO] [stderr]    |
[INFO] [stderr] 79 | / impl<T> Context<T>
[INFO] [stderr] 80 | | where
[INFO] [stderr] 81 | |     T: PartialEq,
[INFO] [stderr]    | |_________________- associated items in this implementation
[INFO] [stderr] 82 |   {
[INFO] [stderr] 83 |       pub fn new(value: T) -> Self {
[INFO] [stderr]    |              ^^^
[INFO] [stderr] ...
[INFO] [stderr] 86 |       pub fn inner(self) -> Rc<RefCell<T>> {
[INFO] [stderr]    |              ^^^^^
[INFO] [stderr] ...
[INFO] [stderr] 89 |       pub fn inner_mut(&mut self) -> &mut Rc<RefCell<T>> {
[INFO] [stderr]    |              ^^^^^^^^^
[INFO] [stderr] ...
[INFO] [stderr] 95 |       pub fn change_value(&self, value: T) {
[INFO] [stderr]    |              ^^^^^^^^^^^^
[INFO] [stderr] 
[INFO] [stderr] warning: function `Controls` is never used
[INFO] [stderr]  --> src/components/controls.rs:7:8
[INFO] [stderr]   |
[INFO] [stderr] 7 | pub fn Controls(cx: Scope) -> Element {
[INFO] [stderr]   |        ^^^^^^^^
[INFO] [stderr] 
[INFO] [stderr] warning: function `TestComponent` is never used
[INFO] [stderr]  --> src/components/test.rs:3:8
[INFO] [stderr]   |
[INFO] [stderr] 3 | pub fn TestComponent(cx: Scope) -> Element {
[INFO] [stderr]   |        ^^^^^^^^^^^^^
[INFO] [stderr] 
[INFO] [stderr] warning: function `Video` is never used
[INFO] [stderr]   --> src/components/video.rs:47:8
[INFO] [stderr]    |
[INFO] [stderr] 47 | pub fn Video(cx: Scope) -> Element {
[INFO] [stderr]    |        ^^^^^
[INFO] [stderr] 
[INFO] [stderr] warning: function `TestComponent` should have a snake case name
[INFO] [stderr]  --> src/components/test.rs:3:8
[INFO] [stderr]   |
[INFO] [stderr] 3 | pub fn TestComponent(cx: Scope) -> Element {
[INFO] [stderr]   |        ^^^^^^^^^^^^^ help: convert the identifier to snake case: `test_component`
[INFO] [stderr]   |
[INFO] [stderr]   = note: `#[warn(non_snake_case)]` on by default
[INFO] [stderr] 
[INFO] [stderr] warning: `t_dix` (lib) generated 13 warnings (run `cargo fix --lib -p t_dix` to apply 6 suggestions)
[INFO] [stderr] warning: `t_dix` (lib test) generated 13 warnings (13 duplicates)
[INFO] [stderr]     Finished test [unoptimized + debuginfo] target(s) in 0.06s
[INFO] [stderr]      Running unittests src/lib.rs (/opt/rustwide/target/debug/deps/t_dix-5543a95f1bad8072)
[INFO] [stdout] 
[INFO] [stdout] running 0 tests
[INFO] [stdout] 
[INFO] [stdout] test result: ok. 0 passed; 0 failed; 0 ignored; 0 measured; 0 filtered out; finished in 0.00s
[INFO] [stdout] 
[INFO] [stderr]      Running unittests src/main.rs (/opt/rustwide/target/debug/deps/t_dix-f9ba3568a50497ca)
[INFO] [stdout] 
[INFO] [stdout] running 0 tests
[INFO] [stdout] 
[INFO] [stdout] test result: ok. 0 passed; 0 failed; 0 ignored; 0 measured; 0 filtered out; finished in 0.00s
[INFO] [stdout] 
[INFO] [stderr]    Doc-tests t_dix
[INFO] [stdout] 
[INFO] [stdout] running 1 test
[INFO] [stdout] test src/components/video.rs - components::video::Video (line 13) ... FAILED
[INFO] [stdout] 
[INFO] [stdout] failures:
[INFO] [stdout] 
[INFO] [stdout] ---- src/components/video.rs - components::video::Video (line 13) stdout ----
[INFO] [stdout] error: cannot find macro `rsx` in this scope
[INFO] [stdout]   --> src/components/video.rs:38:15
[INFO] [stdout]    |
[INFO] [stdout] 27 |     cx.render(rsx! {
[INFO] [stdout]    |               ^^^
[INFO] [stdout]    |
[INFO] [stdout] help: consider importing this macro
[INFO] [stdout]    |
[INFO] [stdout] 2  + use dioxus::prelude::rsx;
[INFO] [stdout]    |
[INFO] [stdout] 
[INFO] [stdout] error[E0412]: cannot find type `Scope` in this scope
[INFO] [stdout]  --> src/components/video.rs:15:18
[INFO] [stdout]   |
[INFO] [stdout] 4 | fn videoNode(cx: Scope) -> Element {
[INFO] [stdout]   |                  ^^^^^ not found in this scope
[INFO] [stdout]   |
[INFO] [stdout] help: consider importing one of these items
[INFO] [stdout]   |
[INFO] [stdout] 2 + use dioxus::prelude::Scope;
[INFO] [stdout]   |
[INFO] [stdout] 2 + use std::thread::Scope;
[INFO] [stdout]   |
[INFO] [stdout] 
[INFO] [stdout] error[E0412]: cannot find type `Element` in this scope
[INFO] [stdout]  --> src/components/video.rs:15:28
[INFO] [stdout]   |
[INFO] [stdout] 4 | fn videoNode(cx: Scope) -> Element {
[INFO] [stdout]   |                            ^^^^^^^ not found in this scope
[INFO] [stdout]   |
[INFO] [stdout] help: consider importing one of these items
[INFO] [stdout]   |
[INFO] [stdout] 2 + use dioxus::prelude::Element;
[INFO] [stdout]   |
[INFO] [stdout] 2 + use web_sys::Element;
[INFO] [stdout]   |
[INFO] [stdout] 
[INFO] [stdout] error[E0425]: cannot find function `use_ref` in this scope
[INFO] [stdout]  --> src/components/video.rs:16:18
[INFO] [stdout]   |
[INFO] [stdout] 5 |     let stream = use_ref(&cx, || None);
[INFO] [stdout]   |                  ^^^^^^^ not found in this scope
[INFO] [stdout]   |
[INFO] [stdout] help: consider importing this function
[INFO] [stdout]   |
[INFO] [stdout] 2 + use dioxus::prelude::use_ref;
[INFO] [stdout]   |
[INFO] [stdout] 
[INFO] [stdout] error[E0425]: cannot find function `use_future` in this scope
[INFO] [stdout]  --> src/components/video.rs:18:13
[INFO] [stdout]   |
[INFO] [stdout] 7 |     let _ = use_future(&cx, (), |_| {
[INFO] [stdout]   |             ^^^^^^^^^^ not found in this scope
[INFO] [stdout]   |
[INFO] [stdout] help: consider importing this function
[INFO] [stdout]   |
[INFO] [stdout] 2 + use dioxus::prelude::use_future;
[INFO] [stdout]   |
[INFO] [stdout] 
[INFO] [stdout] error[E0433]: failed to resolve: use of undeclared type `MediaStreamConstraints`
[INFO] [stdout]   --> src/components/video.rs:22:35
[INFO] [stdout]    |
[INFO] [stdout] 11 |             let mut constraints = MediaStreamConstraints::new();
[INFO] [stdout]    |                                   ^^^^^^^^^^^^^^^^^^^^^^ use of undeclared type `MediaStreamConstraints`
[INFO] [stdout]    |
[INFO] [stdout] help: consider importing this struct
[INFO] [stdout]    |
[INFO] [stdout] 2  + use web_sys::MediaStreamConstraints;
[INFO] [stdout]    |
[INFO] [stdout] 
[INFO] [stdout] error[E0433]: failed to resolve: use of undeclared type `JsValue`
[INFO] [stdout]   --> src/components/video.rs:23:32
[INFO] [stdout]    |
[INFO] [stdout] 12 |             constraints.video(&JsValue::from(true));
[INFO] [stdout]    |                                ^^^^^^^ use of undeclared type `JsValue`
[INFO] [stdout]    |
[INFO] [stdout] help: consider importing this struct
[INFO] [stdout]    |
[INFO] [stdout] 2  + use wasm_bindgen::JsValue;
[INFO] [stdout]    |
[INFO] [stdout] 
[INFO] [stdout] error[E0433]: failed to resolve: use of undeclared type `JsValue`
[INFO] [stdout]   --> src/components/video.rs:24:32
[INFO] [stdout]    |
[INFO] [stdout] 13 |             constraints.audio(&JsValue::from(true));
[INFO] [stdout]    |                                ^^^^^^^ use of undeclared type `JsValue`
[INFO] [stdout]    |
[INFO] [stdout] help: consider importing this struct
[INFO] [stdout]    |
[INFO] [stdout] 2  + use wasm_bindgen::JsValue;
[INFO] [stdout]    |
[INFO] [stdout] 
[INFO] [stdout] error[E0433]: failed to resolve: use of undeclared type `JsFuture`
[INFO] [stdout]   --> src/components/video.rs:26:29
[INFO] [stdout]    |
[INFO] [stdout] 15 |             let cam_video = JsFuture::from(gum).await.map(MediaStream::from);
[INFO] [stdout]    |                             ^^^^^^^^ use of undeclared type `JsFuture`
[INFO] [stdout]    |
[INFO] [stdout] help: consider importing this struct
[INFO] [stdout]    |
[INFO] [stdout] 2  + use wasm_bindgen_futures::JsFuture;
[INFO] [stdout]    |
[INFO] [stdout] 
[INFO] [stdout] error[E0433]: failed to resolve: use of undeclared type `MediaStream`
[INFO] [stdout]   --> src/components/video.rs:26:59
[INFO] [stdout]    |
[INFO] [stdout] 15 |             let cam_video = JsFuture::from(gum).await.map(MediaStream::from);
[INFO] [stdout]    |                                                           ^^^^^^^^^^^ use of undeclared type `MediaStream`
[INFO] [stdout]    |
[INFO] [stdout] help: consider importing this struct
[INFO] [stdout]    |
[INFO] [stdout] 2  + use web_sys::MediaStream;
[INFO] [stdout]    |
[INFO] [stdout] 
[INFO] [stdout] error[E0412]: cannot find type `HtmlMediaElement` in this scope
[INFO] [stdout]   --> src/components/video.rs:31:33
[INFO] [stdout]    |
[INFO] [stdout] 20 |                     .dyn_into::<HtmlMediaElement>()
[INFO] [stdout]    |                                 ^^^^^^^^^^^^^^^^ not found in this scope
[INFO] [stdout]    |
[INFO] [stdout] help: consider importing this struct
[INFO] [stdout]    |
[INFO] [stdout] 2  + use web_sys::HtmlMediaElement;
[INFO] [stdout]    |
[INFO] [stdout] 
[INFO] [stdout] error[E0599]: no method named `dyn_into` found for struct `web_sys::features::gen_Element::Element` in the current scope
[INFO] [stdout]   --> src/components/video.rs:31:22
[INFO] [stdout]    |
[INFO] [stdout] 17 | /                 gloo_utils::document()
[INFO] [stdout] 18 | |                     .get_element_by_id("my-video")
[INFO] [stdout] 19 | |                     .unwrap()
[INFO] [stdout] 20 | |                     .dyn_into::<HtmlMediaElement>()
[INFO] [stdout]    | |                     -^^^^^^^^ method not found in `Element`
[INFO] [stdout]    | |_____________________|
[INFO] [stdout]    | 
[INFO] [stdout]    |
[INFO] [stdout]   ::: /opt/rustwide/cargo-home/registry/src/index.crates.io-6f17d22bba15001f/wasm-bindgen-0.2.83/src/cast.rs:43:8
[INFO] [stdout]    |
[INFO] [stdout] 43 |       fn dyn_into<T>(self) -> Result<T, Self>
[INFO] [stdout]    |          -------- the method is available for `web_sys::features::gen_Element::Element` here
[INFO] [stdout]    |
[INFO] [stdout]    = help: items from traits can only be used if the trait is in scope
[INFO] [stdout] help: the following trait is implemented but not in scope; perhaps add a `use` for it:
[INFO] [stdout]    |
[INFO] [stdout] 2  + use wasm_bindgen::cast::JsCast;
[INFO] [stdout]    |
[INFO] [stdout] 
[INFO] [stdout] error: aborting due to 12 previous errors
[INFO] [stdout] 
[INFO] [stdout] Some errors have detailed explanations: E0412, E0425, E0433, E0599.
[INFO] [stdout] For more information about an error, try `rustc --explain E0412`.
[INFO] [stdout] Couldn't compile the test.
[INFO] [stdout] 
[INFO] [stdout] failures:
[INFO] [stdout]     src/components/video.rs - components::video::Video (line 13)
[INFO] [stdout] 
[INFO] [stdout] test result: FAILED. 0 passed; 1 failed; 0 ignored; 0 measured; 0 filtered out; finished in 0.12s
[INFO] [stdout] 
[INFO] [stderr] error: doctest failed, to rerun pass `--doc`
[INFO] running `Command { std: "docker" "inspect" "7295278db1686df8a55796644f0297168ed302f8c6f0d60d0b5710b5d5184c52", kill_on_drop: false }`
[INFO] running `Command { std: "docker" "rm" "-f" "7295278db1686df8a55796644f0297168ed302f8c6f0d60d0b5710b5d5184c52", kill_on_drop: false }`
[INFO] [stdout] 7295278db1686df8a55796644f0297168ed302f8c6f0d60d0b5710b5d5184c52
[INFO] testing kyrosle/t_dix against beta-2023-12-22 for beta-1.76-1
[INFO] running `Command { std: "git" "clone" "/workspace/cache/git-repos/https%3A%2F%2Fgithub.com%2Fkyrosle%2Ft_dix" "/workspace/builds/worker-6-tc2/source", kill_on_drop: false }`
[INFO] [stderr] Cloning into '/workspace/builds/worker-6-tc2/source'...
[INFO] [stderr] done.
[INFO] validating manifest of git repo https://github.com/kyrosle/t_dix on toolchain beta-2023-12-22
[INFO] running `Command { std: CARGO_HOME="/workspace/cargo-home" RUSTUP_HOME="/workspace/rustup-home" "/workspace/cargo-home/bin/cargo" "+beta-2023-12-22" "metadata" "--manifest-path" "Cargo.toml" "--no-deps", kill_on_drop: false }`
[INFO] started tweaking git repo https://github.com/kyrosle/t_dix
[INFO] finished tweaking git repo https://github.com/kyrosle/t_dix
[INFO] tweaked toml for git repo https://github.com/kyrosle/t_dix written to /workspace/builds/worker-6-tc2/source/Cargo.toml
[INFO] crate git repo https://github.com/kyrosle/t_dix already has a lockfile, it will not be regenerated
[INFO] running `Command { std: CARGO_HOME="/workspace/cargo-home" RUSTUP_HOME="/workspace/rustup-home" "/workspace/cargo-home/bin/cargo" "+beta-2023-12-22" "fetch" "--manifest-path" "Cargo.toml", kill_on_drop: false }`
[INFO] running `Command { std: "docker" "create" "-v" "/var/lib/crater-agent-workspace/builds/worker-6-tc2/target:/opt/rustwide/target:rw,Z" "-v" "/var/lib/crater-agent-workspace/builds/worker-6-tc2/source:/opt/rustwide/workdir:ro,Z" "-v" "/var/lib/crater-agent-workspace/cargo-home:/opt/rustwide/cargo-home:ro,Z" "-v" "/var/lib/crater-agent-workspace/rustup-home:/opt/rustwide/rustup-home:ro,Z" "-e" "SOURCE_DIR=/opt/rustwide/workdir" "-e" "CARGO_TARGET_DIR=/opt/rustwide/target" "-e" "CARGO_HOME=/opt/rustwide/cargo-home" "-e" "RUSTUP_HOME=/opt/rustwide/rustup-home" "-w" "/opt/rustwide/workdir" "-m" "1610612736" "--user" "0:0" "--network" "none" "ghcr.io/rust-lang/crates-build-env/linux@sha256:2788e3201cd34a07e3172128adcd8b3090168a8e3bcc40d7c032b9dda1df7d1c" "/opt/rustwide/cargo-home/bin/cargo" "+beta-2023-12-22" "metadata" "--no-deps" "--format-version=1", kill_on_drop: false }`
[INFO] [stdout] 22ad1ab2ef3641264ec9fb521f0929c3cc48d5d38a0f9036bb58f690de56d5b2
[INFO] running `Command { std: "docker" "start" "-a" "22ad1ab2ef3641264ec9fb521f0929c3cc48d5d38a0f9036bb58f690de56d5b2", kill_on_drop: false }`
[INFO] running `Command { std: "docker" "inspect" "22ad1ab2ef3641264ec9fb521f0929c3cc48d5d38a0f9036bb58f690de56d5b2", kill_on_drop: false }`
[INFO] running `Command { std: "docker" "rm" "-f" "22ad1ab2ef3641264ec9fb521f0929c3cc48d5d38a0f9036bb58f690de56d5b2", kill_on_drop: false }`
[INFO] [stdout] 22ad1ab2ef3641264ec9fb521f0929c3cc48d5d38a0f9036bb58f690de56d5b2
[INFO] running `Command { std: "docker" "create" "-v" "/var/lib/crater-agent-workspace/builds/worker-6-tc2/target:/opt/rustwide/target:rw,Z" "-v" "/var/lib/crater-agent-workspace/builds/worker-6-tc2/source:/opt/rustwide/workdir:ro,Z" "-v" "/var/lib/crater-agent-workspace/cargo-home:/opt/rustwide/cargo-home:ro,Z" "-v" "/var/lib/crater-agent-workspace/rustup-home:/opt/rustwide/rustup-home:ro,Z" "-e" "SOURCE_DIR=/opt/rustwide/workdir" "-e" "CARGO_TARGET_DIR=/opt/rustwide/target" "-e" "CARGO_INCREMENTAL=0" "-e" "RUST_BACKTRACE=full" "-e" "RUSTFLAGS=--cap-lints=warn" "-e" "RUSTDOCFLAGS=--cap-lints=warn" "-e" "CARGO_HOME=/opt/rustwide/cargo-home" "-e" "RUSTUP_HOME=/opt/rustwide/rustup-home" "-w" "/opt/rustwide/workdir" "-m" "1610612736" "--user" "0:0" "--network" "none" "ghcr.io/rust-lang/crates-build-env/linux@sha256:2788e3201cd34a07e3172128adcd8b3090168a8e3bcc40d7c032b9dda1df7d1c" "/opt/rustwide/cargo-home/bin/cargo" "+beta-2023-12-22" "build" "--frozen" "--message-format=json", kill_on_drop: false }`
[INFO] [stdout] 5d13cb72be13ab12551b1267d587cd1593a3962e804c0689571655e3fe683402
[INFO] running `Command { std: "docker" "start" "-a" "5d13cb72be13ab12551b1267d587cd1593a3962e804c0689571655e3fe683402", kill_on_drop: false }`
[INFO] [stderr]    Compiling proc-macro2 v1.0.46
[INFO] [stderr]    Compiling unicode-ident v1.0.5
[INFO] [stderr]    Compiling quote v1.0.21
[INFO] [stderr]    Compiling syn v1.0.102
[INFO] [stderr]    Compiling once_cell v1.15.0
[INFO] [stderr]    Compiling cfg-if v1.0.0
[INFO] [stderr]    Compiling log v0.4.17
[INFO] [stderr]    Compiling wasm-bindgen-shared v0.2.83
[INFO] [stderr]    Compiling bumpalo v3.11.0
[INFO] [stderr]    Compiling serde_derive v1.0.145
[INFO] [stderr]    Compiling wasm-bindgen v0.2.83
[INFO] [stderr]    Compiling autocfg v1.1.0
[INFO] [stderr]    Compiling serde v1.0.145
[INFO] [stderr]    Compiling futures-core v0.3.24
[INFO] [stderr]    Compiling version_check v0.9.4
[INFO] [stderr]    Compiling memchr v2.5.0
[INFO] [stderr]    Compiling pin-project-lite v0.2.9
[INFO] [stderr]    Compiling cc v1.0.73
[INFO] [stderr]    Compiling futures-channel v0.3.24
[INFO] [stderr]    Compiling libc v0.2.135
[INFO] [stderr]    Compiling futures-task v0.3.24
[INFO] [stderr]    Compiling gimli v0.26.2
[INFO] [stderr]    Compiling futures-util v0.3.24
[INFO] [stderr]    Compiling adler v1.0.2
[INFO] [stderr]    Compiling smallvec v1.10.0
[INFO] [stderr]    Compiling rustc-demangle v0.1.21
[INFO] [stderr]    Compiling byteorder v1.4.3
[INFO] [stderr]    Compiling hashbrown v0.12.3
[INFO] [stderr]    Compiling slab v0.4.7
[INFO] [stderr]    Compiling indexmap v1.9.1
[INFO] [stderr]    Compiling miniz_oxide v0.5.4
[INFO] [stderr]    Compiling pin-utils v0.1.0
[INFO] [stderr]    Compiling longest-increasing-subsequence v0.1.0
[INFO] [stderr]    Compiling fxhash v0.2.1
[INFO] [stderr]    Compiling typenum v1.15.0
[INFO] [stderr]    Compiling proc-macro-error-attr v1.0.4
[INFO] [stderr]    Compiling object v0.29.0
[INFO] [stderr]    Compiling tinyvec_macros v0.1.0
[INFO] [stderr]    Compiling tinyvec v1.6.0
[INFO] [stderr]    Compiling proc-macro-error v1.0.4
[INFO] [stderr]    Compiling percent-encoding v2.2.0
[INFO] [stderr]    Compiling ryu v1.0.11
[INFO] [stderr]    Compiling itoa v1.0.4
[INFO] [stderr]    Compiling im-rc v15.1.0
[INFO] [stderr]    Compiling form_urlencoded v1.1.0
[INFO] [stderr]    Compiling rand_core v0.6.4
[INFO] [stderr]    Compiling unicode-bidi v0.3.8
[INFO] [stderr]    Compiling anyhow v1.0.65
[INFO] [stderr]    Compiling thiserror v1.0.37
[INFO] [stderr]    Compiling backtrace v0.3.66
[INFO] [stderr]    Compiling tracing-core v0.1.30
[INFO] [stderr]    Compiling rand_xoshiro v0.6.0
[INFO] [stderr]    Compiling serde_json v1.0.86
[INFO] [stderr]    Compiling lazy_static v1.4.0
[INFO] [stderr]    Compiling smallstr v0.2.0
[INFO] [stderr]    Compiling thread_local v1.1.4
[INFO] [stderr]    Compiling sharded-slab v0.1.4
[INFO] [stderr]    Compiling unicode-normalization v0.1.22
[INFO] [stderr]    Compiling tracing-subscriber v0.3.16
[INFO] [stderr]    Compiling idna v0.3.0
[INFO] [stderr]    Compiling bitmaps v2.1.0
[INFO] [stderr]    Compiling url v2.3.1
[INFO] [stderr]    Compiling addr2line v0.17.0
[INFO] [stderr]    Compiling sized-chunks v0.6.5
[INFO] [stderr]    Compiling wasm-bindgen-backend v0.2.83
[INFO] [stderr]    Compiling wasm-bindgen-macro-support v0.2.83
[INFO] [stderr]    Compiling futures-macro v0.3.24
[INFO] [stderr]    Compiling thiserror-impl v1.0.37
[INFO] [stderr]    Compiling dioxus-core-macro v0.2.1
[INFO] [stderr]    Compiling tracing-attributes v0.1.23
[INFO] [stderr]    Compiling wasm-bindgen-macro v0.2.83
[INFO] [stderr]    Compiling tracing v0.1.37
[INFO] [stderr]    Compiling js-sys v0.3.60
[INFO] [stderr]    Compiling console_error_panic_hook v0.1.7
[INFO] [stderr]    Compiling tracing-wasm v0.2.1
[INFO] [stderr]    Compiling web-sys v0.3.60
[INFO] [stderr]    Compiling gloo-timers v0.2.4
[INFO] [stderr]    Compiling wasm-bindgen-futures v0.4.33
[INFO] [stderr]    Compiling dioxus-core v0.2.1
[INFO] [stderr]    Compiling serde-wasm-bindgen v0.4.5
[INFO] [stderr]    Compiling serde_urlencoded v0.7.1
[INFO] [stderr]    Compiling dioxus-ssr v0.2.1
[INFO] [stderr]    Compiling dioxus-hooks v0.2.1
[INFO] [stderr]    Compiling fermi v0.2.1
[INFO] [stderr]    Compiling dioxus-html v0.2.1
[INFO] [stderr]    Compiling gloo-events v0.1.2
[INFO] [stderr]    Compiling dioxus-interpreter-js v0.2.1
[INFO] [stderr]    Compiling gloo-utils v0.1.5
[INFO] [stderr]    Compiling dioxus-web v0.2.1
[INFO] [stderr]    Compiling dioxus-router v0.2.3
[INFO] [stderr]    Compiling dioxus v0.2.4
[INFO] [stderr]    Compiling t_dix v0.1.0 (/opt/rustwide/workdir)
[INFO] [stdout] warning: unused imports: `core::IntoVNode`, `prelude::*`
[INFO] [stdout]   --> src/components/mod.rs:11:14
[INFO] [stdout]    |
[INFO] [stdout] 11 | use dioxus::{core::IntoVNode, prelude::*, prelude::*};
[INFO] [stdout]    |              ^^^^^^^^^^^^^^^              ^^^^^^^^^^
[INFO] [stdout]    |
[INFO] [stdout]    = note: `#[warn(unused_imports)]` on by default
[INFO] [stdout] 
[INFO] [stdout] 
[INFO] [stdout] warning: unused import: `video::Video`
[INFO] [stdout]   --> src/components/mod.rs:12:9
[INFO] [stdout]    |
[INFO] [stdout] 12 | pub use video::Video;
[INFO] [stdout]    |         ^^^^^^^^^^^^
[INFO] [stdout] 
[INFO] [stdout] 
[INFO] [stdout] warning: unused import: `crate::AppState`
[INFO] [stdout]   --> src/components/mod.rs:14:5
[INFO] [stdout]    |
[INFO] [stdout] 14 | use crate::AppState;
[INFO] [stdout]    |     ^^^^^^^^^^^^^^^
[INFO] [stdout] 
[INFO] [stdout] 
[INFO] [stdout] warning: unused import: `gloo_utils::format::JsValueSerdeExt`
[INFO] [stdout]  --> src/devices.rs:3:5
[INFO] [stdout]   |
[INFO] [stdout] 3 | use gloo_utils::format::JsValueSerdeExt;
[INFO] [stdout]   |     ^^^^^^^^^^^^^^^^^^^^^^^^^^^^^^^^^^^
[INFO] [stdout] 
[INFO] [stdout] 
[INFO] [stdout] warning: unused import: `info`
[INFO] [stdout]  --> src/video_stream.rs:3:15
[INFO] [stdout]   |
[INFO] [stdout] 3 | use tracing::{info, warn};
[INFO] [stdout]   |               ^^^^
[INFO] [stdout] 
[INFO] [stdout] 
[INFO] [stdout] warning: variable does not need to be mutable
[INFO] [stdout]   --> src/components/controls.rs:17:9
[INFO] [stdout]    |
[INFO] [stdout] 17 |     let mut title = cx.consume_context::<Context<String>>().unwrap();
[INFO] [stdout]    |         ----^^^^^
[INFO] [stdout]    |         |
[INFO] [stdout]    |         help: remove this `mut`
[INFO] [stdout]    |
[INFO] [stdout]    = note: `#[warn(unused_mut)]` on by default
[INFO] [stdout] 
[INFO] [stdout] 
[INFO] [stdout] warning: method `changed` is never used
[INFO] [stdout]   --> src/components/mod.rs:19:8
[INFO] [stdout]    |
[INFO] [stdout] 18 | impl Title {
[INFO] [stdout]    | ---------- method in this implementation
[INFO] [stdout] 19 |     fn changed(&mut self, title: &str) {
[INFO] [stdout]    |        ^^^^^^^
[INFO] [stdout]    |
[INFO] [stdout]    = note: `#[warn(dead_code)]` on by default
[INFO] [stdout] 
[INFO] [stdout] 
[INFO] [stdout] warning: static `TITLE` is never used
[INFO] [stdout]   --> src/components/mod.rs:35:8
[INFO] [stdout]    |
[INFO] [stdout] 35 | static TITLE: Atom<String> = |_| "feafea".to_string();
[INFO] [stdout]    |        ^^^^^
[INFO] [stdout] 
[INFO] [stdout] 
[INFO] [stdout] warning: associated items `new`, `inner`, `inner_mut`, and `change_value` are never used
[INFO] [stdout]   --> src/components/mod.rs:83:12
[INFO] [stdout]    |
[INFO] [stdout] 79 | / impl<T> Context<T>
[INFO] [stdout] 80 | | where
[INFO] [stdout] 81 | |     T: PartialEq,
[INFO] [stdout]    | |_________________- associated items in this implementation
[INFO] [stdout] 82 |   {
[INFO] [stdout] 83 |       pub fn new(value: T) -> Self {
[INFO] [stdout]    |              ^^^
[INFO] [stdout] ...
[INFO] [stdout] 86 |       pub fn inner(self) -> Rc<RefCell<T>> {
[INFO] [stdout]    |              ^^^^^
[INFO] [stdout] ...
[INFO] [stdout] 89 |       pub fn inner_mut(&mut self) -> &mut Rc<RefCell<T>> {
[INFO] [stdout]    |              ^^^^^^^^^
[INFO] [stdout] ...
[INFO] [stdout] 95 |       pub fn change_value(&self, value: T) {
[INFO] [stdout]    |              ^^^^^^^^^^^^
[INFO] [stdout] 
[INFO] [stdout] 
[INFO] [stdout] warning: function `Controls` is never used
[INFO] [stdout]  --> src/components/controls.rs:7:8
[INFO] [stdout]   |
[INFO] [stdout] 7 | pub fn Controls(cx: Scope) -> Element {
[INFO] [stdout]   |        ^^^^^^^^
[INFO] [stdout] 
[INFO] [stdout] 
[INFO] [stdout] warning: function `TestComponent` is never used
[INFO] [stdout]  --> src/components/test.rs:3:8
[INFO] [stdout]   |
[INFO] [stdout] 3 | pub fn TestComponent(cx: Scope) -> Element {
[INFO] [stdout]   |        ^^^^^^^^^^^^^
[INFO] [stdout] 
[INFO] [stdout] 
[INFO] [stdout] warning: function `Video` is never used
[INFO] [stdout]   --> src/components/video.rs:47:8
[INFO] [stdout]    |
[INFO] [stdout] 47 | pub fn Video(cx: Scope) -> Element {
[INFO] [stdout]    |        ^^^^^
[INFO] [stdout] 
[INFO] [stdout] 
[INFO] [stdout] warning: function `TestComponent` should have a snake case name
[INFO] [stdout]  --> src/components/test.rs:3:8
[INFO] [stdout]   |
[INFO] [stdout] 3 | pub fn TestComponent(cx: Scope) -> Element {
[INFO] [stdout]   |        ^^^^^^^^^^^^^ help: convert the identifier to snake case: `test_component`
[INFO] [stdout]   |
[INFO] [stdout]   = note: `#[warn(non_snake_case)]` on by default
[INFO] [stdout] 
[INFO] [stdout] 
[INFO] [stdout] warning: 13 warnings emitted
[INFO] [stdout] 
[INFO] [stdout] 
[INFO] [stderr]     Finished dev [unoptimized + debuginfo] target(s) in 14.97s
[INFO] running `Command { std: "docker" "inspect" "5d13cb72be13ab12551b1267d587cd1593a3962e804c0689571655e3fe683402", kill_on_drop: false }`
[INFO] running `Command { std: "docker" "rm" "-f" "5d13cb72be13ab12551b1267d587cd1593a3962e804c0689571655e3fe683402", kill_on_drop: false }`
[INFO] [stdout] 5d13cb72be13ab12551b1267d587cd1593a3962e804c0689571655e3fe683402
[INFO] running `Command { std: "docker" "create" "-v" "/var/lib/crater-agent-workspace/builds/worker-6-tc2/target:/opt/rustwide/target:rw,Z" "-v" "/var/lib/crater-agent-workspace/builds/worker-6-tc2/source:/opt/rustwide/workdir:ro,Z" "-v" "/var/lib/crater-agent-workspace/cargo-home:/opt/rustwide/cargo-home:ro,Z" "-v" "/var/lib/crater-agent-workspace/rustup-home:/opt/rustwide/rustup-home:ro,Z" "-e" "SOURCE_DIR=/opt/rustwide/workdir" "-e" "CARGO_TARGET_DIR=/opt/rustwide/target" "-e" "CARGO_INCREMENTAL=0" "-e" "RUST_BACKTRACE=full" "-e" "RUSTFLAGS=--cap-lints=warn" "-e" "RUSTDOCFLAGS=--cap-lints=warn" "-e" "CARGO_HOME=/opt/rustwide/cargo-home" "-e" "RUSTUP_HOME=/opt/rustwide/rustup-home" "-w" "/opt/rustwide/workdir" "-m" "1610612736" "--user" "0:0" "--network" "none" "ghcr.io/rust-lang/crates-build-env/linux@sha256:2788e3201cd34a07e3172128adcd8b3090168a8e3bcc40d7c032b9dda1df7d1c" "/opt/rustwide/cargo-home/bin/cargo" "+beta-2023-12-22" "test" "--frozen" "--no-run" "--message-format=json", kill_on_drop: false }`
[INFO] [stdout] 460c2c6dcdd1e14c8cab02f6aeb7d6f333617f2107504741086dc25ff9f3bbba
[INFO] running `Command { std: "docker" "start" "-a" "460c2c6dcdd1e14c8cab02f6aeb7d6f333617f2107504741086dc25ff9f3bbba", kill_on_drop: false }`
[INFO] [stdout] warning: unused imports: `core::IntoVNode`, `prelude::*`
[INFO] [stdout]   --> src/components/mod.rs:11:14
[INFO] [stdout]    |
[INFO] [stdout] 11 | use dioxus::{core::IntoVNode, prelude::*, prelude::*};
[INFO] [stdout]    |              ^^^^^^^^^^^^^^^              ^^^^^^^^^^
[INFO] [stdout]    |
[INFO] [stdout]    = note: `#[warn(unused_imports)]` on by default
[INFO] [stdout] 
[INFO] [stdout] 
[INFO] [stdout] warning: unused import: `video::Video`
[INFO] [stdout]   --> src/components/mod.rs:12:9
[INFO] [stdout]    |
[INFO] [stdout] 12 | pub use video::Video;
[INFO] [stdout]    |         ^^^^^^^^^^^^
[INFO] [stdout] 
[INFO] [stdout] 
[INFO] [stdout] warning: unused import: `crate::AppState`
[INFO] [stdout]   --> src/components/mod.rs:14:5
[INFO] [stdout]    |
[INFO] [stdout] 14 | use crate::AppState;
[INFO] [stdout]    |     ^^^^^^^^^^^^^^^
[INFO] [stdout] 
[INFO] [stdout] 
[INFO] [stdout] warning: unused import: `gloo_utils::format::JsValueSerdeExt`
[INFO] [stdout]  --> src/devices.rs:3:5
[INFO] [stdout]   |
[INFO] [stdout] 3 | use gloo_utils::format::JsValueSerdeExt;
[INFO] [stdout]   |     ^^^^^^^^^^^^^^^^^^^^^^^^^^^^^^^^^^^
[INFO] [stdout] 
[INFO] [stdout] 
[INFO] [stdout] warning: unused import: `info`
[INFO] [stdout]  --> src/video_stream.rs:3:15
[INFO] [stdout]   |
[INFO] [stdout] 3 | use tracing::{info, warn};
[INFO] [stdout]   |               ^^^^
[INFO] [stdout] 
[INFO] [stdout] 
[INFO] [stdout] warning: variable does not need to be mutable
[INFO] [stdout]   --> src/components/controls.rs:17:9
[INFO] [stdout]    |
[INFO] [stdout] 17 |     let mut title = cx.consume_context::<Context<String>>().unwrap();
[INFO] [stdout]    |         ----^^^^^
[INFO] [stdout]    |         |
[INFO] [stdout]    |         help: remove this `mut`
[INFO] [stdout]    |
[INFO] [stdout]    = note: `#[warn(unused_mut)]` on by default
[INFO] [stdout] 
[INFO] [stdout] 
[INFO] [stderr]    Compiling t_dix v0.1.0 (/opt/rustwide/workdir)
[INFO] [stdout] warning: method `changed` is never used
[INFO] [stdout]   --> src/components/mod.rs:19:8
[INFO] [stdout]    |
[INFO] [stdout] 18 | impl Title {
[INFO] [stdout]    | ---------- method in this implementation
[INFO] [stdout] 19 |     fn changed(&mut self, title: &str) {
[INFO] [stdout]    |        ^^^^^^^
[INFO] [stdout]    |
[INFO] [stdout]    = note: `#[warn(dead_code)]` on by default
[INFO] [stdout] 
[INFO] [stdout] 
[INFO] [stdout] warning: static `TITLE` is never used
[INFO] [stdout]   --> src/components/mod.rs:35:8
[INFO] [stdout]    |
[INFO] [stdout] 35 | static TITLE: Atom<String> = |_| "feafea".to_string();
[INFO] [stdout]    |        ^^^^^
[INFO] [stdout] 
[INFO] [stdout] 
[INFO] [stdout] warning: associated items `new`, `inner`, `inner_mut`, and `change_value` are never used
[INFO] [stdout]   --> src/components/mod.rs:83:12
[INFO] [stdout]    |
[INFO] [stdout] 79 | / impl<T> Context<T>
[INFO] [stdout] 80 | | where
[INFO] [stdout] 81 | |     T: PartialEq,
[INFO] [stdout]    | |_________________- associated items in this implementation
[INFO] [stdout] 82 |   {
[INFO] [stdout] 83 |       pub fn new(value: T) -> Self {
[INFO] [stdout]    |              ^^^
[INFO] [stdout] ...
[INFO] [stdout] 86 |       pub fn inner(self) -> Rc<RefCell<T>> {
[INFO] [stdout]    |              ^^^^^
[INFO] [stdout] ...
[INFO] [stdout] 89 |       pub fn inner_mut(&mut self) -> &mut Rc<RefCell<T>> {
[INFO] [stdout]    |              ^^^^^^^^^
[INFO] [stdout] ...
[INFO] [stdout] 95 |       pub fn change_value(&self, value: T) {
[INFO] [stdout]    |              ^^^^^^^^^^^^
[INFO] [stdout] 
[INFO] [stdout] 
[INFO] [stdout] warning: function `Controls` is never used
[INFO] [stdout]  --> src/components/controls.rs:7:8
[INFO] [stdout]   |
[INFO] [stdout] 7 | pub fn Controls(cx: Scope) -> Element {
[INFO] [stdout]   |        ^^^^^^^^
[INFO] [stdout] 
[INFO] [stdout] 
[INFO] [stdout] warning: function `TestComponent` is never used
[INFO] [stdout]  --> src/components/test.rs:3:8
[INFO] [stdout]   |
[INFO] [stdout] 3 | pub fn TestComponent(cx: Scope) -> Element {
[INFO] [stdout]   |        ^^^^^^^^^^^^^
[INFO] [stdout] 
[INFO] [stdout] 
[INFO] [stdout] warning: function `Video` is never used
[INFO] [stdout]   --> src/components/video.rs:47:8
[INFO] [stdout]    |
[INFO] [stdout] 47 | pub fn Video(cx: Scope) -> Element {
[INFO] [stdout]    |        ^^^^^
[INFO] [stdout] 
[INFO] [stdout] 
[INFO] [stdout] warning: function `TestComponent` should have a snake case name
[INFO] [stdout]  --> src/components/test.rs:3:8
[INFO] [stdout]   |
[INFO] [stdout] 3 | pub fn TestComponent(cx: Scope) -> Element {
[INFO] [stdout]   |        ^^^^^^^^^^^^^ help: convert the identifier to snake case: `test_component`
[INFO] [stdout]   |
[INFO] [stdout]   = note: `#[warn(non_snake_case)]` on by default
[INFO] [stdout] 
[INFO] [stdout] 
[INFO] [stdout] warning: 13 warnings emitted
[INFO] [stdout] 
[INFO] [stdout] 
[INFO] [stdout] warning: unused imports: `core::IntoVNode`, `prelude::*`
[INFO] [stdout]   --> src/components/mod.rs:11:14
[INFO] [stdout]    |
[INFO] [stdout] 11 | use dioxus::{core::IntoVNode, prelude::*, prelude::*};
[INFO] [stdout]    |              ^^^^^^^^^^^^^^^              ^^^^^^^^^^
[INFO] [stdout]    |
[INFO] [stdout]    = note: `#[warn(unused_imports)]` on by default
[INFO] [stdout] 
[INFO] [stdout] 
[INFO] [stdout] warning: unused import: `video::Video`
[INFO] [stdout]   --> src/components/mod.rs:12:9
[INFO] [stdout]    |
[INFO] [stdout] 12 | pub use video::Video;
[INFO] [stdout]    |         ^^^^^^^^^^^^
[INFO] [stdout] 
[INFO] [stdout] 
[INFO] [stdout] warning: unused import: `crate::AppState`
[INFO] [stdout]   --> src/components/mod.rs:14:5
[INFO] [stdout]    |
[INFO] [stdout] 14 | use crate::AppState;
[INFO] [stdout]    |     ^^^^^^^^^^^^^^^
[INFO] [stdout] 
[INFO] [stdout] 
[INFO] [stdout] warning: unused import: `gloo_utils::format::JsValueSerdeExt`
[INFO] [stdout]  --> src/devices.rs:3:5
[INFO] [stdout]   |
[INFO] [stdout] 3 | use gloo_utils::format::JsValueSerdeExt;
[INFO] [stdout]   |     ^^^^^^^^^^^^^^^^^^^^^^^^^^^^^^^^^^^
[INFO] [stdout] 
[INFO] [stdout] 
[INFO] [stdout] warning: unused import: `info`
[INFO] [stdout]  --> src/video_stream.rs:3:15
[INFO] [stdout]   |
[INFO] [stdout] 3 | use tracing::{info, warn};
[INFO] [stdout]   |               ^^^^
[INFO] [stdout] 
[INFO] [stdout] 
[INFO] [stdout] warning: variable does not need to be mutable
[INFO] [stdout]   --> src/components/controls.rs:17:9
[INFO] [stdout]    |
[INFO] [stdout] 17 |     let mut title = cx.consume_context::<Context<String>>().unwrap();
[INFO] [stdout]    |         ----^^^^^
[INFO] [stdout]    |         |
[INFO] [stdout]    |         help: remove this `mut`
[INFO] [stdout]    |
[INFO] [stdout]    = note: `#[warn(unused_mut)]` on by default
[INFO] [stdout] 
[INFO] [stdout] 
[INFO] [stdout] warning: method `changed` is never used
[INFO] [stdout]   --> src/components/mod.rs:19:8
[INFO] [stdout]    |
[INFO] [stdout] 18 | impl Title {
[INFO] [stdout]    | ---------- method in this implementation
[INFO] [stdout] 19 |     fn changed(&mut self, title: &str) {
[INFO] [stdout]    |        ^^^^^^^
[INFO] [stdout]    |
[INFO] [stdout]    = note: `#[warn(dead_code)]` on by default
[INFO] [stdout] 
[INFO] [stdout] 
[INFO] [stdout] warning: static `TITLE` is never used
[INFO] [stdout]   --> src/components/mod.rs:35:8
[INFO] [stdout]    |
[INFO] [stdout] 35 | static TITLE: Atom<String> = |_| "feafea".to_string();
[INFO] [stdout]    |        ^^^^^
[INFO] [stdout] 
[INFO] [stdout] 
[INFO] [stdout] warning: associated items `new`, `inner`, `inner_mut`, and `change_value` are never used
[INFO] [stdout]   --> src/components/mod.rs:83:12
[INFO] [stdout]    |
[INFO] [stdout] 79 | / impl<T> Context<T>
[INFO] [stdout] 80 | | where
[INFO] [stdout] 81 | |     T: PartialEq,
[INFO] [stdout]    | |_________________- associated items in this implementation
[INFO] [stdout] 82 |   {
[INFO] [stdout] 83 |       pub fn new(value: T) -> Self {
[INFO] [stdout]    |              ^^^
[INFO] [stdout] ...
[INFO] [stdout] 86 |       pub fn inner(self) -> Rc<RefCell<T>> {
[INFO] [stdout]    |              ^^^^^
[INFO] [stdout] ...
[INFO] [stdout] 89 |       pub fn inner_mut(&mut self) -> &mut Rc<RefCell<T>> {
[INFO] [stdout]    |              ^^^^^^^^^
[INFO] [stdout] ...
[INFO] [stdout] 95 |       pub fn change_value(&self, value: T) {
[INFO] [stdout]    |              ^^^^^^^^^^^^
[INFO] [stdout] 
[INFO] [stdout] 
[INFO] [stdout] warning: function `Controls` is never used
[INFO] [stdout]  --> src/components/controls.rs:7:8
[INFO] [stdout]   |
[INFO] [stdout] 7 | pub fn Controls(cx: Scope) -> Element {
[INFO] [stdout]   |        ^^^^^^^^
[INFO] [stdout] 
[INFO] [stdout] 
[INFO] [stdout] warning: function `TestComponent` is never used
[INFO] [stdout]  --> src/components/test.rs:3:8
[INFO] [stdout]   |
[INFO] [stdout] 3 | pub fn TestComponent(cx: Scope) -> Element {
[INFO] [stdout]   |        ^^^^^^^^^^^^^
[INFO] [stdout] 
[INFO] [stdout] 
[INFO] [stdout] warning: function `Video` is never used
[INFO] [stdout]   --> src/components/video.rs:47:8
[INFO] [stdout]    |
[INFO] [stdout] 47 | pub fn Video(cx: Scope) -> Element {
[INFO] [stdout]    |        ^^^^^
[INFO] [stdout] 
[INFO] [stdout] 
[INFO] [stdout] warning: function `TestComponent` should have a snake case name
[INFO] [stdout]  --> src/components/test.rs:3:8
[INFO] [stdout]   |
[INFO] [stdout] 3 | pub fn TestComponent(cx: Scope) -> Element {
[INFO] [stdout]   |        ^^^^^^^^^^^^^ help: convert the identifier to snake case: `test_component`
[INFO] [stdout]   |
[INFO] [stdout]   = note: `#[warn(non_snake_case)]` on by default
[INFO] [stdout] 
[INFO] [stdout] 
[INFO] [stdout] warning: 13 warnings emitted
[INFO] [stdout] 
[INFO] [stdout] 
[INFO] [stderr]     Finished test [unoptimized + debuginfo] target(s) in 0.64s
[INFO] running `Command { std: "docker" "inspect" "460c2c6dcdd1e14c8cab02f6aeb7d6f333617f2107504741086dc25ff9f3bbba", kill_on_drop: false }`
[INFO] running `Command { std: "docker" "rm" "-f" "460c2c6dcdd1e14c8cab02f6aeb7d6f333617f2107504741086dc25ff9f3bbba", kill_on_drop: false }`
[INFO] [stdout] 460c2c6dcdd1e14c8cab02f6aeb7d6f333617f2107504741086dc25ff9f3bbba
[INFO] running `Command { std: "docker" "create" "-v" "/var/lib/crater-agent-workspace/builds/worker-6-tc2/target:/opt/rustwide/target:rw,Z" "-v" "/var/lib/crater-agent-workspace/builds/worker-6-tc2/source:/opt/rustwide/workdir:ro,Z" "-v" "/var/lib/crater-agent-workspace/cargo-home:/opt/rustwide/cargo-home:ro,Z" "-v" "/var/lib/crater-agent-workspace/rustup-home:/opt/rustwide/rustup-home:ro,Z" "-e" "SOURCE_DIR=/opt/rustwide/workdir" "-e" "CARGO_TARGET_DIR=/opt/rustwide/target" "-e" "CARGO_INCREMENTAL=0" "-e" "RUST_BACKTRACE=full" "-e" "RUSTFLAGS=--cap-lints=warn" "-e" "RUSTDOCFLAGS=--cap-lints=warn" "-e" "CARGO_HOME=/opt/rustwide/cargo-home" "-e" "RUSTUP_HOME=/opt/rustwide/rustup-home" "-w" "/opt/rustwide/workdir" "-m" "1610612736" "--user" "0:0" "--network" "none" "ghcr.io/rust-lang/crates-build-env/linux@sha256:2788e3201cd34a07e3172128adcd8b3090168a8e3bcc40d7c032b9dda1df7d1c" "/opt/rustwide/cargo-home/bin/cargo" "+beta-2023-12-22" "test" "--frozen", kill_on_drop: false }`
[INFO] [stdout] 842c4ce2947bb99ce217b24d4ef9a6e9969b39175bab2fce10499977549dbc4a
[INFO] running `Command { std: "docker" "start" "-a" "842c4ce2947bb99ce217b24d4ef9a6e9969b39175bab2fce10499977549dbc4a", kill_on_drop: false }`
[INFO] [stderr] warning: unused imports: `core::IntoVNode`, `prelude::*`
[INFO] [stderr]   --> src/components/mod.rs:11:14
[INFO] [stderr]    |
[INFO] [stderr] 11 | use dioxus::{core::IntoVNode, prelude::*, prelude::*};
[INFO] [stderr]    |              ^^^^^^^^^^^^^^^              ^^^^^^^^^^
[INFO] [stderr]    |
[INFO] [stderr]    = note: `#[warn(unused_imports)]` on by default
[INFO] [stderr] 
[INFO] [stderr] warning: unused import: `video::Video`
[INFO] [stderr]   --> src/components/mod.rs:12:9
[INFO] [stderr]    |
[INFO] [stderr] 12 | pub use video::Video;
[INFO] [stderr]    |         ^^^^^^^^^^^^
[INFO] [stderr] 
[INFO] [stderr] warning: unused import: `crate::AppState`
[INFO] [stderr]   --> src/components/mod.rs:14:5
[INFO] [stderr]    |
[INFO] [stderr] 14 | use crate::AppState;
[INFO] [stderr]    |     ^^^^^^^^^^^^^^^
[INFO] [stderr] 
[INFO] [stderr] warning: unused import: `gloo_utils::format::JsValueSerdeExt`
[INFO] [stderr]  --> src/devices.rs:3:5
[INFO] [stderr]   |
[INFO] [stderr] 3 | use gloo_utils::format::JsValueSerdeExt;
[INFO] [stderr]   |     ^^^^^^^^^^^^^^^^^^^^^^^^^^^^^^^^^^^
[INFO] [stderr] 
[INFO] [stderr] warning: unused import: `info`
[INFO] [stderr]  --> src/video_stream.rs:3:15
[INFO] [stderr]   |
[INFO] [stderr] 3 | use tracing::{info, warn};
[INFO] [stderr]   |               ^^^^
[INFO] [stderr] 
[INFO] [stderr] warning: variable does not need to be mutable
[INFO] [stderr]   --> src/components/controls.rs:17:9
[INFO] [stderr]    |
[INFO] [stderr] 17 |     let mut title = cx.consume_context::<Context<String>>().unwrap();
[INFO] [stderr]    |         ----^^^^^
[INFO] [stderr]    |         |
[INFO] [stderr]    |         help: remove this `mut`
[INFO] [stderr]    |
[INFO] [stderr]    = note: `#[warn(unused_mut)]` on by default
[INFO] [stderr] 
[INFO] [stderr] warning: method `changed` is never used
[INFO] [stderr]   --> src/components/mod.rs:19:8
[INFO] [stderr]    |
[INFO] [stderr] 18 | impl Title {
[INFO] [stderr]    | ---------- method in this implementation
[INFO] [stderr] 19 |     fn changed(&mut self, title: &str) {
[INFO] [stderr]    |        ^^^^^^^
[INFO] [stderr]    |
[INFO] [stderr]    = note: `#[warn(dead_code)]` on by default
[INFO] [stderr] 
[INFO] [stderr] warning: static `TITLE` is never used
[INFO] [stderr]   --> src/components/mod.rs:35:8
[INFO] [stderr]    |
[INFO] [stderr] 35 | static TITLE: Atom<String> = |_| "feafea".to_string();
[INFO] [stderr]    |        ^^^^^
[INFO] [stderr] 
[INFO] [stderr] warning: associated items `new`, `inner`, `inner_mut`, and `change_value` are never used
[INFO] [stderr]   --> src/components/mod.rs:83:12
[INFO] [stderr]    |
[INFO] [stderr] 79 | / impl<T> Context<T>
[INFO] [stderr] 80 | | where
[INFO] [stderr] 81 | |     T: PartialEq,
[INFO] [stderr]    | |_________________- associated items in this implementation
[INFO] [stderr] 82 |   {
[INFO] [stderr] 83 |       pub fn new(value: T) -> Self {
[INFO] [stderr]    |              ^^^
[INFO] [stderr] ...
[INFO] [stderr] 86 |       pub fn inner(self) -> Rc<RefCell<T>> {
[INFO] [stderr]    |              ^^^^^
[INFO] [stderr] ...
[INFO] [stderr] 89 |       pub fn inner_mut(&mut self) -> &mut Rc<RefCell<T>> {
[INFO] [stderr]    |              ^^^^^^^^^
[INFO] [stderr] ...
[INFO] [stderr] 95 |       pub fn change_value(&self, value: T) {
[INFO] [stderr]    |              ^^^^^^^^^^^^
[INFO] [stderr] 
[INFO] [stderr] warning: function `Controls` is never used
[INFO] [stderr]  --> src/components/controls.rs:7:8
[INFO] [stderr]   |
[INFO] [stderr] 7 | pub fn Controls(cx: Scope) -> Element {
[INFO] [stderr]   |        ^^^^^^^^
[INFO] [stderr] 
[INFO] [stderr] warning: function `TestComponent` is never used
[INFO] [stderr]  --> src/components/test.rs:3:8
[INFO] [stderr]   |
[INFO] [stderr] 3 | pub fn TestComponent(cx: Scope) -> Element {
[INFO] [stderr]   |        ^^^^^^^^^^^^^
[INFO] [stderr] 
[INFO] [stderr] warning: function `Video` is never used
[INFO] [stderr]   --> src/components/video.rs:47:8
[INFO] [stderr]    |
[INFO] [stderr] 47 | pub fn Video(cx: Scope) -> Element {
[INFO] [stderr]    |        ^^^^^
[INFO] [stderr] 
[INFO] [stderr] warning: function `TestComponent` should have a snake case name
[INFO] [stderr]  --> src/components/test.rs:3:8
[INFO] [stderr]   |
[INFO] [stderr] 3 | pub fn TestComponent(cx: Scope) -> Element {
[INFO] [stderr]   |        ^^^^^^^^^^^^^ help: convert the identifier to snake case: `test_component`
[INFO] [stderr]   |
[INFO] [stderr]   = note: `#[warn(non_snake_case)]` on by default
[INFO] [stderr] 
[INFO] [stderr] warning: `t_dix` (lib) generated 13 warnings (run `cargo fix --lib -p t_dix` to apply 6 suggestions)
[INFO] [stderr] warning: `t_dix` (lib test) generated 13 warnings (13 duplicates)
[INFO] [stderr]     Finished test [unoptimized + debuginfo] target(s) in 0.10s
[INFO] [stderr]      Running unittests src/lib.rs (/opt/rustwide/target/debug/deps/t_dix-046c25fade42ba82)
[INFO] [stdout] 
[INFO] [stdout] running 0 tests
[INFO] [stdout] 
[INFO] [stdout] test result: ok. 0 passed; 0 failed; 0 ignored; 0 measured; 0 filtered out; finished in 0.00s
[INFO] [stdout] 
[INFO] [stderr]      Running unittests src/main.rs (/opt/rustwide/target/debug/deps/t_dix-a70b3ebf47b6a2e9)
[INFO] [stdout] 
[INFO] [stdout] running 0 tests
[INFO] [stdout] 
[INFO] [stdout] test result: ok. 0 passed; 0 failed; 0 ignored; 0 measured; 0 filtered out; finished in 0.00s
[INFO] [stdout] 
[INFO] [stderr]    Doc-tests t_dix
[INFO] [stdout] 
[INFO] [stdout] running 1 test
[INFO] [stdout] test src/components/video.rs - components::video::Video (line 13) ... FAILED
[INFO] [stdout] 
[INFO] [stdout] failures:
[INFO] [stdout] 
[INFO] [stdout] ---- src/components/video.rs - components::video::Video (line 13) stdout ----
[INFO] [stdout] error: cannot find macro `rsx` in this scope
[INFO] [stdout]   --> src/components/video.rs:38:15
[INFO] [stdout]    |
[INFO] [stdout] 27 |     cx.render(rsx! {
[INFO] [stdout]    |               ^^^
[INFO] [stdout]    |
[INFO] [stdout] help: consider importing this macro
[INFO] [stdout]    |
[INFO] [stdout] 2  + use dioxus::prelude::rsx;
[INFO] [stdout]    |
[INFO] [stdout] 
[INFO] [stdout] error[E0412]: cannot find type `Scope` in this scope
[INFO] [stdout]  --> src/components/video.rs:15:18
[INFO] [stdout]   |
[INFO] [stdout] 4 | fn videoNode(cx: Scope) -> Element {
[INFO] [stdout]   |                  ^^^^^ not found in this scope
[INFO] [stdout]   |
[INFO] [stdout] help: consider importing one of these items
[INFO] [stdout]   |
[INFO] [stdout] 2 + use dioxus::prelude::Scope;
[INFO] [stdout]   |
[INFO] [stdout] 2 + use std::thread::Scope;
[INFO] [stdout]   |
[INFO] [stdout] 
[INFO] [stdout] error[E0412]: cannot find type `Element` in this scope
[INFO] [stdout]  --> src/components/video.rs:15:28
[INFO] [stdout]   |
[INFO] [stdout] 4 | fn videoNode(cx: Scope) -> Element {
[INFO] [stdout]   |                            ^^^^^^^ not found in this scope
[INFO] [stdout]   |
[INFO] [stdout] help: consider importing one of these items
[INFO] [stdout]   |
[INFO] [stdout] 2 + use dioxus::prelude::Element;
[INFO] [stdout]   |
[INFO] [stdout] 2 + use web_sys::Element;
[INFO] [stdout]   |
[INFO] [stdout] 
[INFO] [stdout] error[E0425]: cannot find function `use_ref` in this scope
[INFO] [stdout]  --> src/components/video.rs:16:18
[INFO] [stdout]   |
[INFO] [stdout] 5 |     let stream = use_ref(&cx, || None);
[INFO] [stdout]   |                  ^^^^^^^ not found in this scope
[INFO] [stdout]   |
[INFO] [stdout] help: consider importing this function
[INFO] [stdout]   |
[INFO] [stdout] 2 + use dioxus::prelude::use_ref;
[INFO] [stdout]   |
[INFO] [stdout] 
[INFO] [stdout] error[E0425]: cannot find function `use_future` in this scope
[INFO] [stdout]  --> src/components/video.rs:18:13
[INFO] [stdout]   |
[INFO] [stdout] 7 |     let _ = use_future(&cx, (), |_| {
[INFO] [stdout]   |             ^^^^^^^^^^ not found in this scope
[INFO] [stdout]   |
[INFO] [stdout] help: consider importing this function
[INFO] [stdout]   |
[INFO] [stdout] 2 + use dioxus::prelude::use_future;
[INFO] [stdout]   |
[INFO] [stdout] 
[INFO] [stdout] error[E0433]: failed to resolve: use of undeclared type `MediaStreamConstraints`
[INFO] [stdout]   --> src/components/video.rs:22:35
[INFO] [stdout]    |
[INFO] [stdout] 11 |             let mut constraints = MediaStreamConstraints::new();
[INFO] [stdout]    |                                   ^^^^^^^^^^^^^^^^^^^^^^ use of undeclared type `MediaStreamConstraints`
[INFO] [stdout]    |
[INFO] [stdout] help: consider importing this struct
[INFO] [stdout]    |
[INFO] [stdout] 2  + use web_sys::MediaStreamConstraints;
[INFO] [stdout]    |
[INFO] [stdout] 
[INFO] [stdout] error[E0433]: failed to resolve: use of undeclared type `JsValue`
[INFO] [stdout]   --> src/components/video.rs:23:32
[INFO] [stdout]    |
[INFO] [stdout] 12 |             constraints.video(&JsValue::from(true));
[INFO] [stdout]    |                                ^^^^^^^ use of undeclared type `JsValue`
[INFO] [stdout]    |
[INFO] [stdout] help: consider importing this struct
[INFO] [stdout]    |
[INFO] [stdout] 2  + use wasm_bindgen::JsValue;
[INFO] [stdout]    |
[INFO] [stdout] 
[INFO] [stdout] error[E0433]: failed to resolve: use of undeclared type `JsValue`
[INFO] [stdout]   --> src/components/video.rs:24:32
[INFO] [stdout]    |
[INFO] [stdout] 13 |             constraints.audio(&JsValue::from(true));
[INFO] [stdout]    |                                ^^^^^^^ use of undeclared type `JsValue`
[INFO] [stdout]    |
[INFO] [stdout] help: consider importing this struct
[INFO] [stdout]    |
[INFO] [stdout] 2  + use wasm_bindgen::JsValue;
[INFO] [stdout]    |
[INFO] [stdout] 
[INFO] [stdout] error[E0433]: failed to resolve: use of undeclared type `JsFuture`
[INFO] [stdout]   --> src/components/video.rs:26:29
[INFO] [stdout]    |
[INFO] [stdout] 15 |             let cam_video = JsFuture::from(gum).await.map(MediaStream::from);
[INFO] [stdout]    |                             ^^^^^^^^ use of undeclared type `JsFuture`
[INFO] [stdout]    |
[INFO] [stdout] help: consider importing this struct
[INFO] [stdout]    |
[INFO] [stdout] 2  + use wasm_bindgen_futures::JsFuture;
[INFO] [stdout]    |
[INFO] [stdout] 
[INFO] [stdout] error[E0433]: failed to resolve: use of undeclared type `MediaStream`
[INFO] [stdout]   --> src/components/video.rs:26:59
[INFO] [stdout]    |
[INFO] [stdout] 15 |             let cam_video = JsFuture::from(gum).await.map(MediaStream::from);
[INFO] [stdout]    |                                                           ^^^^^^^^^^^ use of undeclared type `MediaStream`
[INFO] [stdout]    |
[INFO] [stdout] help: consider importing this struct
[INFO] [stdout]    |
[INFO] [stdout] 2  + use web_sys::MediaStream;
[INFO] [stdout]    |
[INFO] [stdout] 
[INFO] [stdout] error[E0412]: cannot find type `HtmlMediaElement` in this scope
[INFO] [stdout]   --> src/components/video.rs:31:33
[INFO] [stdout]    |
[INFO] [stdout] 20 |                     .dyn_into::<HtmlMediaElement>()
[INFO] [stdout]    |                                 ^^^^^^^^^^^^^^^^ not found in this scope
[INFO] [stdout]    |
[INFO] [stdout] help: consider importing this struct
[INFO] [stdout]    |
[INFO] [stdout] 2  + use web_sys::HtmlMediaElement;
[INFO] [stdout]    |
[INFO] [stdout] 
[INFO] [stdout] error[E0599]: no method named `dyn_into` found for struct `web_sys::features::gen_Element::Element` in the current scope
[INFO] [stdout]   --> src/components/video.rs:31:22
[INFO] [stdout]    |
[INFO] [stdout] 17 | /                 gloo_utils::document()
[INFO] [stdout] 18 | |                     .get_element_by_id("my-video")
[INFO] [stdout] 19 | |                     .unwrap()
[INFO] [stdout] 20 | |                     .dyn_into::<HtmlMediaElement>()
[INFO] [stdout]    | |                     -^^^^^^^^ method not found in `Element`
[INFO] [stdout]    | |_____________________|
[INFO] [stdout]    | 
[INFO] [stdout]    |
[INFO] [stdout]   ::: /opt/rustwide/cargo-home/registry/src/index.crates.io-6f17d22bba15001f/wasm-bindgen-0.2.83/src/cast.rs:43:8
[INFO] [stdout]    |
[INFO] [stdout] 43 |       fn dyn_into<T>(self) -> Result<T, Self>
[INFO] [stdout]    |          -------- the method is available for `web_sys::features::gen_Element::Element` here
[INFO] [stdout]    |
[INFO] [stdout]    = help: items from traits can only be used if the trait is in scope
[INFO] [stdout] help: the following trait is implemented but not in scope; perhaps add a `use` for it:
[INFO] [stdout]    |
[INFO] [stdout] 2  + use wasm_bindgen::cast::JsCast;
[INFO] [stdout]    |
[INFO] [stdout] 
[INFO] [stdout] error: aborting due to 12 previous errors
[INFO] [stdout] 
[INFO] [stdout] Some errors have detailed explanations: E0412, E0425, E0433, E0599.
[INFO] [stdout] For more information about an error, try `rustc --explain E0412`.
[INFO] [stdout] Couldn't compile the test.
[INFO] [stdout] 
[INFO] [stdout] failures:
[INFO] [stdout]     src/components/video.rs - components::video::Video (line 13)
[INFO] [stdout] 
[INFO] [stdout] test result: FAILED. 0 passed; 1 failed; 0 ignored; 0 measured; 0 filtered out; finished in 0.10s
[INFO] [stdout] 
[INFO] [stderr] error: doctest failed, to rerun pass `--doc`
[INFO] running `Command { std: "docker" "inspect" "842c4ce2947bb99ce217b24d4ef9a6e9969b39175bab2fce10499977549dbc4a", kill_on_drop: false }`
[INFO] running `Command { std: "docker" "rm" "-f" "842c4ce2947bb99ce217b24d4ef9a6e9969b39175bab2fce10499977549dbc4a", kill_on_drop: false }`
[INFO] [stdout] 842c4ce2947bb99ce217b24d4ef9a6e9969b39175bab2fce10499977549dbc4a
