[INFO] cloning repository https://github.com/kwannoel/libtest-mimic-with-nextest
[INFO] running `Command { std: "git" "-c" "credential.helper=" "-c" "credential.helper=/workspace/cargo-home/bin/git-credential-null" "clone" "--bare" "https://github.com/kwannoel/libtest-mimic-with-nextest" "/workspace/cache/git-repos/https%3A%2F%2Fgithub.com%2Fkwannoel%2Flibtest-mimic-with-nextest", kill_on_drop: false }`
[INFO] [stderr] Cloning into bare repository '/workspace/cache/git-repos/https%3A%2F%2Fgithub.com%2Fkwannoel%2Flibtest-mimic-with-nextest'...
[INFO] running `Command { std: "git" "rev-parse" "HEAD", kill_on_drop: false }`
[INFO] [stdout] c5a8f85cd12439f4d2407f44434da6011f76ee04
[INFO] testing kwannoel/libtest-mimic-with-nextest against 1.75.0 for beta-1.76-1
[INFO] running `Command { std: "git" "clone" "/workspace/cache/git-repos/https%3A%2F%2Fgithub.com%2Fkwannoel%2Flibtest-mimic-with-nextest" "/workspace/builds/worker-3-tc1/source", kill_on_drop: false }`
[INFO] [stderr] Cloning into '/workspace/builds/worker-3-tc1/source'...
[INFO] [stderr] done.
[INFO] validating manifest of git repo https://github.com/kwannoel/libtest-mimic-with-nextest on toolchain 1.75.0
[INFO] running `Command { std: CARGO_HOME="/workspace/cargo-home" RUSTUP_HOME="/workspace/rustup-home" "/workspace/cargo-home/bin/cargo" "+1.75.0" "metadata" "--manifest-path" "Cargo.toml" "--no-deps", kill_on_drop: false }`
[INFO] started tweaking git repo https://github.com/kwannoel/libtest-mimic-with-nextest
[INFO] removed 0 missing tests
[INFO] finished tweaking git repo https://github.com/kwannoel/libtest-mimic-with-nextest
[INFO] tweaked toml for git repo https://github.com/kwannoel/libtest-mimic-with-nextest written to /workspace/builds/worker-3-tc1/source/Cargo.toml
[INFO] crate git repo https://github.com/kwannoel/libtest-mimic-with-nextest already has a lockfile, it will not be regenerated
[INFO] running `Command { std: CARGO_HOME="/workspace/cargo-home" RUSTUP_HOME="/workspace/rustup-home" "/workspace/cargo-home/bin/cargo" "+1.75.0" "fetch" "--manifest-path" "Cargo.toml", kill_on_drop: false }`
[INFO] [stderr]  Downloading crates ...
[INFO] [stderr]   Downloaded libtest-mimic v0.4.1
[INFO] running `Command { std: "docker" "create" "-v" "/var/lib/crater-agent-workspace/builds/worker-3-tc1/target:/opt/rustwide/target:rw,Z" "-v" "/var/lib/crater-agent-workspace/builds/worker-3-tc1/source:/opt/rustwide/workdir:ro,Z" "-v" "/var/lib/crater-agent-workspace/cargo-home:/opt/rustwide/cargo-home:ro,Z" "-v" "/var/lib/crater-agent-workspace/rustup-home:/opt/rustwide/rustup-home:ro,Z" "-e" "SOURCE_DIR=/opt/rustwide/workdir" "-e" "CARGO_TARGET_DIR=/opt/rustwide/target" "-e" "CARGO_HOME=/opt/rustwide/cargo-home" "-e" "RUSTUP_HOME=/opt/rustwide/rustup-home" "-w" "/opt/rustwide/workdir" "-m" "1610612736" "--user" "0:0" "--network" "none" "ghcr.io/rust-lang/crates-build-env/linux@sha256:2788e3201cd34a07e3172128adcd8b3090168a8e3bcc40d7c032b9dda1df7d1c" "/opt/rustwide/cargo-home/bin/cargo" "+1.75.0" "metadata" "--no-deps" "--format-version=1", kill_on_drop: false }`
[INFO] [stdout] 8a1ca7bcb126737a38682a7a057131312bed0c595f6978e34b0a385be7d1e089
[INFO] running `Command { std: "docker" "start" "-a" "8a1ca7bcb126737a38682a7a057131312bed0c595f6978e34b0a385be7d1e089", kill_on_drop: false }`
[INFO] running `Command { std: "docker" "inspect" "8a1ca7bcb126737a38682a7a057131312bed0c595f6978e34b0a385be7d1e089", kill_on_drop: false }`
[INFO] running `Command { std: "docker" "rm" "-f" "8a1ca7bcb126737a38682a7a057131312bed0c595f6978e34b0a385be7d1e089", kill_on_drop: false }`
[INFO] [stdout] 8a1ca7bcb126737a38682a7a057131312bed0c595f6978e34b0a385be7d1e089
[INFO] running `Command { std: "docker" "create" "-v" "/var/lib/crater-agent-workspace/builds/worker-3-tc1/target:/opt/rustwide/target:rw,Z" "-v" "/var/lib/crater-agent-workspace/builds/worker-3-tc1/source:/opt/rustwide/workdir:ro,Z" "-v" "/var/lib/crater-agent-workspace/cargo-home:/opt/rustwide/cargo-home:ro,Z" "-v" "/var/lib/crater-agent-workspace/rustup-home:/opt/rustwide/rustup-home:ro,Z" "-e" "SOURCE_DIR=/opt/rustwide/workdir" "-e" "CARGO_TARGET_DIR=/opt/rustwide/target" "-e" "CARGO_INCREMENTAL=0" "-e" "RUST_BACKTRACE=full" "-e" "RUSTFLAGS=--cap-lints=warn" "-e" "RUSTDOCFLAGS=--cap-lints=warn" "-e" "CARGO_HOME=/opt/rustwide/cargo-home" "-e" "RUSTUP_HOME=/opt/rustwide/rustup-home" "-w" "/opt/rustwide/workdir" "-m" "1610612736" "--user" "0:0" "--network" "none" "ghcr.io/rust-lang/crates-build-env/linux@sha256:2788e3201cd34a07e3172128adcd8b3090168a8e3bcc40d7c032b9dda1df7d1c" "/opt/rustwide/cargo-home/bin/cargo" "+1.75.0" "build" "--frozen" "--message-format=json", kill_on_drop: false }`
[INFO] [stdout] 79786039482ddc18898ff0d14b8dedc4e8c03315e37c3845ab50ac15fbeca55a
[INFO] running `Command { std: "docker" "start" "-a" "79786039482ddc18898ff0d14b8dedc4e8c03315e37c3845ab50ac15fbeca55a", kill_on_drop: false }`
[INFO] [stderr]    Compiling autocfg v1.1.0
[INFO] [stderr]    Compiling version_check v0.9.4
[INFO] [stderr]    Compiling proc-macro2 v1.0.42
[INFO] [stderr]    Compiling unicode-ident v1.0.2
[INFO] [stderr]    Compiling once_cell v1.13.0
[INFO] [stderr]    Compiling quote v1.0.20
[INFO] [stderr]    Compiling crossbeam-utils v0.8.11
[INFO] [stderr]    Compiling libc v0.2.126
[INFO] [stderr]    Compiling cfg-if v1.0.0
[INFO] [stderr]    Compiling syn v1.0.98
[INFO] [stderr]    Compiling scopeguard v1.1.0
[INFO] [stderr]    Compiling rayon-core v1.9.3
[INFO] [stderr]    Compiling os_str_bytes v6.2.0
[INFO] [stderr]    Compiling heck v0.4.0
[INFO] [stderr]    Compiling hashbrown v0.12.3
[INFO] [stderr]    Compiling either v1.7.0
[INFO] [stderr]    Compiling termcolor v1.1.3
[INFO] [stderr]    Compiling textwrap v0.15.0
[INFO] [stderr]    Compiling strsim v0.10.0
[INFO] [stderr]    Compiling bitflags v1.3.2
[INFO] [stderr]    Compiling clap_lex v0.2.4
[INFO] [stderr]    Compiling proc-macro-error-attr v1.0.4
[INFO] [stderr]    Compiling proc-macro-error v1.0.4
[INFO] [stderr]    Compiling memoffset v0.6.5
[INFO] [stderr]    Compiling crossbeam-epoch v0.9.10
[INFO] [stderr]    Compiling indexmap v1.9.1
[INFO] [stderr]    Compiling rayon v1.5.3
[INFO] [stderr]    Compiling crossbeam-channel v0.5.6
[INFO] [stderr]    Compiling num_cpus v1.13.1
[INFO] [stderr]    Compiling atty v0.2.14
[INFO] [stderr]    Compiling crossbeam-deque v0.8.2
[INFO] [stderr]    Compiling clap_derive v3.2.15
[INFO] [stderr]    Compiling clap v3.2.15
[INFO] [stderr]    Compiling libtest-mimic v0.4.1
[INFO] [stderr]    Compiling libtest-mimic-with-nextest v0.1.0 (/opt/rustwide/workdir)
[INFO] [stderr]     Finished dev [unoptimized + debuginfo] target(s) in 7.80s
[INFO] running `Command { std: "docker" "inspect" "79786039482ddc18898ff0d14b8dedc4e8c03315e37c3845ab50ac15fbeca55a", kill_on_drop: false }`
[INFO] running `Command { std: "docker" "rm" "-f" "79786039482ddc18898ff0d14b8dedc4e8c03315e37c3845ab50ac15fbeca55a", kill_on_drop: false }`
[INFO] [stdout] 79786039482ddc18898ff0d14b8dedc4e8c03315e37c3845ab50ac15fbeca55a
[INFO] running `Command { std: "docker" "create" "-v" "/var/lib/crater-agent-workspace/builds/worker-3-tc1/target:/opt/rustwide/target:rw,Z" "-v" "/var/lib/crater-agent-workspace/builds/worker-3-tc1/source:/opt/rustwide/workdir:ro,Z" "-v" "/var/lib/crater-agent-workspace/cargo-home:/opt/rustwide/cargo-home:ro,Z" "-v" "/var/lib/crater-agent-workspace/rustup-home:/opt/rustwide/rustup-home:ro,Z" "-e" "SOURCE_DIR=/opt/rustwide/workdir" "-e" "CARGO_TARGET_DIR=/opt/rustwide/target" "-e" "CARGO_INCREMENTAL=0" "-e" "RUST_BACKTRACE=full" "-e" "RUSTFLAGS=--cap-lints=warn" "-e" "RUSTDOCFLAGS=--cap-lints=warn" "-e" "CARGO_HOME=/opt/rustwide/cargo-home" "-e" "RUSTUP_HOME=/opt/rustwide/rustup-home" "-w" "/opt/rustwide/workdir" "-m" "1610612736" "--user" "0:0" "--network" "none" "ghcr.io/rust-lang/crates-build-env/linux@sha256:2788e3201cd34a07e3172128adcd8b3090168a8e3bcc40d7c032b9dda1df7d1c" "/opt/rustwide/cargo-home/bin/cargo" "+1.75.0" "test" "--frozen" "--no-run" "--message-format=json", kill_on_drop: false }`
[INFO] [stdout] 2ee47fae8998927d1fe3389408f094ddafafb03837fcbc909b250e13872a931f
[INFO] running `Command { std: "docker" "start" "-a" "2ee47fae8998927d1fe3389408f094ddafafb03837fcbc909b250e13872a931f", kill_on_drop: false }`
[INFO] [stderr]    Compiling libtest-mimic-with-nextest v0.1.0 (/opt/rustwide/workdir)
[INFO] [stderr]     Finished test [unoptimized + debuginfo] target(s) in 1.05s
[INFO] running `Command { std: "docker" "inspect" "2ee47fae8998927d1fe3389408f094ddafafb03837fcbc909b250e13872a931f", kill_on_drop: false }`
[INFO] running `Command { std: "docker" "rm" "-f" "2ee47fae8998927d1fe3389408f094ddafafb03837fcbc909b250e13872a931f", kill_on_drop: false }`
[INFO] [stdout] 2ee47fae8998927d1fe3389408f094ddafafb03837fcbc909b250e13872a931f
[INFO] running `Command { std: "docker" "create" "-v" "/var/lib/crater-agent-workspace/builds/worker-3-tc1/target:/opt/rustwide/target:rw,Z" "-v" "/var/lib/crater-agent-workspace/builds/worker-3-tc1/source:/opt/rustwide/workdir:ro,Z" "-v" "/var/lib/crater-agent-workspace/cargo-home:/opt/rustwide/cargo-home:ro,Z" "-v" "/var/lib/crater-agent-workspace/rustup-home:/opt/rustwide/rustup-home:ro,Z" "-e" "SOURCE_DIR=/opt/rustwide/workdir" "-e" "CARGO_TARGET_DIR=/opt/rustwide/target" "-e" "CARGO_INCREMENTAL=0" "-e" "RUST_BACKTRACE=full" "-e" "RUSTFLAGS=--cap-lints=warn" "-e" "RUSTDOCFLAGS=--cap-lints=warn" "-e" "CARGO_HOME=/opt/rustwide/cargo-home" "-e" "RUSTUP_HOME=/opt/rustwide/rustup-home" "-w" "/opt/rustwide/workdir" "-m" "1610612736" "--user" "0:0" "--network" "none" "ghcr.io/rust-lang/crates-build-env/linux@sha256:2788e3201cd34a07e3172128adcd8b3090168a8e3bcc40d7c032b9dda1df7d1c" "/opt/rustwide/cargo-home/bin/cargo" "+1.75.0" "test" "--frozen", kill_on_drop: false }`
[INFO] [stdout] 82d757df25d45fc4fbc068c39b076fe85024a866f1f65cf947d00d50171241f0
[INFO] running `Command { std: "docker" "start" "-a" "82d757df25d45fc4fbc068c39b076fe85024a866f1f65cf947d00d50171241f0", kill_on_drop: false }`
[INFO] [stderr]     Finished test [unoptimized + debuginfo] target(s) in 0.04s
[INFO] [stderr]      Running unittests src/main.rs (/opt/rustwide/target/debug/deps/libtest_mimic_with_nextest-1b26f839d3163bbc)
[INFO] [stdout] 
[INFO] [stdout] running 0 tests
[INFO] [stdout] 
[INFO] [stdout] test result: ok. 0 passed; 0 failed; 0 ignored; 0 measured; 0 filtered out; finished in 0.00s
[INFO] [stdout] 
[INFO] [stderr]      Running tests/test.rs (/opt/rustwide/target/debug/deps/test-bb3009316bf6fd0a)
[INFO] [stdout] 
[INFO] [stdout] running 3 tests
[INFO] [stdout] test toph             ... ok
[INFO] [stdout] test sokka            ... ok
[INFO] [stdout] test long_computation ... FAILED
[INFO] [stdout] 
[INFO] [stdout] failures:
[INFO] [stdout] 
[INFO] [stdout] ---- long_computation ----
[INFO] [stdout] 
[INFO] [stdout] 
[INFO] [stdout] failures:
[INFO] [stdout]     long_computation
[INFO] [stdout] 
[INFO] [stdout] test result: FAILED. 2 passed; 1 failed; 0 ignored; 0 measured; 0 filtered out
[INFO] [stdout] 
[INFO] [stderr] error: test failed, to rerun pass `--test test`
[INFO] running `Command { std: "docker" "inspect" "82d757df25d45fc4fbc068c39b076fe85024a866f1f65cf947d00d50171241f0", kill_on_drop: false }`
[INFO] running `Command { std: "docker" "rm" "-f" "82d757df25d45fc4fbc068c39b076fe85024a866f1f65cf947d00d50171241f0", kill_on_drop: false }`
[INFO] [stdout] 82d757df25d45fc4fbc068c39b076fe85024a866f1f65cf947d00d50171241f0
[INFO] testing kwannoel/libtest-mimic-with-nextest against beta-2023-12-22 for beta-1.76-1
[INFO] running `Command { std: "git" "clone" "/workspace/cache/git-repos/https%3A%2F%2Fgithub.com%2Fkwannoel%2Flibtest-mimic-with-nextest" "/workspace/builds/worker-3-tc2/source", kill_on_drop: false }`
[INFO] [stderr] Cloning into '/workspace/builds/worker-3-tc2/source'...
[INFO] [stderr] done.
[INFO] validating manifest of git repo https://github.com/kwannoel/libtest-mimic-with-nextest on toolchain beta-2023-12-22
[INFO] running `Command { std: CARGO_HOME="/workspace/cargo-home" RUSTUP_HOME="/workspace/rustup-home" "/workspace/cargo-home/bin/cargo" "+beta-2023-12-22" "metadata" "--manifest-path" "Cargo.toml" "--no-deps", kill_on_drop: false }`
[INFO] started tweaking git repo https://github.com/kwannoel/libtest-mimic-with-nextest
[INFO] removed 0 missing tests
[INFO] finished tweaking git repo https://github.com/kwannoel/libtest-mimic-with-nextest
[INFO] tweaked toml for git repo https://github.com/kwannoel/libtest-mimic-with-nextest written to /workspace/builds/worker-3-tc2/source/Cargo.toml
[INFO] crate git repo https://github.com/kwannoel/libtest-mimic-with-nextest already has a lockfile, it will not be regenerated
[INFO] running `Command { std: CARGO_HOME="/workspace/cargo-home" RUSTUP_HOME="/workspace/rustup-home" "/workspace/cargo-home/bin/cargo" "+beta-2023-12-22" "fetch" "--manifest-path" "Cargo.toml", kill_on_drop: false }`
[INFO] running `Command { std: "docker" "create" "-v" "/var/lib/crater-agent-workspace/builds/worker-3-tc2/target:/opt/rustwide/target:rw,Z" "-v" "/var/lib/crater-agent-workspace/builds/worker-3-tc2/source:/opt/rustwide/workdir:ro,Z" "-v" "/var/lib/crater-agent-workspace/cargo-home:/opt/rustwide/cargo-home:ro,Z" "-v" "/var/lib/crater-agent-workspace/rustup-home:/opt/rustwide/rustup-home:ro,Z" "-e" "SOURCE_DIR=/opt/rustwide/workdir" "-e" "CARGO_TARGET_DIR=/opt/rustwide/target" "-e" "CARGO_HOME=/opt/rustwide/cargo-home" "-e" "RUSTUP_HOME=/opt/rustwide/rustup-home" "-w" "/opt/rustwide/workdir" "-m" "1610612736" "--user" "0:0" "--network" "none" "ghcr.io/rust-lang/crates-build-env/linux@sha256:2788e3201cd34a07e3172128adcd8b3090168a8e3bcc40d7c032b9dda1df7d1c" "/opt/rustwide/cargo-home/bin/cargo" "+beta-2023-12-22" "metadata" "--no-deps" "--format-version=1", kill_on_drop: false }`
[INFO] [stdout] b0c72b443973208f8d57389d18107671b1521c64ae16fe3330cfead6f954ec78
[INFO] running `Command { std: "docker" "start" "-a" "b0c72b443973208f8d57389d18107671b1521c64ae16fe3330cfead6f954ec78", kill_on_drop: false }`
[INFO] running `Command { std: "docker" "inspect" "b0c72b443973208f8d57389d18107671b1521c64ae16fe3330cfead6f954ec78", kill_on_drop: false }`
[INFO] running `Command { std: "docker" "rm" "-f" "b0c72b443973208f8d57389d18107671b1521c64ae16fe3330cfead6f954ec78", kill_on_drop: false }`
[INFO] [stdout] b0c72b443973208f8d57389d18107671b1521c64ae16fe3330cfead6f954ec78
[INFO] running `Command { std: "docker" "create" "-v" "/var/lib/crater-agent-workspace/builds/worker-3-tc2/target:/opt/rustwide/target:rw,Z" "-v" "/var/lib/crater-agent-workspace/builds/worker-3-tc2/source:/opt/rustwide/workdir:ro,Z" "-v" "/var/lib/crater-agent-workspace/cargo-home:/opt/rustwide/cargo-home:ro,Z" "-v" "/var/lib/crater-agent-workspace/rustup-home:/opt/rustwide/rustup-home:ro,Z" "-e" "SOURCE_DIR=/opt/rustwide/workdir" "-e" "CARGO_TARGET_DIR=/opt/rustwide/target" "-e" "CARGO_INCREMENTAL=0" "-e" "RUST_BACKTRACE=full" "-e" "RUSTFLAGS=--cap-lints=warn" "-e" "RUSTDOCFLAGS=--cap-lints=warn" "-e" "CARGO_HOME=/opt/rustwide/cargo-home" "-e" "RUSTUP_HOME=/opt/rustwide/rustup-home" "-w" "/opt/rustwide/workdir" "-m" "1610612736" "--user" "0:0" "--network" "none" "ghcr.io/rust-lang/crates-build-env/linux@sha256:2788e3201cd34a07e3172128adcd8b3090168a8e3bcc40d7c032b9dda1df7d1c" "/opt/rustwide/cargo-home/bin/cargo" "+beta-2023-12-22" "build" "--frozen" "--message-format=json", kill_on_drop: false }`
[INFO] [stdout] 68f9e5b6e0d8d6bea265e78936c0924fc5bb6b48358dc3ed36777828f949a839
[INFO] running `Command { std: "docker" "start" "-a" "68f9e5b6e0d8d6bea265e78936c0924fc5bb6b48358dc3ed36777828f949a839", kill_on_drop: false }`
[INFO] [stderr]    Compiling autocfg v1.1.0
[INFO] [stderr]    Compiling proc-macro2 v1.0.42
[INFO] [stderr]    Compiling version_check v0.9.4
[INFO] [stderr]    Compiling once_cell v1.13.0
[INFO] [stderr]    Compiling libc v0.2.126
[INFO] [stderr]    Compiling crossbeam-utils v0.8.11
[INFO] [stderr]    Compiling quote v1.0.20
[INFO] [stderr]    Compiling unicode-ident v1.0.2
[INFO] [stderr]    Compiling cfg-if v1.0.0
[INFO] [stderr]    Compiling syn v1.0.98
[INFO] [stderr]    Compiling rayon-core v1.9.3
[INFO] [stderr]    Compiling scopeguard v1.1.0
[INFO] [stderr]    Compiling os_str_bytes v6.2.0
[INFO] [stderr]    Compiling hashbrown v0.12.3
[INFO] [stderr]    Compiling heck v0.4.0
[INFO] [stderr]    Compiling termcolor v1.1.3
[INFO] [stderr]    Compiling either v1.7.0
[INFO] [stderr]    Compiling bitflags v1.3.2
[INFO] [stderr]    Compiling textwrap v0.15.0
[INFO] [stderr]    Compiling strsim v0.10.0
[INFO] [stderr]    Compiling clap_lex v0.2.4
[INFO] [stderr]    Compiling proc-macro-error-attr v1.0.4
[INFO] [stderr]    Compiling proc-macro-error v1.0.4
[INFO] [stderr]    Compiling memoffset v0.6.5
[INFO] [stderr]    Compiling crossbeam-epoch v0.9.10
[INFO] [stderr]    Compiling indexmap v1.9.1
[INFO] [stderr]    Compiling rayon v1.5.3
[INFO] [stderr]    Compiling crossbeam-channel v0.5.6
[INFO] [stderr]    Compiling num_cpus v1.13.1
[INFO] [stderr]    Compiling atty v0.2.14
[INFO] [stderr]    Compiling crossbeam-deque v0.8.2
[INFO] [stderr]    Compiling clap_derive v3.2.15
[INFO] [stderr]    Compiling clap v3.2.15
[INFO] [stderr]    Compiling libtest-mimic v0.4.1
[INFO] [stderr]    Compiling libtest-mimic-with-nextest v0.1.0 (/opt/rustwide/workdir)
[INFO] [stderr]     Finished dev [unoptimized + debuginfo] target(s) in 6.75s
[INFO] running `Command { std: "docker" "inspect" "68f9e5b6e0d8d6bea265e78936c0924fc5bb6b48358dc3ed36777828f949a839", kill_on_drop: false }`
[INFO] running `Command { std: "docker" "rm" "-f" "68f9e5b6e0d8d6bea265e78936c0924fc5bb6b48358dc3ed36777828f949a839", kill_on_drop: false }`
[INFO] [stdout] 68f9e5b6e0d8d6bea265e78936c0924fc5bb6b48358dc3ed36777828f949a839
[INFO] running `Command { std: "docker" "create" "-v" "/var/lib/crater-agent-workspace/builds/worker-3-tc2/target:/opt/rustwide/target:rw,Z" "-v" "/var/lib/crater-agent-workspace/builds/worker-3-tc2/source:/opt/rustwide/workdir:ro,Z" "-v" "/var/lib/crater-agent-workspace/cargo-home:/opt/rustwide/cargo-home:ro,Z" "-v" "/var/lib/crater-agent-workspace/rustup-home:/opt/rustwide/rustup-home:ro,Z" "-e" "SOURCE_DIR=/opt/rustwide/workdir" "-e" "CARGO_TARGET_DIR=/opt/rustwide/target" "-e" "CARGO_INCREMENTAL=0" "-e" "RUST_BACKTRACE=full" "-e" "RUSTFLAGS=--cap-lints=warn" "-e" "RUSTDOCFLAGS=--cap-lints=warn" "-e" "CARGO_HOME=/opt/rustwide/cargo-home" "-e" "RUSTUP_HOME=/opt/rustwide/rustup-home" "-w" "/opt/rustwide/workdir" "-m" "1610612736" "--user" "0:0" "--network" "none" "ghcr.io/rust-lang/crates-build-env/linux@sha256:2788e3201cd34a07e3172128adcd8b3090168a8e3bcc40d7c032b9dda1df7d1c" "/opt/rustwide/cargo-home/bin/cargo" "+beta-2023-12-22" "test" "--frozen" "--no-run" "--message-format=json", kill_on_drop: false }`
[INFO] [stdout] efca9746a6387f0defdb1cf94b3ee890d8b01180ff2ffb6e4ae327d3e8fa0e63
[INFO] running `Command { std: "docker" "start" "-a" "efca9746a6387f0defdb1cf94b3ee890d8b01180ff2ffb6e4ae327d3e8fa0e63", kill_on_drop: false }`
[INFO] [stderr]    Compiling libtest-mimic-with-nextest v0.1.0 (/opt/rustwide/workdir)
[INFO] [stderr]     Finished test [unoptimized + debuginfo] target(s) in 0.78s
[INFO] running `Command { std: "docker" "inspect" "efca9746a6387f0defdb1cf94b3ee890d8b01180ff2ffb6e4ae327d3e8fa0e63", kill_on_drop: false }`
[INFO] running `Command { std: "docker" "rm" "-f" "efca9746a6387f0defdb1cf94b3ee890d8b01180ff2ffb6e4ae327d3e8fa0e63", kill_on_drop: false }`
[INFO] [stdout] efca9746a6387f0defdb1cf94b3ee890d8b01180ff2ffb6e4ae327d3e8fa0e63
[INFO] running `Command { std: "docker" "create" "-v" "/var/lib/crater-agent-workspace/builds/worker-3-tc2/target:/opt/rustwide/target:rw,Z" "-v" "/var/lib/crater-agent-workspace/builds/worker-3-tc2/source:/opt/rustwide/workdir:ro,Z" "-v" "/var/lib/crater-agent-workspace/cargo-home:/opt/rustwide/cargo-home:ro,Z" "-v" "/var/lib/crater-agent-workspace/rustup-home:/opt/rustwide/rustup-home:ro,Z" "-e" "SOURCE_DIR=/opt/rustwide/workdir" "-e" "CARGO_TARGET_DIR=/opt/rustwide/target" "-e" "CARGO_INCREMENTAL=0" "-e" "RUST_BACKTRACE=full" "-e" "RUSTFLAGS=--cap-lints=warn" "-e" "RUSTDOCFLAGS=--cap-lints=warn" "-e" "CARGO_HOME=/opt/rustwide/cargo-home" "-e" "RUSTUP_HOME=/opt/rustwide/rustup-home" "-w" "/opt/rustwide/workdir" "-m" "1610612736" "--user" "0:0" "--network" "none" "ghcr.io/rust-lang/crates-build-env/linux@sha256:2788e3201cd34a07e3172128adcd8b3090168a8e3bcc40d7c032b9dda1df7d1c" "/opt/rustwide/cargo-home/bin/cargo" "+beta-2023-12-22" "test" "--frozen", kill_on_drop: false }`
[INFO] [stdout] 20873b384ba34f735d28cb2918ddc570fc684a1f71ec67d559eb4420dc8a5c7f
[INFO] running `Command { std: "docker" "start" "-a" "20873b384ba34f735d28cb2918ddc570fc684a1f71ec67d559eb4420dc8a5c7f", kill_on_drop: false }`
[INFO] [stderr]     Finished test [unoptimized + debuginfo] target(s) in 0.02s
[INFO] [stderr]      Running unittests src/main.rs (/opt/rustwide/target/debug/deps/libtest_mimic_with_nextest-54f56357413ff27a)
[INFO] [stdout] 
[INFO] [stdout] running 0 tests
[INFO] [stdout] 
[INFO] [stdout] test result: ok. 0 passed; 0 failed; 0 ignored; 0 measured; 0 filtered out; finished in 0.00s
[INFO] [stdout] 
[INFO] [stderr]      Running tests/test.rs (/opt/rustwide/target/debug/deps/test-2197cf8c2a37507c)
[INFO] [stdout] 
[INFO] [stdout] running 3 tests
[INFO] [stdout] test toph             ... ok
[INFO] [stdout] test long_computation ... FAILED
[INFO] [stdout] test sokka            ... ok
[INFO] [stdout] 
[INFO] [stdout] failures:
[INFO] [stdout] 
[INFO] [stdout] ---- long_computation ----
[INFO] [stdout] 
[INFO] [stdout] 
[INFO] [stdout] failures:
[INFO] [stdout]     long_computation
[INFO] [stdout] 
[INFO] [stdout] test result: FAILED. 2 passed; 1 failed; 0 ignored; 0 measured; 0 filtered out
[INFO] [stdout] 
[INFO] [stderr] error: test failed, to rerun pass `--test test`
[INFO] running `Command { std: "docker" "inspect" "20873b384ba34f735d28cb2918ddc570fc684a1f71ec67d559eb4420dc8a5c7f", kill_on_drop: false }`
[INFO] running `Command { std: "docker" "rm" "-f" "20873b384ba34f735d28cb2918ddc570fc684a1f71ec67d559eb4420dc8a5c7f", kill_on_drop: false }`
[INFO] [stdout] 20873b384ba34f735d28cb2918ddc570fc684a1f71ec67d559eb4420dc8a5c7f
