[INFO] cloning repository https://github.com/kunal171/Solana_Escrow
[INFO] running `Command { std: "git" "-c" "credential.helper=" "-c" "credential.helper=/workspace/cargo-home/bin/git-credential-null" "clone" "--bare" "https://github.com/kunal171/Solana_Escrow" "/workspace/cache/git-repos/https%3A%2F%2Fgithub.com%2Fkunal171%2FSolana_Escrow", kill_on_drop: false }`
[INFO] [stderr] Cloning into bare repository '/workspace/cache/git-repos/https%3A%2F%2Fgithub.com%2Fkunal171%2FSolana_Escrow'...
[INFO] running `Command { std: "git" "rev-parse" "HEAD", kill_on_drop: false }`
[INFO] [stdout] fac6137aec4468636afe84fbe45d3c3fe19424c3
[INFO] testing kunal171/Solana_Escrow against 1.75.0 for beta-1.76-1
[INFO] running `Command { std: "git" "clone" "/workspace/cache/git-repos/https%3A%2F%2Fgithub.com%2Fkunal171%2FSolana_Escrow" "/workspace/builds/worker-2-tc1/source", kill_on_drop: false }`
[INFO] [stderr] Cloning into '/workspace/builds/worker-2-tc1/source'...
[INFO] [stderr] done.
[INFO] validating manifest of git repo https://github.com/kunal171/Solana_Escrow on toolchain 1.75.0
[INFO] running `Command { std: CARGO_HOME="/workspace/cargo-home" RUSTUP_HOME="/workspace/rustup-home" "/workspace/cargo-home/bin/cargo" "+1.75.0" "metadata" "--manifest-path" "Cargo.toml" "--no-deps", kill_on_drop: false }`
[INFO] started tweaking git repo https://github.com/kunal171/Solana_Escrow
[INFO] finished tweaking git repo https://github.com/kunal171/Solana_Escrow
[INFO] tweaked toml for git repo https://github.com/kunal171/Solana_Escrow written to /workspace/builds/worker-2-tc1/source/Cargo.toml
[INFO] crate git repo https://github.com/kunal171/Solana_Escrow already has a lockfile, it will not be regenerated
[INFO] running `Command { std: CARGO_HOME="/workspace/cargo-home" RUSTUP_HOME="/workspace/rustup-home" "/workspace/cargo-home/bin/cargo" "+1.75.0" "fetch" "--manifest-path" "Cargo.toml", kill_on_drop: false }`
[INFO] [stderr]     Updating crates.io index
[INFO] [stderr]  Downloading crates ...
[INFO] [stderr]   Downloaded quinn v0.8.3
[INFO] [stderr]   Downloaded rpassword v6.0.1
[INFO] [stderr]   Downloaded caps v0.5.3
[INFO] [stderr]   Downloaded solana-bpf-loader-program v1.10.12
[INFO] [stderr]   Downloaded solana-frozen-abi-macro v1.10.12
[INFO] [stderr]   Downloaded ouroboros v0.14.2
[INFO] [stderr]   Downloaded enum-ordinalize v3.1.11
[INFO] [stderr]   Downloaded yasna v0.5.0
[INFO] [stderr]   Downloaded ouroboros_macro v0.14.2
[INFO] [stderr]   Downloaded solana-stake-program v1.10.12
[INFO] [stderr]   Downloaded solana-sdk v1.10.12
[INFO] [stderr]   Downloaded quinn-proto v0.8.3
[INFO] [stderr]   Downloaded solana-zk-token-sdk v1.10.12
[INFO] [stderr]   Downloaded goblin v0.4.3
[INFO] [stderr]   Downloaded tarpc v0.27.2
[INFO] [stderr]   Downloaded spl-token-2022 v0.2.0
[INFO] [stderr]   Downloaded educe v0.4.19
[INFO] [stderr]   Downloaded solana-zk-token-sdk v0.8.1
[INFO] [stderr]   Downloaded index_list v0.2.7
[INFO] [stderr]   Downloaded solana-frozen-abi v1.10.12
[INFO] [stderr]   Downloaded metaplex-token-vault v0.0.1
[INFO] [stderr]   Downloaded metaplex-token-metadata v0.0.1
[INFO] [stderr]   Downloaded solana-address-lookup-table-program v1.10.12
[INFO] [stderr]   Downloaded chrono-humanize v0.2.1
[INFO] [stderr]   Downloaded lru v0.7.6
[INFO] [stderr]   Downloaded solana-send-transaction-service v1.10.12
[INFO] [stderr]   Downloaded solana-streamer v1.10.12
[INFO] [stderr]   Downloaded solana-banks-server v1.10.12
[INFO] [stderr]   Downloaded solana-logger v1.10.12
[INFO] [stderr]   Downloaded base64ct v1.5.0
[INFO] [stderr]   Downloaded solana-compute-budget-program v1.10.12
[INFO] [stderr]   Downloaded solana-banks-client v1.10.12
[INFO] [stderr]   Downloaded solana-bucket-map v1.10.12
[INFO] [stderr]   Downloaded quinn-udp v0.1.2
[INFO] [stderr]   Downloaded solana-account-decoder v1.10.12
[INFO] [stderr]   Downloaded solana-config-program v1.10.12
[INFO] [stderr]   Downloaded solana-cli-config v1.10.12
[INFO] [stderr]   Downloaded pem v1.0.2
[INFO] [stderr]   Downloaded solana-measure v1.10.12
[INFO] [stderr]   Downloaded solana-banks-interface v1.10.12
[INFO] [stderr]   Downloaded rcgen v0.9.2
[INFO] [stderr]   Downloaded memmap2 v0.5.4
[INFO] [stderr]   Downloaded dialoguer v0.10.1
[INFO] [stderr]   Downloaded solana-sdk-macro v1.10.12
[INFO] [stderr]   Downloaded solana-version v1.10.12
[INFO] [stderr]   Downloaded solana-zk-token-proof-program v1.10.12
[INFO] [stderr]   Downloaded solana-rayon-threadlimit v1.10.12
[INFO] [stderr]   Downloaded solana-net-utils v1.10.12
[INFO] [stderr]   Downloaded solana-metrics v1.10.12
[INFO] [stderr]   Downloaded solana-clap-utils v1.10.12
[INFO] [stderr]   Downloaded solana-perf v1.10.12
[INFO] [stderr]   Downloaded solana-transaction-status v1.10.12
[INFO] [stderr]   Downloaded solana-remote-wallet v1.10.12
[INFO] [stderr]   Downloaded solana-vote-program v1.10.12
[INFO] [stderr]   Downloaded solana-faucet v1.10.12
[INFO] [stderr]   Downloaded solana-program-runtime v1.10.12
[INFO] [stderr]   Downloaded solana-program-test v1.10.12
[INFO] [stderr]   Downloaded solana_rbpf v0.2.24
[INFO] [stderr]   Downloaded solana-client v1.10.12
[INFO] [stderr]   Downloaded solana-program v1.10.12
[INFO] [stderr]   Downloaded solana-runtime v1.10.12
[INFO] running `Command { std: "docker" "create" "-v" "/var/lib/crater-agent-workspace/builds/worker-2-tc1/target:/opt/rustwide/target:rw,Z" "-v" "/var/lib/crater-agent-workspace/builds/worker-2-tc1/source:/opt/rustwide/workdir:ro,Z" "-v" "/var/lib/crater-agent-workspace/cargo-home:/opt/rustwide/cargo-home:ro,Z" "-v" "/var/lib/crater-agent-workspace/rustup-home:/opt/rustwide/rustup-home:ro,Z" "-e" "SOURCE_DIR=/opt/rustwide/workdir" "-e" "CARGO_TARGET_DIR=/opt/rustwide/target" "-e" "CARGO_HOME=/opt/rustwide/cargo-home" "-e" "RUSTUP_HOME=/opt/rustwide/rustup-home" "-w" "/opt/rustwide/workdir" "-m" "1610612736" "--user" "0:0" "--network" "none" "ghcr.io/rust-lang/crates-build-env/linux@sha256:2788e3201cd34a07e3172128adcd8b3090168a8e3bcc40d7c032b9dda1df7d1c" "/opt/rustwide/cargo-home/bin/cargo" "+1.75.0" "metadata" "--no-deps" "--format-version=1", kill_on_drop: false }`
[INFO] [stdout] 5fa28f7d946e39fa174d90ecad4287b22e2508ea8f8a9f2808bad296b886c49c
[INFO] running `Command { std: "docker" "start" "-a" "5fa28f7d946e39fa174d90ecad4287b22e2508ea8f8a9f2808bad296b886c49c", kill_on_drop: false }`
[INFO] running `Command { std: "docker" "inspect" "5fa28f7d946e39fa174d90ecad4287b22e2508ea8f8a9f2808bad296b886c49c", kill_on_drop: false }`
[INFO] running `Command { std: "docker" "rm" "-f" "5fa28f7d946e39fa174d90ecad4287b22e2508ea8f8a9f2808bad296b886c49c", kill_on_drop: false }`
[INFO] [stdout] 5fa28f7d946e39fa174d90ecad4287b22e2508ea8f8a9f2808bad296b886c49c
[INFO] running `Command { std: "docker" "create" "-v" "/var/lib/crater-agent-workspace/builds/worker-2-tc1/target:/opt/rustwide/target:rw,Z" "-v" "/var/lib/crater-agent-workspace/builds/worker-2-tc1/source:/opt/rustwide/workdir:ro,Z" "-v" "/var/lib/crater-agent-workspace/cargo-home:/opt/rustwide/cargo-home:ro,Z" "-v" "/var/lib/crater-agent-workspace/rustup-home:/opt/rustwide/rustup-home:ro,Z" "-e" "SOURCE_DIR=/opt/rustwide/workdir" "-e" "CARGO_TARGET_DIR=/opt/rustwide/target" "-e" "CARGO_INCREMENTAL=0" "-e" "RUST_BACKTRACE=full" "-e" "RUSTFLAGS=--cap-lints=warn" "-e" "RUSTDOCFLAGS=--cap-lints=warn" "-e" "CARGO_HOME=/opt/rustwide/cargo-home" "-e" "RUSTUP_HOME=/opt/rustwide/rustup-home" "-w" "/opt/rustwide/workdir" "-m" "1610612736" "--user" "0:0" "--network" "none" "ghcr.io/rust-lang/crates-build-env/linux@sha256:2788e3201cd34a07e3172128adcd8b3090168a8e3bcc40d7c032b9dda1df7d1c" "/opt/rustwide/cargo-home/bin/cargo" "+1.75.0" "build" "--frozen" "--message-format=json", kill_on_drop: false }`
[INFO] [stdout] b0a4e2650d2c8e8d4c80617284395ef91578b219b1862f020fa26921102b053e
[INFO] running `Command { std: "docker" "start" "-a" "b0a4e2650d2c8e8d4c80617284395ef91578b219b1862f020fa26921102b053e", kill_on_drop: false }`
[INFO] [stderr]    Compiling proc-macro2 v1.0.39
[INFO] [stderr]    Compiling unicode-ident v1.0.0
[INFO] [stderr]    Compiling syn v1.0.96
[INFO] [stderr]    Compiling typenum v1.15.0
[INFO] [stderr]    Compiling serde_derive v1.0.137
[INFO] [stderr]    Compiling serde v1.0.137
[INFO] [stderr]    Compiling generic-array v0.14.5
[INFO] [stderr]    Compiling libc v0.2.126
[INFO] [stderr]    Compiling subtle v2.4.1
[INFO] [stderr]    Compiling semver v1.0.9
[INFO] [stderr]    Compiling crossbeam-utils v0.8.8
[INFO] [stderr]    Compiling crunchy v0.2.2
[INFO] [stderr]    Compiling memoffset v0.6.5
[INFO] [stderr]    Compiling rustc_version v0.4.0
[INFO] [stderr]    Compiling quote v1.0.18
[INFO] [stderr]    Compiling crossbeam-epoch v0.9.8
[INFO] [stderr]    Compiling getrandom v0.1.16
[INFO] [stderr]    Compiling rayon-core v1.9.3
[INFO] [stderr]    Compiling scopeguard v1.1.0
[INFO] [stderr]    Compiling wasm-bindgen-shared v0.2.80
[INFO] [stderr]    Compiling num_cpus v1.13.1
[INFO] [stderr]    Compiling rand_core v0.5.1
[INFO] [stderr]    Compiling crossbeam-deque v0.8.1
[INFO] [stderr]    Compiling crossbeam-channel v0.5.4
[INFO] [stderr]    Compiling rayon v1.5.3
[INFO] [stderr]    Compiling ahash v0.7.6
[INFO] [stderr]    Compiling cpufeatures v0.2.2
[INFO] [stderr]    Compiling feature-probe v0.1.1
[INFO] [stderr]    Compiling digest v0.9.0
[INFO] [stderr]    Compiling bumpalo v3.10.0
[INFO] [stderr]    Compiling libsecp256k1-core v0.2.2
[INFO] [stderr]    Compiling either v1.6.1
[INFO] [stderr]    Compiling bv v0.11.1
[INFO] [stderr]    Compiling bitmaps v2.1.0
[INFO] [stderr]    Compiling getrandom v0.2.6
[INFO] [stderr]    Compiling solana-frozen-abi-macro v1.10.12
[INFO] [stderr]    Compiling im v15.1.0
[INFO] [stderr]    Compiling once_cell v1.12.0
[INFO] [stderr]    Compiling ppv-lite86 v0.2.16
[INFO] [stderr]    Compiling rand_core v0.6.3
[INFO] [stderr]    Compiling rustversion v1.0.6
[INFO] [stderr]    Compiling libsecp256k1-gen-ecmult v0.2.1
[INFO] [stderr]    Compiling libsecp256k1-gen-genmult v0.2.1
[INFO] [stderr]    Compiling cc v1.0.73
[INFO] [stderr]    Compiling rand_chacha v0.2.2
[INFO] [stderr]    Compiling libsecp256k1 v0.6.0
[INFO] [stderr]    Compiling sized-chunks v0.6.5
[INFO] [stderr]    Compiling rand_xoshiro v0.6.0
[INFO] [stderr]    Compiling solana-frozen-abi v1.10.12
[INFO] [stderr]    Compiling num-traits v0.2.15
[INFO] [stderr]    Compiling bs58 v0.4.0
[INFO] [stderr]    Compiling arrayref v0.3.6
[INFO] [stderr]    Compiling opaque-debug v0.3.0
[INFO] [stderr]    Compiling wasm-bindgen v0.2.80
[INFO] [stderr]    Compiling hashbrown v0.11.2
[INFO] [stderr]    Compiling toml v0.5.9
[INFO] [stderr]    Compiling blake3 v1.3.1
[INFO] [stderr]    Compiling rand v0.7.3
[INFO] [stderr]    Compiling memmap2 v0.5.4
[INFO] [stderr]    Compiling solana-program v1.10.12
[INFO] [stderr]    Compiling wasm-bindgen-backend v0.2.80
[INFO] [stderr]    Compiling borsh-derive-internal v0.9.3
[INFO] [stderr]    Compiling proc-macro-crate v0.1.5
[INFO] [stderr]    Compiling borsh-schema-derive-internal v0.9.3
[INFO] [stderr]    Compiling keccak v0.1.2
[INFO] [stderr]    Compiling constant_time_eq v0.1.5
[INFO] [stderr]    Compiling wasm-bindgen-macro-support v0.2.80
[INFO] [stderr]    Compiling zeroize v1.3.0
[INFO] [stderr]    Compiling byteorder v1.4.3
[INFO] [stderr]    Compiling arrayvec v0.7.2
[INFO] [stderr]    Compiling base64 v0.12.3
[INFO] [stderr]    Compiling itertools v0.10.3
[INFO] [stderr]    Compiling base64 v0.13.0
[INFO] [stderr]    Compiling thiserror-impl v1.0.31
[INFO] [stderr]    Compiling borsh-derive v0.9.3
[INFO] [stderr]    Compiling bytemuck_derive v1.1.0
[INFO] [stderr]    Compiling wasm-bindgen-macro v0.2.80
[INFO] [stderr]    Compiling solana-sdk-macro v1.10.12
[INFO] [stderr]    Compiling num-derive v0.3.3
[INFO] [stderr]    Compiling borsh v0.9.3
[INFO] [stderr]    Compiling bytemuck v1.9.1
[INFO] [stderr]    Compiling thiserror v1.0.31
[INFO] [stderr]    Compiling proc-macro-crate v1.1.3
[INFO] [stderr]    Compiling num_enum_derive v0.5.7
[INFO] [stderr]    Compiling num_enum v0.5.7
[INFO] [stderr]    Compiling serde_bytes v0.11.6
[INFO] [stderr]    Compiling bincode v1.3.3
[INFO] [stderr]    Compiling crypto-common v0.1.3
[INFO] [stderr]    Compiling block-buffer v0.10.2
[INFO] [stderr]    Compiling crypto-mac v0.8.0
[INFO] [stderr]    Compiling block-buffer v0.9.0
[INFO] [stderr]    Compiling hmac v0.8.1
[INFO] [stderr]    Compiling sha2 v0.9.9
[INFO] [stderr]    Compiling curve25519-dalek v3.2.1
[INFO] [stderr]    Compiling digest v0.10.3
[INFO] [stderr]    Compiling hmac-drbg v0.3.0
[INFO] [stderr]    Compiling sha2 v0.10.2
[INFO] [stderr]    Compiling sha3 v0.10.1
[INFO] [stderr]    Compiling spl-token v3.3.0
[INFO] [stderr]    Compiling metaplex-token-vault v0.0.1
[INFO] [stderr]    Compiling spl-associated-token-account v1.0.5
[INFO] [stderr]    Compiling metaplex-token-metadata v0.0.1
[INFO] [stderr]    Compiling escrow_buy v0.1.0 (/opt/rustwide/workdir)
[INFO] [stdout] warning: unused import: `IsInitialized`
[INFO] [stdout]  --> src/processor.rs:7:20
[INFO] [stdout]   |
[INFO] [stdout] 7 |     program_pack::{IsInitialized, Pack},
[INFO] [stdout]   |                    ^^^^^^^^^^^^^
[INFO] [stdout]   |
[INFO] [stdout]   = note: `#[warn(unused_imports)]` on by default
[INFO] [stdout] 
[INFO] [stdout] 
[INFO] [stdout] warning: unused variable: `rent`
[INFO] [stdout]   --> src/processor.rs:68:13
[INFO] [stdout]    |
[INFO] [stdout] 68 |         let rent = &Rent::from_account_info(next_account_info(account_info_iter)?)?;
[INFO] [stdout]    |             ^^^^ help: if this is intentional, prefix it with an underscore: `_rent`
[INFO] [stdout]    |
[INFO] [stdout]    = note: `#[warn(unused_variables)]` on by default
[INFO] [stdout] 
[INFO] [stdout] 
[INFO] [stdout] warning: unused variable: `mint_key_data`
[INFO] [stdout]    --> src/processor.rs:388:13
[INFO] [stdout]     |
[INFO] [stdout] 388 |         let mint_key_data = escrow_info.mint_key.clone();
[INFO] [stdout]     |             ^^^^^^^^^^^^^ help: if this is intentional, prefix it with an underscore: `_mint_key_data`
[INFO] [stdout] 
[INFO] [stdout] 
[INFO] [stdout] warning: unused variable: `amomunt_expected_by_user`
[INFO] [stdout]    --> src/processor.rs:389:13
[INFO] [stdout]     |
[INFO] [stdout] 389 |         let amomunt_expected_by_user = escrow_info.expected_amount.clone();
[INFO] [stdout]     |             ^^^^^^^^^^^^^^^^^^^^^^^^ help: if this is intentional, prefix it with an underscore: `_amomunt_expected_by_user`
[INFO] [stdout] 
[INFO] [stdout] 
[INFO] [stdout] warning: 4 warnings emitted
[INFO] [stdout] 
[INFO] [stdout] 
[INFO] [stderr]     Finished dev [unoptimized + debuginfo] target(s) in 29.23s
[INFO] running `Command { std: "docker" "inspect" "b0a4e2650d2c8e8d4c80617284395ef91578b219b1862f020fa26921102b053e", kill_on_drop: false }`
[INFO] running `Command { std: "docker" "rm" "-f" "b0a4e2650d2c8e8d4c80617284395ef91578b219b1862f020fa26921102b053e", kill_on_drop: false }`
[INFO] [stdout] b0a4e2650d2c8e8d4c80617284395ef91578b219b1862f020fa26921102b053e
[INFO] running `Command { std: "docker" "create" "-v" "/var/lib/crater-agent-workspace/builds/worker-2-tc1/target:/opt/rustwide/target:rw,Z" "-v" "/var/lib/crater-agent-workspace/builds/worker-2-tc1/source:/opt/rustwide/workdir:ro,Z" "-v" "/var/lib/crater-agent-workspace/cargo-home:/opt/rustwide/cargo-home:ro,Z" "-v" "/var/lib/crater-agent-workspace/rustup-home:/opt/rustwide/rustup-home:ro,Z" "-e" "SOURCE_DIR=/opt/rustwide/workdir" "-e" "CARGO_TARGET_DIR=/opt/rustwide/target" "-e" "CARGO_INCREMENTAL=0" "-e" "RUST_BACKTRACE=full" "-e" "RUSTFLAGS=--cap-lints=warn" "-e" "RUSTDOCFLAGS=--cap-lints=warn" "-e" "CARGO_HOME=/opt/rustwide/cargo-home" "-e" "RUSTUP_HOME=/opt/rustwide/rustup-home" "-w" "/opt/rustwide/workdir" "-m" "1610612736" "--user" "0:0" "--network" "none" "ghcr.io/rust-lang/crates-build-env/linux@sha256:2788e3201cd34a07e3172128adcd8b3090168a8e3bcc40d7c032b9dda1df7d1c" "/opt/rustwide/cargo-home/bin/cargo" "+1.75.0" "test" "--frozen" "--no-run" "--message-format=json", kill_on_drop: false }`
[INFO] [stdout] 0f82046f859116a0eba2ce49032a1461a96b31e4c7da97f4987299c732399ab8
[INFO] running `Command { std: "docker" "start" "-a" "0f82046f859116a0eba2ce49032a1461a96b31e4c7da97f4987299c732399ab8", kill_on_drop: false }`
[INFO] [stderr]    Compiling syn v1.0.96
[INFO] [stderr]    Compiling libc v0.2.126
[INFO] [stderr]    Compiling serde v1.0.137
[INFO] [stderr]    Compiling once_cell v1.12.0
[INFO] [stderr]    Compiling log v0.4.17
[INFO] [stderr]    Compiling semver v1.0.9
[INFO] [stderr]    Compiling memchr v2.5.0
[INFO] [stderr]    Compiling subtle v2.4.1
[INFO] [stderr]    Compiling rustc_version v0.4.0
[INFO] [stderr]    Compiling byteorder v1.4.3
[INFO] [stderr]    Compiling getrandom v0.1.16
[INFO] [stderr]    Compiling jobserver v0.1.24
[INFO] [stderr]    Compiling ahash v0.7.6
[INFO] [stderr]    Compiling unicode-xid v0.2.3
[INFO] [stderr]    Compiling itoa v1.0.2
[INFO] [stderr]    Compiling either v1.6.1
[INFO] [stderr]    Compiling cc v1.0.73
[INFO] [stderr]    Compiling block-padding v0.2.1
[INFO] [stderr]    Compiling libsecp256k1-core v0.2.2
[INFO] [stderr]    Compiling solana-frozen-abi-macro v1.10.12
[INFO] [stderr]    Compiling percent-encoding v2.1.0
[INFO] [stderr]    Compiling solana-frozen-abi v1.10.12
[INFO] [stderr]    Compiling solana-program v1.10.12
[INFO] [stderr]    Compiling ryu v1.0.10
[INFO] [stderr]    Compiling aho-corasick v0.7.18
[INFO] [stderr]    Compiling getrandom v0.2.6
[INFO] [stderr]    Compiling num_cpus v1.13.1
[INFO] [stderr]    Compiling rand_core v0.6.3
[INFO] [stderr]    Compiling rand_core v0.5.1
[INFO] [stderr]    Compiling rand_pcg v0.2.1
[INFO] [stderr]    Compiling rand_chacha v0.2.2
[INFO] [stderr]    Compiling rayon-core v1.9.3
[INFO] [stderr]    Compiling blake3 v1.3.1
[INFO] [stderr]    Compiling hashbrown v0.11.2
[INFO] [stderr]    Compiling rand v0.7.3
[INFO] [stderr]    Compiling libsecp256k1-gen-ecmult v0.2.1
[INFO] [stderr]    Compiling rayon v1.5.3
[INFO] [stderr]    Compiling libsecp256k1-gen-genmult v0.2.1
[INFO] [stderr]    Compiling rand_xoshiro v0.6.0
[INFO] [stderr]    Compiling libsecp256k1 v0.6.0
[INFO] [stderr]    Compiling memmap2 v0.5.4
[INFO] [stderr]    Compiling itertools v0.10.3
[INFO] [stderr]    Compiling futures-core v0.3.21
[INFO] [stderr]    Compiling regex-syntax v0.6.26
[INFO] [stderr]    Compiling serde_json v1.0.81
[INFO] [stderr]    Compiling bytes v1.1.0
[INFO] [stderr]    Compiling lock_api v0.4.7
[INFO] [stderr]    Compiling num-integer v0.1.45
[INFO] [stderr]    Compiling futures-sink v0.3.21
[INFO] [stderr]    Compiling parking_lot_core v0.9.3
[INFO] [stderr]    Compiling time v0.1.43
[INFO] [stderr]    Compiling atty v0.2.14
[INFO] [stderr]    Compiling smallvec v1.8.0
[INFO] [stderr]    Compiling signature v1.5.0
[INFO] [stderr]    Compiling ed25519 v1.5.2
[INFO] [stderr]    Compiling slab v0.4.6
[INFO] [stderr]    Compiling regex v1.5.6
[INFO] [stderr]    Compiling futures-channel v0.3.21
[INFO] [stderr]    Compiling termcolor v1.1.3
[INFO] [stderr]    Compiling futures-task v0.3.21
[INFO] [stderr]    Compiling parking_lot v0.12.1
[INFO] [stderr]    Compiling solana-sdk v1.10.12
[INFO] [stderr]    Compiling synstructure v0.12.6
[INFO] [stderr]    Compiling wasm-bindgen-backend v0.2.80
[INFO] [stderr]    Compiling borsh-derive-internal v0.9.3
[INFO] [stderr]    Compiling borsh-schema-derive-internal v0.9.3
[INFO] [stderr]    Compiling derivation-path v0.2.0
[INFO] [stderr]    Compiling futures-util v0.3.21
[INFO] [stderr]    Compiling ring v0.16.20
[INFO] [stderr]    Compiling socket2 v0.4.4
[INFO] [stderr]    Compiling env_logger v0.9.0
[INFO] [stderr]    Compiling wasm-bindgen-macro-support v0.2.80
[INFO] [stderr]    Compiling solana-logger v1.10.12
[INFO] [stderr]    Compiling mio v0.8.3
[INFO] [stderr]    Compiling signal-hook-registry v1.4.0
[INFO] [stderr]    Compiling qstring v0.7.2
[INFO] [stderr]    Compiling uriparse v0.6.4
[INFO] [stderr]    Compiling futures-io v0.3.21
[INFO] [stderr]    Compiling assert_matches v1.5.0
[INFO] [stderr]    Compiling tracing-core v0.1.26
[INFO] [stderr]    Compiling untrusted v0.7.1
[INFO] [stderr]    Compiling tinyvec_macros v0.1.0
[INFO] [stderr]    Compiling rustls v0.20.6
[INFO] [stderr]    Compiling matches v0.1.9
[INFO] [stderr]    Compiling tinyvec v1.6.0
[INFO] [stderr]    Compiling http v0.2.7
[INFO] [stderr]    Compiling indexmap v1.8.2
[INFO] [stderr]    Compiling httparse v1.7.1
[INFO] [stderr]    Compiling serde_derive v1.0.137
[INFO] [stderr]    Compiling thiserror-impl v1.0.31
[INFO] [stderr]    Compiling zeroize_derive v1.3.2
[INFO] [stderr]    Compiling borsh-derive v0.9.3
[INFO] [stderr]    Compiling wasm-bindgen-macro v0.2.80
[INFO] [stderr]    Compiling zeroize v1.3.0
[INFO] [stderr]    Compiling bytemuck_derive v1.1.0
[INFO] [stderr]    Compiling solana-sdk-macro v1.10.12
[INFO] [stderr]    Compiling num-derive v0.3.3
[INFO] [stderr]    Compiling tokio-macros v1.8.0
[INFO] [stderr]    Compiling wasm-bindgen v0.2.80
[INFO] [stderr]    Compiling borsh v0.9.3
[INFO] [stderr]    Compiling thiserror v1.0.31
[INFO] [stderr]    Compiling futures-macro v0.3.21
[INFO] [stderr]    Compiling bytemuck v1.9.1
[INFO] [stderr]    Compiling tracing-attributes v0.1.21
[INFO] [stderr]    Compiling unicode-normalization v0.1.19
[INFO] [stderr]    Compiling tokio v1.19.1
[INFO] [stderr]    Compiling webpki v0.22.0
[INFO] [stderr]    Compiling sct v0.7.0
[INFO] [stderr]    Compiling form_urlencoded v1.0.1
[INFO] [stderr]    Compiling unicode-bidi v0.3.8
[INFO] [stderr]    Compiling tracing v0.1.34
[INFO] [stderr]    Compiling idna v0.2.3
[INFO] [stderr]    Compiling enum-iterator-derive v0.7.0
[INFO] [stderr]    Compiling solana-program-runtime v1.10.12
[INFO] [stderr]    Compiling url v2.2.2
[INFO] [stderr]    Compiling libloading v0.7.3
[INFO] [stderr]    Compiling try-lock v0.2.3
[INFO] [stderr]    Compiling want v0.3.0
[INFO] [stderr]    Compiling enum-iterator v0.7.0
[INFO] [stderr]    Compiling webpki-roots v0.22.3
[INFO] [stderr]    Compiling http-body v0.4.5
[INFO] [stderr]    Compiling tower-service v0.3.1
[INFO] [stderr]    Compiling httpdate v1.0.2
[INFO] [stderr]    Compiling encoding_rs v0.8.31
[INFO] [stderr]    Compiling rustls-pemfile v0.3.0
[INFO] [stderr]    Compiling ipnet v2.5.0
[INFO] [stderr]    Compiling mime v0.3.16
[INFO] [stderr]    Compiling rand_chacha v0.3.1
[INFO] [stderr]    Compiling gethostname v0.2.3
[INFO] [stderr]    Compiling rand v0.8.5
[INFO] [stderr]    Compiling solana-vote-program v1.10.12
[INFO] [stderr]    Compiling proc-macro2 v0.4.30
[INFO] [stderr]    Compiling tokio-util v0.7.3
[INFO] [stderr]    Compiling tokio-rustls v0.23.4
[INFO] [stderr]    Compiling proc-macro-crate v1.1.3
[INFO] [stderr]    Compiling unicode-width v0.1.9
[INFO] [stderr]    Compiling h2 v0.3.13
[INFO] [stderr]    Compiling num_enum_derive v0.5.7
[INFO] [stderr]    Compiling fastrand v1.7.0
[INFO] [stderr]    Compiling syn v0.15.44
[INFO] [stderr]    Compiling anyhow v1.0.57
[INFO] [stderr]    Compiling tempfile v3.3.0
[INFO] [stderr]    Compiling generic-array v0.14.5
[INFO] [stderr]    Compiling bincode v1.3.3
[INFO] [stderr]    Compiling im v15.1.0
[INFO] [stderr]    Compiling bv v0.11.1
[INFO] [stderr]    Compiling serde_bytes v0.11.6
[INFO] [stderr]    Compiling crypto-common v0.1.3
[INFO] [stderr]    Compiling block-buffer v0.10.2
[INFO] [stderr]    Compiling digest v0.10.3
[INFO] [stderr]    Compiling digest v0.9.0
[INFO] [stderr]    Compiling block-buffer v0.9.0
[INFO] [stderr]    Compiling crypto-mac v0.8.0
[INFO] [stderr]    Compiling sha2 v0.9.9
[INFO] [stderr]    Compiling sha2 v0.10.2
[INFO] [stderr]    Compiling hmac v0.8.1
[INFO] [stderr]    Compiling curve25519-dalek v3.2.1
[INFO] [stderr]    Compiling hmac-drbg v0.3.0
[INFO] [stderr]    Compiling sha3 v0.10.1
[INFO] [stderr]    Compiling hmac v0.12.1
[INFO] [stderr]    Compiling chrono v0.4.19
[INFO] [stderr]    Compiling pbkdf2 v0.10.1
[INFO] [stderr]    Compiling serde_urlencoded v0.7.1
[INFO] [stderr]    Compiling cipher v0.3.0
[INFO] [stderr]    Compiling ed25519-dalek v1.0.1
[INFO] [stderr]    Compiling ed25519-dalek-bip32 v0.2.0
[INFO] [stderr]    Compiling hyper v0.14.19
[INFO] [stderr]    Compiling universal-hash v0.4.1
[INFO] [stderr]    Compiling ctr v0.8.0
[INFO] [stderr]    Compiling polyval v0.5.3
[INFO] [stderr]    Compiling aes v0.7.5
[INFO] [stderr]    Compiling aead v0.4.3
[INFO] [stderr]    Compiling sha3 v0.9.1
[INFO] [stderr]    Compiling num_enum v0.5.7
[INFO] [stderr]    Compiling quote v0.6.13
[INFO] [stderr]    Compiling merlin v3.0.0
[INFO] [stderr]    Compiling zstd-sys v2.0.1+zstd.1.5.2
[INFO] [stderr]    Compiling num-traits v0.2.15
[INFO] [stderr]    Compiling aes-gcm-siv v0.10.3
[INFO] [stderr]    Compiling futures-executor v0.3.21
[INFO] [stderr]    Compiling solana-rayon-threadlimit v1.10.12
[INFO] [stderr]    Compiling terminal_size v0.1.17
[INFO] [stderr]    Compiling async-trait v0.1.56
[INFO] [stderr]    Compiling static_assertions v1.1.0
[INFO] [stderr]    Compiling console v0.15.0
[INFO] [stderr]    Compiling futures v0.3.21
[INFO] [stderr]    Compiling inout v0.1.3
[INFO] [stderr]    Compiling nix v0.23.1
[INFO] [stderr]    Compiling errno v0.2.8
[INFO] [stderr]    Compiling num-bigint v0.4.3
[INFO] [stderr]    Compiling pkg-config v0.3.25
[INFO] [stderr]    Compiling solana-perf v1.10.12
[INFO] [stderr]    Compiling zstd-safe v5.0.2+zstd.1.5.2
[INFO] [stderr]    Compiling caps v0.5.3
[INFO] [stderr]    Compiling cipher v0.4.3
[INFO] [stderr]    Compiling bzip2-sys v0.1.11+1.0.8
[INFO] [stderr]    Compiling proc-macro-error-attr v1.0.4
[INFO] [stderr]    Compiling textwrap v0.11.0
[INFO] [stderr]    Compiling pin-project-internal v1.0.10
[INFO] [stderr]    Compiling hyper-rustls v0.23.0
[INFO] [stderr]    Compiling reqwest v0.11.10
[INFO] [stderr]    Compiling rustls-pemfile v1.0.0
[INFO] [stderr]    Compiling dlopen_derive v0.1.4
[INFO] [stderr]    Compiling crc32fast v1.3.2
[INFO] [stderr]    Compiling clap v2.34.0
[INFO] [stderr]    Compiling dlopen v0.1.8
[INFO] [stderr]    Compiling pin-project v1.0.10
[INFO] [stderr]    Compiling rustls-native-certs v0.6.2
[INFO] [stderr]    Compiling proc-macro-error v1.0.4
[INFO] [stderr]    Compiling dialoguer v0.10.1
[INFO] [stderr]    Compiling pbkdf2 v0.4.0
[INFO] [stderr]    Compiling modular-bitfield-impl v0.11.2
[INFO] [stderr]    Compiling fxhash v0.2.1
[INFO] [stderr]    Compiling rustls-pemfile v0.2.1
[INFO] [stderr]    Compiling solana-stake-program v1.10.12
[INFO] [stderr]    Compiling solana-address-lookup-table-program v1.10.12
[INFO] [stderr]    Compiling solana-version v1.10.12
[INFO] [stderr]    Compiling const-oid v0.7.1
[INFO] [stderr]    Compiling rustc-hash v1.1.0
[INFO] [stderr]    Compiling num_threads v0.1.6
[INFO] [stderr]    Compiling linked-hash-map v0.5.4
[INFO] [stderr]    Compiling Inflector v0.11.4
[INFO] [stderr]    Compiling yaml-rust v0.4.5
[INFO] [stderr]    Compiling walkdir v2.3.2
[INFO] [stderr]    Compiling ouroboros_macro v0.14.2
[INFO] [stderr]    Compiling time v0.3.9
[INFO] [stderr]    Compiling tiny-bip39 v0.8.2
[INFO] [stderr]    Compiling enum-ordinalize v3.1.11
[INFO] [stderr]    Compiling modular-bitfield v0.11.2
[INFO] [stderr]    Compiling der v0.5.1
[INFO] [stderr]    Compiling miniz_oxide v0.5.3
[INFO] [stderr]    Compiling quinn-proto v0.8.3
[INFO] [stderr]    Compiling rpassword v6.0.1
[INFO] [stderr]    Compiling xattr v0.2.3
[INFO] [stderr]    Compiling dirs-sys-next v0.1.2
[INFO] [stderr]    Compiling filetime v0.2.16
[INFO] [stderr]    Compiling solana-runtime v1.10.12
[INFO] [stderr]    Compiling thread_local v1.1.4
[INFO] [stderr]    Compiling base64ct v1.5.0
[INFO] [stderr]    Compiling stable_deref_trait v1.2.0
[INFO] [stderr]    Compiling aliasable v0.1.3
[INFO] [stderr]    Compiling tracing-subscriber v0.2.25
[INFO] [stderr]    Compiling tar v0.4.38
[INFO] [stderr]    Compiling ouroboros v0.14.2
[INFO] [stderr]    Compiling dirs-next v2.0.0
[INFO] [stderr]    Compiling flate2 v1.0.24
[INFO] [stderr]    Compiling spki v0.5.4
[INFO] [stderr]    Compiling educe v0.4.19
[INFO] [stderr]    Compiling yasna v0.5.0
[INFO] [stderr]    Compiling serde_yaml v0.8.24
[INFO] [stderr]    Compiling dir-diff v0.3.2
[INFO] [stderr]    Compiling opentelemetry v0.16.0
[INFO] [stderr]    Compiling sha-1 v0.10.0
[INFO] [stderr]    Compiling dashmap v4.0.2
[INFO] [stderr]    Compiling pem v1.0.2
[INFO] [stderr]    Compiling quinn-udp v0.1.2
[INFO] [stderr]    Compiling index_list v0.2.7
[INFO] [stderr]    Compiling utf-8 v0.7.6
[INFO] [stderr]    Compiling symlink v0.1.0
[INFO] [stderr]    Compiling quinn v0.8.3
[INFO] [stderr]    Compiling rcgen v0.9.2
[INFO] [stderr]    Compiling tungstenite v0.17.2
[INFO] [stderr]    Compiling tokio-serde v0.8.0
[INFO] [stderr]    Compiling pkcs8 v0.8.0
[INFO] [stderr]    Compiling tokio-util v0.6.10
[INFO] [stderr]    Compiling tarpc-plugins v0.12.0
[INFO] [stderr]    Compiling tracing-opentelemetry v0.15.0
[INFO] [stderr]    Compiling scroll_derive v0.10.5
[INFO] [stderr]    Compiling number_prefix v0.4.0
[INFO] [stderr]    Compiling histogram v0.6.9
[INFO] [stderr]    Compiling event-listener v2.5.2
[INFO] [stderr]    Compiling void v1.0.2
[INFO] [stderr]    Compiling unreachable v1.0.0
[INFO] [stderr]    Compiling tarpc v0.27.2
[INFO] [stderr]    Compiling async-mutex v1.4.0
[INFO] [stderr]    Compiling indicatif v0.16.2
[INFO] [stderr]    Compiling tokio-tungstenite v0.17.1
[INFO] [stderr]    Compiling jsonrpc-core v18.0.0
[INFO] [stderr]    Compiling scroll v0.10.2
[INFO] [stderr]    Compiling tokio-stream v0.1.9
[INFO] [stderr]    Compiling lru v0.7.6
[INFO] [stderr]    Compiling plain v0.2.3
[INFO] [stderr]    Compiling ascii v0.9.3
[INFO] [stderr]    Compiling goblin v0.4.3
[INFO] [stderr]    Compiling hash32 v0.1.1
[INFO] [stderr]    Compiling combine v3.8.1
[INFO] [stderr]    Compiling chrono-humanize v0.2.1
[INFO] [stderr]    Compiling bzip2 v0.4.3
[INFO] [stderr]    Compiling solana_rbpf v0.2.24
[INFO] [stderr]    Compiling spl-token v3.3.0
[INFO] [stderr]    Compiling spl-memo v3.0.1
[INFO] [stderr]    Compiling spl-associated-token-account v1.0.5
[INFO] [stderr]    Compiling metaplex-token-vault v0.0.1
[INFO] [stderr]    Compiling metaplex-token-metadata v0.0.1
[INFO] [stderr]    Compiling escrow_buy v0.1.0 (/opt/rustwide/workdir)
[INFO] [stdout] warning: unused import: `IsInitialized`
[INFO] [stdout]  --> src/processor.rs:7:20
[INFO] [stdout]   |
[INFO] [stdout] 7 |     program_pack::{IsInitialized, Pack},
[INFO] [stdout]   |                    ^^^^^^^^^^^^^
[INFO] [stdout]   |
[INFO] [stdout]   = note: `#[warn(unused_imports)]` on by default
[INFO] [stdout] 
[INFO] [stdout] 
[INFO] [stdout] warning: unused variable: `rent`
[INFO] [stdout]   --> src/processor.rs:68:13
[INFO] [stdout]    |
[INFO] [stdout] 68 |         let rent = &Rent::from_account_info(next_account_info(account_info_iter)?)?;
[INFO] [stdout]    |             ^^^^ help: if this is intentional, prefix it with an underscore: `_rent`
[INFO] [stdout]    |
[INFO] [stdout]    = note: `#[warn(unused_variables)]` on by default
[INFO] [stdout] 
[INFO] [stdout] 
[INFO] [stdout] warning: unused variable: `mint_key_data`
[INFO] [stdout]    --> src/processor.rs:388:13
[INFO] [stdout]     |
[INFO] [stdout] 388 |         let mint_key_data = escrow_info.mint_key.clone();
[INFO] [stdout]     |             ^^^^^^^^^^^^^ help: if this is intentional, prefix it with an underscore: `_mint_key_data`
[INFO] [stdout] 
[INFO] [stdout] 
[INFO] [stdout] warning: unused variable: `amomunt_expected_by_user`
[INFO] [stdout]    --> src/processor.rs:389:13
[INFO] [stdout]     |
[INFO] [stdout] 389 |         let amomunt_expected_by_user = escrow_info.expected_amount.clone();
[INFO] [stdout]     |             ^^^^^^^^^^^^^^^^^^^^^^^^ help: if this is intentional, prefix it with an underscore: `_amomunt_expected_by_user`
[INFO] [stdout] 
[INFO] [stdout] 
[INFO] [stdout] warning: 4 warnings emitted
[INFO] [stdout] 
[INFO] [stdout] 
[INFO] [stderr]    Compiling solana-measure v1.10.12
[INFO] [stderr]    Compiling solana-metrics v1.10.12
[INFO] [stderr]    Compiling solana-zk-token-sdk v1.10.12
[INFO] [stderr]    Compiling solana-remote-wallet v1.10.12
[INFO] [stderr]    Compiling solana-zk-token-sdk v0.8.1
[INFO] [stderr]    Compiling solana-banks-interface v1.10.12
[INFO] [stderr]    Compiling solana-bucket-map v1.10.12
[INFO] [stderr]    Compiling solana-net-utils v1.10.12
[INFO] [stderr]    Compiling solana-banks-client v1.10.12
[INFO] [stderr]    Compiling solana-config-program v1.10.12
[INFO] [stderr]    Compiling solana-compute-budget-program v1.10.12
[INFO] [stderr]    Compiling solana-clap-utils v1.10.12
[INFO] [stderr]    Compiling solana-streamer v1.10.12
[INFO] [stderr]    Compiling solana-cli-config v1.10.12
[INFO] [stderr]    Compiling solana-faucet v1.10.12
[INFO] [stderr]    Compiling spl-token-2022 v0.2.0
[INFO] [stderr]    Compiling solana-zk-token-proof-program v1.10.12
[INFO] [stderr]    Compiling solana-bpf-loader-program v1.10.12
[INFO] [stderr]    Compiling zstd v0.11.2+zstd.1.5.2
[INFO] [stderr]    Compiling solana-account-decoder v1.10.12
[INFO] [stderr]    Compiling solana-transaction-status v1.10.12
[INFO] [stderr]    Compiling solana-client v1.10.12
[INFO] [stderr]    Compiling solana-send-transaction-service v1.10.12
[INFO] [stderr]    Compiling solana-banks-server v1.10.12
[INFO] [stderr]    Compiling solana-program-test v1.10.12
[INFO] [stdout] warning: unused import: `std::str::FromStr`
[INFO] [stdout]  --> tests/process_escrow_init_bpf_test.rs:9:5
[INFO] [stdout]   |
[INFO] [stdout] 9 | use std::str::FromStr;
[INFO] [stdout]   |     ^^^^^^^^^^^^^^^^^
[INFO] [stdout]   |
[INFO] [stdout]   = note: `#[warn(unused_imports)]` on by default
[INFO] [stdout] 
[INFO] [stdout] 
[INFO] [stdout] warning: unused import: `std::str::FromStr`
[INFO] [stdout]  --> tests/process_escrow_init_bpf_failing_test.rs:9:5
[INFO] [stdout]   |
[INFO] [stdout] 9 | use std::str::FromStr;
[INFO] [stdout]   |     ^^^^^^^^^^^^^^^^^
[INFO] [stdout]   |
[INFO] [stdout]   = note: `#[warn(unused_imports)]` on by default
[INFO] [stdout] 
[INFO] [stdout] 
[INFO] [stdout] warning: unused import: `std::str::FromStr`
[INFO] [stdout]  --> tests/process_exchange_bpf_test.rs:9:5
[INFO] [stdout]   |
[INFO] [stdout] 9 | use std::str::FromStr;
[INFO] [stdout]   |     ^^^^^^^^^^^^^^^^^
[INFO] [stdout]   |
[INFO] [stdout]   = note: `#[warn(unused_imports)]` on by default
[INFO] [stdout] 
[INFO] [stdout] 
[INFO] [stdout] warning: unused import: `IsInitialized`
[INFO] [stdout]  --> src/processor.rs:7:20
[INFO] [stdout]   |
[INFO] [stdout] 7 |     program_pack::{IsInitialized, Pack},
[INFO] [stdout]   |                    ^^^^^^^^^^^^^
[INFO] [stdout]   |
[INFO] [stdout]   = note: `#[warn(unused_imports)]` on by default
[INFO] [stdout] 
[INFO] [stdout] 
[INFO] [stdout] warning: unused variable: `rent`
[INFO] [stdout]   --> src/processor.rs:68:13
[INFO] [stdout]    |
[INFO] [stdout] 68 |         let rent = &Rent::from_account_info(next_account_info(account_info_iter)?)?;
[INFO] [stdout]    |             ^^^^ help: if this is intentional, prefix it with an underscore: `_rent`
[INFO] [stdout]    |
[INFO] [stdout]    = note: `#[warn(unused_variables)]` on by default
[INFO] [stdout] 
[INFO] [stdout] 
[INFO] [stdout] warning: unused variable: `mint_key_data`
[INFO] [stdout]    --> src/processor.rs:388:13
[INFO] [stdout]     |
[INFO] [stdout] 388 |         let mint_key_data = escrow_info.mint_key.clone();
[INFO] [stdout]     |             ^^^^^^^^^^^^^ help: if this is intentional, prefix it with an underscore: `_mint_key_data`
[INFO] [stdout] 
[INFO] [stdout] 
[INFO] [stdout] warning: unused variable: `amomunt_expected_by_user`
[INFO] [stdout]    --> src/processor.rs:389:13
[INFO] [stdout]     |
[INFO] [stdout] 389 |         let amomunt_expected_by_user = escrow_info.expected_amount.clone();
[INFO] [stdout]     |             ^^^^^^^^^^^^^^^^^^^^^^^^ help: if this is intentional, prefix it with an underscore: `_amomunt_expected_by_user`
[INFO] [stdout] 
[INFO] [stdout] 
[INFO] [stdout] warning: 1 warning emitted
[INFO] [stdout] 
[INFO] [stdout] 
[INFO] [stdout] warning: 1 warning emitted
[INFO] [stdout] 
[INFO] [stdout] 
[INFO] [stdout] warning: 1 warning emitted
[INFO] [stdout] 
[INFO] [stdout] 
[INFO] [stdout] warning: 4 warnings emitted
[INFO] [stdout] 
[INFO] [stdout] 
[INFO] [stderr]     Finished test [unoptimized + debuginfo] target(s) in 2m 22s
[INFO] running `Command { std: "docker" "inspect" "0f82046f859116a0eba2ce49032a1461a96b31e4c7da97f4987299c732399ab8", kill_on_drop: false }`
[INFO] running `Command { std: "docker" "rm" "-f" "0f82046f859116a0eba2ce49032a1461a96b31e4c7da97f4987299c732399ab8", kill_on_drop: false }`
[INFO] [stdout] 0f82046f859116a0eba2ce49032a1461a96b31e4c7da97f4987299c732399ab8
[INFO] running `Command { std: "docker" "create" "-v" "/var/lib/crater-agent-workspace/builds/worker-2-tc1/target:/opt/rustwide/target:rw,Z" "-v" "/var/lib/crater-agent-workspace/builds/worker-2-tc1/source:/opt/rustwide/workdir:ro,Z" "-v" "/var/lib/crater-agent-workspace/cargo-home:/opt/rustwide/cargo-home:ro,Z" "-v" "/var/lib/crater-agent-workspace/rustup-home:/opt/rustwide/rustup-home:ro,Z" "-e" "SOURCE_DIR=/opt/rustwide/workdir" "-e" "CARGO_TARGET_DIR=/opt/rustwide/target" "-e" "CARGO_INCREMENTAL=0" "-e" "RUST_BACKTRACE=full" "-e" "RUSTFLAGS=--cap-lints=warn" "-e" "RUSTDOCFLAGS=--cap-lints=warn" "-e" "CARGO_HOME=/opt/rustwide/cargo-home" "-e" "RUSTUP_HOME=/opt/rustwide/rustup-home" "-w" "/opt/rustwide/workdir" "-m" "1610612736" "--user" "0:0" "--network" "none" "ghcr.io/rust-lang/crates-build-env/linux@sha256:2788e3201cd34a07e3172128adcd8b3090168a8e3bcc40d7c032b9dda1df7d1c" "/opt/rustwide/cargo-home/bin/cargo" "+1.75.0" "test" "--frozen", kill_on_drop: false }`
[INFO] [stdout] d8a4e58555776cacfc005bb421e3f455875b8aae793a5773d099b9114eb01935
[INFO] running `Command { std: "docker" "start" "-a" "d8a4e58555776cacfc005bb421e3f455875b8aae793a5773d099b9114eb01935", kill_on_drop: false }`
[INFO] [stderr] warning: unused import: `IsInitialized`
[INFO] [stderr]  --> src/processor.rs:7:20
[INFO] [stderr]   |
[INFO] [stderr] 7 |     program_pack::{IsInitialized, Pack},
[INFO] [stderr]   |                    ^^^^^^^^^^^^^
[INFO] [stderr]   |
[INFO] [stderr]   = note: `#[warn(unused_imports)]` on by default
[INFO] [stderr] 
[INFO] [stderr] warning: unused variable: `rent`
[INFO] [stderr]   --> src/processor.rs:68:13
[INFO] [stderr]    |
[INFO] [stderr] 68 |         let rent = &Rent::from_account_info(next_account_info(account_info_iter)?)?;
[INFO] [stderr]    |             ^^^^ help: if this is intentional, prefix it with an underscore: `_rent`
[INFO] [stderr]    |
[INFO] [stderr]    = note: `#[warn(unused_variables)]` on by default
[INFO] [stderr] 
[INFO] [stderr] warning: unused variable: `mint_key_data`
[INFO] [stderr]    --> src/processor.rs:388:13
[INFO] [stderr]     |
[INFO] [stderr] 388 |         let mint_key_data = escrow_info.mint_key.clone();
[INFO] [stderr]     |             ^^^^^^^^^^^^^ help: if this is intentional, prefix it with an underscore: `_mint_key_data`
[INFO] [stderr] 
[INFO] [stderr] warning: unused variable: `amomunt_expected_by_user`
[INFO] [stderr]    --> src/processor.rs:389:13
[INFO] [stderr]     |
[INFO] [stderr] 389 |         let amomunt_expected_by_user = escrow_info.expected_amount.clone();
[INFO] [stderr]     |             ^^^^^^^^^^^^^^^^^^^^^^^^ help: if this is intentional, prefix it with an underscore: `_amomunt_expected_by_user`
[INFO] [stderr] 
[INFO] [stderr] warning: `escrow_buy` (lib) generated 4 warnings (run `cargo fix --lib -p escrow_buy` to apply 3 suggestions)
[INFO] [stderr] warning: unused import: `std::str::FromStr`
[INFO] [stderr]  --> tests/process_exchange_bpf_test.rs:9:5
[INFO] [stderr]   |
[INFO] [stderr] 9 | use std::str::FromStr;
[INFO] [stderr]   |     ^^^^^^^^^^^^^^^^^
[INFO] [stderr]   |
[INFO] [stderr]   = note: `#[warn(unused_imports)]` on by default
[INFO] [stderr] 
[INFO] [stderr] warning: unused import: `std::str::FromStr`
[INFO] [stderr]  --> tests/process_escrow_init_bpf_test.rs:9:5
[INFO] [stderr]   |
[INFO] [stderr] 9 | use std::str::FromStr;
[INFO] [stderr]   |     ^^^^^^^^^^^^^^^^^
[INFO] [stderr]   |
[INFO] [stderr]   = note: `#[warn(unused_imports)]` on by default
[INFO] [stderr] 
[INFO] [stderr] warning: `escrow_buy` (test "process_exchange_bpf_test") generated 1 warning (run `cargo fix --test "process_exchange_bpf_test"` to apply 1 suggestion)
[INFO] [stderr] warning: `escrow_buy` (lib test) generated 4 warnings (4 duplicates)
[INFO] [stderr] warning: `escrow_buy` (test "process_escrow_init_bpf_test") generated 1 warning (run `cargo fix --test "process_escrow_init_bpf_test"` to apply 1 suggestion)
[INFO] [stderr] warning: unused import: `std::str::FromStr`
[INFO] [stderr]  --> tests/process_escrow_init_bpf_failing_test.rs:9:5
[INFO] [stderr]   |
[INFO] [stderr] 9 | use std::str::FromStr;
[INFO] [stderr]   |     ^^^^^^^^^^^^^^^^^
[INFO] [stderr]   |
[INFO] [stderr]   = note: `#[warn(unused_imports)]` on by default
[INFO] [stderr] 
[INFO] [stderr] warning: `escrow_buy` (test "process_escrow_init_bpf_failing_test") generated 1 warning (run `cargo fix --test "process_escrow_init_bpf_failing_test"` to apply 1 suggestion)
[INFO] [stderr]     Finished test [unoptimized + debuginfo] target(s) in 0.89s
[INFO] [stderr]      Running unittests src/lib.rs (/opt/rustwide/target/debug/deps/escrow_buy-834ad9089850d2fd)
[INFO] [stdout] 
[INFO] [stdout] running 0 tests
[INFO] [stdout] 
[INFO] [stdout] test result: ok. 0 passed; 0 failed; 0 ignored; 0 measured; 0 filtered out; finished in 0.00s
[INFO] [stdout] 
[INFO] [stderr]      Running tests/escrow_state_pack_unpack_test.rs (/opt/rustwide/target/debug/deps/escrow_state_pack_unpack_test-142ab89f5238789b)
[INFO] [stdout] 
[INFO] [stdout] running 1 test
[INFO] [stdout] test tests::state_pack_unpack_test ... ok
[INFO] [stderr]      Running tests/instruction_data_pack_unpack_test.rs (/opt/rustwide/target/debug/deps/instruction_data_pack_unpack_test-04ea5d4de70db852)
[INFO] [stdout] 
[INFO] [stdout] test result: ok. 1 passed; 0 failed; 0 ignored; 0 measured; 0 filtered out; finished in 0.01s
[INFO] [stdout] 
[INFO] [stdout] 
[INFO] [stdout] running 1 test
[INFO] [stderr]      Running tests/process_escrow_init_bpf_failing_test.rs (/opt/rustwide/target/debug/deps/process_escrow_init_bpf_failing_test-a1986c41cdb75018)
[INFO] [stdout] test tests::instruction_unpack_test ... ok
[INFO] [stdout] 
[INFO] [stdout] test result: ok. 1 passed; 0 failed; 0 ignored; 0 measured; 0 filtered out; finished in 0.00s
[INFO] [stdout] 
[INFO] [stdout] 
[INFO] [stdout] running 0 tests
[INFO] [stdout] 
[INFO] [stdout] test result: ok. 0 passed; 0 failed; 0 ignored; 0 measured; 0 filtered out; finished in 0.00s
[INFO] [stdout] 
[INFO] [stderr]      Running tests/process_escrow_init_bpf_test.rs (/opt/rustwide/target/debug/deps/process_escrow_init_bpf_test-ea8faeb84c17a5a2)
[INFO] [stdout] 
[INFO] [stdout] running 0 tests
[INFO] [stdout] 
[INFO] [stdout] test result: ok. 0 passed; 0 failed; 0 ignored; 0 measured; 0 filtered out; finished in 0.00s
[INFO] [stdout] 
[INFO] [stderr]      Running tests/process_escrow_init_test.rs (/opt/rustwide/target/debug/deps/process_escrow_init_test-47eed752421597b9)
[INFO] [stdout] 
[INFO] [stdout] running 1 test
[INFO] [stdout] test tests::init_escrow_test ... FAILED
[INFO] [stdout] 
[INFO] [stdout] failures:
[INFO] [stdout] 
[INFO] [stdout] ---- tests::init_escrow_test stdout ----
[INFO] [stdout] thread 'tests::init_escrow_test' panicked at tests/process_escrow_init_test.rs:110:11:
[INFO] [stdout] Some error happened, test failed: NotEnoughAccountKeys
[INFO] [stdout] stack backtrace:
[INFO] [stdout]    0:     0x560b7e5d802c - std::backtrace_rs::backtrace::libunwind::trace::ha637c64ce894333a
[INFO] [stdout]                                at /rustc/82e1608dfa6e0b5569232559e3d385fea5a93112/library/std/src/../../backtrace/src/backtrace/libunwind.rs:104:5
[INFO] [stdout]    1:     0x560b7e5d802c - std::backtrace_rs::backtrace::trace_unsynchronized::h47f62dea28e0c88d
[INFO] [stdout]                                at /rustc/82e1608dfa6e0b5569232559e3d385fea5a93112/library/std/src/../../backtrace/src/backtrace/mod.rs:66:5
[INFO] [stdout]    2:     0x560b7e5d802c - std::sys_common::backtrace::_print_fmt::h9eef0abe20ede486
[INFO] [stdout]                                at /rustc/82e1608dfa6e0b5569232559e3d385fea5a93112/library/std/src/sys_common/backtrace.rs:67:5
[INFO] [stdout]    3:     0x560b7e5d802c - <std::sys_common::backtrace::_print::DisplayBacktrace as core::fmt::Display>::fmt::hed7f999df88cc644
[INFO] [stdout]                                at /rustc/82e1608dfa6e0b5569232559e3d385fea5a93112/library/std/src/sys_common/backtrace.rs:44:22
[INFO] [stdout]    4:     0x560b7e601bc0 - core::fmt::rt::Argument::fmt::h1539a9308b8d058d
[INFO] [stdout]                                at /rustc/82e1608dfa6e0b5569232559e3d385fea5a93112/library/core/src/fmt/rt.rs:142:9
[INFO] [stdout]    5:     0x560b7e601bc0 - core::fmt::write::h3a39390d8560d9c9
[INFO] [stdout]                                at /rustc/82e1608dfa6e0b5569232559e3d385fea5a93112/library/core/src/fmt/mod.rs:1120:17
[INFO] [stdout]    6:     0x560b7e5d59df - std::io::Write::write_fmt::h040b369f3a0f9cbc
[INFO] [stdout]                                at /rustc/82e1608dfa6e0b5569232559e3d385fea5a93112/library/std/src/io/mod.rs:1762:15
[INFO] [stdout]    7:     0x560b7e5d7e14 - std::sys_common::backtrace::_print::h894006fb5c6f3d45
[INFO] [stdout]                                at /rustc/82e1608dfa6e0b5569232559e3d385fea5a93112/library/std/src/sys_common/backtrace.rs:47:5
[INFO] [stdout]    8:     0x560b7e5d7e14 - std::sys_common::backtrace::print::h23a2d212c6fff936
[INFO] [stdout]                                at /rustc/82e1608dfa6e0b5569232559e3d385fea5a93112/library/std/src/sys_common/backtrace.rs:34:9
[INFO] [stdout]    9:     0x560b7e5d9ad7 - std::panicking::default_hook::{{closure}}::h8a1d2ee00185001a
[INFO] [stdout]   10:     0x560b7e5d97c3 - std::panicking::default_hook::h6038f2eba384e475
[INFO] [stdout]                                at /rustc/82e1608dfa6e0b5569232559e3d385fea5a93112/library/std/src/panicking.rs:289:9
[INFO] [stdout]   11:     0x560b7e56ae27 - <alloc::boxed::Box<F,A> as core::ops::function::Fn<Args>>::call::h0ad024c9bdc6d768
[INFO] [stdout]                                at /rustc/82e1608dfa6e0b5569232559e3d385fea5a93112/library/alloc/src/boxed.rs:2021:9
[INFO] [stdout]   12:     0x560b7e56ae27 - test::test_main::{{closure}}::h7500b54257359db6
[INFO] [stdout]                                at /rustc/82e1608dfa6e0b5569232559e3d385fea5a93112/library/test/src/lib.rs:138:21
[INFO] [stdout]   13:     0x560b7e5da0e8 - <alloc::boxed::Box<F,A> as core::ops::function::Fn<Args>>::call::h1f8f335eaa9cfaee
[INFO] [stdout]                                at /rustc/82e1608dfa6e0b5569232559e3d385fea5a93112/library/alloc/src/boxed.rs:2021:9
[INFO] [stdout]   14:     0x560b7e5da0e8 - std::panicking::rust_panic_with_hook::h2b5517d590cab22e
[INFO] [stdout]                                at /rustc/82e1608dfa6e0b5569232559e3d385fea5a93112/library/std/src/panicking.rs:783:13
[INFO] [stdout]   15:     0x560b7e5d9e3e - std::panicking::begin_panic_handler::{{closure}}::h233112c06e0ef43e
[INFO] [stdout]                                at /rustc/82e1608dfa6e0b5569232559e3d385fea5a93112/library/std/src/panicking.rs:657:13
[INFO] [stdout]   16:     0x560b7e5d84f6 - std::sys_common::backtrace::__rust_end_short_backtrace::h6e893f24d7ebbff8
[INFO] [stdout]                                at /rustc/82e1608dfa6e0b5569232559e3d385fea5a93112/library/std/src/sys_common/backtrace.rs:170:18
[INFO] [stdout]   17:     0x560b7e5d9ba2 - rust_begin_unwind
[INFO] [stdout]                                at /rustc/82e1608dfa6e0b5569232559e3d385fea5a93112/library/std/src/panicking.rs:645:5
[INFO] [stdout]   18:     0x560b7e533d55 - core::panicking::panic_fmt::hbf0e066aabfa482c
[INFO] [stdout]                                at /rustc/82e1608dfa6e0b5569232559e3d385fea5a93112/library/core/src/panicking.rs:72:14
[INFO] [stdout]   19:     0x560b7e5342e3 - core::result::unwrap_failed::hddb4fea594200c52
[INFO] [stdout]                                at /rustc/82e1608dfa6e0b5569232559e3d385fea5a93112/library/core/src/result.rs:1653:5
[INFO] [stdout]   20:     0x560b7e535a33 - core::result::Result<T,E>::expect::hbee4f88204771dd0
[INFO] [stdout]                                at /rustc/82e1608dfa6e0b5569232559e3d385fea5a93112/library/core/src/result.rs:1034:23
[INFO] [stdout]   21:     0x560b7e536ec5 - process_escrow_init_test::tests::init_escrow_test::he99b1554dacc1cf2
[INFO] [stdout]                                at /opt/rustwide/workdir/tests/process_escrow_init_test.rs:106:9
[INFO] [stdout]   22:     0x560b7e536967 - process_escrow_init_test::tests::init_escrow_test::{{closure}}::h0515eb000e14b3e8
[INFO] [stdout]                                at /opt/rustwide/workdir/tests/process_escrow_init_test.rs:26:26
[INFO] [stdout]   23:     0x560b7e535816 - core::ops::function::FnOnce::call_once::h3cf40dfe051f1888
[INFO] [stdout]                                at /rustc/82e1608dfa6e0b5569232559e3d385fea5a93112/library/core/src/ops/function.rs:250:5
[INFO] [stdout]   24:     0x560b7e57047f - core::ops::function::FnOnce::call_once::h2b5d431d5046312d
[INFO] [stdout]                                at /rustc/82e1608dfa6e0b5569232559e3d385fea5a93112/library/core/src/ops/function.rs:250:5
[INFO] [stdout]   25:     0x560b7e57047f - test::__rust_begin_short_backtrace::h7714669af176e207
[INFO] [stdout]                                at /rustc/82e1608dfa6e0b5569232559e3d385fea5a93112/library/test/src/lib.rs:628:18
[INFO] [stdout]   26:     0x560b7e56f495 - test::run_test_in_process::{{closure}}::h85218797dcbcec12
[INFO] [stdout]                                at /rustc/82e1608dfa6e0b5569232559e3d385fea5a93112/library/test/src/lib.rs:651:60
[INFO] [stdout]   27:     0x560b7e56f495 - <core::panic::unwind_safe::AssertUnwindSafe<F> as core::ops::function::FnOnce<()>>::call_once::h76c106ea31c14d7b
[INFO] [stdout]                                at /rustc/82e1608dfa6e0b5569232559e3d385fea5a93112/library/core/src/panic/unwind_safe.rs:272:9
[INFO] [stdout]   28:     0x560b7e56f495 - std::panicking::try::do_call::h3bd5d0f6620ee946
[INFO] [stdout]                                at /rustc/82e1608dfa6e0b5569232559e3d385fea5a93112/library/std/src/panicking.rs:552:40
[INFO] [stdout]   29:     0x560b7e56f495 - std::panicking::try::h232e535e4744fe31
[INFO] [stdout]                                at /rustc/82e1608dfa6e0b5569232559e3d385fea5a93112/library/std/src/panicking.rs:516:19
[INFO] [stdout]   30:     0x560b7e56f495 - std::panic::catch_unwind::h3ce3bd6ca8dbac68
[INFO] [stdout]                                at /rustc/82e1608dfa6e0b5569232559e3d385fea5a93112/library/std/src/panic.rs:142:14
[INFO] [stdout]   31:     0x560b7e56f495 - test::run_test_in_process::hc97b257c9621286a
[INFO] [stdout]                                at /rustc/82e1608dfa6e0b5569232559e3d385fea5a93112/library/test/src/lib.rs:651:27
[INFO] [stdout]   32:     0x560b7e56f495 - test::run_test::{{closure}}::h2aa798823a438d38
[INFO] [stdout]                                at /rustc/82e1608dfa6e0b5569232559e3d385fea5a93112/library/test/src/lib.rs:574:43
[INFO] [stdout]   33:     0x560b7e537756 - test::run_test::{{closure}}::h87d231c78fb59832
[INFO] [stdout]                                at /rustc/82e1608dfa6e0b5569232559e3d385fea5a93112/library/test/src/lib.rs:602:41
[INFO] [stdout]   34:     0x560b7e537756 - std::sys_common::backtrace::__rust_begin_short_backtrace::he6df152596625789
[INFO] [stdout]                                at /rustc/82e1608dfa6e0b5569232559e3d385fea5a93112/library/std/src/sys_common/backtrace.rs:154:18
[INFO] [stdout]   35:     0x560b7e53c807 - std::thread::Builder::spawn_unchecked_::{{closure}}::{{closure}}::ha94be15d1e0acf36
[INFO] [stdout]                                at /rustc/82e1608dfa6e0b5569232559e3d385fea5a93112/library/std/src/thread/mod.rs:529:17
[INFO] [stdout]   36:     0x560b7e53c807 - <core::panic::unwind_safe::AssertUnwindSafe<F> as core::ops::function::FnOnce<()>>::call_once::h9dc6bd6372f16606
[INFO] [stdout]                                at /rustc/82e1608dfa6e0b5569232559e3d385fea5a93112/library/core/src/panic/unwind_safe.rs:272:9
[INFO] [stdout]   37:     0x560b7e53c807 - std::panicking::try::do_call::h9057517f80303cd4
[INFO] [stdout]                                at /rustc/82e1608dfa6e0b5569232559e3d385fea5a93112/library/std/src/panicking.rs:552:40
[INFO] [stdout]   38:     0x560b7e53c807 - std::panicking::try::he3a30b11ee45340c
[INFO] [stdout]                                at /rustc/82e1608dfa6e0b5569232559e3d385fea5a93112/library/std/src/panicking.rs:516:19
[INFO] [stdout]   39:     0x560b7e53c807 - std::panic::catch_unwind::h410458cfd3528b8b
[INFO] [stdout]                                at /rustc/82e1608dfa6e0b5569232559e3d385fea5a93112/library/std/src/panic.rs:142:14
[INFO] [stdout]   40:     0x560b7e53c807 - std::thread::Builder::spawn_unchecked_::{{closure}}::h72ac3bdb567b737b
[INFO] [stdout]                                at /rustc/82e1608dfa6e0b5569232559e3d385fea5a93112/library/std/src/thread/mod.rs:528:30
[INFO] [stdout]   41:     0x560b7e53c807 - core::ops::function::FnOnce::call_once{{vtable.shim}}::h38f34da3654a8344
[INFO] [stdout]                                at /rustc/82e1608dfa6e0b5569232559e3d385fea5a93112/library/core/src/ops/function.rs:250:5
[INFO] [stdout]   42:     0x560b7e5deb75 - <alloc::boxed::Box<F,A> as core::ops::function::FnOnce<Args>>::call_once::hc7eafaff61e32df9
[INFO] [stdout]                                at /rustc/82e1608dfa6e0b5569232559e3d385fea5a93112/library/alloc/src/boxed.rs:2007:9
[INFO] [stdout]   43:     0x560b7e5deb75 - <alloc::boxed::Box<F,A> as core::ops::function::FnOnce<Args>>::call_once::h6ba4a5de48dd2304
[INFO] [stdout]                                at /rustc/82e1608dfa6e0b5569232559e3d385fea5a93112/library/alloc/src/boxed.rs:2007:9
[INFO] [stdout]   44:     0x560b7e5deb75 - std::sys::unix::thread::Thread::new::thread_start::he469335aef763e45
[INFO] [stdout]                                at /rustc/82e1608dfa6e0b5569232559e3d385fea5a93112/library/std/src/sys/unix/thread.rs:108:17
[INFO] [stdout]   45:     0x7fa806f21ac3 - <unknown>
[INFO] [stdout]   46:     0x7fa806fb2bf4 - __clone
[INFO] [stdout]   47:                0x0 - <unknown>
[INFO] [stdout] 
[INFO] [stdout] 
[INFO] [stdout] failures:
[INFO] [stdout]     tests::init_escrow_test
[INFO] [stdout] 
[INFO] [stdout] test result: FAILED. 0 passed; 1 failed; 0 ignored; 0 measured; 0 filtered out; finished in 0.06s
[INFO] [stdout] 
[INFO] [stderr] error: test failed, to rerun pass `--test process_escrow_init_test`
[INFO] running `Command { std: "docker" "inspect" "d8a4e58555776cacfc005bb421e3f455875b8aae793a5773d099b9114eb01935", kill_on_drop: false }`
[INFO] running `Command { std: "docker" "rm" "-f" "d8a4e58555776cacfc005bb421e3f455875b8aae793a5773d099b9114eb01935", kill_on_drop: false }`
[INFO] [stdout] d8a4e58555776cacfc005bb421e3f455875b8aae793a5773d099b9114eb01935
