[INFO] cloning repository https://github.com/ktravis/rust-game-engine
[INFO] running `Command { std: "git" "-c" "credential.helper=" "-c" "credential.helper=/workspace/cargo-home/bin/git-credential-null" "clone" "--bare" "https://github.com/ktravis/rust-game-engine" "/workspace/cache/git-repos/https%3A%2F%2Fgithub.com%2Fktravis%2Frust-game-engine", kill_on_drop: false }`
[INFO] [stderr] Cloning into bare repository '/workspace/cache/git-repos/https%3A%2F%2Fgithub.com%2Fktravis%2Frust-game-engine'...
[INFO] running `Command { std: "git" "rev-parse" "HEAD", kill_on_drop: false }`
[INFO] [stdout] b6ba9186c2491f612bd630dca3a4f14abab82297
[INFO] testing ktravis/rust-game-engine against 1.75.0 for beta-1.76-1
[INFO] running `Command { std: "git" "clone" "/workspace/cache/git-repos/https%3A%2F%2Fgithub.com%2Fktravis%2Frust-game-engine" "/workspace/builds/worker-2-tc1/source", kill_on_drop: false }`
[INFO] [stderr] Cloning into '/workspace/builds/worker-2-tc1/source'...
[INFO] [stderr] done.
[INFO] validating manifest of git repo https://github.com/ktravis/rust-game-engine on toolchain 1.75.0
[INFO] running `Command { std: CARGO_HOME="/workspace/cargo-home" RUSTUP_HOME="/workspace/rustup-home" "/workspace/cargo-home/bin/cargo" "+1.75.0" "metadata" "--manifest-path" "Cargo.toml" "--no-deps", kill_on_drop: false }`
[INFO] started tweaking git repo https://github.com/ktravis/rust-game-engine
[INFO] finished tweaking git repo https://github.com/ktravis/rust-game-engine
[INFO] tweaked toml for git repo https://github.com/ktravis/rust-game-engine written to /workspace/builds/worker-2-tc1/source/Cargo.toml
[INFO] crate git repo https://github.com/ktravis/rust-game-engine already has a lockfile, it will not be regenerated
[INFO] running `Command { std: CARGO_HOME="/workspace/cargo-home" RUSTUP_HOME="/workspace/rustup-home" "/workspace/cargo-home/bin/cargo" "+1.75.0" "fetch" "--manifest-path" "Cargo.toml", kill_on_drop: false }`
[INFO] [stderr] warning: dependency (getrandom) specified without providing a local path, Git repository, version, or workspace dependency to use. This will be considered an error in future versions
[INFO] [stderr]     Updating crates.io index
[INFO] [stderr]  Downloading crates ...
[INFO] [stderr]   Downloaded bitmask-enum v2.1.0
[INFO] [stderr]   Downloaded asefile v0.3.5
[INFO] [stderr]   Downloaded tobj v3.2.4
[INFO] [stderr]   Downloaded freetype-rs v0.32.0
[INFO] [stderr]   Downloaded msdfgen-sys v0.2.1
[INFO] [stderr]   Downloaded freetype-sys v0.17.0
[INFO] [stderr]   Downloaded msdfgen v0.2.1
[INFO] [stderr]   Downloaded miniquad v0.3.15
[INFO] running `Command { std: "docker" "create" "-v" "/var/lib/crater-agent-workspace/builds/worker-2-tc1/target:/opt/rustwide/target:rw,Z" "-v" "/var/lib/crater-agent-workspace/builds/worker-2-tc1/source:/opt/rustwide/workdir:ro,Z" "-v" "/var/lib/crater-agent-workspace/cargo-home:/opt/rustwide/cargo-home:ro,Z" "-v" "/var/lib/crater-agent-workspace/rustup-home:/opt/rustwide/rustup-home:ro,Z" "-e" "SOURCE_DIR=/opt/rustwide/workdir" "-e" "CARGO_TARGET_DIR=/opt/rustwide/target" "-e" "CARGO_HOME=/opt/rustwide/cargo-home" "-e" "RUSTUP_HOME=/opt/rustwide/rustup-home" "-w" "/opt/rustwide/workdir" "-m" "1610612736" "--user" "0:0" "--network" "none" "ghcr.io/rust-lang/crates-build-env/linux@sha256:2788e3201cd34a07e3172128adcd8b3090168a8e3bcc40d7c032b9dda1df7d1c" "/opt/rustwide/cargo-home/bin/cargo" "+1.75.0" "metadata" "--no-deps" "--format-version=1", kill_on_drop: false }`
[INFO] [stdout] 763ac6f12908664eb0f3b928a97a21cc8a61baf1f2b49f653b38f807fec23634
[INFO] running `Command { std: "docker" "start" "-a" "763ac6f12908664eb0f3b928a97a21cc8a61baf1f2b49f653b38f807fec23634", kill_on_drop: false }`
[INFO] running `Command { std: "docker" "inspect" "763ac6f12908664eb0f3b928a97a21cc8a61baf1f2b49f653b38f807fec23634", kill_on_drop: false }`
[INFO] running `Command { std: "docker" "rm" "-f" "763ac6f12908664eb0f3b928a97a21cc8a61baf1f2b49f653b38f807fec23634", kill_on_drop: false }`
[INFO] [stdout] 763ac6f12908664eb0f3b928a97a21cc8a61baf1f2b49f653b38f807fec23634
[INFO] running `Command { std: "docker" "create" "-v" "/var/lib/crater-agent-workspace/builds/worker-2-tc1/target:/opt/rustwide/target:rw,Z" "-v" "/var/lib/crater-agent-workspace/builds/worker-2-tc1/source:/opt/rustwide/workdir:ro,Z" "-v" "/var/lib/crater-agent-workspace/cargo-home:/opt/rustwide/cargo-home:ro,Z" "-v" "/var/lib/crater-agent-workspace/rustup-home:/opt/rustwide/rustup-home:ro,Z" "-e" "SOURCE_DIR=/opt/rustwide/workdir" "-e" "CARGO_TARGET_DIR=/opt/rustwide/target" "-e" "CARGO_INCREMENTAL=0" "-e" "RUST_BACKTRACE=full" "-e" "RUSTFLAGS=--cap-lints=warn" "-e" "RUSTDOCFLAGS=--cap-lints=warn" "-e" "CARGO_HOME=/opt/rustwide/cargo-home" "-e" "RUSTUP_HOME=/opt/rustwide/rustup-home" "-w" "/opt/rustwide/workdir" "-m" "1610612736" "--user" "0:0" "--network" "none" "ghcr.io/rust-lang/crates-build-env/linux@sha256:2788e3201cd34a07e3172128adcd8b3090168a8e3bcc40d7c032b9dda1df7d1c" "/opt/rustwide/cargo-home/bin/cargo" "+1.75.0" "build" "--frozen" "--message-format=json", kill_on_drop: false }`
[INFO] [stdout] 87ec72dbfaa1695f194209463896c3f69a7bc15bab6574047a951fafdb94baf5
[INFO] running `Command { std: "docker" "start" "-a" "87ec72dbfaa1695f194209463896c3f69a7bc15bab6574047a951fafdb94baf5", kill_on_drop: false }`
[INFO] [stderr] warning: dependency (getrandom) specified without providing a local path, Git repository, version, or workspace dependency to use. This will be considered an error in future versions
[INFO] [stderr]    Compiling libc v0.2.139
[INFO] [stderr]    Compiling cfg-if v1.0.0
[INFO] [stderr]    Compiling autocfg v1.1.0
[INFO] [stderr]    Compiling proc-macro2 v1.0.66
[INFO] [stderr]    Compiling unicode-ident v1.0.6
[INFO] [stderr]    Compiling version_check v0.9.4
[INFO] [stderr]    Compiling syn v1.0.109
[INFO] [stderr]    Compiling bitflags v1.3.2
[INFO] [stderr]    Compiling crc32fast v1.3.2
[INFO] [stderr]    Compiling adler32 v1.2.0
[INFO] [stderr]    Compiling once_cell v1.17.1
[INFO] [stderr]    Compiling adler v1.0.2
[INFO] [stderr]    Compiling crossbeam-utils v0.8.15
[INFO] [stderr]    Compiling byteorder v1.4.3
[INFO] [stderr]    Compiling log v0.4.19
[INFO] [stderr]    Compiling color_quant v1.1.0
[INFO] [stderr]    Compiling same-file v1.0.6
[INFO] [stderr]    Compiling miniquad v0.3.15
[INFO] [stderr]    Compiling miniz_oxide v0.6.2
[INFO] [stderr]    Compiling miniz_oxide v0.3.7
[INFO] [stderr]    Compiling anyhow v1.0.69
[INFO] [stderr]    Compiling jpeg-decoder v0.1.22
[INFO] [stderr]    Compiling ppv-lite86 v0.2.17
[INFO] [stderr]    Compiling walkdir v2.3.2
[INFO] [stderr]    Compiling deflate v0.8.6
[INFO] [stderr]    Compiling ahash v0.7.6
[INFO] [stderr]    Compiling ahash v0.8.3
[INFO] [stderr]    Compiling ttf-parser v0.15.2
[INFO] [stderr]    Compiling ttf-parser v0.18.1
[INFO] [stderr]    Compiling num-traits v0.2.15
[INFO] [stderr]    Compiling num-integer v0.1.45
[INFO] [stderr]    Compiling num-iter v0.1.43
[INFO] [stderr]    Compiling num-rational v0.3.2
[INFO] [stderr]    Compiling flate2 v1.0.25
[INFO] [stderr]    Compiling png v0.16.8
[INFO] [stderr]    Compiling crossbeam-channel v0.5.7
[INFO] [stderr]    Compiling quote v1.0.32
[INFO] [stderr]    Compiling convert_case v0.4.0
[INFO] [stderr]    Compiling nohash v0.2.0
[INFO] [stderr]    Compiling jobserver v0.1.26
[INFO] [stderr]    Compiling getrandom v0.2.8
[INFO] [stderr]    Compiling inotify-sys v0.1.5
[INFO] [stderr]    Compiling syn v2.0.28
[INFO] [stderr]    Compiling cc v1.0.79
[INFO] [stderr]    Compiling rand_core v0.6.4
[INFO] [stderr]    Compiling inotify v0.9.6
[INFO] [stderr]    Compiling mio v0.8.6
[INFO] [stderr]    Compiling filetime v0.2.20
[INFO] [stderr]    Compiling png v0.17.7
[INFO] [stderr]    Compiling rand_chacha v0.3.1
[INFO] [stderr]    Compiling hashbrown v0.11.2
[INFO] [stderr]    Compiling tobj v3.2.4
[INFO] [stderr]    Compiling notify v5.1.0
[INFO] [stderr]    Compiling rand v0.8.5
[INFO] [stderr]    Compiling inflate v0.4.5
[INFO] [stderr]    Compiling pollster v0.2.5
[INFO] [stderr]    Compiling fontdue v0.7.2
[INFO] [stderr]    Compiling glam v0.23.0
[INFO] [stderr]    Compiling glob v0.3.1
[INFO] [stderr]    Compiling freetype-sys v0.17.0
[INFO] [stderr]    Compiling msdfgen-sys v0.2.1
[INFO] [stderr]    Compiling bytemuck_derive v1.4.0
[INFO] [stderr]    Compiling bitmask-enum v2.1.0
[INFO] [stderr]    Compiling derive_more v0.99.17
[INFO] [stderr]    Compiling controlset-derive v0.1.0 (/opt/rustwide/workdir/controlset-derive)
[INFO] [stderr]    Compiling freetype-rs v0.32.0
[INFO] [stderr]    Compiling msdfgen v0.2.1
[INFO] [stderr]    Compiling bytemuck v1.13.0
[INFO] [stderr]    Compiling image v0.23.14
[INFO] [stderr]    Compiling asefile v0.3.5
[INFO] [stderr]    Compiling rust-game-engine v0.1.0 (/opt/rustwide/workdir)
[INFO] [stdout] warning: unused import: `std::fmt::Display`
[INFO] [stdout]  --> src/input/inputs.rs:2:5
[INFO] [stdout]   |
[INFO] [stdout] 2 | use std::fmt::Display;
[INFO] [stdout]   |     ^^^^^^^^^^^^^^^^^
[INFO] [stdout]   |
[INFO] [stdout]   = note: `#[warn(unused_imports)]` on by default
[INFO] [stdout] 
[INFO] [stdout] 
[INFO] [stdout] warning: variable does not need to be mutable
[INFO] [stdout]   --> src/model.rs:66:22
[INFO] [stdout]    |
[INFO] [stdout] 66 |             .reduce(|mut m, n| m.merge(n))
[INFO] [stdout]    |                      ----^
[INFO] [stdout]    |                      |
[INFO] [stdout]    |                      help: remove this `mut`
[INFO] [stdout]    |
[INFO] [stdout]    = note: `#[warn(unused_mut)]` on by default
[INFO] [stdout] 
[INFO] [stdout] 
[INFO] [stdout] warning: variable does not need to be mutable
[INFO] [stdout]   --> src/sprite_manager.rs:63:17
[INFO] [stdout]    |
[INFO] [stdout] 63 |             let mut s = &mut self.sprites[sprite_ref.index];
[INFO] [stdout]    |                 ----^
[INFO] [stdout]    |                 |
[INFO] [stdout]    |                 help: remove this `mut`
[INFO] [stdout] 
[INFO] [stdout] 
[INFO] [stdout] warning: fields `base_path` and `watcher` are never read
[INFO] [stdout]   --> src/assets.rs:12:5
[INFO] [stdout]    |
[INFO] [stdout] 10 | pub struct AssetManager<S> {
[INFO] [stdout]    |            ------------ fields in this struct
[INFO] [stdout] 11 |     state: S,
[INFO] [stdout] 12 |     base_path: PathBuf,
[INFO] [stdout]    |     ^^^^^^^^^
[INFO] [stdout] 13 |     watcher: Option<Box<dyn Watcher>>,
[INFO] [stdout]    |     ^^^^^^^
[INFO] [stdout]    |
[INFO] [stdout]    = note: `#[warn(dead_code)]` on by default
[INFO] [stdout] 
[INFO] [stdout] 
[INFO] [stdout] warning: field `mesh_refs` is never read
[INFO] [stdout]   --> src/mesh_manager.rs:23:5
[INFO] [stdout]    |
[INFO] [stdout] 19 | pub struct MeshManager<V = ModelVertexData>
[INFO] [stdout]    |            ----------- field in this struct
[INFO] [stdout] ...
[INFO] [stdout] 23 |     mesh_refs: Vec<(String, MeshOffsets)>,
[INFO] [stdout]    |     ^^^^^^^^^
[INFO] [stdout] 
[INFO] [stdout] 
[INFO] [stdout] warning: field `material` is never read
[INFO] [stdout]   --> src/model.rs:10:5
[INFO] [stdout]    |
[INFO] [stdout] 5  | pub struct ModelMesh<V = ModelVertexData, I = u16>
[INFO] [stdout]    |            --------- field in this struct
[INFO] [stdout] ...
[INFO] [stdout] 10 |     material: Option<tobj::Material>,
[INFO] [stdout]    |     ^^^^^^^^
[INFO] [stdout]    |
[INFO] [stdout]    = note: `ModelMesh` has derived impls for the traits `Debug` and `Clone`, but these are intentionally ignored during dead code analysis
[INFO] [stdout] 
[INFO] [stdout] 
[INFO] [stdout] warning: fields `shader` and `pipeline_params` are never read
[INFO] [stdout]    --> src/renderer.rs:253:5
[INFO] [stdout]     |
[INFO] [stdout] 252 | pub struct InstancedRenderPipeline<V: VertexData, I: InstanceData, B: Batcher = RenderBatch<I>> {
[INFO] [stdout]     |            ----------------------- fields in this struct
[INFO] [stdout] 253 |     shader: Shader<V, I>,
[INFO] [stdout]     |     ^^^^^^
[INFO] [stdout] ...
[INFO] [stdout] 256 |     pipeline_params: PipelineParams,
[INFO] [stdout]     |     ^^^^^^^^^^^^^^^
[INFO] [stdout]     |
[INFO] [stdout]     = note: `InstancedRenderPipeline` has a derived impl for the trait `Clone`, but this is intentionally ignored during dead code analysis
[INFO] [stdout] 
[INFO] [stdout] 
[INFO] [stdout] warning: field `meta` is never read
[INFO] [stdout]   --> src/shader.rs:34:5
[INFO] [stdout]    |
[INFO] [stdout] 32 | pub struct Shader<V: VertexData, I: InstanceData = ()> {
[INFO] [stdout]    |            ------ field in this struct
[INFO] [stdout] 33 |     program: miniquad::Shader,
[INFO] [stdout] 34 |     meta: ShaderMeta,
[INFO] [stdout]    |     ^^^^
[INFO] [stdout]    |
[INFO] [stdout]    = note: `Shader` has a derived impl for the trait `Clone`, but this is intentionally ignored during dead code analysis
[INFO] [stdout] 
[INFO] [stdout] 
[INFO] [stdout] warning: 8 warnings emitted
[INFO] [stdout] 
[INFO] [stdout] 
[INFO] [stdout] warning: field `target_frame_duration` is never read
[INFO] [stdout]    --> src/bin/main.rs:111:5
[INFO] [stdout]     |
[INFO] [stdout] 106 | struct Stage {
[INFO] [stdout]     |        ----- field in this struct
[INFO] [stdout] ...
[INFO] [stdout] 111 |     target_frame_duration: f64,
[INFO] [stdout]     |     ^^^^^^^^^^^^^^^^^^^^^
[INFO] [stdout]     |
[INFO] [stdout]     = note: `#[warn(dead_code)]` on by default
[INFO] [stdout] 
[INFO] [stdout] 
[INFO] [stdout] warning: method `init` is never used
[INFO] [stdout]    --> src/bin/main.rs:292:8
[INFO] [stdout]     |
[INFO] [stdout] 179 | impl Stage {
[INFO] [stdout]     | ---------- method in this implementation
[INFO] [stdout] ...
[INFO] [stdout] 292 |     fn init(&mut self) {}
[INFO] [stdout]     |        ^^^^
[INFO] [stdout] 
[INFO] [stdout] 
[INFO] [stdout] warning: 2 warnings emitted
[INFO] [stdout] 
[INFO] [stdout] 
[INFO] [stderr]     Finished dev [unoptimized + debuginfo] target(s) in 9.86s
[INFO] running `Command { std: "docker" "inspect" "87ec72dbfaa1695f194209463896c3f69a7bc15bab6574047a951fafdb94baf5", kill_on_drop: false }`
[INFO] running `Command { std: "docker" "rm" "-f" "87ec72dbfaa1695f194209463896c3f69a7bc15bab6574047a951fafdb94baf5", kill_on_drop: false }`
[INFO] [stdout] 87ec72dbfaa1695f194209463896c3f69a7bc15bab6574047a951fafdb94baf5
[INFO] running `Command { std: "docker" "create" "-v" "/var/lib/crater-agent-workspace/builds/worker-2-tc1/target:/opt/rustwide/target:rw,Z" "-v" "/var/lib/crater-agent-workspace/builds/worker-2-tc1/source:/opt/rustwide/workdir:ro,Z" "-v" "/var/lib/crater-agent-workspace/cargo-home:/opt/rustwide/cargo-home:ro,Z" "-v" "/var/lib/crater-agent-workspace/rustup-home:/opt/rustwide/rustup-home:ro,Z" "-e" "SOURCE_DIR=/opt/rustwide/workdir" "-e" "CARGO_TARGET_DIR=/opt/rustwide/target" "-e" "CARGO_INCREMENTAL=0" "-e" "RUST_BACKTRACE=full" "-e" "RUSTFLAGS=--cap-lints=warn" "-e" "RUSTDOCFLAGS=--cap-lints=warn" "-e" "CARGO_HOME=/opt/rustwide/cargo-home" "-e" "RUSTUP_HOME=/opt/rustwide/rustup-home" "-w" "/opt/rustwide/workdir" "-m" "1610612736" "--user" "0:0" "--network" "none" "ghcr.io/rust-lang/crates-build-env/linux@sha256:2788e3201cd34a07e3172128adcd8b3090168a8e3bcc40d7c032b9dda1df7d1c" "/opt/rustwide/cargo-home/bin/cargo" "+1.75.0" "test" "--frozen" "--no-run" "--message-format=json", kill_on_drop: false }`
[INFO] [stdout] 0d3a8aa6dd7fd3f174fe2a431ef3792aaf6df2aaab6858ebab61871c810330a4
[INFO] running `Command { std: "docker" "start" "-a" "0d3a8aa6dd7fd3f174fe2a431ef3792aaf6df2aaab6858ebab61871c810330a4", kill_on_drop: false }`
[INFO] [stderr] warning: dependency (getrandom) specified without providing a local path, Git repository, version, or workspace dependency to use. This will be considered an error in future versions
[INFO] [stdout] warning: unused import: `std::fmt::Display`
[INFO] [stdout]  --> src/input/inputs.rs:2:5
[INFO] [stdout]   |
[INFO] [stdout] 2 | use std::fmt::Display;
[INFO] [stdout]   |     ^^^^^^^^^^^^^^^^^
[INFO] [stdout]   |
[INFO] [stdout]   = note: `#[warn(unused_imports)]` on by default
[INFO] [stdout] 
[INFO] [stdout] 
[INFO] [stdout] warning: variable does not need to be mutable
[INFO] [stdout]   --> src/model.rs:66:22
[INFO] [stdout]    |
[INFO] [stdout] 66 |             .reduce(|mut m, n| m.merge(n))
[INFO] [stdout]    |                      ----^
[INFO] [stdout]    |                      |
[INFO] [stdout]    |                      help: remove this `mut`
[INFO] [stdout]    |
[INFO] [stdout]    = note: `#[warn(unused_mut)]` on by default
[INFO] [stdout] 
[INFO] [stdout] 
[INFO] [stdout] warning: variable does not need to be mutable
[INFO] [stdout]   --> src/sprite_manager.rs:63:17
[INFO] [stdout]    |
[INFO] [stdout] 63 |             let mut s = &mut self.sprites[sprite_ref.index];
[INFO] [stdout]    |                 ----^
[INFO] [stdout]    |                 |
[INFO] [stdout]    |                 help: remove this `mut`
[INFO] [stdout] 
[INFO] [stdout] 
[INFO] [stdout] warning: fields `base_path` and `watcher` are never read
[INFO] [stdout]   --> src/assets.rs:12:5
[INFO] [stdout]    |
[INFO] [stdout] 10 | pub struct AssetManager<S> {
[INFO] [stdout]    |            ------------ fields in this struct
[INFO] [stdout] 11 |     state: S,
[INFO] [stdout] 12 |     base_path: PathBuf,
[INFO] [stdout]    |     ^^^^^^^^^
[INFO] [stdout] 13 |     watcher: Option<Box<dyn Watcher>>,
[INFO] [stdout]    |     ^^^^^^^
[INFO] [stdout]    |
[INFO] [stdout]    = note: `#[warn(dead_code)]` on by default
[INFO] [stdout] 
[INFO] [stdout] 
[INFO] [stdout] warning: field `mesh_refs` is never read
[INFO] [stdout]   --> src/mesh_manager.rs:23:5
[INFO] [stdout]    |
[INFO] [stdout] 19 | pub struct MeshManager<V = ModelVertexData>
[INFO] [stdout]    |            ----------- field in this struct
[INFO] [stdout] ...
[INFO] [stdout] 23 |     mesh_refs: Vec<(String, MeshOffsets)>,
[INFO] [stdout]    |     ^^^^^^^^^
[INFO] [stdout] 
[INFO] [stdout] 
[INFO] [stdout] warning: field `material` is never read
[INFO] [stdout]   --> src/model.rs:10:5
[INFO] [stdout]    |
[INFO] [stdout] 5  | pub struct ModelMesh<V = ModelVertexData, I = u16>
[INFO] [stdout]    |            --------- field in this struct
[INFO] [stdout] ...
[INFO] [stdout] 10 |     material: Option<tobj::Material>,
[INFO] [stdout]    |     ^^^^^^^^
[INFO] [stdout]    |
[INFO] [stdout]    = note: `ModelMesh` has derived impls for the traits `Debug` and `Clone`, but these are intentionally ignored during dead code analysis
[INFO] [stdout] 
[INFO] [stdout] 
[INFO] [stdout] warning: fields `shader` and `pipeline_params` are never read
[INFO] [stdout]    --> src/renderer.rs:253:5
[INFO] [stdout]     |
[INFO] [stdout] 252 | pub struct InstancedRenderPipeline<V: VertexData, I: InstanceData, B: Batcher = RenderBatch<I>> {
[INFO] [stdout]     |            ----------------------- fields in this struct
[INFO] [stdout] 253 |     shader: Shader<V, I>,
[INFO] [stdout]     |     ^^^^^^
[INFO] [stdout] ...
[INFO] [stdout] 256 |     pipeline_params: PipelineParams,
[INFO] [stdout]     |     ^^^^^^^^^^^^^^^
[INFO] [stdout]     |
[INFO] [stdout]     = note: `InstancedRenderPipeline` has a derived impl for the trait `Clone`, but this is intentionally ignored during dead code analysis
[INFO] [stdout] 
[INFO] [stdout] 
[INFO] [stderr]    Compiling rust-game-engine v0.1.0 (/opt/rustwide/workdir)
[INFO] [stdout] warning: field `meta` is never read
[INFO] [stdout]   --> src/shader.rs:34:5
[INFO] [stdout]    |
[INFO] [stdout] 32 | pub struct Shader<V: VertexData, I: InstanceData = ()> {
[INFO] [stdout]    |            ------ field in this struct
[INFO] [stdout] 33 |     program: miniquad::Shader,
[INFO] [stdout] 34 |     meta: ShaderMeta,
[INFO] [stdout]    |     ^^^^
[INFO] [stdout]    |
[INFO] [stdout]    = note: `Shader` has a derived impl for the trait `Clone`, but this is intentionally ignored during dead code analysis
[INFO] [stdout] 
[INFO] [stdout] 
[INFO] [stdout] warning: 8 warnings emitted
[INFO] [stdout] 
[INFO] [stdout] 
[INFO] [stdout] warning: unused import: `std::fmt::Display`
[INFO] [stdout]  --> src/input/inputs.rs:2:5
[INFO] [stdout]   |
[INFO] [stdout] 2 | use std::fmt::Display;
[INFO] [stdout]   |     ^^^^^^^^^^^^^^^^^
[INFO] [stdout]   |
[INFO] [stdout]   = note: `#[warn(unused_imports)]` on by default
[INFO] [stdout] 
[INFO] [stdout] 
[INFO] [stdout] warning: field `target_frame_duration` is never read
[INFO] [stdout]    --> src/bin/main.rs:111:5
[INFO] [stdout]     |
[INFO] [stdout] 106 | struct Stage {
[INFO] [stdout]     |        ----- field in this struct
[INFO] [stdout] ...
[INFO] [stdout] 111 |     target_frame_duration: f64,
[INFO] [stdout]     |     ^^^^^^^^^^^^^^^^^^^^^
[INFO] [stdout]     |
[INFO] [stdout]     = note: `#[warn(dead_code)]` on by default
[INFO] [stdout] 
[INFO] [stdout] 
[INFO] [stdout] warning: method `init` is never used
[INFO] [stdout]    --> src/bin/main.rs:292:8
[INFO] [stdout]     |
[INFO] [stdout] 179 | impl Stage {
[INFO] [stdout]     | ---------- method in this implementation
[INFO] [stdout] ...
[INFO] [stdout] 292 |     fn init(&mut self) {}
[INFO] [stdout]     |        ^^^^
[INFO] [stdout] 
[INFO] [stdout] 
[INFO] [stdout] warning: variable does not need to be mutable
[INFO] [stdout]   --> src/model.rs:66:22
[INFO] [stdout]    |
[INFO] [stdout] 66 |             .reduce(|mut m, n| m.merge(n))
[INFO] [stdout]    |                      ----^
[INFO] [stdout]    |                      |
[INFO] [stdout]    |                      help: remove this `mut`
[INFO] [stdout]    |
[INFO] [stdout]    = note: `#[warn(unused_mut)]` on by default
[INFO] [stdout] 
[INFO] [stdout] 
[INFO] [stdout] warning: variable does not need to be mutable
[INFO] [stdout]   --> src/sprite_manager.rs:63:17
[INFO] [stdout]    |
[INFO] [stdout] 63 |             let mut s = &mut self.sprites[sprite_ref.index];
[INFO] [stdout]    |                 ----^
[INFO] [stdout]    |                 |
[INFO] [stdout]    |                 help: remove this `mut`
[INFO] [stdout] 
[INFO] [stdout] 
[INFO] [stdout] warning: fields `base_path` and `watcher` are never read
[INFO] [stdout]   --> src/assets.rs:12:5
[INFO] [stdout]    |
[INFO] [stdout] 10 | pub struct AssetManager<S> {
[INFO] [stdout]    |            ------------ fields in this struct
[INFO] [stdout] 11 |     state: S,
[INFO] [stdout] 12 |     base_path: PathBuf,
[INFO] [stdout]    |     ^^^^^^^^^
[INFO] [stdout] 13 |     watcher: Option<Box<dyn Watcher>>,
[INFO] [stdout]    |     ^^^^^^^
[INFO] [stdout]    |
[INFO] [stdout]    = note: `#[warn(dead_code)]` on by default
[INFO] [stdout] 
[INFO] [stdout] 
[INFO] [stdout] warning: field `mesh_refs` is never read
[INFO] [stdout]   --> src/mesh_manager.rs:23:5
[INFO] [stdout]    |
[INFO] [stdout] 19 | pub struct MeshManager<V = ModelVertexData>
[INFO] [stdout]    |            ----------- field in this struct
[INFO] [stdout] ...
[INFO] [stdout] 23 |     mesh_refs: Vec<(String, MeshOffsets)>,
[INFO] [stdout]    |     ^^^^^^^^^
[INFO] [stdout] 
[INFO] [stdout] 
[INFO] [stdout] warning: field `material` is never read
[INFO] [stdout]   --> src/model.rs:10:5
[INFO] [stdout]    |
[INFO] [stdout] 5  | pub struct ModelMesh<V = ModelVertexData, I = u16>
[INFO] [stdout]    |            --------- field in this struct
[INFO] [stdout] ...
[INFO] [stdout] 10 |     material: Option<tobj::Material>,
[INFO] [stdout]    |     ^^^^^^^^
[INFO] [stdout]    |
[INFO] [stdout]    = note: `ModelMesh` has derived impls for the traits `Debug` and `Clone`, but these are intentionally ignored during dead code analysis
[INFO] [stdout] 
[INFO] [stdout] 
[INFO] [stdout] warning: fields `shader` and `pipeline_params` are never read
[INFO] [stdout]    --> src/renderer.rs:253:5
[INFO] [stdout]     |
[INFO] [stdout] 252 | pub struct InstancedRenderPipeline<V: VertexData, I: InstanceData, B: Batcher = RenderBatch<I>> {
[INFO] [stdout]     |            ----------------------- fields in this struct
[INFO] [stdout] 253 |     shader: Shader<V, I>,
[INFO] [stdout]     |     ^^^^^^
[INFO] [stdout] ...
[INFO] [stdout] 256 |     pipeline_params: PipelineParams,
[INFO] [stdout]     |     ^^^^^^^^^^^^^^^
[INFO] [stdout]     |
[INFO] [stdout]     = note: `InstancedRenderPipeline` has a derived impl for the trait `Clone`, but this is intentionally ignored during dead code analysis
[INFO] [stdout] 
[INFO] [stdout] 
[INFO] [stdout] warning: field `meta` is never read
[INFO] [stdout]   --> src/shader.rs:34:5
[INFO] [stdout]    |
[INFO] [stdout] 32 | pub struct Shader<V: VertexData, I: InstanceData = ()> {
[INFO] [stdout]    |            ------ field in this struct
[INFO] [stdout] 33 |     program: miniquad::Shader,
[INFO] [stdout] 34 |     meta: ShaderMeta,
[INFO] [stdout]    |     ^^^^
[INFO] [stdout]    |
[INFO] [stdout]    = note: `Shader` has a derived impl for the trait `Clone`, but this is intentionally ignored during dead code analysis
[INFO] [stdout] 
[INFO] [stdout] 
[INFO] [stdout] warning: 2 warnings emitted
[INFO] [stdout] 
[INFO] [stdout] 
[INFO] [stdout] warning: 8 warnings emitted
[INFO] [stdout] 
[INFO] [stdout] 
[INFO] [stderr]     Finished test [unoptimized + debuginfo] target(s) in 0.90s
[INFO] running `Command { std: "docker" "inspect" "0d3a8aa6dd7fd3f174fe2a431ef3792aaf6df2aaab6858ebab61871c810330a4", kill_on_drop: false }`
[INFO] running `Command { std: "docker" "rm" "-f" "0d3a8aa6dd7fd3f174fe2a431ef3792aaf6df2aaab6858ebab61871c810330a4", kill_on_drop: false }`
[INFO] [stdout] 0d3a8aa6dd7fd3f174fe2a431ef3792aaf6df2aaab6858ebab61871c810330a4
[INFO] running `Command { std: "docker" "create" "-v" "/var/lib/crater-agent-workspace/builds/worker-2-tc1/target:/opt/rustwide/target:rw,Z" "-v" "/var/lib/crater-agent-workspace/builds/worker-2-tc1/source:/opt/rustwide/workdir:ro,Z" "-v" "/var/lib/crater-agent-workspace/cargo-home:/opt/rustwide/cargo-home:ro,Z" "-v" "/var/lib/crater-agent-workspace/rustup-home:/opt/rustwide/rustup-home:ro,Z" "-e" "SOURCE_DIR=/opt/rustwide/workdir" "-e" "CARGO_TARGET_DIR=/opt/rustwide/target" "-e" "CARGO_INCREMENTAL=0" "-e" "RUST_BACKTRACE=full" "-e" "RUSTFLAGS=--cap-lints=warn" "-e" "RUSTDOCFLAGS=--cap-lints=warn" "-e" "CARGO_HOME=/opt/rustwide/cargo-home" "-e" "RUSTUP_HOME=/opt/rustwide/rustup-home" "-w" "/opt/rustwide/workdir" "-m" "1610612736" "--user" "0:0" "--network" "none" "ghcr.io/rust-lang/crates-build-env/linux@sha256:2788e3201cd34a07e3172128adcd8b3090168a8e3bcc40d7c032b9dda1df7d1c" "/opt/rustwide/cargo-home/bin/cargo" "+1.75.0" "test" "--frozen", kill_on_drop: false }`
[INFO] [stdout] 1bf6fb12a3cee1b56ae7a9bbdd5ba729ca2d72a98393258d7945b2cb9bb5593d
[INFO] running `Command { std: "docker" "start" "-a" "1bf6fb12a3cee1b56ae7a9bbdd5ba729ca2d72a98393258d7945b2cb9bb5593d", kill_on_drop: false }`
[INFO] [stderr] warning: dependency (getrandom) specified without providing a local path, Git repository, version, or workspace dependency to use. This will be considered an error in future versions
[INFO] [stderr] warning: unused import: `std::fmt::Display`
[INFO] [stderr]  --> src/input/inputs.rs:2:5
[INFO] [stderr]   |
[INFO] [stderr] 2 | use std::fmt::Display;
[INFO] [stderr]   |     ^^^^^^^^^^^^^^^^^
[INFO] [stderr]   |
[INFO] [stderr]   = note: `#[warn(unused_imports)]` on by default
[INFO] [stderr] 
[INFO] [stderr] warning: variable does not need to be mutable
[INFO] [stderr]   --> src/model.rs:66:22
[INFO] [stderr]    |
[INFO] [stderr] 66 |             .reduce(|mut m, n| m.merge(n))
[INFO] [stderr]    |                      ----^
[INFO] [stderr]    |                      |
[INFO] [stderr]    |                      help: remove this `mut`
[INFO] [stderr]    |
[INFO] [stderr]    = note: `#[warn(unused_mut)]` on by default
[INFO] [stderr] 
[INFO] [stderr] warning: variable does not need to be mutable
[INFO] [stderr]   --> src/sprite_manager.rs:63:17
[INFO] [stderr]    |
[INFO] [stderr] 63 |             let mut s = &mut self.sprites[sprite_ref.index];
[INFO] [stderr]    |                 ----^
[INFO] [stderr]    |                 |
[INFO] [stderr]    |                 help: remove this `mut`
[INFO] [stderr] 
[INFO] [stderr] warning: fields `base_path` and `watcher` are never read
[INFO] [stderr]   --> src/assets.rs:12:5
[INFO] [stderr]    |
[INFO] [stderr] 10 | pub struct AssetManager<S> {
[INFO] [stderr]    |            ------------ fields in this struct
[INFO] [stderr] 11 |     state: S,
[INFO] [stderr] 12 |     base_path: PathBuf,
[INFO] [stderr]    |     ^^^^^^^^^
[INFO] [stderr] 13 |     watcher: Option<Box<dyn Watcher>>,
[INFO] [stderr]    |     ^^^^^^^
[INFO] [stderr]    |
[INFO] [stderr]    = note: `#[warn(dead_code)]` on by default
[INFO] [stderr] 
[INFO] [stderr] warning: field `mesh_refs` is never read
[INFO] [stderr]   --> src/mesh_manager.rs:23:5
[INFO] [stderr]    |
[INFO] [stderr] 19 | pub struct MeshManager<V = ModelVertexData>
[INFO] [stderr]    |            ----------- field in this struct
[INFO] [stderr] ...
[INFO] [stderr] 23 |     mesh_refs: Vec<(String, MeshOffsets)>,
[INFO] [stderr]    |     ^^^^^^^^^
[INFO] [stderr] 
[INFO] [stderr] warning: field `material` is never read
[INFO] [stderr]   --> src/model.rs:10:5
[INFO] [stderr]    |
[INFO] [stderr] 5  | pub struct ModelMesh<V = ModelVertexData, I = u16>
[INFO] [stderr]    |            --------- field in this struct
[INFO] [stderr] ...
[INFO] [stderr] 10 |     material: Option<tobj::Material>,
[INFO] [stderr]    |     ^^^^^^^^
[INFO] [stderr]    |
[INFO] [stderr]    = note: `ModelMesh` has derived impls for the traits `Debug` and `Clone`, but these are intentionally ignored during dead code analysis
[INFO] [stderr] 
[INFO] [stderr] warning: fields `shader` and `pipeline_params` are never read
[INFO] [stderr]    --> src/renderer.rs:253:5
[INFO] [stderr]     |
[INFO] [stderr] 252 | pub struct InstancedRenderPipeline<V: VertexData, I: InstanceData, B: Batcher = RenderBatch<I>> {
[INFO] [stderr]     |            ----------------------- fields in this struct
[INFO] [stderr] 253 |     shader: Shader<V, I>,
[INFO] [stderr]     |     ^^^^^^
[INFO] [stderr] ...
[INFO] [stderr] 256 |     pipeline_params: PipelineParams,
[INFO] [stderr]     |     ^^^^^^^^^^^^^^^
[INFO] [stderr]     |
[INFO] [stderr]     = note: `InstancedRenderPipeline` has a derived impl for the trait `Clone`, but this is intentionally ignored during dead code analysis
[INFO] [stderr] 
[INFO] [stderr] warning: field `meta` is never read
[INFO] [stderr]   --> src/shader.rs:34:5
[INFO] [stderr]    |
[INFO] [stderr] 32 | pub struct Shader<V: VertexData, I: InstanceData = ()> {
[INFO] [stderr]    |            ------ field in this struct
[INFO] [stderr] 33 |     program: miniquad::Shader,
[INFO] [stderr] 34 |     meta: ShaderMeta,
[INFO] [stderr]    |     ^^^^
[INFO] [stderr]    |
[INFO] [stderr]    = note: `Shader` has a derived impl for the trait `Clone`, but this is intentionally ignored during dead code analysis
[INFO] [stderr] 
[INFO] [stderr] warning: `rust-game-engine` (lib) generated 8 warnings (run `cargo fix --lib -p rust-game-engine` to apply 3 suggestions)
[INFO] [stderr] warning: `rust-game-engine` (lib test) generated 8 warnings (8 duplicates)
[INFO] [stderr] warning: field `target_frame_duration` is never read
[INFO] [stderr]    --> src/bin/main.rs:111:5
[INFO] [stderr]     |
[INFO] [stderr] 106 | struct Stage {
[INFO] [stderr]     |        ----- field in this struct
[INFO] [stderr] ...
[INFO] [stderr] 111 |     target_frame_duration: f64,
[INFO] [stderr]     |     ^^^^^^^^^^^^^^^^^^^^^
[INFO] [stderr]     |
[INFO] [stderr]     = note: `#[warn(dead_code)]` on by default
[INFO] [stderr] 
[INFO] [stderr] warning: method `init` is never used
[INFO] [stderr]    --> src/bin/main.rs:292:8
[INFO] [stderr]     |
[INFO] [stderr] 179 | impl Stage {
[INFO] [stderr]     | ---------- method in this implementation
[INFO] [stderr] ...
[INFO] [stderr] 292 |     fn init(&mut self) {}
[INFO] [stderr]     |        ^^^^
[INFO] [stderr] 
[INFO] [stderr] warning: `rust-game-engine` (bin "main" test) generated 2 warnings
[INFO] [stderr]     Finished test [unoptimized + debuginfo] target(s) in 0.05s
[INFO] [stderr]      Running unittests src/lib.rs (/opt/rustwide/target/debug/deps/rust_game_engine-f58017da904f5694)
[INFO] [stdout] 
[INFO] [stdout] running 1 test
[INFO] [stdout] test atlas::tests::test_atlas_builder ... FAILED
[INFO] [stdout] 
[INFO] [stdout] failures:
[INFO] [stdout] 
[INFO] [stdout] ---- atlas::tests::test_atlas_builder stdout ----
[INFO] [stdout] resizing atlas: (512, 512)
[INFO] [stdout] thread 'atlas::tests::test_atlas_builder' panicked at src/atlas.rs:162:14:
[INFO] [stdout] called `Result::unwrap()` on an `Err` value: IoError(Os { code: 2, kind: NotFound, message: "No such file or directory" })
[INFO] [stdout] stack backtrace:
[INFO] [stdout]    0:     0x564ea12239cc - std::backtrace_rs::backtrace::libunwind::trace::ha637c64ce894333a
[INFO] [stdout]                                at /rustc/82e1608dfa6e0b5569232559e3d385fea5a93112/library/std/src/../../backtrace/src/backtrace/libunwind.rs:104:5
[INFO] [stdout]    1:     0x564ea12239cc - std::backtrace_rs::backtrace::trace_unsynchronized::h47f62dea28e0c88d
[INFO] [stdout]                                at /rustc/82e1608dfa6e0b5569232559e3d385fea5a93112/library/std/src/../../backtrace/src/backtrace/mod.rs:66:5
[INFO] [stdout]    2:     0x564ea12239cc - std::sys_common::backtrace::_print_fmt::h9eef0abe20ede486
[INFO] [stdout]                                at /rustc/82e1608dfa6e0b5569232559e3d385fea5a93112/library/std/src/sys_common/backtrace.rs:67:5
[INFO] [stdout]    3:     0x564ea12239cc - <std::sys_common::backtrace::_print::DisplayBacktrace as core::fmt::Display>::fmt::hed7f999df88cc644
[INFO] [stdout]                                at /rustc/82e1608dfa6e0b5569232559e3d385fea5a93112/library/std/src/sys_common/backtrace.rs:44:22
[INFO] [stdout]    4:     0x564ea124d520 - core::fmt::rt::Argument::fmt::h1539a9308b8d058d
[INFO] [stdout]                                at /rustc/82e1608dfa6e0b5569232559e3d385fea5a93112/library/core/src/fmt/rt.rs:142:9
[INFO] [stdout]    5:     0x564ea124d520 - core::fmt::write::h3a39390d8560d9c9
[INFO] [stdout]                                at /rustc/82e1608dfa6e0b5569232559e3d385fea5a93112/library/core/src/fmt/mod.rs:1120:17
[INFO] [stdout]    6:     0x564ea122137f - std::io::Write::write_fmt::h040b369f3a0f9cbc
[INFO] [stdout]                                at /rustc/82e1608dfa6e0b5569232559e3d385fea5a93112/library/std/src/io/mod.rs:1762:15
[INFO] [stdout]    7:     0x564ea12237b4 - std::sys_common::backtrace::_print::h894006fb5c6f3d45
[INFO] [stdout]                                at /rustc/82e1608dfa6e0b5569232559e3d385fea5a93112/library/std/src/sys_common/backtrace.rs:47:5
[INFO] [stdout]    8:     0x564ea12237b4 - std::sys_common::backtrace::print::h23a2d212c6fff936
[INFO] [stdout]                                at /rustc/82e1608dfa6e0b5569232559e3d385fea5a93112/library/std/src/sys_common/backtrace.rs:34:9
[INFO] [stdout]    9:     0x564ea1225477 - std::panicking::default_hook::{{closure}}::h8a1d2ee00185001a
[INFO] [stdout]   10:     0x564ea1225163 - std::panicking::default_hook::h6038f2eba384e475
[INFO] [stdout]                                at /rustc/82e1608dfa6e0b5569232559e3d385fea5a93112/library/std/src/panicking.rs:289:9
[INFO] [stdout]   11:     0x564ea1193f07 - <alloc::boxed::Box<F,A> as core::ops::function::Fn<Args>>::call::h0ad024c9bdc6d768
[INFO] [stdout]                                at /rustc/82e1608dfa6e0b5569232559e3d385fea5a93112/library/alloc/src/boxed.rs:2021:9
[INFO] [stdout]   12:     0x564ea1193f07 - test::test_main::{{closure}}::h7500b54257359db6
[INFO] [stdout]                                at /rustc/82e1608dfa6e0b5569232559e3d385fea5a93112/library/test/src/lib.rs:138:21
[INFO] [stdout]   13:     0x564ea1225a88 - <alloc::boxed::Box<F,A> as core::ops::function::Fn<Args>>::call::h1f8f335eaa9cfaee
[INFO] [stdout]                                at /rustc/82e1608dfa6e0b5569232559e3d385fea5a93112/library/alloc/src/boxed.rs:2021:9
[INFO] [stdout]   14:     0x564ea1225a88 - std::panicking::rust_panic_with_hook::h2b5517d590cab22e
[INFO] [stdout]                                at /rustc/82e1608dfa6e0b5569232559e3d385fea5a93112/library/std/src/panicking.rs:783:13
[INFO] [stdout]   15:     0x564ea12257de - std::panicking::begin_panic_handler::{{closure}}::h233112c06e0ef43e
[INFO] [stdout]                                at /rustc/82e1608dfa6e0b5569232559e3d385fea5a93112/library/std/src/panicking.rs:657:13
[INFO] [stdout]   16:     0x564ea1223e96 - std::sys_common::backtrace::__rust_end_short_backtrace::h6e893f24d7ebbff8
[INFO] [stdout]                                at /rustc/82e1608dfa6e0b5569232559e3d385fea5a93112/library/std/src/sys_common/backtrace.rs:170:18
[INFO] [stdout]   17:     0x564ea1225542 - rust_begin_unwind
[INFO] [stdout]                                at /rustc/82e1608dfa6e0b5569232559e3d385fea5a93112/library/std/src/panicking.rs:645:5
[INFO] [stdout]   18:     0x564ea115b145 - core::panicking::panic_fmt::hbf0e066aabfa482c
[INFO] [stdout]                                at /rustc/82e1608dfa6e0b5569232559e3d385fea5a93112/library/core/src/panicking.rs:72:14
[INFO] [stdout]   19:     0x564ea115b6d3 - core::result::unwrap_failed::hddb4fea594200c52
[INFO] [stdout]                                at /rustc/82e1608dfa6e0b5569232559e3d385fea5a93112/library/core/src/result.rs:1653:5
[INFO] [stdout]   20:     0x564ea115c353 - core::result::Result<T,E>::unwrap::h49ec41fd2dcb7c91
[INFO] [stdout]                                at /rustc/82e1608dfa6e0b5569232559e3d385fea5a93112/library/core/src/result.rs:1077:23
[INFO] [stdout]   21:     0x564ea11604de - rust_game_engine::atlas::tests::test_atlas_builder::hfb860f288666cedf
[INFO] [stdout]                                at /opt/rustwide/workdir/src/atlas.rs:159:9
[INFO] [stdout]   22:     0x564ea115ec17 - rust_game_engine::atlas::tests::test_atlas_builder::{{closure}}::h1fef8b4e9406efee
[INFO] [stdout]                                at /opt/rustwide/workdir/src/atlas.rs:121:28
[INFO] [stdout]   23:     0x564ea115be46 - core::ops::function::FnOnce::call_once::h785931a434e06a3b
[INFO] [stdout]                                at /rustc/82e1608dfa6e0b5569232559e3d385fea5a93112/library/core/src/ops/function.rs:250:5
[INFO] [stdout]   24:     0x564ea119955f - core::ops::function::FnOnce::call_once::h2b5d431d5046312d
[INFO] [stdout]                                at /rustc/82e1608dfa6e0b5569232559e3d385fea5a93112/library/core/src/ops/function.rs:250:5
[INFO] [stdout]   25:     0x564ea119955f - test::__rust_begin_short_backtrace::h7714669af176e207
[INFO] [stdout]                                at /rustc/82e1608dfa6e0b5569232559e3d385fea5a93112/library/test/src/lib.rs:628:18
[INFO] [stdout]   26:     0x564ea1198575 - test::run_test_in_process::{{closure}}::h85218797dcbcec12
[INFO] [stdout]                                at /rustc/82e1608dfa6e0b5569232559e3d385fea5a93112/library/test/src/lib.rs:651:60
[INFO] [stdout]   27:     0x564ea1198575 - <core::panic::unwind_safe::AssertUnwindSafe<F> as core::ops::function::FnOnce<()>>::call_once::h76c106ea31c14d7b
[INFO] [stdout]                                at /rustc/82e1608dfa6e0b5569232559e3d385fea5a93112/library/core/src/panic/unwind_safe.rs:272:9
[INFO] [stdout]   28:     0x564ea1198575 - std::panicking::try::do_call::h3bd5d0f6620ee946
[INFO] [stdout]                                at /rustc/82e1608dfa6e0b5569232559e3d385fea5a93112/library/std/src/panicking.rs:552:40
[INFO] [stdout]   29:     0x564ea1198575 - std::panicking::try::h232e535e4744fe31
[INFO] [stdout]                                at /rustc/82e1608dfa6e0b5569232559e3d385fea5a93112/library/std/src/panicking.rs:516:19
[INFO] [stdout]   30:     0x564ea1198575 - std::panic::catch_unwind::h3ce3bd6ca8dbac68
[INFO] [stdout]                                at /rustc/82e1608dfa6e0b5569232559e3d385fea5a93112/library/std/src/panic.rs:142:14
[INFO] [stdout]   31:     0x564ea1198575 - test::run_test_in_process::hc97b257c9621286a
[INFO] [stdout]                                at /rustc/82e1608dfa6e0b5569232559e3d385fea5a93112/library/test/src/lib.rs:651:27
[INFO] [stdout]   32:     0x564ea1198575 - test::run_test::{{closure}}::h2aa798823a438d38
[INFO] [stdout]                                at /rustc/82e1608dfa6e0b5569232559e3d385fea5a93112/library/test/src/lib.rs:574:43
[INFO] [stdout]   33:     0x564ea1160836 - test::run_test::{{closure}}::h87d231c78fb59832
[INFO] [stdout]                                at /rustc/82e1608dfa6e0b5569232559e3d385fea5a93112/library/test/src/lib.rs:602:41
[INFO] [stdout]   34:     0x564ea1160836 - std::sys_common::backtrace::__rust_begin_short_backtrace::he6df152596625789
[INFO] [stdout]                                at /rustc/82e1608dfa6e0b5569232559e3d385fea5a93112/library/std/src/sys_common/backtrace.rs:154:18
[INFO] [stdout]   35:     0x564ea11658e7 - std::thread::Builder::spawn_unchecked_::{{closure}}::{{closure}}::ha94be15d1e0acf36
[INFO] [stdout]                                at /rustc/82e1608dfa6e0b5569232559e3d385fea5a93112/library/std/src/thread/mod.rs:529:17
[INFO] [stdout]   36:     0x564ea11658e7 - <core::panic::unwind_safe::AssertUnwindSafe<F> as core::ops::function::FnOnce<()>>::call_once::h9dc6bd6372f16606
[INFO] [stdout]                                at /rustc/82e1608dfa6e0b5569232559e3d385fea5a93112/library/core/src/panic/unwind_safe.rs:272:9
[INFO] [stdout]   37:     0x564ea11658e7 - std::panicking::try::do_call::h9057517f80303cd4
[INFO] [stdout]                                at /rustc/82e1608dfa6e0b5569232559e3d385fea5a93112/library/std/src/panicking.rs:552:40
[INFO] [stdout]   38:     0x564ea11658e7 - std::panicking::try::he3a30b11ee45340c
[INFO] [stdout]                                at /rustc/82e1608dfa6e0b5569232559e3d385fea5a93112/library/std/src/panicking.rs:516:19
[INFO] [stdout]   39:     0x564ea11658e7 - std::panic::catch_unwind::h410458cfd3528b8b
[INFO] [stdout]                                at /rustc/82e1608dfa6e0b5569232559e3d385fea5a93112/library/std/src/panic.rs:142:14
[INFO] [stdout]   40:     0x564ea11658e7 - std::thread::Builder::spawn_unchecked_::{{closure}}::h72ac3bdb567b737b
[INFO] [stdout]                                at /rustc/82e1608dfa6e0b5569232559e3d385fea5a93112/library/std/src/thread/mod.rs:528:30
[INFO] [stdout]   41:     0x564ea11658e7 - core::ops::function::FnOnce::call_once{{vtable.shim}}::h38f34da3654a8344
[INFO] [stdout]                                at /rustc/82e1608dfa6e0b5569232559e3d385fea5a93112/library/core/src/ops/function.rs:250:5
[INFO] [stdout]   42:     0x564ea122a515 - <alloc::boxed::Box<F,A> as core::ops::function::FnOnce<Args>>::call_once::hc7eafaff61e32df9
[INFO] [stdout]                                at /rustc/82e1608dfa6e0b5569232559e3d385fea5a93112/library/alloc/src/boxed.rs:2007:9
[INFO] [stdout]   43:     0x564ea122a515 - <alloc::boxed::Box<F,A> as core::ops::function::FnOnce<Args>>::call_once::h6ba4a5de48dd2304
[INFO] [stdout]                                at /rustc/82e1608dfa6e0b5569232559e3d385fea5a93112/library/alloc/src/boxed.rs:2007:9
[INFO] [stdout]   44:     0x564ea122a515 - std::sys::unix::thread::Thread::new::thread_start::he469335aef763e45
[INFO] [stdout]                                at /rustc/82e1608dfa6e0b5569232559e3d385fea5a93112/library/std/src/sys/unix/thread.rs:108:17
[INFO] [stdout]   45:     0x7fc790130ac3 - <unknown>
[INFO] [stdout]   46:     0x7fc7901c1bf4 - __clone
[INFO] [stdout]   47:                0x0 - <unknown>
[INFO] [stdout] 
[INFO] [stdout] 
[INFO] [stdout] failures:
[INFO] [stdout]     atlas::tests::test_atlas_builder
[INFO] [stdout] 
[INFO] [stdout] test result: FAILED. 0 passed; 1 failed; 0 ignored; 0 measured; 0 filtered out; finished in 0.04s
[INFO] [stdout] 
[INFO] [stderr] error: test failed, to rerun pass `--lib`
[INFO] running `Command { std: "docker" "inspect" "1bf6fb12a3cee1b56ae7a9bbdd5ba729ca2d72a98393258d7945b2cb9bb5593d", kill_on_drop: false }`
[INFO] running `Command { std: "docker" "rm" "-f" "1bf6fb12a3cee1b56ae7a9bbdd5ba729ca2d72a98393258d7945b2cb9bb5593d", kill_on_drop: false }`
[INFO] [stdout] 1bf6fb12a3cee1b56ae7a9bbdd5ba729ca2d72a98393258d7945b2cb9bb5593d
