[INFO] cloning repository https://github.com/kressnick25/advent-2023
[INFO] running `Command { std: "git" "-c" "credential.helper=" "-c" "credential.helper=/workspace/cargo-home/bin/git-credential-null" "clone" "--bare" "https://github.com/kressnick25/advent-2023" "/workspace/cache/git-repos/https%3A%2F%2Fgithub.com%2Fkressnick25%2Fadvent-2023", kill_on_drop: false }`
[INFO] [stderr] Cloning into bare repository '/workspace/cache/git-repos/https%3A%2F%2Fgithub.com%2Fkressnick25%2Fadvent-2023'...
[INFO] running `Command { std: "git" "rev-parse" "HEAD", kill_on_drop: false }`
[INFO] [stdout] c616d338f6d4df6e207e70ff2951b24ed52561e3
[INFO] testing kressnick25/advent-2023 against 1.75.0 for beta-1.76-1
[INFO] running `Command { std: "git" "clone" "/workspace/cache/git-repos/https%3A%2F%2Fgithub.com%2Fkressnick25%2Fadvent-2023" "/workspace/builds/worker-5-tc1/source", kill_on_drop: false }`
[INFO] [stderr] Cloning into '/workspace/builds/worker-5-tc1/source'...
[INFO] [stderr] done.
[INFO] validating manifest of git repo https://github.com/kressnick25/advent-2023 on toolchain 1.75.0
[INFO] running `Command { std: CARGO_HOME="/workspace/cargo-home" RUSTUP_HOME="/workspace/rustup-home" "/workspace/cargo-home/bin/cargo" "+1.75.0" "metadata" "--manifest-path" "Cargo.toml" "--no-deps", kill_on_drop: false }`
[INFO] removed /workspace/builds/worker-5-tc1/source/.cargo/config.toml
[INFO] started tweaking git repo https://github.com/kressnick25/advent-2023
[INFO] finished tweaking git repo https://github.com/kressnick25/advent-2023
[INFO] tweaked toml for git repo https://github.com/kressnick25/advent-2023 written to /workspace/builds/worker-5-tc1/source/Cargo.toml
[INFO] crate git repo https://github.com/kressnick25/advent-2023 already has a lockfile, it will not be regenerated
[INFO] running `Command { std: CARGO_HOME="/workspace/cargo-home" RUSTUP_HOME="/workspace/rustup-home" "/workspace/cargo-home/bin/cargo" "+1.75.0" "fetch" "--manifest-path" "Cargo.toml", kill_on_drop: false }`
[INFO] running `Command { std: "docker" "create" "-v" "/var/lib/crater-agent-workspace/builds/worker-5-tc1/target:/opt/rustwide/target:rw,Z" "-v" "/var/lib/crater-agent-workspace/builds/worker-5-tc1/source:/opt/rustwide/workdir:ro,Z" "-v" "/var/lib/crater-agent-workspace/cargo-home:/opt/rustwide/cargo-home:ro,Z" "-v" "/var/lib/crater-agent-workspace/rustup-home:/opt/rustwide/rustup-home:ro,Z" "-e" "SOURCE_DIR=/opt/rustwide/workdir" "-e" "CARGO_TARGET_DIR=/opt/rustwide/target" "-e" "CARGO_HOME=/opt/rustwide/cargo-home" "-e" "RUSTUP_HOME=/opt/rustwide/rustup-home" "-w" "/opt/rustwide/workdir" "-m" "1610612736" "--user" "0:0" "--network" "none" "ghcr.io/rust-lang/crates-build-env/linux@sha256:2788e3201cd34a07e3172128adcd8b3090168a8e3bcc40d7c032b9dda1df7d1c" "/opt/rustwide/cargo-home/bin/cargo" "+1.75.0" "metadata" "--no-deps" "--format-version=1", kill_on_drop: false }`
[INFO] [stdout] 4cad3fa1faf27d7d389cc9ff89b561bb760364e17174b08def1a16bb2803086b
[INFO] running `Command { std: "docker" "start" "-a" "4cad3fa1faf27d7d389cc9ff89b561bb760364e17174b08def1a16bb2803086b", kill_on_drop: false }`
[INFO] running `Command { std: "docker" "inspect" "4cad3fa1faf27d7d389cc9ff89b561bb760364e17174b08def1a16bb2803086b", kill_on_drop: false }`
[INFO] running `Command { std: "docker" "rm" "-f" "4cad3fa1faf27d7d389cc9ff89b561bb760364e17174b08def1a16bb2803086b", kill_on_drop: false }`
[INFO] [stdout] 4cad3fa1faf27d7d389cc9ff89b561bb760364e17174b08def1a16bb2803086b
[INFO] running `Command { std: "docker" "create" "-v" "/var/lib/crater-agent-workspace/builds/worker-5-tc1/target:/opt/rustwide/target:rw,Z" "-v" "/var/lib/crater-agent-workspace/builds/worker-5-tc1/source:/opt/rustwide/workdir:ro,Z" "-v" "/var/lib/crater-agent-workspace/cargo-home:/opt/rustwide/cargo-home:ro,Z" "-v" "/var/lib/crater-agent-workspace/rustup-home:/opt/rustwide/rustup-home:ro,Z" "-e" "SOURCE_DIR=/opt/rustwide/workdir" "-e" "CARGO_TARGET_DIR=/opt/rustwide/target" "-e" "CARGO_INCREMENTAL=0" "-e" "RUST_BACKTRACE=full" "-e" "RUSTFLAGS=--cap-lints=warn" "-e" "RUSTDOCFLAGS=--cap-lints=warn" "-e" "CARGO_HOME=/opt/rustwide/cargo-home" "-e" "RUSTUP_HOME=/opt/rustwide/rustup-home" "-w" "/opt/rustwide/workdir" "-m" "1610612736" "--user" "0:0" "--network" "none" "ghcr.io/rust-lang/crates-build-env/linux@sha256:2788e3201cd34a07e3172128adcd8b3090168a8e3bcc40d7c032b9dda1df7d1c" "/opt/rustwide/cargo-home/bin/cargo" "+1.75.0" "build" "--frozen" "--message-format=json", kill_on_drop: false }`
[INFO] [stdout] 28fa841a565d34586db78af8db87efa4c08f5972761bcca2f4dacb16c6707882
[INFO] running `Command { std: "docker" "start" "-a" "28fa841a565d34586db78af8db87efa4c08f5972761bcca2f4dacb16c6707882", kill_on_drop: false }`
[INFO] [stderr]    Compiling memchr v2.6.4
[INFO] [stderr]    Compiling regex-syntax v0.8.2
[INFO] [stderr]    Compiling pico-args v0.5.0
[INFO] [stderr]    Compiling aho-corasick v1.1.2
[INFO] [stderr]    Compiling regex-automata v0.4.3
[INFO] [stderr]    Compiling regex v1.10.2
[INFO] [stderr]    Compiling advent_of_code v0.9.3 (/opt/rustwide/workdir)
[INFO] [stdout] warning: unused variable: `temp`
[INFO] [stdout]   --> src/bin/05.rs:78:21
[INFO] [stdout]    |
[INFO] [stdout] 78 |                 let temp = next.clone();
[INFO] [stdout]    |                     ^^^^ help: if this is intentional, prefix it with an underscore: `_temp`
[INFO] [stdout]    |
[INFO] [stdout]    = note: `#[warn(unused_variables)]` on by default
[INFO] [stdout] 
[INFO] [stdout] 
[INFO] [stdout] warning: unused variable: `self_cards`
[INFO] [stdout]    --> src/bin/07.rs:104:13
[INFO] [stdout]     |
[INFO] [stdout] 104 |         let self_cards = &self.cards;
[INFO] [stdout]     |             ^^^^^^^^^^ help: if this is intentional, prefix it with an underscore: `_self_cards`
[INFO] [stdout]     |
[INFO] [stdout]     = note: `#[warn(unused_variables)]` on by default
[INFO] [stdout] 
[INFO] [stdout] 
[INFO] [stdout] warning: unused variable: `self_type`
[INFO] [stdout]    --> src/bin/07.rs:105:13
[INFO] [stdout]     |
[INFO] [stdout] 105 |         let self_type = self.get_type();
[INFO] [stdout]     |             ^^^^^^^^^ help: if this is intentional, prefix it with an underscore: `_self_type`
[INFO] [stdout] 
[INFO] [stdout] 
[INFO] [stdout] warning: method `destination_end` is never used
[INFO] [stdout]   --> src/bin/05.rs:47:8
[INFO] [stdout]    |
[INFO] [stdout] 42 | impl MappingRange {
[INFO] [stdout]    | ----------------- method in this implementation
[INFO] [stdout] ...
[INFO] [stdout] 47 |     fn destination_end(&self) -> u64 {
[INFO] [stdout]    |        ^^^^^^^^^^^^^^^
[INFO] [stdout]    |
[INFO] [stdout]    = note: `#[warn(dead_code)]` on by default
[INFO] [stdout] 
[INFO] [stdout] 
[INFO] [stdout] warning: unused `Zip` that must be used
[INFO] [stdout]   --> src/bin/05.rs:97:5
[INFO] [stdout]    |
[INFO] [stdout] 97 |     std::iter::zip(start_seeds, lengths).into_iter();
[INFO] [stdout]    |     ^^^^^^^^^^^^^^^^^^^^^^^^^^^^^^^^^^^^^^^^^^^^^^^^
[INFO] [stdout]    |
[INFO] [stdout]    = note: iterators are lazy and do nothing unless consumed
[INFO] [stdout]    = note: `#[warn(unused_must_use)]` on by default
[INFO] [stdout] help: use `let _ = ...` to ignore the resulting value
[INFO] [stdout]    |
[INFO] [stdout] 97 |     let _ = std::iter::zip(start_seeds, lengths).into_iter();
[INFO] [stdout]    |     +++++++
[INFO] [stdout] 
[INFO] [stdout] 
[INFO] [stdout] warning: associated functions `iterator` and `iterator_chars` are never used
[INFO] [stdout]   --> src/bin/07.rs:26:8
[INFO] [stdout]    |
[INFO] [stdout] 25 | impl Card {
[INFO] [stdout]    | --------- associated functions in this implementation
[INFO] [stdout] 26 |     fn iterator() -> std::slice::Iter<'static, Card> {
[INFO] [stdout]    |        ^^^^^^^^
[INFO] [stdout] ...
[INFO] [stdout] 31 |     fn iterator_chars() -> std::slice::Iter<'static, char> {
[INFO] [stdout]    |        ^^^^^^^^^^^^^^
[INFO] [stdout]    |
[INFO] [stdout]    = note: `#[warn(dead_code)]` on by default
[INFO] [stdout] 
[INFO] [stdout] 
[INFO] [stdout] warning: method `high_card` is never used
[INFO] [stdout]    --> src/bin/07.rs:131:8
[INFO] [stdout]     |
[INFO] [stdout] 102 | impl Hand {
[INFO] [stdout]     | --------- method in this implementation
[INFO] [stdout] ...
[INFO] [stdout] 131 |     fn high_card(&self) -> Card {
[INFO] [stdout]     |        ^^^^^^^^^
[INFO] [stdout] 
[INFO] [stdout] 
[INFO] [stdout] warning: 4 warnings emitted
[INFO] [stdout] 
[INFO] [stdout] 
[INFO] [stdout] warning: 3 warnings emitted
[INFO] [stdout] 
[INFO] [stdout] 
[INFO] [stderr]     Finished dev [unoptimized + debuginfo] target(s) in 4.26s
[INFO] running `Command { std: "docker" "inspect" "28fa841a565d34586db78af8db87efa4c08f5972761bcca2f4dacb16c6707882", kill_on_drop: false }`
[INFO] running `Command { std: "docker" "rm" "-f" "28fa841a565d34586db78af8db87efa4c08f5972761bcca2f4dacb16c6707882", kill_on_drop: false }`
[INFO] [stdout] 28fa841a565d34586db78af8db87efa4c08f5972761bcca2f4dacb16c6707882
[INFO] running `Command { std: "docker" "create" "-v" "/var/lib/crater-agent-workspace/builds/worker-5-tc1/target:/opt/rustwide/target:rw,Z" "-v" "/var/lib/crater-agent-workspace/builds/worker-5-tc1/source:/opt/rustwide/workdir:ro,Z" "-v" "/var/lib/crater-agent-workspace/cargo-home:/opt/rustwide/cargo-home:ro,Z" "-v" "/var/lib/crater-agent-workspace/rustup-home:/opt/rustwide/rustup-home:ro,Z" "-e" "SOURCE_DIR=/opt/rustwide/workdir" "-e" "CARGO_TARGET_DIR=/opt/rustwide/target" "-e" "CARGO_INCREMENTAL=0" "-e" "RUST_BACKTRACE=full" "-e" "RUSTFLAGS=--cap-lints=warn" "-e" "RUSTDOCFLAGS=--cap-lints=warn" "-e" "CARGO_HOME=/opt/rustwide/cargo-home" "-e" "RUSTUP_HOME=/opt/rustwide/rustup-home" "-w" "/opt/rustwide/workdir" "-m" "1610612736" "--user" "0:0" "--network" "none" "ghcr.io/rust-lang/crates-build-env/linux@sha256:2788e3201cd34a07e3172128adcd8b3090168a8e3bcc40d7c032b9dda1df7d1c" "/opt/rustwide/cargo-home/bin/cargo" "+1.75.0" "test" "--frozen" "--no-run" "--message-format=json", kill_on_drop: false }`
[INFO] [stdout] ee322d05fbd82ec591f2ce483a63685e1e1988cf8cd633a712131664a72566df
[INFO] running `Command { std: "docker" "start" "-a" "ee322d05fbd82ec591f2ce483a63685e1e1988cf8cd633a712131664a72566df", kill_on_drop: false }`
[INFO] [stderr]    Compiling advent_of_code v0.9.3 (/opt/rustwide/workdir)
[INFO] [stdout] warning: unused variable: `temp`
[INFO] [stdout]   --> src/bin/05.rs:78:21
[INFO] [stdout]    |
[INFO] [stdout] 78 |                 let temp = next.clone();
[INFO] [stdout]    |                     ^^^^ help: if this is intentional, prefix it with an underscore: `_temp`
[INFO] [stdout]    |
[INFO] [stdout]    = note: `#[warn(unused_variables)]` on by default
[INFO] [stdout] 
[INFO] [stdout] 
[INFO] [stdout] warning: method `destination_end` is never used
[INFO] [stdout]   --> src/bin/05.rs:47:8
[INFO] [stdout]    |
[INFO] [stdout] 42 | impl MappingRange {
[INFO] [stdout]    | ----------------- method in this implementation
[INFO] [stdout] ...
[INFO] [stdout] 47 |     fn destination_end(&self) -> u64 {
[INFO] [stdout]    |        ^^^^^^^^^^^^^^^
[INFO] [stdout]    |
[INFO] [stdout]    = note: `#[warn(dead_code)]` on by default
[INFO] [stdout] 
[INFO] [stdout] 
[INFO] [stdout] warning: unused variable: `self_cards`
[INFO] [stdout]    --> src/bin/07.rs:104:13
[INFO] [stdout]     |
[INFO] [stdout] 104 |         let self_cards = &self.cards;
[INFO] [stdout]     |             ^^^^^^^^^^ help: if this is intentional, prefix it with an underscore: `_self_cards`
[INFO] [stdout]     |
[INFO] [stdout]     = note: `#[warn(unused_variables)]` on by default
[INFO] [stdout] 
[INFO] [stdout] 
[INFO] [stdout] warning: unused variable: `self_type`
[INFO] [stdout]    --> src/bin/07.rs:105:13
[INFO] [stdout]     |
[INFO] [stdout] 105 |         let self_type = self.get_type();
[INFO] [stdout]     |             ^^^^^^^^^ help: if this is intentional, prefix it with an underscore: `_self_type`
[INFO] [stdout] 
[INFO] [stdout] 
[INFO] [stdout] warning: unused `Zip` that must be used
[INFO] [stdout]   --> src/bin/05.rs:97:5
[INFO] [stdout]    |
[INFO] [stdout] 97 |     std::iter::zip(start_seeds, lengths).into_iter();
[INFO] [stdout]    |     ^^^^^^^^^^^^^^^^^^^^^^^^^^^^^^^^^^^^^^^^^^^^^^^^
[INFO] [stdout]    |
[INFO] [stdout]    = note: iterators are lazy and do nothing unless consumed
[INFO] [stdout]    = note: `#[warn(unused_must_use)]` on by default
[INFO] [stdout] help: use `let _ = ...` to ignore the resulting value
[INFO] [stdout]    |
[INFO] [stdout] 97 |     let _ = std::iter::zip(start_seeds, lengths).into_iter();
[INFO] [stdout]    |     +++++++
[INFO] [stdout] 
[INFO] [stdout] 
[INFO] [stdout] warning: associated functions `iterator` and `iterator_chars` are never used
[INFO] [stdout]   --> src/bin/07.rs:26:8
[INFO] [stdout]    |
[INFO] [stdout] 25 | impl Card {
[INFO] [stdout]    | --------- associated functions in this implementation
[INFO] [stdout] 26 |     fn iterator() -> std::slice::Iter<'static, Card> {
[INFO] [stdout]    |        ^^^^^^^^
[INFO] [stdout] ...
[INFO] [stdout] 31 |     fn iterator_chars() -> std::slice::Iter<'static, char> {
[INFO] [stdout]    |        ^^^^^^^^^^^^^^
[INFO] [stdout]    |
[INFO] [stdout]    = note: `#[warn(dead_code)]` on by default
[INFO] [stdout] 
[INFO] [stdout] 
[INFO] [stdout] warning: method `high_card` is never used
[INFO] [stdout]    --> src/bin/07.rs:131:8
[INFO] [stdout]     |
[INFO] [stdout] 102 | impl Hand {
[INFO] [stdout]     | --------- method in this implementation
[INFO] [stdout] ...
[INFO] [stdout] 131 |     fn high_card(&self) -> Card {
[INFO] [stdout]     |        ^^^^^^^^^
[INFO] [stdout] 
[INFO] [stdout] 
[INFO] [stdout] warning: 4 warnings emitted
[INFO] [stdout] 
[INFO] [stdout] 
[INFO] [stdout] warning: 3 warnings emitted
[INFO] [stdout] 
[INFO] [stdout] 
[INFO] [stderr]     Finished test [unoptimized + debuginfo] target(s) in 0.94s
[INFO] running `Command { std: "docker" "inspect" "ee322d05fbd82ec591f2ce483a63685e1e1988cf8cd633a712131664a72566df", kill_on_drop: false }`
[INFO] running `Command { std: "docker" "rm" "-f" "ee322d05fbd82ec591f2ce483a63685e1e1988cf8cd633a712131664a72566df", kill_on_drop: false }`
[INFO] [stdout] ee322d05fbd82ec591f2ce483a63685e1e1988cf8cd633a712131664a72566df
[INFO] running `Command { std: "docker" "create" "-v" "/var/lib/crater-agent-workspace/builds/worker-5-tc1/target:/opt/rustwide/target:rw,Z" "-v" "/var/lib/crater-agent-workspace/builds/worker-5-tc1/source:/opt/rustwide/workdir:ro,Z" "-v" "/var/lib/crater-agent-workspace/cargo-home:/opt/rustwide/cargo-home:ro,Z" "-v" "/var/lib/crater-agent-workspace/rustup-home:/opt/rustwide/rustup-home:ro,Z" "-e" "SOURCE_DIR=/opt/rustwide/workdir" "-e" "CARGO_TARGET_DIR=/opt/rustwide/target" "-e" "CARGO_INCREMENTAL=0" "-e" "RUST_BACKTRACE=full" "-e" "RUSTFLAGS=--cap-lints=warn" "-e" "RUSTDOCFLAGS=--cap-lints=warn" "-e" "CARGO_HOME=/opt/rustwide/cargo-home" "-e" "RUSTUP_HOME=/opt/rustwide/rustup-home" "-w" "/opt/rustwide/workdir" "-m" "1610612736" "--user" "0:0" "--network" "none" "ghcr.io/rust-lang/crates-build-env/linux@sha256:2788e3201cd34a07e3172128adcd8b3090168a8e3bcc40d7c032b9dda1df7d1c" "/opt/rustwide/cargo-home/bin/cargo" "+1.75.0" "test" "--frozen", kill_on_drop: false }`
[INFO] [stdout] e55e949ddfcfc1f14ac2950c06b6f1efddf58a3c8b9ba79ae6e3a3bd069dc737
[INFO] running `Command { std: "docker" "start" "-a" "e55e949ddfcfc1f14ac2950c06b6f1efddf58a3c8b9ba79ae6e3a3bd069dc737", kill_on_drop: false }`
[INFO] [stderr] warning: unused variable: `self_cards`
[INFO] [stderr]    --> src/bin/07.rs:104:13
[INFO] [stderr]     |
[INFO] [stderr] 104 |         let self_cards = &self.cards;
[INFO] [stderr]     |             ^^^^^^^^^^ help: if this is intentional, prefix it with an underscore: `_self_cards`
[INFO] [stderr]     |
[INFO] [stderr]     = note: `#[warn(unused_variables)]` on by default
[INFO] [stderr] 
[INFO] [stderr] warning: unused variable: `self_type`
[INFO] [stderr]    --> src/bin/07.rs:105:13
[INFO] [stderr]     |
[INFO] [stderr] 105 |         let self_type = self.get_type();
[INFO] [stderr]     |             ^^^^^^^^^ help: if this is intentional, prefix it with an underscore: `_self_type`
[INFO] [stderr] 
[INFO] [stderr] warning: associated functions `iterator` and `iterator_chars` are never used
[INFO] [stderr]   --> src/bin/07.rs:26:8
[INFO] [stderr]    |
[INFO] [stderr] 25 | impl Card {
[INFO] [stderr]    | --------- associated functions in this implementation
[INFO] [stderr] 26 |     fn iterator() -> std::slice::Iter<'static, Card> {
[INFO] [stderr]    |        ^^^^^^^^
[INFO] [stderr] ...
[INFO] [stderr] 31 |     fn iterator_chars() -> std::slice::Iter<'static, char> {
[INFO] [stderr]    |        ^^^^^^^^^^^^^^
[INFO] [stderr]    |
[INFO] [stderr]    = note: `#[warn(dead_code)]` on by default
[INFO] [stderr] 
[INFO] [stderr] warning: method `high_card` is never used
[INFO] [stderr]    --> src/bin/07.rs:131:8
[INFO] [stderr]     |
[INFO] [stderr] 102 | impl Hand {
[INFO] [stderr]     | --------- method in this implementation
[INFO] [stderr] ...
[INFO] [stderr] 131 |     fn high_card(&self) -> Card {
[INFO] [stderr]     |        ^^^^^^^^^
[INFO] [stderr] 
[INFO] [stderr] warning: unused variable: `temp`
[INFO] [stderr]   --> src/bin/05.rs:78:21
[INFO] [stderr]    |
[INFO] [stderr] 78 |                 let temp = next.clone();
[INFO] [stderr]    |                     ^^^^ help: if this is intentional, prefix it with an underscore: `_temp`
[INFO] [stderr]    |
[INFO] [stderr]    = note: `#[warn(unused_variables)]` on by default
[INFO] [stderr] 
[INFO] [stderr] warning: method `destination_end` is never used
[INFO] [stderr]   --> src/bin/05.rs:47:8
[INFO] [stderr]    |
[INFO] [stderr] 42 | impl MappingRange {
[INFO] [stderr]    | ----------------- method in this implementation
[INFO] [stderr] ...
[INFO] [stderr] 47 |     fn destination_end(&self) -> u64 {
[INFO] [stderr]    |        ^^^^^^^^^^^^^^^
[INFO] [stderr]    |
[INFO] [stderr]    = note: `#[warn(dead_code)]` on by default
[INFO] [stderr] 
[INFO] [stderr] warning: unused `Zip` that must be used
[INFO] [stderr]   --> src/bin/05.rs:97:5
[INFO] [stderr]    |
[INFO] [stderr] 97 |     std::iter::zip(start_seeds, lengths).into_iter();
[INFO] [stderr]    |     ^^^^^^^^^^^^^^^^^^^^^^^^^^^^^^^^^^^^^^^^^^^^^^^^
[INFO] [stderr]    |
[INFO] [stderr]    = note: iterators are lazy and do nothing unless consumed
[INFO] [stderr]    = note: `#[warn(unused_must_use)]` on by default
[INFO] [stderr] help: use `let _ = ...` to ignore the resulting value
[INFO] [stderr]    |
[INFO] [stderr] 97 |     let _ = std::iter::zip(start_seeds, lengths).into_iter();
[INFO] [stderr]    |     +++++++
[INFO] [stderr] 
[INFO] [stderr] warning: `advent_of_code` (bin "07" test) generated 4 warnings (run `cargo fix --bin "07" --tests` to apply 2 suggestions)
[INFO] [stderr] warning: `advent_of_code` (bin "05" test) generated 3 warnings (run `cargo fix --bin "05" --tests` to apply 1 suggestion)
[INFO] [stderr]     Finished test [unoptimized + debuginfo] target(s) in 0.01s
[INFO] [stderr]      Running unittests src/lib.rs (/opt/rustwide/target/debug/deps/advent_of_code-d0b4f3a66ed2af4c)
[INFO] [stdout] 
[INFO] [stdout] running 0 tests
[INFO] [stdout] 
[INFO] [stdout] test result: ok. 0 passed; 0 failed; 0 ignored; 0 measured; 0 filtered out; finished in 0.00s
[INFO] [stdout] 
[INFO] [stderr]      Running unittests src/bin/01.rs (/opt/rustwide/target/debug/deps/01-0681b2a521294b1e)
[INFO] [stdout] 
[INFO] [stdout] running 2 tests
[INFO] [stdout] test tests::test_part_one ... ok
[INFO] [stdout] test tests::test_part_two ... ok
[INFO] [stdout] 
[INFO] [stdout] test result: ok. 2 passed; 0 failed; 0 ignored; 0 measured; 0 filtered out; finished in 0.00s
[INFO] [stdout] 
[INFO] [stderr]      Running unittests src/bin/02.rs (/opt/rustwide/target/debug/deps/02-1c9e00c83ab0bdd1)
[INFO] [stdout] 
[INFO] [stdout] running 2 tests
[INFO] [stdout] test tests::test_part_one ... ok
[INFO] [stdout] test tests::test_part_two ... ok
[INFO] [stdout] 
[INFO] [stdout] test result: ok. 2 passed; 0 failed; 0 ignored; 0 measured; 0 filtered out; finished in 0.02s
[INFO] [stdout] 
[INFO] [stderr]      Running unittests src/bin/04.rs (/opt/rustwide/target/debug/deps/04-0337e18b834d50c7)
[INFO] [stdout] 
[INFO] [stdout] running 2 tests
[INFO] [stdout] test tests::test_part_one ... ok
[INFO] [stdout] test tests::test_part_two ... ok
[INFO] [stdout] 
[INFO] [stdout] test result: ok. 2 passed; 0 failed; 0 ignored; 0 measured; 0 filtered out; finished in 0.01s
[INFO] [stdout] 
[INFO] [stderr]      Running unittests src/bin/05.rs (/opt/rustwide/target/debug/deps/05-6b6da84d3d0a100f)
[INFO] [stdout] 
[INFO] [stdout] running 2 tests
[INFO] [stdout] test tests::test_part_two ... FAILED
[INFO] [stdout] test tests::test_part_one ... ok
[INFO] [stdout] 
[INFO] [stdout] failures:
[INFO] [stdout] 
[INFO] [stdout] ---- tests::test_part_two stdout ----
[INFO] [stdout] thread 'tests::test_part_two' panicked at src/template/mod.rs:19:7:
[INFO] [stdout] could not open input file: Os { code: 2, kind: NotFound, message: "No such file or directory" }
[INFO] [stdout] stack backtrace:
[INFO] [stdout]    0:     0x55856594e11c - std::backtrace_rs::backtrace::libunwind::trace::ha637c64ce894333a
[INFO] [stdout]                                at /rustc/82e1608dfa6e0b5569232559e3d385fea5a93112/library/std/src/../../backtrace/src/backtrace/libunwind.rs:104:5
[INFO] [stdout]    1:     0x55856594e11c - std::backtrace_rs::backtrace::trace_unsynchronized::h47f62dea28e0c88d
[INFO] [stdout]                                at /rustc/82e1608dfa6e0b5569232559e3d385fea5a93112/library/std/src/../../backtrace/src/backtrace/mod.rs:66:5
[INFO] [stdout]    2:     0x55856594e11c - std::sys_common::backtrace::_print_fmt::h9eef0abe20ede486
[INFO] [stdout]                                at /rustc/82e1608dfa6e0b5569232559e3d385fea5a93112/library/std/src/sys_common/backtrace.rs:67:5
[INFO] [stdout]    3:     0x55856594e11c - <std::sys_common::backtrace::_print::DisplayBacktrace as core::fmt::Display>::fmt::hed7f999df88cc644
[INFO] [stdout]                                at /rustc/82e1608dfa6e0b5569232559e3d385fea5a93112/library/std/src/sys_common/backtrace.rs:44:22
[INFO] [stdout]    4:     0x558565978140 - core::fmt::rt::Argument::fmt::h1539a9308b8d058d
[INFO] [stdout]                                at /rustc/82e1608dfa6e0b5569232559e3d385fea5a93112/library/core/src/fmt/rt.rs:142:9
[INFO] [stdout]    5:     0x558565978140 - core::fmt::write::h3a39390d8560d9c9
[INFO] [stdout]                                at /rustc/82e1608dfa6e0b5569232559e3d385fea5a93112/library/core/src/fmt/mod.rs:1120:17
[INFO] [stdout]    6:     0x55856594b94f - std::io::Write::write_fmt::h040b369f3a0f9cbc
[INFO] [stdout]                                at /rustc/82e1608dfa6e0b5569232559e3d385fea5a93112/library/std/src/io/mod.rs:1762:15
[INFO] [stdout]    7:     0x55856594df04 - std::sys_common::backtrace::_print::h894006fb5c6f3d45
[INFO] [stdout]                                at /rustc/82e1608dfa6e0b5569232559e3d385fea5a93112/library/std/src/sys_common/backtrace.rs:47:5
[INFO] [stdout]    8:     0x55856594df04 - std::sys_common::backtrace::print::h23a2d212c6fff936
[INFO] [stdout]                                at /rustc/82e1608dfa6e0b5569232559e3d385fea5a93112/library/std/src/sys_common/backtrace.rs:34:9
[INFO] [stdout]    9:     0x55856594fbc7 - std::panicking::default_hook::{{closure}}::h8a1d2ee00185001a
[INFO] [stdout]   10:     0x55856594f8b3 - std::panicking::default_hook::h6038f2eba384e475
[INFO] [stdout]                                at /rustc/82e1608dfa6e0b5569232559e3d385fea5a93112/library/std/src/panicking.rs:289:9
[INFO] [stdout]   11:     0x558565665fd7 - <alloc::boxed::Box<F,A> as core::ops::function::Fn<Args>>::call::h0ad024c9bdc6d768
[INFO] [stdout]                                at /rustc/82e1608dfa6e0b5569232559e3d385fea5a93112/library/alloc/src/boxed.rs:2021:9
[INFO] [stdout]   12:     0x558565665fd7 - test::test_main::{{closure}}::h7500b54257359db6
[INFO] [stdout]                                at /rustc/82e1608dfa6e0b5569232559e3d385fea5a93112/library/test/src/lib.rs:138:21
[INFO] [stdout]   13:     0x5585659501d8 - <alloc::boxed::Box<F,A> as core::ops::function::Fn<Args>>::call::h1f8f335eaa9cfaee
[INFO] [stdout]                                at /rustc/82e1608dfa6e0b5569232559e3d385fea5a93112/library/alloc/src/boxed.rs:2021:9
[INFO] [stdout]   14:     0x5585659501d8 - std::panicking::rust_panic_with_hook::h2b5517d590cab22e
[INFO] [stdout]                                at /rustc/82e1608dfa6e0b5569232559e3d385fea5a93112/library/std/src/panicking.rs:783:13
[INFO] [stdout]   15:     0x55856594ff2e - std::panicking::begin_panic_handler::{{closure}}::h233112c06e0ef43e
[INFO] [stdout]                                at /rustc/82e1608dfa6e0b5569232559e3d385fea5a93112/library/std/src/panicking.rs:657:13
[INFO] [stdout]   16:     0x55856594e5e6 - std::sys_common::backtrace::__rust_end_short_backtrace::h6e893f24d7ebbff8
[INFO] [stdout]                                at /rustc/82e1608dfa6e0b5569232559e3d385fea5a93112/library/std/src/sys_common/backtrace.rs:170:18
[INFO] [stdout]   17:     0x55856594fc92 - rust_begin_unwind
[INFO] [stdout]                                at /rustc/82e1608dfa6e0b5569232559e3d385fea5a93112/library/std/src/panicking.rs:645:5
[INFO] [stdout]   18:     0x55856562b2a5 - core::panicking::panic_fmt::hbf0e066aabfa482c
[INFO] [stdout]                                at /rustc/82e1608dfa6e0b5569232559e3d385fea5a93112/library/core/src/panicking.rs:72:14
[INFO] [stdout]   19:     0x55856562b873 - core::result::unwrap_failed::hddb4fea594200c52
[INFO] [stdout]                                at /rustc/82e1608dfa6e0b5569232559e3d385fea5a93112/library/core/src/result.rs:1653:5
[INFO] [stdout]   20:     0x55856567534e - core::result::Result<T,E>::expect::h77b5f7fdd1b3ff9f
[INFO] [stdout]                                at /rustc/82e1608dfa6e0b5569232559e3d385fea5a93112/library/core/src/result.rs:1034:23
[INFO] [stdout]   21:     0x558565670b34 - advent_of_code::template::read_file::hbe3cae9c33ffc9f6
[INFO] [stdout]                                at /opt/rustwide/workdir/src/template/mod.rs:19:5
[INFO] [stdout]   22:     0x5585656324fb - _05::tests::test_part_two::h8209ed486bac74ca
[INFO] [stdout]                                at /opt/rustwide/workdir/src/bin/05.rs:207:32
[INFO] [stdout]   23:     0x5585656324b7 - _05::tests::test_part_two::{{closure}}::h4b7462ee23245043
[INFO] [stdout]                                at /opt/rustwide/workdir/src/bin/05.rs:206:23
[INFO] [stdout]   24:     0x55856562d066 - core::ops::function::FnOnce::call_once::hd642b2673a59abfa
[INFO] [stdout]                                at /rustc/82e1608dfa6e0b5569232559e3d385fea5a93112/library/core/src/ops/function.rs:250:5
[INFO] [stdout]   25:     0x55856566b62f - core::ops::function::FnOnce::call_once::h2b5d431d5046312d
[INFO] [stdout]                                at /rustc/82e1608dfa6e0b5569232559e3d385fea5a93112/library/core/src/ops/function.rs:250:5
[INFO] [stdout]   26:     0x55856566b62f - test::__rust_begin_short_backtrace::h7714669af176e207
[INFO] [stdout]                                at /rustc/82e1608dfa6e0b5569232559e3d385fea5a93112/library/test/src/lib.rs:628:18
[INFO] [stdout]   27:     0x55856566a645 - test::run_test_in_process::{{closure}}::h85218797dcbcec12
[INFO] [stdout]                                at /rustc/82e1608dfa6e0b5569232559e3d385fea5a93112/library/test/src/lib.rs:651:60
[INFO] [stdout]   28:     0x55856566a645 - <core::panic::unwind_safe::AssertUnwindSafe<F> as core::ops::function::FnOnce<()>>::call_once::h76c106ea31c14d7b
[INFO] [stdout]                                at /rustc/82e1608dfa6e0b5569232559e3d385fea5a93112/library/core/src/panic/unwind_safe.rs:272:9
[INFO] [stdout]   29:     0x55856566a645 - std::panicking::try::do_call::h3bd5d0f6620ee946
[INFO] [stdout]                                at /rustc/82e1608dfa6e0b5569232559e3d385fea5a93112/library/std/src/panicking.rs:552:40
[INFO] [stdout]   30:     0x55856566a645 - std::panicking::try::h232e535e4744fe31
[INFO] [stdout]                                at /rustc/82e1608dfa6e0b5569232559e3d385fea5a93112/library/std/src/panicking.rs:516:19
[INFO] [stdout]   31:     0x55856566a645 - std::panic::catch_unwind::h3ce3bd6ca8dbac68
[INFO] [stdout]                                at /rustc/82e1608dfa6e0b5569232559e3d385fea5a93112/library/std/src/panic.rs:142:14
[INFO] [stdout]   32:     0x55856566a645 - test::run_test_in_process::hc97b257c9621286a
[INFO] [stdout]                                at /rustc/82e1608dfa6e0b5569232559e3d385fea5a93112/library/test/src/lib.rs:651:27
[INFO] [stdout]   33:     0x55856566a645 - test::run_test::{{closure}}::h2aa798823a438d38
[INFO] [stdout]                                at /rustc/82e1608dfa6e0b5569232559e3d385fea5a93112/library/test/src/lib.rs:574:43
[INFO] [stdout]   34:     0x558565632906 - test::run_test::{{closure}}::h87d231c78fb59832
[INFO] [stdout]                                at /rustc/82e1608dfa6e0b5569232559e3d385fea5a93112/library/test/src/lib.rs:602:41
[INFO] [stdout]   35:     0x558565632906 - std::sys_common::backtrace::__rust_begin_short_backtrace::he6df152596625789
[INFO] [stdout]                                at /rustc/82e1608dfa6e0b5569232559e3d385fea5a93112/library/std/src/sys_common/backtrace.rs:154:18
[INFO] [stdout]   36:     0x5585656379b7 - std::thread::Builder::spawn_unchecked_::{{closure}}::{{closure}}::ha94be15d1e0acf36
[INFO] [stdout]                                at /rustc/82e1608dfa6e0b5569232559e3d385fea5a93112/library/std/src/thread/mod.rs:529:17
[INFO] [stdout]   37:     0x5585656379b7 - <core::panic::unwind_safe::AssertUnwindSafe<F> as core::ops::function::FnOnce<()>>::call_once::h9dc6bd6372f16606
[INFO] [stdout]                                at /rustc/82e1608dfa6e0b5569232559e3d385fea5a93112/library/core/src/panic/unwind_safe.rs:272:9
[INFO] [stdout]   38:     0x5585656379b7 - std::panicking::try::do_call::h9057517f80303cd4
[INFO] [stdout]                                at /rustc/82e1608dfa6e0b5569232559e3d385fea5a93112/library/std/src/panicking.rs:552:40
[INFO] [stdout]   39:     0x5585656379b7 - std::panicking::try::he3a30b11ee45340c
[INFO] [stdout]                                at /rustc/82e1608dfa6e0b5569232559e3d385fea5a93112/library/std/src/panicking.rs:516:19
[INFO] [stdout]   40:     0x5585656379b7 - std::panic::catch_unwind::h410458cfd3528b8b
[INFO] [stdout]                                at /rustc/82e1608dfa6e0b5569232559e3d385fea5a93112/library/std/src/panic.rs:142:14
[INFO] [stdout]   41:     0x5585656379b7 - std::thread::Builder::spawn_unchecked_::{{closure}}::h72ac3bdb567b737b
[INFO] [stdout]                                at /rustc/82e1608dfa6e0b5569232559e3d385fea5a93112/library/std/src/thread/mod.rs:528:30
[INFO] [stdout]   42:     0x5585656379b7 - core::ops::function::FnOnce::call_once{{vtable.shim}}::h38f34da3654a8344
[INFO] [stdout]                                at /rustc/82e1608dfa6e0b5569232559e3d385fea5a93112/library/core/src/ops/function.rs:250:5
[INFO] [stdout]   43:     0x558565954c65 - <alloc::boxed::Box<F,A> as core::ops::function::FnOnce<Args>>::call_once::hc7eafaff61e32df9
[INFO] [stdout]                                at /rustc/82e1608dfa6e0b5569232559e3d385fea5a93112/library/alloc/src/boxed.rs:2007:9
[INFO] [stdout]   44:     0x558565954c65 - <alloc::boxed::Box<F,A> as core::ops::function::FnOnce<Args>>::call_once::h6ba4a5de48dd2304
[INFO] [stdout]                                at /rustc/82e1608dfa6e0b5569232559e3d385fea5a93112/library/alloc/src/boxed.rs:2007:9
[INFO] [stdout]   45:     0x558565954c65 - std::sys::unix::thread::Thread::new::thread_start::he469335aef763e45
[INFO] [stdout]                                at /rustc/82e1608dfa6e0b5569232559e3d385fea5a93112/library/std/src/sys/unix/thread.rs:108:17
[INFO] [stdout]   46:     0x7f1464792ac3 - <unknown>
[INFO] [stdout]   47:     0x7f1464823bf4 - __clone
[INFO] [stdout]   48:                0x0 - <unknown>
[INFO] [stdout] 
[INFO] [stdout] 
[INFO] [stdout] failures:
[INFO] [stdout]     tests::test_part_two
[INFO] [stdout] 
[INFO] [stdout] test result: FAILED. 1 passed; 1 failed; 0 ignored; 0 measured; 0 filtered out; finished in 0.02s
[INFO] [stdout] 
[INFO] [stderr] error: test failed, to rerun pass `--bin 05`
[INFO] running `Command { std: "docker" "inspect" "e55e949ddfcfc1f14ac2950c06b6f1efddf58a3c8b9ba79ae6e3a3bd069dc737", kill_on_drop: false }`
[INFO] running `Command { std: "docker" "rm" "-f" "e55e949ddfcfc1f14ac2950c06b6f1efddf58a3c8b9ba79ae6e3a3bd069dc737", kill_on_drop: false }`
[INFO] [stdout] e55e949ddfcfc1f14ac2950c06b6f1efddf58a3c8b9ba79ae6e3a3bd069dc737
[INFO] testing kressnick25/advent-2023 against beta-2023-12-22 for beta-1.76-1
[INFO] running `Command { std: "git" "clone" "/workspace/cache/git-repos/https%3A%2F%2Fgithub.com%2Fkressnick25%2Fadvent-2023" "/workspace/builds/worker-5-tc2/source", kill_on_drop: false }`
[INFO] [stderr] Cloning into '/workspace/builds/worker-5-tc2/source'...
[INFO] [stderr] done.
[INFO] validating manifest of git repo https://github.com/kressnick25/advent-2023 on toolchain beta-2023-12-22
[INFO] running `Command { std: CARGO_HOME="/workspace/cargo-home" RUSTUP_HOME="/workspace/rustup-home" "/workspace/cargo-home/bin/cargo" "+beta-2023-12-22" "metadata" "--manifest-path" "Cargo.toml" "--no-deps", kill_on_drop: false }`
[INFO] removed /workspace/builds/worker-5-tc2/source/.cargo/config.toml
[INFO] started tweaking git repo https://github.com/kressnick25/advent-2023
[INFO] finished tweaking git repo https://github.com/kressnick25/advent-2023
[INFO] tweaked toml for git repo https://github.com/kressnick25/advent-2023 written to /workspace/builds/worker-5-tc2/source/Cargo.toml
[INFO] crate git repo https://github.com/kressnick25/advent-2023 already has a lockfile, it will not be regenerated
[INFO] running `Command { std: CARGO_HOME="/workspace/cargo-home" RUSTUP_HOME="/workspace/rustup-home" "/workspace/cargo-home/bin/cargo" "+beta-2023-12-22" "fetch" "--manifest-path" "Cargo.toml", kill_on_drop: false }`
[INFO] running `Command { std: "docker" "create" "-v" "/var/lib/crater-agent-workspace/builds/worker-5-tc2/target:/opt/rustwide/target:rw,Z" "-v" "/var/lib/crater-agent-workspace/builds/worker-5-tc2/source:/opt/rustwide/workdir:ro,Z" "-v" "/var/lib/crater-agent-workspace/cargo-home:/opt/rustwide/cargo-home:ro,Z" "-v" "/var/lib/crater-agent-workspace/rustup-home:/opt/rustwide/rustup-home:ro,Z" "-e" "SOURCE_DIR=/opt/rustwide/workdir" "-e" "CARGO_TARGET_DIR=/opt/rustwide/target" "-e" "CARGO_HOME=/opt/rustwide/cargo-home" "-e" "RUSTUP_HOME=/opt/rustwide/rustup-home" "-w" "/opt/rustwide/workdir" "-m" "1610612736" "--user" "0:0" "--network" "none" "ghcr.io/rust-lang/crates-build-env/linux@sha256:2788e3201cd34a07e3172128adcd8b3090168a8e3bcc40d7c032b9dda1df7d1c" "/opt/rustwide/cargo-home/bin/cargo" "+beta-2023-12-22" "metadata" "--no-deps" "--format-version=1", kill_on_drop: false }`
[INFO] [stdout] 502e69809979297d0ff4b6554bbaec05c70c9082c78d38de6fbe9aaf6afdc6c1
[INFO] running `Command { std: "docker" "start" "-a" "502e69809979297d0ff4b6554bbaec05c70c9082c78d38de6fbe9aaf6afdc6c1", kill_on_drop: false }`
[INFO] running `Command { std: "docker" "inspect" "502e69809979297d0ff4b6554bbaec05c70c9082c78d38de6fbe9aaf6afdc6c1", kill_on_drop: false }`
[INFO] running `Command { std: "docker" "rm" "-f" "502e69809979297d0ff4b6554bbaec05c70c9082c78d38de6fbe9aaf6afdc6c1", kill_on_drop: false }`
[INFO] [stdout] 502e69809979297d0ff4b6554bbaec05c70c9082c78d38de6fbe9aaf6afdc6c1
[INFO] running `Command { std: "docker" "create" "-v" "/var/lib/crater-agent-workspace/builds/worker-5-tc2/target:/opt/rustwide/target:rw,Z" "-v" "/var/lib/crater-agent-workspace/builds/worker-5-tc2/source:/opt/rustwide/workdir:ro,Z" "-v" "/var/lib/crater-agent-workspace/cargo-home:/opt/rustwide/cargo-home:ro,Z" "-v" "/var/lib/crater-agent-workspace/rustup-home:/opt/rustwide/rustup-home:ro,Z" "-e" "SOURCE_DIR=/opt/rustwide/workdir" "-e" "CARGO_TARGET_DIR=/opt/rustwide/target" "-e" "CARGO_INCREMENTAL=0" "-e" "RUST_BACKTRACE=full" "-e" "RUSTFLAGS=--cap-lints=warn" "-e" "RUSTDOCFLAGS=--cap-lints=warn" "-e" "CARGO_HOME=/opt/rustwide/cargo-home" "-e" "RUSTUP_HOME=/opt/rustwide/rustup-home" "-w" "/opt/rustwide/workdir" "-m" "1610612736" "--user" "0:0" "--network" "none" "ghcr.io/rust-lang/crates-build-env/linux@sha256:2788e3201cd34a07e3172128adcd8b3090168a8e3bcc40d7c032b9dda1df7d1c" "/opt/rustwide/cargo-home/bin/cargo" "+beta-2023-12-22" "build" "--frozen" "--message-format=json", kill_on_drop: false }`
[INFO] [stdout] 1348a5c4051ed3bfb021d18cf52c460d4e87b59fdcf4a9c9bba31eebc8af1e11
[INFO] running `Command { std: "docker" "start" "-a" "1348a5c4051ed3bfb021d18cf52c460d4e87b59fdcf4a9c9bba31eebc8af1e11", kill_on_drop: false }`
[INFO] [stderr]    Compiling memchr v2.6.4
[INFO] [stderr]    Compiling regex-syntax v0.8.2
[INFO] [stderr]    Compiling pico-args v0.5.0
[INFO] [stderr]    Compiling aho-corasick v1.1.2
[INFO] [stderr]    Compiling regex-automata v0.4.3
[INFO] [stderr]    Compiling regex v1.10.2
[INFO] [stderr]    Compiling advent_of_code v0.9.3 (/opt/rustwide/workdir)
[INFO] [stdout] warning: unused variable: `temp`
[INFO] [stdout]   --> src/bin/05.rs:78:21
[INFO] [stdout]    |
[INFO] [stdout] 78 |                 let temp = next.clone();
[INFO] [stdout]    |                     ^^^^ help: if this is intentional, prefix it with an underscore: `_temp`
[INFO] [stdout]    |
[INFO] [stdout]    = note: `#[warn(unused_variables)]` on by default
[INFO] [stdout] 
[INFO] [stdout] 
[INFO] [stdout] warning: unused variable: `self_cards`
[INFO] [stdout]    --> src/bin/07.rs:104:13
[INFO] [stdout]     |
[INFO] [stdout] 104 |         let self_cards = &self.cards;
[INFO] [stdout]     |             ^^^^^^^^^^ help: if this is intentional, prefix it with an underscore: `_self_cards`
[INFO] [stdout]     |
[INFO] [stdout]     = note: `#[warn(unused_variables)]` on by default
[INFO] [stdout] 
[INFO] [stdout] 
[INFO] [stdout] warning: unused variable: `self_type`
[INFO] [stdout]    --> src/bin/07.rs:105:13
[INFO] [stdout]     |
[INFO] [stdout] 105 |         let self_type = self.get_type();
[INFO] [stdout]     |             ^^^^^^^^^ help: if this is intentional, prefix it with an underscore: `_self_type`
[INFO] [stdout] 
[INFO] [stdout] 
[INFO] [stdout] warning: method `destination_end` is never used
[INFO] [stdout]   --> src/bin/05.rs:47:8
[INFO] [stdout]    |
[INFO] [stdout] 42 | impl MappingRange {
[INFO] [stdout]    | ----------------- method in this implementation
[INFO] [stdout] ...
[INFO] [stdout] 47 |     fn destination_end(&self) -> u64 {
[INFO] [stdout]    |        ^^^^^^^^^^^^^^^
[INFO] [stdout]    |
[INFO] [stdout]    = note: `#[warn(dead_code)]` on by default
[INFO] [stdout] 
[INFO] [stdout] 
[INFO] [stdout] warning: unused `Zip` that must be used
[INFO] [stdout]   --> src/bin/05.rs:97:5
[INFO] [stdout]    |
[INFO] [stdout] 97 |     std::iter::zip(start_seeds, lengths).into_iter();
[INFO] [stdout]    |     ^^^^^^^^^^^^^^^^^^^^^^^^^^^^^^^^^^^^^^^^^^^^^^^^
[INFO] [stdout]    |
[INFO] [stdout]    = note: iterators are lazy and do nothing unless consumed
[INFO] [stdout]    = note: `#[warn(unused_must_use)]` on by default
[INFO] [stdout] help: use `let _ = ...` to ignore the resulting value
[INFO] [stdout]    |
[INFO] [stdout] 97 |     let _ = std::iter::zip(start_seeds, lengths).into_iter();
[INFO] [stdout]    |     +++++++
[INFO] [stdout] 
[INFO] [stdout] 
[INFO] [stdout] warning: associated functions `iterator` and `iterator_chars` are never used
[INFO] [stdout]   --> src/bin/07.rs:26:8
[INFO] [stdout]    |
[INFO] [stdout] 25 | impl Card {
[INFO] [stdout]    | --------- associated functions in this implementation
[INFO] [stdout] 26 |     fn iterator() -> std::slice::Iter<'static, Card> {
[INFO] [stdout]    |        ^^^^^^^^
[INFO] [stdout] ...
[INFO] [stdout] 31 |     fn iterator_chars() -> std::slice::Iter<'static, char> {
[INFO] [stdout]    |        ^^^^^^^^^^^^^^
[INFO] [stdout]    |
[INFO] [stdout]    = note: `#[warn(dead_code)]` on by default
[INFO] [stdout] 
[INFO] [stdout] 
[INFO] [stdout] warning: method `high_card` is never used
[INFO] [stdout]    --> src/bin/07.rs:131:8
[INFO] [stdout]     |
[INFO] [stdout] 102 | impl Hand {
[INFO] [stdout]     | --------- method in this implementation
[INFO] [stdout] ...
[INFO] [stdout] 131 |     fn high_card(&self) -> Card {
[INFO] [stdout]     |        ^^^^^^^^^
[INFO] [stdout] 
[INFO] [stdout] 
[INFO] [stdout] warning: 3 warnings emitted
[INFO] [stdout] 
[INFO] [stdout] 
[INFO] [stdout] warning: 4 warnings emitted
[INFO] [stdout] 
[INFO] [stdout] 
[INFO] [stderr]     Finished dev [unoptimized + debuginfo] target(s) in 4.27s
[INFO] running `Command { std: "docker" "inspect" "1348a5c4051ed3bfb021d18cf52c460d4e87b59fdcf4a9c9bba31eebc8af1e11", kill_on_drop: false }`
[INFO] running `Command { std: "docker" "rm" "-f" "1348a5c4051ed3bfb021d18cf52c460d4e87b59fdcf4a9c9bba31eebc8af1e11", kill_on_drop: false }`
[INFO] [stdout] 1348a5c4051ed3bfb021d18cf52c460d4e87b59fdcf4a9c9bba31eebc8af1e11
[INFO] running `Command { std: "docker" "create" "-v" "/var/lib/crater-agent-workspace/builds/worker-5-tc2/target:/opt/rustwide/target:rw,Z" "-v" "/var/lib/crater-agent-workspace/builds/worker-5-tc2/source:/opt/rustwide/workdir:ro,Z" "-v" "/var/lib/crater-agent-workspace/cargo-home:/opt/rustwide/cargo-home:ro,Z" "-v" "/var/lib/crater-agent-workspace/rustup-home:/opt/rustwide/rustup-home:ro,Z" "-e" "SOURCE_DIR=/opt/rustwide/workdir" "-e" "CARGO_TARGET_DIR=/opt/rustwide/target" "-e" "CARGO_INCREMENTAL=0" "-e" "RUST_BACKTRACE=full" "-e" "RUSTFLAGS=--cap-lints=warn" "-e" "RUSTDOCFLAGS=--cap-lints=warn" "-e" "CARGO_HOME=/opt/rustwide/cargo-home" "-e" "RUSTUP_HOME=/opt/rustwide/rustup-home" "-w" "/opt/rustwide/workdir" "-m" "1610612736" "--user" "0:0" "--network" "none" "ghcr.io/rust-lang/crates-build-env/linux@sha256:2788e3201cd34a07e3172128adcd8b3090168a8e3bcc40d7c032b9dda1df7d1c" "/opt/rustwide/cargo-home/bin/cargo" "+beta-2023-12-22" "test" "--frozen" "--no-run" "--message-format=json", kill_on_drop: false }`
[INFO] [stdout] 2e5e46c7e72154616d7694156e8d29c1d47c99068298974dec3d7900fba862e4
[INFO] running `Command { std: "docker" "start" "-a" "2e5e46c7e72154616d7694156e8d29c1d47c99068298974dec3d7900fba862e4", kill_on_drop: false }`
[INFO] [stderr]    Compiling advent_of_code v0.9.3 (/opt/rustwide/workdir)
[INFO] [stdout] warning: unused variable: `temp`
[INFO] [stdout]   --> src/bin/05.rs:78:21
[INFO] [stdout]    |
[INFO] [stdout] 78 |                 let temp = next.clone();
[INFO] [stdout]    |                     ^^^^ help: if this is intentional, prefix it with an underscore: `_temp`
[INFO] [stdout]    |
[INFO] [stdout]    = note: `#[warn(unused_variables)]` on by default
[INFO] [stdout] 
[INFO] [stdout] 
[INFO] [stdout] warning: unused variable: `self_cards`
[INFO] [stdout]    --> src/bin/07.rs:104:13
[INFO] [stdout]     |
[INFO] [stdout] 104 |         let self_cards = &self.cards;
[INFO] [stdout]     |             ^^^^^^^^^^ help: if this is intentional, prefix it with an underscore: `_self_cards`
[INFO] [stdout]     |
[INFO] [stdout]     = note: `#[warn(unused_variables)]` on by default
[INFO] [stdout] 
[INFO] [stdout] 
[INFO] [stdout] warning: unused variable: `self_type`
[INFO] [stdout]    --> src/bin/07.rs:105:13
[INFO] [stdout]     |
[INFO] [stdout] 105 |         let self_type = self.get_type();
[INFO] [stdout]     |             ^^^^^^^^^ help: if this is intentional, prefix it with an underscore: `_self_type`
[INFO] [stdout] 
[INFO] [stdout] 
[INFO] [stdout] warning: method `destination_end` is never used
[INFO] [stdout]   --> src/bin/05.rs:47:8
[INFO] [stdout]    |
[INFO] [stdout] 42 | impl MappingRange {
[INFO] [stdout]    | ----------------- method in this implementation
[INFO] [stdout] ...
[INFO] [stdout] 47 |     fn destination_end(&self) -> u64 {
[INFO] [stdout]    |        ^^^^^^^^^^^^^^^
[INFO] [stdout]    |
[INFO] [stdout]    = note: `#[warn(dead_code)]` on by default
[INFO] [stdout] 
[INFO] [stdout] 
[INFO] [stdout] warning: unused `Zip` that must be used
[INFO] [stdout]   --> src/bin/05.rs:97:5
[INFO] [stdout]    |
[INFO] [stdout] 97 |     std::iter::zip(start_seeds, lengths).into_iter();
[INFO] [stdout]    |     ^^^^^^^^^^^^^^^^^^^^^^^^^^^^^^^^^^^^^^^^^^^^^^^^
[INFO] [stdout]    |
[INFO] [stdout]    = note: iterators are lazy and do nothing unless consumed
[INFO] [stdout]    = note: `#[warn(unused_must_use)]` on by default
[INFO] [stdout] help: use `let _ = ...` to ignore the resulting value
[INFO] [stdout]    |
[INFO] [stdout] 97 |     let _ = std::iter::zip(start_seeds, lengths).into_iter();
[INFO] [stdout]    |     +++++++
[INFO] [stdout] 
[INFO] [stdout] 
[INFO] [stdout] warning: associated functions `iterator` and `iterator_chars` are never used
[INFO] [stdout]   --> src/bin/07.rs:26:8
[INFO] [stdout]    |
[INFO] [stdout] 25 | impl Card {
[INFO] [stdout]    | --------- associated functions in this implementation
[INFO] [stdout] 26 |     fn iterator() -> std::slice::Iter<'static, Card> {
[INFO] [stdout]    |        ^^^^^^^^
[INFO] [stdout] ...
[INFO] [stdout] 31 |     fn iterator_chars() -> std::slice::Iter<'static, char> {
[INFO] [stdout]    |        ^^^^^^^^^^^^^^
[INFO] [stdout]    |
[INFO] [stdout]    = note: `#[warn(dead_code)]` on by default
[INFO] [stdout] 
[INFO] [stdout] 
[INFO] [stdout] warning: method `high_card` is never used
[INFO] [stdout]    --> src/bin/07.rs:131:8
[INFO] [stdout]     |
[INFO] [stdout] 102 | impl Hand {
[INFO] [stdout]     | --------- method in this implementation
[INFO] [stdout] ...
[INFO] [stdout] 131 |     fn high_card(&self) -> Card {
[INFO] [stdout]     |        ^^^^^^^^^
[INFO] [stdout] 
[INFO] [stdout] 
[INFO] [stdout] warning: 3 warnings emitted
[INFO] [stdout] 
[INFO] [stdout] 
[INFO] [stdout] warning: 4 warnings emitted
[INFO] [stdout] 
[INFO] [stdout] 
[INFO] [stderr]     Finished test [unoptimized + debuginfo] target(s) in 0.81s
[INFO] running `Command { std: "docker" "inspect" "2e5e46c7e72154616d7694156e8d29c1d47c99068298974dec3d7900fba862e4", kill_on_drop: false }`
[INFO] running `Command { std: "docker" "rm" "-f" "2e5e46c7e72154616d7694156e8d29c1d47c99068298974dec3d7900fba862e4", kill_on_drop: false }`
[INFO] [stdout] 2e5e46c7e72154616d7694156e8d29c1d47c99068298974dec3d7900fba862e4
[INFO] running `Command { std: "docker" "create" "-v" "/var/lib/crater-agent-workspace/builds/worker-5-tc2/target:/opt/rustwide/target:rw,Z" "-v" "/var/lib/crater-agent-workspace/builds/worker-5-tc2/source:/opt/rustwide/workdir:ro,Z" "-v" "/var/lib/crater-agent-workspace/cargo-home:/opt/rustwide/cargo-home:ro,Z" "-v" "/var/lib/crater-agent-workspace/rustup-home:/opt/rustwide/rustup-home:ro,Z" "-e" "SOURCE_DIR=/opt/rustwide/workdir" "-e" "CARGO_TARGET_DIR=/opt/rustwide/target" "-e" "CARGO_INCREMENTAL=0" "-e" "RUST_BACKTRACE=full" "-e" "RUSTFLAGS=--cap-lints=warn" "-e" "RUSTDOCFLAGS=--cap-lints=warn" "-e" "CARGO_HOME=/opt/rustwide/cargo-home" "-e" "RUSTUP_HOME=/opt/rustwide/rustup-home" "-w" "/opt/rustwide/workdir" "-m" "1610612736" "--user" "0:0" "--network" "none" "ghcr.io/rust-lang/crates-build-env/linux@sha256:2788e3201cd34a07e3172128adcd8b3090168a8e3bcc40d7c032b9dda1df7d1c" "/opt/rustwide/cargo-home/bin/cargo" "+beta-2023-12-22" "test" "--frozen", kill_on_drop: false }`
[INFO] [stdout] cb41efab84a3b6bca47ded11d0e03868191e8eb8b4095514b6d363a837f7e4a3
[INFO] running `Command { std: "docker" "start" "-a" "cb41efab84a3b6bca47ded11d0e03868191e8eb8b4095514b6d363a837f7e4a3", kill_on_drop: false }`
[INFO] [stderr] warning: unused variable: `self_cards`
[INFO] [stderr]    --> src/bin/07.rs:104:13
[INFO] [stderr]     |
[INFO] [stderr] 104 |         let self_cards = &self.cards;
[INFO] [stderr]     |             ^^^^^^^^^^ help: if this is intentional, prefix it with an underscore: `_self_cards`
[INFO] [stderr]     |
[INFO] [stderr]     = note: `#[warn(unused_variables)]` on by default
[INFO] [stderr] 
[INFO] [stderr] warning: unused variable: `self_type`
[INFO] [stderr]    --> src/bin/07.rs:105:13
[INFO] [stderr]     |
[INFO] [stderr] 105 |         let self_type = self.get_type();
[INFO] [stderr]     |             ^^^^^^^^^ help: if this is intentional, prefix it with an underscore: `_self_type`
[INFO] [stderr] 
[INFO] [stderr] warning: associated functions `iterator` and `iterator_chars` are never used
[INFO] [stderr]   --> src/bin/07.rs:26:8
[INFO] [stderr]    |
[INFO] [stderr] 25 | impl Card {
[INFO] [stderr]    | --------- associated functions in this implementation
[INFO] [stderr] 26 |     fn iterator() -> std::slice::Iter<'static, Card> {
[INFO] [stderr]    |        ^^^^^^^^
[INFO] [stderr] ...
[INFO] [stderr] 31 |     fn iterator_chars() -> std::slice::Iter<'static, char> {
[INFO] [stderr]    |        ^^^^^^^^^^^^^^
[INFO] [stderr]    |
[INFO] [stderr]    = note: `#[warn(dead_code)]` on by default
[INFO] [stderr] 
[INFO] [stderr] warning: method `high_card` is never used
[INFO] [stderr]    --> src/bin/07.rs:131:8
[INFO] [stderr]     |
[INFO] [stderr] 102 | impl Hand {
[INFO] [stderr]     | --------- method in this implementation
[INFO] [stderr] ...
[INFO] [stderr] 131 |     fn high_card(&self) -> Card {
[INFO] [stderr]     |        ^^^^^^^^^
[INFO] [stderr] 
[INFO] [stderr] warning: unused variable: `temp`
[INFO] [stderr]   --> src/bin/05.rs:78:21
[INFO] [stderr]    |
[INFO] [stderr] 78 |                 let temp = next.clone();
[INFO] [stderr]    |                     ^^^^ help: if this is intentional, prefix it with an underscore: `_temp`
[INFO] [stderr]    |
[INFO] [stderr]    = note: `#[warn(unused_variables)]` on by default
[INFO] [stderr] 
[INFO] [stderr] warning: method `destination_end` is never used
[INFO] [stderr]   --> src/bin/05.rs:47:8
[INFO] [stderr]    |
[INFO] [stderr] 42 | impl MappingRange {
[INFO] [stderr]    | ----------------- method in this implementation
[INFO] [stderr] ...
[INFO] [stderr] 47 |     fn destination_end(&self) -> u64 {
[INFO] [stderr]    |        ^^^^^^^^^^^^^^^
[INFO] [stderr]    |
[INFO] [stderr]    = note: `#[warn(dead_code)]` on by default
[INFO] [stderr] 
[INFO] [stderr] warning: unused `Zip` that must be used
[INFO] [stderr]   --> src/bin/05.rs:97:5
[INFO] [stderr]    |
[INFO] [stderr] 97 |     std::iter::zip(start_seeds, lengths).into_iter();
[INFO] [stderr]    |     ^^^^^^^^^^^^^^^^^^^^^^^^^^^^^^^^^^^^^^^^^^^^^^^^
[INFO] [stderr]    |
[INFO] [stderr]    = note: iterators are lazy and do nothing unless consumed
[INFO] [stderr]    = note: `#[warn(unused_must_use)]` on by default
[INFO] [stderr] help: use `let _ = ...` to ignore the resulting value
[INFO] [stderr]    |
[INFO] [stderr] 97 |     let _ = std::iter::zip(start_seeds, lengths).into_iter();
[INFO] [stderr]    |     +++++++
[INFO] [stderr] 
[INFO] [stderr] warning: `advent_of_code` (bin "07" test) generated 4 warnings (run `cargo fix --bin "07" --tests` to apply 2 suggestions)
[INFO] [stderr] warning: `advent_of_code` (bin "05" test) generated 3 warnings (run `cargo fix --bin "05" --tests` to apply 1 suggestion)
[INFO] [stderr]     Finished test [unoptimized + debuginfo] target(s) in 0.01s
[INFO] [stderr]      Running unittests src/lib.rs (/opt/rustwide/target/debug/deps/advent_of_code-dc4927423fe788e7)
[INFO] [stdout] 
[INFO] [stdout] running 0 tests
[INFO] [stdout] 
[INFO] [stdout] test result: ok. 0 passed; 0 failed; 0 ignored; 0 measured; 0 filtered out; finished in 0.00s
[INFO] [stdout] 
[INFO] [stderr]      Running unittests src/bin/01.rs (/opt/rustwide/target/debug/deps/01-0ee6bd66839eb8db)
[INFO] [stdout] 
[INFO] [stdout] running 2 tests
[INFO] [stdout] test tests::test_part_one ... ok
[INFO] [stdout] test tests::test_part_two ... ok
[INFO] [stdout] 
[INFO] [stdout] test result: ok. 2 passed; 0 failed; 0 ignored; 0 measured; 0 filtered out; finished in 0.00s
[INFO] [stdout] 
[INFO] [stderr]      Running unittests src/bin/02.rs (/opt/rustwide/target/debug/deps/02-2a8fb35c45ac2a9a)
[INFO] [stdout] 
[INFO] [stdout] running 2 tests
[INFO] [stdout] test tests::test_part_one ... ok
[INFO] [stdout] test tests::test_part_two ... ok
[INFO] [stdout] 
[INFO] [stdout] test result: ok. 2 passed; 0 failed; 0 ignored; 0 measured; 0 filtered out; finished in 0.02s
[INFO] [stdout] 
[INFO] [stderr]      Running unittests src/bin/04.rs (/opt/rustwide/target/debug/deps/04-de4dd8c6d999857c)
[INFO] [stdout] 
[INFO] [stdout] running 2 tests
[INFO] [stdout] test tests::test_part_one ... ok
[INFO] [stdout] test tests::test_part_two ... ok
[INFO] [stdout] 
[INFO] [stdout] test result: ok. 2 passed; 0 failed; 0 ignored; 0 measured; 0 filtered out; finished in 0.01s
[INFO] [stdout] 
[INFO] [stderr]      Running unittests src/bin/05.rs (/opt/rustwide/target/debug/deps/05-e64c6dd888a3eb86)
[INFO] [stdout] 
[INFO] [stdout] running 2 tests
[INFO] [stdout] test tests::test_part_two ... FAILED
[INFO] [stdout] test tests::test_part_one ... ok
[INFO] [stdout] 
[INFO] [stdout] failures:
[INFO] [stdout] 
[INFO] [stdout] ---- tests::test_part_two stdout ----
[INFO] [stdout] thread 'tests::test_part_two' panicked at src/template/mod.rs:19:7:
[INFO] [stdout] could not open input file: Os { code: 2, kind: NotFound, message: "No such file or directory" }
[INFO] [stdout] stack backtrace:
[INFO] [stdout]    0:     0x55f2251b86b6 - std::backtrace_rs::backtrace::libunwind::trace::h261606ad26a499c1
[INFO] [stdout]                                at /rustc/0e09125c6c3c2fd70d7de961bcf0e51575235fad/library/std/src/../../backtrace/src/backtrace/libunwind.rs:104:5
[INFO] [stdout]    1:     0x55f2251b86b6 - std::backtrace_rs::backtrace::trace_unsynchronized::hd183f0625477fb28
[INFO] [stdout]                                at /rustc/0e09125c6c3c2fd70d7de961bcf0e51575235fad/library/std/src/../../backtrace/src/backtrace/mod.rs:66:5
[INFO] [stdout]    2:     0x55f2251b86b6 - std::sys_common::backtrace::_print_fmt::hd7f8fef21b4eda67
[INFO] [stdout]                                at /rustc/0e09125c6c3c2fd70d7de961bcf0e51575235fad/library/std/src/sys_common/backtrace.rs:68:5
[INFO] [stdout]    3:     0x55f2251b86b6 - <std::sys_common::backtrace::_print::DisplayBacktrace as core::fmt::Display>::fmt::h623d9b51f2f453f1
[INFO] [stdout]                                at /rustc/0e09125c6c3c2fd70d7de961bcf0e51575235fad/library/std/src/sys_common/backtrace.rs:44:22
[INFO] [stdout]    4:     0x55f2251e19d0 - core::fmt::rt::Argument::fmt::h9f417ac76a86f368
[INFO] [stdout]                                at /rustc/0e09125c6c3c2fd70d7de961bcf0e51575235fad/library/core/src/fmt/rt.rs:142:9
[INFO] [stdout]    5:     0x55f2251e19d0 - core::fmt::write::hc9b6faf4ac2aeff7
[INFO] [stdout]                                at /rustc/0e09125c6c3c2fd70d7de961bcf0e51575235fad/library/core/src/fmt/mod.rs:1120:17
[INFO] [stdout]    6:     0x55f2251b5f9f - std::io::Write::write_fmt::he04625a3a989fec3
[INFO] [stdout]                                at /rustc/0e09125c6c3c2fd70d7de961bcf0e51575235fad/library/std/src/io/mod.rs:1810:15
[INFO] [stdout]    7:     0x55f2251b8494 - std::sys_common::backtrace::_print::hd5d66399c7df88a2
[INFO] [stdout]                                at /rustc/0e09125c6c3c2fd70d7de961bcf0e51575235fad/library/std/src/sys_common/backtrace.rs:47:5
[INFO] [stdout]    8:     0x55f2251b8494 - std::sys_common::backtrace::print::he81ed2da642d37e5
[INFO] [stdout]                                at /rustc/0e09125c6c3c2fd70d7de961bcf0e51575235fad/library/std/src/sys_common/backtrace.rs:34:9
[INFO] [stdout]    9:     0x55f2251ba207 - std::panicking::default_hook::{{closure}}::h85773f4fa117163d
[INFO] [stdout]   10:     0x55f2251b9eed - std::panicking::default_hook::h6a1694a91d09b278
[INFO] [stdout]                                at /rustc/0e09125c6c3c2fd70d7de961bcf0e51575235fad/library/std/src/panicking.rs:289:9
[INFO] [stdout]   11:     0x55f224ece5c7 - <alloc::boxed::Box<F,A> as core::ops::function::Fn<Args>>::call::h616ac37fa3cd6c8f
[INFO] [stdout]                                at /rustc/0e09125c6c3c2fd70d7de961bcf0e51575235fad/library/alloc/src/boxed.rs:2029:9
[INFO] [stdout]   12:     0x55f224ece5c7 - test::test_main::{{closure}}::h00d84697cefdcbb6
[INFO] [stdout]                                at /rustc/0e09125c6c3c2fd70d7de961bcf0e51575235fad/library/test/src/lib.rs:138:21
[INFO] [stdout]   13:     0x55f2251ba826 - <alloc::boxed::Box<F,A> as core::ops::function::Fn<Args>>::call::hcb3fe3b9bb537ba8
[INFO] [stdout]                                at /rustc/0e09125c6c3c2fd70d7de961bcf0e51575235fad/library/alloc/src/boxed.rs:2029:9
[INFO] [stdout]   14:     0x55f2251ba826 - std::panicking::rust_panic_with_hook::h0a7ad96e90f7145b
[INFO] [stdout]                                at /rustc/0e09125c6c3c2fd70d7de961bcf0e51575235fad/library/std/src/panicking.rs:783:13
[INFO] [stdout]   15:     0x55f2251ba572 - std::panicking::begin_panic_handler::{{closure}}::h7919090525c6485e
[INFO] [stdout]                                at /rustc/0e09125c6c3c2fd70d7de961bcf0e51575235fad/library/std/src/panicking.rs:657:13
[INFO] [stdout]   16:     0x55f2251b8bb6 - std::sys_common::backtrace::__rust_end_short_backtrace::hf3289479464f7dfe
[INFO] [stdout]                                at /rustc/0e09125c6c3c2fd70d7de961bcf0e51575235fad/library/std/src/sys_common/backtrace.rs:171:18
[INFO] [stdout]   17:     0x55f2251ba2d0 - rust_begin_unwind
[INFO] [stdout]                                at /rustc/0e09125c6c3c2fd70d7de961bcf0e51575235fad/library/std/src/panicking.rs:645:5
[INFO] [stdout]   18:     0x55f224e91285 - core::panicking::panic_fmt::hcc9f77c5c132af55
[INFO] [stdout]                                at /rustc/0e09125c6c3c2fd70d7de961bcf0e51575235fad/library/core/src/panicking.rs:72:14
[INFO] [stdout]   19:     0x55f224e91863 - core::result::unwrap_failed::hbe14f498be1452f9
[INFO] [stdout]                                at /rustc/0e09125c6c3c2fd70d7de961bcf0e51575235fad/library/core/src/result.rs:1649:5
[INFO] [stdout]   20:     0x55f224edd874 - core::result::Result<T,E>::expect::h07df05f91744caa9
[INFO] [stdout]                                at /rustc/0e09125c6c3c2fd70d7de961bcf0e51575235fad/library/core/src/result.rs:1030:23
[INFO] [stdout]   21:     0x55f224eddf24 - advent_of_code::template::read_file::h1ef190f9d06f5a7d
[INFO] [stdout]                                at /opt/rustwide/workdir/src/template/mod.rs:19:5
[INFO] [stdout]   22:     0x55f224e9651b - _05::tests::test_part_two::hd4a7f3dfaa2c6fec
[INFO] [stdout]                                at /opt/rustwide/workdir/src/bin/05.rs:207:32
[INFO] [stdout]   23:     0x55f224e964d7 - _05::tests::test_part_two::{{closure}}::h8cbcdae62bb2704e
[INFO] [stdout]                                at /opt/rustwide/workdir/src/bin/05.rs:206:23
[INFO] [stdout]   24:     0x55f224e93106 - core::ops::function::FnOnce::call_once::h7d8518f94ccd8824
[INFO] [stdout]                                at /rustc/0e09125c6c3c2fd70d7de961bcf0e51575235fad/library/core/src/ops/function.rs:250:5
[INFO] [stdout]   25:     0x55f224ed3e9f - core::ops::function::FnOnce::call_once::hd64d26f405258157
[INFO] [stdout]                                at /rustc/0e09125c6c3c2fd70d7de961bcf0e51575235fad/library/core/src/ops/function.rs:250:5
[INFO] [stdout]   26:     0x55f224ed3e9f - test::__rust_begin_short_backtrace::he21b0b7a6d731bf9
[INFO] [stdout]                                at /rustc/0e09125c6c3c2fd70d7de961bcf0e51575235fad/library/test/src/lib.rs:627:18
[INFO] [stdout]   27:     0x55f224ed2c21 - test::run_test_in_process::{{closure}}::hf5c73986d7bdfde2
[INFO] [stdout]                                at /rustc/0e09125c6c3c2fd70d7de961bcf0e51575235fad/library/test/src/lib.rs:650:60
[INFO] [stdout]   28:     0x55f224ed2c21 - <core::panic::unwind_safe::AssertUnwindSafe<F> as core::ops::function::FnOnce<()>>::call_once::h330011ad032aadc0
[INFO] [stdout]                                at /rustc/0e09125c6c3c2fd70d7de961bcf0e51575235fad/library/core/src/panic/unwind_safe.rs:272:9
[INFO] [stdout]   29:     0x55f224ed2c21 - std::panicking::try::do_call::he61b0a958b795a41
[INFO] [stdout]                                at /rustc/0e09125c6c3c2fd70d7de961bcf0e51575235fad/library/std/src/panicking.rs:552:40
[INFO] [stdout]   30:     0x55f224ed2c21 - std::panicking::try::h7309da130f906eb7
[INFO] [stdout]                                at /rustc/0e09125c6c3c2fd70d7de961bcf0e51575235fad/library/std/src/panicking.rs:516:19
[INFO] [stdout]   31:     0x55f224ed2c21 - std::panic::catch_unwind::hc5c3a06fdaf0a92a
[INFO] [stdout]                                at /rustc/0e09125c6c3c2fd70d7de961bcf0e51575235fad/library/std/src/panic.rs:142:14
[INFO] [stdout]   32:     0x55f224ed2c21 - test::run_test_in_process::h7e7b7c71c3324e0f
[INFO] [stdout]                                at /rustc/0e09125c6c3c2fd70d7de961bcf0e51575235fad/library/test/src/lib.rs:650:27
[INFO] [stdout]   33:     0x55f224ed2c21 - test::run_test::{{closure}}::h1f509f28f5cf20b1
[INFO] [stdout]                                at /rustc/0e09125c6c3c2fd70d7de961bcf0e51575235fad/library/test/src/lib.rs:573:43
[INFO] [stdout]   34:     0x55f224e99f56 - test::run_test::{{closure}}::h1754218abf443f6d
[INFO] [stdout]                                at /rustc/0e09125c6c3c2fd70d7de961bcf0e51575235fad/library/test/src/lib.rs:601:41
[INFO] [stdout]   35:     0x55f224e99f56 - std::sys_common::backtrace::__rust_begin_short_backtrace::h2ee174b9d5954948
[INFO] [stdout]                                at /rustc/0e09125c6c3c2fd70d7de961bcf0e51575235fad/library/std/src/sys_common/backtrace.rs:155:18
[INFO] [stdout]   36:     0x55f224e9efb7 - std::thread::Builder::spawn_unchecked_::{{closure}}::{{closure}}::hf60bee9c1a17ef09
[INFO] [stdout]                                at /rustc/0e09125c6c3c2fd70d7de961bcf0e51575235fad/library/std/src/thread/mod.rs:529:17
[INFO] [stdout]   37:     0x55f224e9efb7 - <core::panic::unwind_safe::AssertUnwindSafe<F> as core::ops::function::FnOnce<()>>::call_once::h33d0dddec5216160
[INFO] [stdout]                                at /rustc/0e09125c6c3c2fd70d7de961bcf0e51575235fad/library/core/src/panic/unwind_safe.rs:272:9
[INFO] [stdout]   38:     0x55f224e9efb7 - std::panicking::try::do_call::h144b3048b546f835
[INFO] [stdout]                                at /rustc/0e09125c6c3c2fd70d7de961bcf0e51575235fad/library/std/src/panicking.rs:552:40
[INFO] [stdout]   39:     0x55f224e9efb7 - std::panicking::try::h978244d04646189f
[INFO] [stdout]                                at /rustc/0e09125c6c3c2fd70d7de961bcf0e51575235fad/library/std/src/panicking.rs:516:19
[INFO] [stdout]   40:     0x55f224e9efb7 - std::panic::catch_unwind::hdf436369d188fe86
[INFO] [stdout]                                at /rustc/0e09125c6c3c2fd70d7de961bcf0e51575235fad/library/std/src/panic.rs:142:14
[INFO] [stdout]   41:     0x55f224e9efb7 - std::thread::Builder::spawn_unchecked_::{{closure}}::h87329cbdd33c79ec
[INFO] [stdout]                                at /rustc/0e09125c6c3c2fd70d7de961bcf0e51575235fad/library/std/src/thread/mod.rs:528:30
[INFO] [stdout]   42:     0x55f224e9efb7 - core::ops::function::FnOnce::call_once{{vtable.shim}}::h401abbe67897d450
[INFO] [stdout]                                at /rustc/0e09125c6c3c2fd70d7de961bcf0e51575235fad/library/core/src/ops/function.rs:250:5
[INFO] [stdout]   43:     0x55f2251bf2d5 - <alloc::boxed::Box<F,A> as core::ops::function::FnOnce<Args>>::call_once::h5d7c8f150ab9c84c
[INFO] [stdout]                                at /rustc/0e09125c6c3c2fd70d7de961bcf0e51575235fad/library/alloc/src/boxed.rs:2015:9
[INFO] [stdout]   44:     0x55f2251bf2d5 - <alloc::boxed::Box<F,A> as core::ops::function::FnOnce<Args>>::call_once::h570d5b005c242c15
[INFO] [stdout]                                at /rustc/0e09125c6c3c2fd70d7de961bcf0e51575235fad/library/alloc/src/boxed.rs:2015:9
[INFO] [stdout]   45:     0x55f2251bf2d5 - std::sys::unix::thread::Thread::new::thread_start::h36b0a20c0b2361ad
[INFO] [stdout]                                at /rustc/0e09125c6c3c2fd70d7de961bcf0e51575235fad/library/std/src/sys/unix/thread.rs:108:17
[INFO] [stdout]   46:     0x7efebb7dbac3 - <unknown>
[INFO] [stdout]   47:     0x7efebb86cbf4 - __clone
[INFO] [stdout]   48:                0x0 - <unknown>
[INFO] [stdout] 
[INFO] [stdout] 
[INFO] [stdout] failures:
[INFO] [stdout]     tests::test_part_two
[INFO] [stdout] 
[INFO] [stdout] test result: FAILED. 1 passed; 1 failed; 0 ignored; 0 measured; 0 filtered out; finished in 0.02s
[INFO] [stdout] 
[INFO] [stderr] error: test failed, to rerun pass `--bin 05`
[INFO] running `Command { std: "docker" "inspect" "cb41efab84a3b6bca47ded11d0e03868191e8eb8b4095514b6d363a837f7e4a3", kill_on_drop: false }`
[INFO] running `Command { std: "docker" "rm" "-f" "cb41efab84a3b6bca47ded11d0e03868191e8eb8b4095514b6d363a837f7e4a3", kill_on_drop: false }`
[INFO] [stdout] cb41efab84a3b6bca47ded11d0e03868191e8eb8b4095514b6d363a837f7e4a3
