[INFO] cloning repository https://github.com/kreangkrai/rust_esp32_actix_postgresql
[INFO] running `Command { std: "git" "-c" "credential.helper=" "-c" "credential.helper=/workspace/cargo-home/bin/git-credential-null" "clone" "--bare" "https://github.com/kreangkrai/rust_esp32_actix_postgresql" "/workspace/cache/git-repos/https%3A%2F%2Fgithub.com%2Fkreangkrai%2Frust_esp32_actix_postgresql", kill_on_drop: false }`
[INFO] [stderr] Cloning into bare repository '/workspace/cache/git-repos/https%3A%2F%2Fgithub.com%2Fkreangkrai%2Frust_esp32_actix_postgresql'...
[INFO] running `Command { std: "git" "rev-parse" "HEAD", kill_on_drop: false }`
[INFO] [stdout] d79102a31791d85275d3835f7904a941c3fa817b
[INFO] testing kreangkrai/rust_esp32_actix_postgresql against 1.75.0 for beta-1.76-1
[INFO] running `Command { std: "git" "clone" "/workspace/cache/git-repos/https%3A%2F%2Fgithub.com%2Fkreangkrai%2Frust_esp32_actix_postgresql" "/workspace/builds/worker-7-tc1/source", kill_on_drop: false }`
[INFO] [stderr] Cloning into '/workspace/builds/worker-7-tc1/source'...
[INFO] [stderr] done.
[INFO] validating manifest of git repo https://github.com/kreangkrai/rust_esp32_actix_postgresql on toolchain 1.75.0
[INFO] running `Command { std: CARGO_HOME="/workspace/cargo-home" RUSTUP_HOME="/workspace/rustup-home" "/workspace/cargo-home/bin/cargo" "+1.75.0" "metadata" "--manifest-path" "Cargo.toml" "--no-deps", kill_on_drop: false }`
[INFO] started tweaking git repo https://github.com/kreangkrai/rust_esp32_actix_postgresql
[INFO] finished tweaking git repo https://github.com/kreangkrai/rust_esp32_actix_postgresql
[INFO] tweaked toml for git repo https://github.com/kreangkrai/rust_esp32_actix_postgresql written to /workspace/builds/worker-7-tc1/source/Cargo.toml
[INFO] crate git repo https://github.com/kreangkrai/rust_esp32_actix_postgresql already has a lockfile, it will not be regenerated
[INFO] running `Command { std: CARGO_HOME="/workspace/cargo-home" RUSTUP_HOME="/workspace/rustup-home" "/workspace/cargo-home/bin/cargo" "+1.75.0" "fetch" "--manifest-path" "Cargo.toml", kill_on_drop: false }`
[INFO] [stderr]  Downloading crates ...
[INFO] [stderr]   Downloaded jsonwebtoken v8.1.0
[INFO] [stderr]   Downloaded deadpool-postgres v0.10.2
[INFO] [stderr]   Downloaded deadpool v0.9.3
[INFO] [stderr]   Downloaded actix-cors v0.6.1
[INFO] [stderr]   Downloaded simple_asn1 v0.6.1
[INFO] running `Command { std: "docker" "create" "-v" "/var/lib/crater-agent-workspace/builds/worker-7-tc1/target:/opt/rustwide/target:rw,Z" "-v" "/var/lib/crater-agent-workspace/builds/worker-7-tc1/source:/opt/rustwide/workdir:ro,Z" "-v" "/var/lib/crater-agent-workspace/cargo-home:/opt/rustwide/cargo-home:ro,Z" "-v" "/var/lib/crater-agent-workspace/rustup-home:/opt/rustwide/rustup-home:ro,Z" "-e" "SOURCE_DIR=/opt/rustwide/workdir" "-e" "CARGO_TARGET_DIR=/opt/rustwide/target" "-e" "CARGO_HOME=/opt/rustwide/cargo-home" "-e" "RUSTUP_HOME=/opt/rustwide/rustup-home" "-w" "/opt/rustwide/workdir" "-m" "1610612736" "--user" "0:0" "--network" "none" "ghcr.io/rust-lang/crates-build-env/linux@sha256:2788e3201cd34a07e3172128adcd8b3090168a8e3bcc40d7c032b9dda1df7d1c" "/opt/rustwide/cargo-home/bin/cargo" "+1.75.0" "metadata" "--no-deps" "--format-version=1", kill_on_drop: false }`
[INFO] [stdout] 5a6370b6921cfb50f59a758d71ff4741c6904b62e7da36a5e09c911fb294bbf3
[INFO] running `Command { std: "docker" "start" "-a" "5a6370b6921cfb50f59a758d71ff4741c6904b62e7da36a5e09c911fb294bbf3", kill_on_drop: false }`
[INFO] running `Command { std: "docker" "inspect" "5a6370b6921cfb50f59a758d71ff4741c6904b62e7da36a5e09c911fb294bbf3", kill_on_drop: false }`
[INFO] running `Command { std: "docker" "rm" "-f" "5a6370b6921cfb50f59a758d71ff4741c6904b62e7da36a5e09c911fb294bbf3", kill_on_drop: false }`
[INFO] [stdout] 5a6370b6921cfb50f59a758d71ff4741c6904b62e7da36a5e09c911fb294bbf3
[INFO] running `Command { std: "docker" "create" "-v" "/var/lib/crater-agent-workspace/builds/worker-7-tc1/target:/opt/rustwide/target:rw,Z" "-v" "/var/lib/crater-agent-workspace/builds/worker-7-tc1/source:/opt/rustwide/workdir:ro,Z" "-v" "/var/lib/crater-agent-workspace/cargo-home:/opt/rustwide/cargo-home:ro,Z" "-v" "/var/lib/crater-agent-workspace/rustup-home:/opt/rustwide/rustup-home:ro,Z" "-e" "SOURCE_DIR=/opt/rustwide/workdir" "-e" "CARGO_TARGET_DIR=/opt/rustwide/target" "-e" "CARGO_INCREMENTAL=0" "-e" "RUST_BACKTRACE=full" "-e" "RUSTFLAGS=--cap-lints=warn" "-e" "RUSTDOCFLAGS=--cap-lints=warn" "-e" "CARGO_HOME=/opt/rustwide/cargo-home" "-e" "RUSTUP_HOME=/opt/rustwide/rustup-home" "-w" "/opt/rustwide/workdir" "-m" "1610612736" "--user" "0:0" "--network" "none" "ghcr.io/rust-lang/crates-build-env/linux@sha256:2788e3201cd34a07e3172128adcd8b3090168a8e3bcc40d7c032b9dda1df7d1c" "/opt/rustwide/cargo-home/bin/cargo" "+1.75.0" "build" "--frozen" "--message-format=json", kill_on_drop: false }`
[INFO] [stdout] 83b3b1b0a15afa7dc377c67fcd02d5426ca134417c52aec8c66a438ffb2dab9a
[INFO] running `Command { std: "docker" "start" "-a" "83b3b1b0a15afa7dc377c67fcd02d5426ca134417c52aec8c66a438ffb2dab9a", kill_on_drop: false }`
[INFO] [stderr]    Compiling libc v0.2.119
[INFO] [stderr]    Compiling cfg-if v1.0.0
[INFO] [stderr]    Compiling proc-macro2 v1.0.36
[INFO] [stderr]    Compiling unicode-xid v0.2.2
[INFO] [stderr]    Compiling memchr v2.4.1
[INFO] [stderr]    Compiling syn v1.0.86
[INFO] [stderr]    Compiling version_check v0.9.4
[INFO] [stderr]    Compiling bytes v1.1.0
[INFO] [stderr]    Compiling autocfg v1.1.0
[INFO] [stderr]    Compiling pin-project-lite v0.2.8
[INFO] [stderr]    Compiling futures-core v0.3.21
[INFO] [stderr]    Compiling once_cell v1.10.0
[INFO] [stderr]    Compiling typenum v1.15.0
[INFO] [stderr]    Compiling log v0.4.14
[INFO] [stderr]    Compiling smallvec v1.8.0
[INFO] [stderr]    Compiling ppv-lite86 v0.2.16
[INFO] [stderr]    Compiling scopeguard v1.1.0
[INFO] [stderr]    Compiling futures-sink v0.3.21
[INFO] [stderr]    Compiling lock_api v0.4.6
[INFO] [stderr]    Compiling parking_lot_core v0.9.1
[INFO] [stderr]    Compiling subtle v2.4.1
[INFO] [stderr]    Compiling base64 v0.13.0
[INFO] [stderr]    Compiling futures-task v0.3.21
[INFO] [stderr]    Compiling tinyvec_macros v0.1.0
[INFO] [stderr]    Compiling futures-channel v0.3.21
[INFO] [stderr]    Compiling tinyvec v1.5.1
[INFO] [stderr]    Compiling serde_derive v1.0.136
[INFO] [stderr]    Compiling itoa v1.0.1
[INFO] [stderr]    Compiling generic-array v0.14.5
[INFO] [stderr]    Compiling futures-util v0.3.21
[INFO] [stderr]    Compiling pin-utils v0.1.0
[INFO] [stderr]    Compiling cpufeatures v0.2.1
[INFO] [stderr]    Compiling unicode-bidi v0.3.7
[INFO] [stderr]    Compiling slab v0.4.5
[INFO] [stderr]    Compiling futures-io v0.3.21
[INFO] [stderr]    Compiling serde v1.0.136
[INFO] [stderr]    Compiling percent-encoding v2.1.0
[INFO] [stderr]    Compiling num-traits v0.2.14
[INFO] [stderr]    Compiling num-integer v0.1.44
[INFO] [stderr]    Compiling ahash v0.7.6
[INFO] [stderr]    Compiling async-trait v0.1.52
[INFO] [stderr]    Compiling byteorder v1.4.3
[INFO] [stderr]    Compiling fallible-iterator v0.2.0
[INFO] [stderr]    Compiling parking_lot_core v0.8.5
[INFO] [stderr]    Compiling fnv v1.0.7
[INFO] [stderr]    Compiling quote v1.0.15
[INFO] [stderr]    Compiling lazy_static v1.4.0
[INFO] [stderr]    Compiling http v0.2.6
[INFO] [stderr]    Compiling aho-corasick v0.7.18
[INFO] [stderr]    Compiling instant v0.1.12
[INFO] [stderr]    Compiling regex-syntax v0.6.25
[INFO] [stderr]    Compiling getrandom v0.2.5
[INFO] [stderr]    Compiling socket2 v0.4.4
[INFO] [stderr]    Compiling signal-hook-registry v1.4.0
[INFO] [stderr]    Compiling mio v0.8.1
[INFO] [stderr]    Compiling jobserver v0.1.24
[INFO] [stderr]    Compiling rand_core v0.6.3
[INFO] [stderr]    Compiling unicode-normalization v0.1.19
[INFO] [stderr]    Compiling siphasher v0.3.10
[INFO] [stderr]    Compiling parking_lot v0.12.0
[INFO] [stderr]    Compiling rand_chacha v0.3.1
[INFO] [stderr]    Compiling cc v1.0.73
[INFO] [stderr]    Compiling phf_shared v0.10.0
[INFO] [stderr]    Compiling tokio v1.17.0
[INFO] [stderr]    Compiling tracing-core v0.1.23
[INFO] [stderr]    Compiling rand v0.8.5
[INFO] [stderr]    Compiling bytestring v1.0.0
[INFO] [stderr]    Compiling miniz_oxide v0.4.4
[INFO] [stderr]    Compiling indexmap v1.8.0
[INFO] [stderr]    Compiling matches v0.1.9
[INFO] [stderr]    Compiling zstd-safe v4.1.4+zstd.1.5.2
[INFO] [stderr]    Compiling alloc-no-stdlib v2.0.3
[INFO] [stderr]    Compiling block-buffer v0.10.2
[INFO] [stderr]    Compiling crypto-common v0.1.3
[INFO] [stderr]    Compiling stringprep v0.1.2
[INFO] [stderr]    Compiling time-macros v0.2.3
[INFO] [stderr]    Compiling local-waker v0.1.2
[INFO] [stderr]    Compiling ucd-trie v0.1.3
[INFO] [stderr]    Compiling digest v0.10.3
[INFO] [stderr]    Compiling num_threads v0.1.4
[INFO] [stderr]    Compiling ryu v1.0.9
[INFO] [stderr]    Compiling serde_json v1.0.79
[INFO] [stderr]    Compiling sha2 v0.10.2
[INFO] [stderr]    Compiling md-5 v0.10.1
[INFO] [stderr]    Compiling hmac v0.12.1
[INFO] [stderr]    Compiling quickcheck v1.0.3
[INFO] [stderr]    Compiling crc32fast v1.3.2
[INFO] [stderr]    Compiling bitflags v1.3.2
[INFO] [stderr]    Compiling pest v2.1.3
[INFO] [stderr]    Compiling zstd-sys v1.6.3+zstd.1.5.2
[INFO] [stderr]    Compiling alloc-stdlib v0.2.1
[INFO] [stderr]    Compiling regex v1.5.5
[INFO] [stderr]    Compiling tracing v0.1.32
[INFO] [stderr]    Compiling parking_lot v0.11.2
[INFO] [stderr]    Compiling phf v0.10.1
[INFO] [stderr]    Compiling num_cpus v1.13.1
[INFO] [stderr]    Compiling time v0.1.44
[INFO] [stderr]    Compiling firestorm v0.5.0
[INFO] [stderr]    Compiling httparse v1.6.0
[INFO] [stderr]    Compiling paste v1.0.6
[INFO] [stderr]    Compiling hashbrown v0.11.2
[INFO] [stderr]    Compiling maplit v1.0.2
[INFO] [stderr]    Compiling adler v1.0.2
[INFO] [stderr]    Compiling encoding_rs v0.8.30
[INFO] [stderr]    Compiling pest_meta v2.1.3
[INFO] [stderr]    Compiling chrono v0.4.19
[INFO] [stderr]    Compiling brotli-decompressor v2.3.2
[INFO] [stderr]    Compiling postgres-protocol v0.6.3
[INFO] [stderr]    Compiling actix-service v2.0.2
[INFO] [stderr]    Compiling time v0.3.7
[INFO] [stderr]    Compiling actix-utils v3.0.0
[INFO] [stderr]    Compiling form_urlencoded v1.0.1
[INFO] [stderr]    Compiling cookie v0.16.0
[INFO] [stderr]    Compiling num-bigint v0.4.3
[INFO] [stderr]    Compiling convert_case v0.4.0
[INFO] [stderr]    Compiling postgres-types v0.2.2
[INFO] [stderr]    Compiling flate2 v1.0.22
[INFO] [stderr]    Compiling brotli v3.3.3
[INFO] [stderr]    Compiling pest_generator v2.1.3
[INFO] [stderr]    Compiling ring v0.16.20
[INFO] [stderr]    Compiling sha-1 v0.10.0
[INFO] [stderr]    Compiling idna v0.2.3
[INFO] [stderr]    Compiling hashbrown v0.12.0
[INFO] [stderr]    Compiling tokio-util v0.6.9
[INFO] [stderr]    Compiling actix-rt v2.7.0
[INFO] [stderr]    Compiling tokio-util v0.7.0
[INFO] [stderr]    Compiling mime v0.3.16
[INFO] [stderr]    Compiling httpdate v1.0.2
[INFO] [stderr]    Compiling dlv-list v0.3.0
[INFO] [stderr]    Compiling language-tags v0.3.2
[INFO] [stderr]    Compiling url v2.2.2
[INFO] [stderr]    Compiling ordered-multimap v0.4.3
[INFO] [stderr]    Compiling deadpool-runtime v0.1.2
[INFO] [stderr]    Compiling actix-codec v0.5.0
[INFO] [stderr]    Compiling untrusted v0.7.1
[INFO] [stderr]    Compiling linked-hash-map v0.5.4
[INFO] [stderr]    Compiling spin v0.5.2
[INFO] [stderr]    Compiling retain_mut v0.1.7
[INFO] [stderr]    Compiling minimal-lexical v0.2.1
[INFO] [stderr]    Compiling yaml-rust v0.4.5
[INFO] [stderr]    Compiling rust-ini v0.18.0
[INFO] [stderr]    Compiling nom v7.1.1
[INFO] [stderr]    Compiling atty v0.2.14
[INFO] [stderr]    Compiling pem v1.0.2
[INFO] [stderr]    Compiling termcolor v1.1.3
[INFO] [stderr]    Compiling pathdiff v0.2.1
[INFO] [stderr]    Compiling humantime v2.1.0
[INFO] [stderr]    Compiling dotenv v0.15.0
[INFO] [stderr]    Compiling actix-router v0.5.0
[INFO] [stderr]    Compiling env_logger v0.9.0
[INFO] [stderr]    Compiling futures-macro v0.3.21
[INFO] [stderr]    Compiling thiserror-impl v1.0.30
[INFO] [stderr]    Compiling derive_more v0.99.17
[INFO] [stderr]    Compiling actix-macros v0.2.3
[INFO] [stderr]    Compiling pest_derive v2.1.0
[INFO] [stderr]    Compiling actix-web-codegen v4.0.0
[INFO] [stderr]    Compiling thiserror v1.0.30
[INFO] [stderr]    Compiling simple_asn1 v0.6.1
[INFO] [stderr]    Compiling futures-executor v0.3.21
[INFO] [stderr]    Compiling local-channel v0.1.2
[INFO] [stderr]    Compiling futures v0.3.21
[INFO] [stderr]    Compiling h2 v0.3.12
[INFO] [stderr]    Compiling tokio-postgres v0.7.5
[INFO] [stderr]    Compiling actix-server v2.1.1
[INFO] [stderr]    Compiling tokio-pg-mapper v0.2.0
[INFO] [stderr]    Compiling serde_urlencoded v0.7.1
[INFO] [stderr]    Compiling toml v0.5.9
[INFO] [stderr]    Compiling deadpool v0.9.3
[INFO] [stderr]    Compiling json5 v0.4.1
[INFO] [stderr]    Compiling ron v0.7.0
[INFO] [stderr]    Compiling tokio-pg-mapper-derive v0.2.0
[INFO] [stderr]    Compiling deadpool-postgres v0.10.2
[INFO] [stderr]    Compiling jsonwebtoken v8.1.0
[INFO] [stderr]    Compiling config v0.13.1
[INFO] [stderr]    Compiling zstd v0.10.0+zstd.1.5.2
[INFO] [stderr]    Compiling actix-http v3.0.4
[INFO] [stderr]    Compiling actix-web v4.0.1
[INFO] [stderr]    Compiling actix-cors v0.6.1
[INFO] [stderr]    Compiling rust_esp32_actix_postgresql v0.1.0 (/opt/rustwide/workdir)
[INFO] [stderr]     Finished dev [unoptimized + debuginfo] target(s) in 29.63s
[INFO] running `Command { std: "docker" "inspect" "83b3b1b0a15afa7dc377c67fcd02d5426ca134417c52aec8c66a438ffb2dab9a", kill_on_drop: false }`
[INFO] running `Command { std: "docker" "rm" "-f" "83b3b1b0a15afa7dc377c67fcd02d5426ca134417c52aec8c66a438ffb2dab9a", kill_on_drop: false }`
[INFO] [stdout] 83b3b1b0a15afa7dc377c67fcd02d5426ca134417c52aec8c66a438ffb2dab9a
[INFO] running `Command { std: "docker" "create" "-v" "/var/lib/crater-agent-workspace/builds/worker-7-tc1/target:/opt/rustwide/target:rw,Z" "-v" "/var/lib/crater-agent-workspace/builds/worker-7-tc1/source:/opt/rustwide/workdir:ro,Z" "-v" "/var/lib/crater-agent-workspace/cargo-home:/opt/rustwide/cargo-home:ro,Z" "-v" "/var/lib/crater-agent-workspace/rustup-home:/opt/rustwide/rustup-home:ro,Z" "-e" "SOURCE_DIR=/opt/rustwide/workdir" "-e" "CARGO_TARGET_DIR=/opt/rustwide/target" "-e" "CARGO_INCREMENTAL=0" "-e" "RUST_BACKTRACE=full" "-e" "RUSTFLAGS=--cap-lints=warn" "-e" "RUSTDOCFLAGS=--cap-lints=warn" "-e" "CARGO_HOME=/opt/rustwide/cargo-home" "-e" "RUSTUP_HOME=/opt/rustwide/rustup-home" "-w" "/opt/rustwide/workdir" "-m" "1610612736" "--user" "0:0" "--network" "none" "ghcr.io/rust-lang/crates-build-env/linux@sha256:2788e3201cd34a07e3172128adcd8b3090168a8e3bcc40d7c032b9dda1df7d1c" "/opt/rustwide/cargo-home/bin/cargo" "+1.75.0" "test" "--frozen" "--no-run" "--message-format=json", kill_on_drop: false }`
[INFO] [stdout] d8152219c4a6d34fe16a32e8df086b69bca88068259a3346398b992ab6cac9ed
[INFO] running `Command { std: "docker" "start" "-a" "d8152219c4a6d34fe16a32e8df086b69bca88068259a3346398b992ab6cac9ed", kill_on_drop: false }`
[INFO] [stderr]    Compiling rust_esp32_actix_postgresql v0.1.0 (/opt/rustwide/workdir)
[INFO] [stderr]     Finished test [unoptimized + debuginfo] target(s) in 3.28s
[INFO] running `Command { std: "docker" "inspect" "d8152219c4a6d34fe16a32e8df086b69bca88068259a3346398b992ab6cac9ed", kill_on_drop: false }`
[INFO] running `Command { std: "docker" "rm" "-f" "d8152219c4a6d34fe16a32e8df086b69bca88068259a3346398b992ab6cac9ed", kill_on_drop: false }`
[INFO] [stdout] d8152219c4a6d34fe16a32e8df086b69bca88068259a3346398b992ab6cac9ed
[INFO] running `Command { std: "docker" "create" "-v" "/var/lib/crater-agent-workspace/builds/worker-7-tc1/target:/opt/rustwide/target:rw,Z" "-v" "/var/lib/crater-agent-workspace/builds/worker-7-tc1/source:/opt/rustwide/workdir:ro,Z" "-v" "/var/lib/crater-agent-workspace/cargo-home:/opt/rustwide/cargo-home:ro,Z" "-v" "/var/lib/crater-agent-workspace/rustup-home:/opt/rustwide/rustup-home:ro,Z" "-e" "SOURCE_DIR=/opt/rustwide/workdir" "-e" "CARGO_TARGET_DIR=/opt/rustwide/target" "-e" "CARGO_INCREMENTAL=0" "-e" "RUST_BACKTRACE=full" "-e" "RUSTFLAGS=--cap-lints=warn" "-e" "RUSTDOCFLAGS=--cap-lints=warn" "-e" "CARGO_HOME=/opt/rustwide/cargo-home" "-e" "RUSTUP_HOME=/opt/rustwide/rustup-home" "-w" "/opt/rustwide/workdir" "-m" "1610612736" "--user" "0:0" "--network" "none" "ghcr.io/rust-lang/crates-build-env/linux@sha256:2788e3201cd34a07e3172128adcd8b3090168a8e3bcc40d7c032b9dda1df7d1c" "/opt/rustwide/cargo-home/bin/cargo" "+1.75.0" "test" "--frozen", kill_on_drop: false }`
[INFO] [stdout] 42d51f04b2da5c42bd49e588bc50fad770b4e00f93556272deb3606f8762be22
[INFO] running `Command { std: "docker" "start" "-a" "42d51f04b2da5c42bd49e588bc50fad770b4e00f93556272deb3606f8762be22", kill_on_drop: false }`
[INFO] [stderr]     Finished test [unoptimized + debuginfo] target(s) in 0.12s
[INFO] [stderr]      Running unittests src/lib.rs (/opt/rustwide/target/debug/deps/rust_esp32_actix_postgresql-1238ff5c0f486141)
[INFO] [stdout] 
[INFO] [stdout] running 4 tests
[INFO] [stdout] test tests::data_test::unit_tests::test_gets_not_ok ... ok
[INFO] [stdout] test tests::data_test::integration_tests::test_post ... ok
[INFO] [stdout] test tests::data_test::unit_tests::test_gets_ok ... FAILED
[INFO] [stdout] test tests::data_test::integration_tests::test_get ... FAILED
[INFO] [stdout] 
[INFO] [stdout] failures:
[INFO] [stdout] 
[INFO] [stdout] ---- tests::data_test::unit_tests::test_gets_ok stdout ----
[INFO] [stdout] thread 'tests::data_test::unit_tests::test_gets_ok' panicked at src/tests/data_test.rs:12:9:
[INFO] [stdout] assertion `left == right` failed
[INFO] [stdout]   left: 400
[INFO] [stdout]  right: 200
[INFO] [stdout] stack backtrace:
[INFO] [stdout]    0:     0x5644a2069f6c - std::backtrace_rs::backtrace::libunwind::trace::ha637c64ce894333a
[INFO] [stdout]                                at /rustc/82e1608dfa6e0b5569232559e3d385fea5a93112/library/std/src/../../backtrace/src/backtrace/libunwind.rs:104:5
[INFO] [stdout]    1:     0x5644a2069f6c - std::backtrace_rs::backtrace::trace_unsynchronized::h47f62dea28e0c88d
[INFO] [stdout]                                at /rustc/82e1608dfa6e0b5569232559e3d385fea5a93112/library/std/src/../../backtrace/src/backtrace/mod.rs:66:5
[INFO] [stdout]    2:     0x5644a2069f6c - std::sys_common::backtrace::_print_fmt::h9eef0abe20ede486
[INFO] [stdout]                                at /rustc/82e1608dfa6e0b5569232559e3d385fea5a93112/library/std/src/sys_common/backtrace.rs:67:5
[INFO] [stdout]    3:     0x5644a2069f6c - <std::sys_common::backtrace::_print::DisplayBacktrace as core::fmt::Display>::fmt::hed7f999df88cc644
[INFO] [stdout]                                at /rustc/82e1608dfa6e0b5569232559e3d385fea5a93112/library/std/src/sys_common/backtrace.rs:44:22
[INFO] [stdout]    4:     0x5644a2095c90 - core::fmt::rt::Argument::fmt::h1539a9308b8d058d
[INFO] [stdout]                                at /rustc/82e1608dfa6e0b5569232559e3d385fea5a93112/library/core/src/fmt/rt.rs:142:9
[INFO] [stdout]    5:     0x5644a2095c90 - core::fmt::write::h3a39390d8560d9c9
[INFO] [stdout]                                at /rustc/82e1608dfa6e0b5569232559e3d385fea5a93112/library/core/src/fmt/mod.rs:1120:17
[INFO] [stdout]    6:     0x5644a206703f - std::io::Write::write_fmt::h040b369f3a0f9cbc
[INFO] [stdout]                                at /rustc/82e1608dfa6e0b5569232559e3d385fea5a93112/library/std/src/io/mod.rs:1762:15
[INFO] [stdout]    7:     0x5644a2069d54 - std::sys_common::backtrace::_print::h894006fb5c6f3d45
[INFO] [stdout]                                at /rustc/82e1608dfa6e0b5569232559e3d385fea5a93112/library/std/src/sys_common/backtrace.rs:47:5
[INFO] [stdout]    8:     0x5644a2069d54 - std::sys_common::backtrace::print::h23a2d212c6fff936
[INFO] [stdout]                                at /rustc/82e1608dfa6e0b5569232559e3d385fea5a93112/library/std/src/sys_common/backtrace.rs:34:9
[INFO] [stdout]    9:     0x5644a206ba17 - std::panicking::default_hook::{{closure}}::h8a1d2ee00185001a
[INFO] [stdout]   10:     0x5644a206b703 - std::panicking::default_hook::h6038f2eba384e475
[INFO] [stdout]                                at /rustc/82e1608dfa6e0b5569232559e3d385fea5a93112/library/std/src/panicking.rs:289:9
[INFO] [stdout]   11:     0x5644a1c30907 - <alloc::boxed::Box<F,A> as core::ops::function::Fn<Args>>::call::h0ad024c9bdc6d768
[INFO] [stdout]                                at /rustc/82e1608dfa6e0b5569232559e3d385fea5a93112/library/alloc/src/boxed.rs:2021:9
[INFO] [stdout]   12:     0x5644a1c30907 - test::test_main::{{closure}}::h7500b54257359db6
[INFO] [stdout]                                at /rustc/82e1608dfa6e0b5569232559e3d385fea5a93112/library/test/src/lib.rs:138:21
[INFO] [stdout]   13:     0x5644a206c028 - <alloc::boxed::Box<F,A> as core::ops::function::Fn<Args>>::call::h1f8f335eaa9cfaee
[INFO] [stdout]                                at /rustc/82e1608dfa6e0b5569232559e3d385fea5a93112/library/alloc/src/boxed.rs:2021:9
[INFO] [stdout]   14:     0x5644a206c028 - std::panicking::rust_panic_with_hook::h2b5517d590cab22e
[INFO] [stdout]                                at /rustc/82e1608dfa6e0b5569232559e3d385fea5a93112/library/std/src/panicking.rs:783:13
[INFO] [stdout]   15:     0x5644a206bd7e - std::panicking::begin_panic_handler::{{closure}}::h233112c06e0ef43e
[INFO] [stdout]                                at /rustc/82e1608dfa6e0b5569232559e3d385fea5a93112/library/std/src/panicking.rs:657:13
[INFO] [stdout]   16:     0x5644a206a436 - std::sys_common::backtrace::__rust_end_short_backtrace::h6e893f24d7ebbff8
[INFO] [stdout]                                at /rustc/82e1608dfa6e0b5569232559e3d385fea5a93112/library/std/src/sys_common/backtrace.rs:170:18
[INFO] [stdout]   17:     0x5644a206bae2 - rust_begin_unwind
[INFO] [stdout]                                at /rustc/82e1608dfa6e0b5569232559e3d385fea5a93112/library/std/src/panicking.rs:645:5
[INFO] [stdout]   18:     0x5644a1b8b445 - core::panicking::panic_fmt::hbf0e066aabfa482c
[INFO] [stdout]                                at /rustc/82e1608dfa6e0b5569232559e3d385fea5a93112/library/core/src/panicking.rs:72:14
[INFO] [stdout]   19:     0x5644a1b8b89b - core::panicking::assert_failed_inner::h0bba8b7c26ee4492
[INFO] [stdout]   20:     0x5644a1bc943e - core::panicking::assert_failed::hafef62491f035d0e
[INFO] [stdout]                                at /rustc/82e1608dfa6e0b5569232559e3d385fea5a93112/library/core/src/panicking.rs:279:5
[INFO] [stdout]   21:     0x5644a1be965f - rust_esp32_actix_postgresql::tests::data_test::unit_tests::test_gets_ok::{{closure}}::h6b79d7b0578dc392
[INFO] [stdout]                                at /opt/rustwide/workdir/src/tests/data_test.rs:12:9
[INFO] [stdout]   22:     0x5644a1bd19f0 - <tokio::task::local::RunUntil<T> as core::future::future::Future>::poll::{{closure}}::{{closure}}::h70ec5f003402b10a
[INFO] [stdout]                                at /opt/rustwide/cargo-home/registry/src/index.crates.io-6f17d22bba15001f/tokio-1.17.0/src/task/local.rs:644:65
[INFO] [stdout]   23:     0x5644a1bb7560 - tokio::coop::with_budget::{{closure}}::hac87debd79af89e4
[INFO] [stdout]                                at /opt/rustwide/cargo-home/registry/src/index.crates.io-6f17d22bba15001f/tokio-1.17.0/src/coop.rs:102:9
[INFO] [stdout]   24:     0x5644a1bd416e - std::thread::local::LocalKey<T>::try_with::h95f06289fa25b818
[INFO] [stdout]                                at /rustc/82e1608dfa6e0b5569232559e3d385fea5a93112/library/std/src/thread/local.rs:270:16
[INFO] [stdout]   25:     0x5644a1bd2afa - std::thread::local::LocalKey<T>::with::h35278c3cd15174fb
[INFO] [stdout]                                at /rustc/82e1608dfa6e0b5569232559e3d385fea5a93112/library/std/src/thread/local.rs:246:9
[INFO] [stdout]   26:     0x5644a1bd13cb - tokio::coop::with_budget::h11812153c287f276
[INFO] [stdout]                                at /opt/rustwide/cargo-home/registry/src/index.crates.io-6f17d22bba15001f/tokio-1.17.0/src/coop.rs:95:5
[INFO] [stdout]   27:     0x5644a1bd13cb - tokio::coop::budget::h533212362e250ac4
[INFO] [stdout]                                at /opt/rustwide/cargo-home/registry/src/index.crates.io-6f17d22bba15001f/tokio-1.17.0/src/coop.rs:72:5
[INFO] [stdout]   28:     0x5644a1bd13cb - <tokio::task::local::RunUntil<T> as core::future::future::Future>::poll::{{closure}}::h85a640a21a581a2c
[INFO] [stdout]                                at /opt/rustwide/cargo-home/registry/src/index.crates.io-6f17d22bba15001f/tokio-1.17.0/src/task/local.rs:644:42
[INFO] [stdout]   29:     0x5644a1baaa77 - tokio::macros::scoped_tls::ScopedKey<T>::set::h434d99e857c3326a
[INFO] [stdout]                                at /opt/rustwide/cargo-home/registry/src/index.crates.io-6f17d22bba15001f/tokio-1.17.0/src/macros/scoped_tls.rs:61:9
[INFO] [stdout]   30:     0x5644a1bcffc7 - tokio::task::local::LocalSet::with::hcf7abf63ccb900d0
[INFO] [stdout]                                at /opt/rustwide/cargo-home/registry/src/index.crates.io-6f17d22bba15001f/tokio-1.17.0/src/task/local.rs:561:9
[INFO] [stdout]   31:     0x5644a1bd0f4a - <tokio::task::local::RunUntil<T> as core::future::future::Future>::poll::h4b160b58bd610930
[INFO] [stdout]                                at /opt/rustwide/cargo-home/registry/src/index.crates.io-6f17d22bba15001f/tokio-1.17.0/src/task/local.rs:634:9
[INFO] [stdout]   32:     0x5644a1bd04d1 - tokio::task::local::LocalSet::run_until::{{closure}}::h310a0199c437e784
[INFO] [stdout]                                at /opt/rustwide/cargo-home/registry/src/index.crates.io-6f17d22bba15001f/tokio-1.17.0/src/task/local.rs:507:19
[INFO] [stdout]   33:     0x5644a1bca0fb - <core::pin::Pin<P> as core::future::future::Future>::poll::h92a87facf8caedd4
[INFO] [stdout]                                at /rustc/82e1608dfa6e0b5569232559e3d385fea5a93112/library/core/src/future/future.rs:125:9
[INFO] [stdout]   34:     0x5644a1bf2904 - tokio::runtime::basic_scheduler::CoreGuard::block_on::{{closure}}::{{closure}}::{{closure}}::hbc0009ef28562f64
[INFO] [stdout]                                at /opt/rustwide/cargo-home/registry/src/index.crates.io-6f17d22bba15001f/tokio-1.17.0/src/runtime/basic_scheduler.rs:498:48
[INFO] [stdout]   35:     0x5644a1bb6f70 - tokio::coop::with_budget::{{closure}}::h9da8fd01346ff8a5
[INFO] [stdout]                                at /opt/rustwide/cargo-home/registry/src/index.crates.io-6f17d22bba15001f/tokio-1.17.0/src/coop.rs:102:9
[INFO] [stdout]   36:     0x5644a1bd527e - std::thread::local::LocalKey<T>::try_with::hf6a8aa4d542343d1
[INFO] [stdout]                                at /rustc/82e1608dfa6e0b5569232559e3d385fea5a93112/library/std/src/thread/local.rs:270:16
[INFO] [stdout]   37:     0x5644a1bd2dfa - std::thread::local::LocalKey<T>::with::hb9aeb87fdd23d15e
[INFO] [stdout]                                at /rustc/82e1608dfa6e0b5569232559e3d385fea5a93112/library/std/src/thread/local.rs:246:9
[INFO] [stdout]   38:     0x5644a1bf2826 - tokio::coop::with_budget::hd50403f7c3cf7ab4
[INFO] [stdout]                                at /opt/rustwide/cargo-home/registry/src/index.crates.io-6f17d22bba15001f/tokio-1.17.0/src/coop.rs:95:5
[INFO] [stdout]   39:     0x5644a1bf2826 - tokio::coop::budget::h2bde41b6b14c46df
[INFO] [stdout]                                at /opt/rustwide/cargo-home/registry/src/index.crates.io-6f17d22bba15001f/tokio-1.17.0/src/coop.rs:72:5
[INFO] [stdout]   40:     0x5644a1bf2826 - tokio::runtime::basic_scheduler::CoreGuard::block_on::{{closure}}::{{closure}}::hf7596b1a6c060934
[INFO] [stdout]                                at /opt/rustwide/cargo-home/registry/src/index.crates.io-6f17d22bba15001f/tokio-1.17.0/src/runtime/basic_scheduler.rs:498:25
[INFO] [stdout]   41:     0x5644a1bedd9c - tokio::runtime::basic_scheduler::Context::enter::hb0b790dce9324885
[INFO] [stdout]                                at /opt/rustwide/cargo-home/registry/src/index.crates.io-6f17d22bba15001f/tokio-1.17.0/src/runtime/basic_scheduler.rs:356:19
[INFO] [stdout]   42:     0x5644a1bf0e86 - tokio::runtime::basic_scheduler::CoreGuard::block_on::{{closure}}::h7bc575325a268f52
[INFO] [stdout]                                at /opt/rustwide/cargo-home/registry/src/index.crates.io-6f17d22bba15001f/tokio-1.17.0/src/runtime/basic_scheduler.rs:497:36
[INFO] [stdout]   43:     0x5644a1bf036b - tokio::runtime::basic_scheduler::CoreGuard::enter::{{closure}}::h383c6f7013321ab6
[INFO] [stdout]                                at /opt/rustwide/cargo-home/registry/src/index.crates.io-6f17d22bba15001f/tokio-1.17.0/src/runtime/basic_scheduler.rs:555:57
[INFO] [stdout]   44:     0x5644a1baafc7 - tokio::macros::scoped_tls::ScopedKey<T>::set::hec64d2dd63afdce3
[INFO] [stdout]                                at /opt/rustwide/cargo-home/registry/src/index.crates.io-6f17d22bba15001f/tokio-1.17.0/src/macros/scoped_tls.rs:61:9
[INFO] [stdout]   45:     0x5644a1bef57c - tokio::runtime::basic_scheduler::CoreGuard::enter::h1197020c6025f2a0
[INFO] [stdout]                                at /opt/rustwide/cargo-home/registry/src/index.crates.io-6f17d22bba15001f/tokio-1.17.0/src/runtime/basic_scheduler.rs:555:27
[INFO] [stdout]   46:     0x5644a1bf0428 - tokio::runtime::basic_scheduler::CoreGuard::block_on::hbcead738c1f181bc
[INFO] [stdout]                                at /opt/rustwide/cargo-home/registry/src/index.crates.io-6f17d22bba15001f/tokio-1.17.0/src/runtime/basic_scheduler.rs:488:9
[INFO] [stdout]   47:     0x5644a1bebbab - tokio::runtime::basic_scheduler::BasicScheduler::block_on::h0f0b2bfde4f47b72
[INFO] [stdout]                                at /opt/rustwide/cargo-home/registry/src/index.crates.io-6f17d22bba15001f/tokio-1.17.0/src/runtime/basic_scheduler.rs:168:24
[INFO] [stdout]   48:     0x5644a1be775c - tokio::runtime::Runtime::block_on::h65f75d35629670f3
[INFO] [stdout]                                at /opt/rustwide/cargo-home/registry/src/index.crates.io-6f17d22bba15001f/tokio-1.17.0/src/runtime/mod.rs:475:46
[INFO] [stdout]   49:     0x5644a1bd015f - tokio::task::local::LocalSet::block_on::h98748a659395ecc3
[INFO] [stdout]                                at /opt/rustwide/cargo-home/registry/src/index.crates.io-6f17d22bba15001f/tokio-1.17.0/src/task/local.rs:468:9
[INFO] [stdout]   50:     0x5644a1bacdb4 - actix_rt::runtime::Runtime::block_on::h974818c14f811abd
[INFO] [stdout]                                at /opt/rustwide/cargo-home/registry/src/index.crates.io-6f17d22bba15001f/actix-rt-2.7.0/src/runtime.rs:80:9
[INFO] [stdout]   51:     0x5644a1bba00e - actix_rt::system::SystemRunner::block_on::h848864fb1ff972e8
[INFO] [stdout]                                at /opt/rustwide/cargo-home/registry/src/index.crates.io-6f17d22bba15001f/actix-rt-2.7.0/src/system.rs:209:9
[INFO] [stdout]   52:     0x5644a1be921c - rust_esp32_actix_postgresql::tests::data_test::unit_tests::test_gets_ok::he0e89cf77a38cc7b
[INFO] [stdout]                                at /opt/rustwide/workdir/src/tests/data_test.rs:6:1
[INFO] [stdout]   53:     0x5644a1be91c7 - rust_esp32_actix_postgresql::tests::data_test::unit_tests::test_gets_ok::{{closure}}::h2378a450bb9331d5
[INFO] [stdout]                                at /opt/rustwide/workdir/src/tests/data_test.rs:7:28
[INFO] [stdout]   54:     0x5644a1b8c0c6 - core::ops::function::FnOnce::call_once::h59f6c9a60aba258b
[INFO] [stdout]                                at /rustc/82e1608dfa6e0b5569232559e3d385fea5a93112/library/core/src/ops/function.rs:250:5
[INFO] [stdout]   55:     0x5644a1c35f5f - core::ops::function::FnOnce::call_once::h2b5d431d5046312d
[INFO] [stdout]                                at /rustc/82e1608dfa6e0b5569232559e3d385fea5a93112/library/core/src/ops/function.rs:250:5
[INFO] [stdout]   56:     0x5644a1c35f5f - test::__rust_begin_short_backtrace::h7714669af176e207
[INFO] [stdout]                                at /rustc/82e1608dfa6e0b5569232559e3d385fea5a93112/library/test/src/lib.rs:628:18
[INFO] [stdout]   57:     0x5644a1c34f75 - test::run_test_in_process::{{closure}}::h85218797dcbcec12
[INFO] [stdout]                                at /rustc/82e1608dfa6e0b5569232559e3d385fea5a93112/library/test/src/lib.rs:651:60
[INFO] [stdout]   58:     0x5644a1c34f75 - <core::panic::unwind_safe::AssertUnwindSafe<F> as core::ops::function::FnOnce<()>>::call_once::h76c106ea31c14d7b
[INFO] [stdout]                                at /rustc/82e1608dfa6e0b5569232559e3d385fea5a93112/library/core/src/panic/unwind_safe.rs:272:9
[INFO] [stdout]   59:     0x5644a1c34f75 - std::panicking::try::do_call::h3bd5d0f6620ee946
[INFO] [stdout]                                at /rustc/82e1608dfa6e0b5569232559e3d385fea5a93112/library/std/src/panicking.rs:552:40
[INFO] [stdout]   60:     0x5644a1c34f75 - std::panicking::try::h232e535e4744fe31
[INFO] [stdout]                                at /rustc/82e1608dfa6e0b5569232559e3d385fea5a93112/library/std/src/panicking.rs:516:19
[INFO] [stdout]   61:     0x5644a1c34f75 - std::panic::catch_unwind::h3ce3bd6ca8dbac68
[INFO] [stdout]                                at /rustc/82e1608dfa6e0b5569232559e3d385fea5a93112/library/std/src/panic.rs:142:14
[INFO] [stdout]   62:     0x5644a1c34f75 - test::run_test_in_process::hc97b257c9621286a
[INFO] [stdout]                                at /rustc/82e1608dfa6e0b5569232559e3d385fea5a93112/library/test/src/lib.rs:651:27
[INFO] [stdout]   63:     0x5644a1c34f75 - test::run_test::{{closure}}::h2aa798823a438d38
[INFO] [stdout]                                at /rustc/82e1608dfa6e0b5569232559e3d385fea5a93112/library/test/src/lib.rs:574:43
[INFO] [stdout]   64:     0x5644a1bfd236 - test::run_test::{{closure}}::h87d231c78fb59832
[INFO] [stdout]                                at /rustc/82e1608dfa6e0b5569232559e3d385fea5a93112/library/test/src/lib.rs:602:41
[INFO] [stdout]   65:     0x5644a1bfd236 - std::sys_common::backtrace::__rust_begin_short_backtrace::he6df152596625789
[INFO] [stdout]                                at /rustc/82e1608dfa6e0b5569232559e3d385fea5a93112/library/std/src/sys_common/backtrace.rs:154:18
[INFO] [stdout]   66:     0x5644a1c022e7 - std::thread::Builder::spawn_unchecked_::{{closure}}::{{closure}}::ha94be15d1e0acf36
[INFO] [stdout]                                at /rustc/82e1608dfa6e0b5569232559e3d385fea5a93112/library/std/src/thread/mod.rs:529:17
[INFO] [stdout]   67:     0x5644a1c022e7 - <core::panic::unwind_safe::AssertUnwindSafe<F> as core::ops::function::FnOnce<()>>::call_once::h9dc6bd6372f16606
[INFO] [stdout]                                at /rustc/82e1608dfa6e0b5569232559e3d385fea5a93112/library/core/src/panic/unwind_safe.rs:272:9
[INFO] [stdout]   68:     0x5644a1c022e7 - std::panicking::try::do_call::h9057517f80303cd4
[INFO] [stdout]                                at /rustc/82e1608dfa6e0b5569232559e3d385fea5a93112/library/std/src/panicking.rs:552:40
[INFO] [stdout]   69:     0x5644a1c022e7 - std::panicking::try::he3a30b11ee45340c
[INFO] [stdout]                                at /rustc/82e1608dfa6e0b5569232559e3d385fea5a93112/library/std/src/panicking.rs:516:19
[INFO] [stdout]   70:     0x5644a1c022e7 - std::panic::catch_unwind::h410458cfd3528b8b
[INFO] [stdout]                                at /rustc/82e1608dfa6e0b5569232559e3d385fea5a93112/library/std/src/panic.rs:142:14
[INFO] [stdout]   71:     0x5644a1c022e7 - std::thread::Builder::spawn_unchecked_::{{closure}}::h72ac3bdb567b737b
[INFO] [stdout]                                at /rustc/82e1608dfa6e0b5569232559e3d385fea5a93112/library/std/src/thread/mod.rs:528:30
[INFO] [stdout]   72:     0x5644a1c022e7 - core::ops::function::FnOnce::call_once{{vtable.shim}}::h38f34da3654a8344
[INFO] [stdout]                                at /rustc/82e1608dfa6e0b5569232559e3d385fea5a93112/library/core/src/ops/function.rs:250:5
[INFO] [stdout]   73:     0x5644a2070c85 - <alloc::boxed::Box<F,A> as core::ops::function::FnOnce<Args>>::call_once::hc7eafaff61e32df9
[INFO] [stdout]                                at /rustc/82e1608dfa6e0b5569232559e3d385fea5a93112/library/alloc/src/boxed.rs:2007:9
[INFO] [stdout]   74:     0x5644a2070c85 - <alloc::boxed::Box<F,A> as core::ops::function::FnOnce<Args>>::call_once::h6ba4a5de48dd2304
[INFO] [stdout]                                at /rustc/82e1608dfa6e0b5569232559e3d385fea5a93112/library/alloc/src/boxed.rs:2007:9
[INFO] [stdout]   75:     0x5644a2070c85 - std::sys::unix::thread::Thread::new::thread_start::he469335aef763e45
[INFO] [stdout]                                at /rustc/82e1608dfa6e0b5569232559e3d385fea5a93112/library/std/src/sys/unix/thread.rs:108:17
[INFO] [stdout]   76:     0x7fd50a30dac3 - <unknown>
[INFO] [stdout]   77:     0x7fd50a39ebf4 - __clone
[INFO] [stdout]   78:                0x0 - <unknown>
[INFO] [stdout] 
[INFO] [stdout] ---- tests::data_test::integration_tests::test_get stdout ----
[INFO] [stdout] thread 'tests::data_test::integration_tests::test_get' panicked at src/tests/data_test.rs:36:9:
[INFO] [stdout] assertion `left == right` failed
[INFO] [stdout]   left: 400
[INFO] [stdout]  right: 200
[INFO] [stdout] stack backtrace:
[INFO] [stdout]    0:     0x5644a2069f6c - std::backtrace_rs::backtrace::libunwind::trace::ha637c64ce894333a
[INFO] [stdout]                                at /rustc/82e1608dfa6e0b5569232559e3d385fea5a93112/library/std/src/../../backtrace/src/backtrace/libunwind.rs:104:5
[INFO] [stdout]    1:     0x5644a2069f6c - std::backtrace_rs::backtrace::trace_unsynchronized::h47f62dea28e0c88d
[INFO] [stdout]                                at /rustc/82e1608dfa6e0b5569232559e3d385fea5a93112/library/std/src/../../backtrace/src/backtrace/mod.rs:66:5
[INFO] [stdout]    2:     0x5644a2069f6c - std::sys_common::backtrace::_print_fmt::h9eef0abe20ede486
[INFO] [stdout]                                at /rustc/82e1608dfa6e0b5569232559e3d385fea5a93112/library/std/src/sys_common/backtrace.rs:67:5
[INFO] [stdout]    3:     0x5644a2069f6c - <std::sys_common::backtrace::_print::DisplayBacktrace as core::fmt::Display>::fmt::hed7f999df88cc644
[INFO] [stdout]                                at /rustc/82e1608dfa6e0b5569232559e3d385fea5a93112/library/std/src/sys_common/backtrace.rs:44:22
[INFO] [stdout]    4:     0x5644a2095c90 - core::fmt::rt::Argument::fmt::h1539a9308b8d058d
[INFO] [stdout]                                at /rustc/82e1608dfa6e0b5569232559e3d385fea5a93112/library/core/src/fmt/rt.rs:142:9
[INFO] [stdout]    5:     0x5644a2095c90 - core::fmt::write::h3a39390d8560d9c9
[INFO] [stdout]                                at /rustc/82e1608dfa6e0b5569232559e3d385fea5a93112/library/core/src/fmt/mod.rs:1120:17
[INFO] [stdout]    6:     0x5644a206703f - std::io::Write::write_fmt::h040b369f3a0f9cbc
[INFO] [stdout]                                at /rustc/82e1608dfa6e0b5569232559e3d385fea5a93112/library/std/src/io/mod.rs:1762:15
[INFO] [stdout]    7:     0x5644a2069d54 - std::sys_common::backtrace::_print::h894006fb5c6f3d45
[INFO] [stdout]                                at /rustc/82e1608dfa6e0b5569232559e3d385fea5a93112/library/std/src/sys_common/backtrace.rs:47:5
[INFO] [stdout]    8:     0x5644a2069d54 - std::sys_common::backtrace::print::h23a2d212c6fff936
[INFO] [stdout]                                at /rustc/82e1608dfa6e0b5569232559e3d385fea5a93112/library/std/src/sys_common/backtrace.rs:34:9
[INFO] [stdout]    9:     0x5644a206ba17 - std::panicking::default_hook::{{closure}}::h8a1d2ee00185001a
[INFO] [stdout]   10:     0x5644a206b703 - std::panicking::default_hook::h6038f2eba384e475
[INFO] [stdout]                                at /rustc/82e1608dfa6e0b5569232559e3d385fea5a93112/library/std/src/panicking.rs:289:9
[INFO] [stdout]   11:     0x5644a1c30907 - <alloc::boxed::Box<F,A> as core::ops::function::Fn<Args>>::call::h0ad024c9bdc6d768
[INFO] [stdout]                                at /rustc/82e1608dfa6e0b5569232559e3d385fea5a93112/library/alloc/src/boxed.rs:2021:9
[INFO] [stdout]   12:     0x5644a1c30907 - test::test_main::{{closure}}::h7500b54257359db6
[INFO] [stdout]                                at /rustc/82e1608dfa6e0b5569232559e3d385fea5a93112/library/test/src/lib.rs:138:21
[INFO] [stdout]   13:     0x5644a206c028 - <alloc::boxed::Box<F,A> as core::ops::function::Fn<Args>>::call::h1f8f335eaa9cfaee
[INFO] [stdout]                                at /rustc/82e1608dfa6e0b5569232559e3d385fea5a93112/library/alloc/src/boxed.rs:2021:9
[INFO] [stdout]   14:     0x5644a206c028 - std::panicking::rust_panic_with_hook::h2b5517d590cab22e
[INFO] [stdout]                                at /rustc/82e1608dfa6e0b5569232559e3d385fea5a93112/library/std/src/panicking.rs:783:13
[INFO] [stdout]   15:     0x5644a206bd7e - std::panicking::begin_panic_handler::{{closure}}::h233112c06e0ef43e
[INFO] [stdout]                                at /rustc/82e1608dfa6e0b5569232559e3d385fea5a93112/library/std/src/panicking.rs:657:13
[INFO] [stdout]   16:     0x5644a206a436 - std::sys_common::backtrace::__rust_end_short_backtrace::h6e893f24d7ebbff8
[INFO] [stdout]                                at /rustc/82e1608dfa6e0b5569232559e3d385fea5a93112/library/std/src/sys_common/backtrace.rs:170:18
[INFO] [stdout]   17:     0x5644a206bae2 - rust_begin_unwind
[INFO] [stdout]                                at /rustc/82e1608dfa6e0b5569232559e3d385fea5a93112/library/std/src/panicking.rs:645:5
[INFO] [stdout]   18:     0x5644a1b8b445 - core::panicking::panic_fmt::hbf0e066aabfa482c
[INFO] [stdout]                                at /rustc/82e1608dfa6e0b5569232559e3d385fea5a93112/library/core/src/panicking.rs:72:14
[INFO] [stdout]   19:     0x5644a1b8b89b - core::panicking::assert_failed_inner::h0bba8b7c26ee4492
[INFO] [stdout]   20:     0x5644a1bc943e - core::panicking::assert_failed::hafef62491f035d0e
[INFO] [stdout]                                at /rustc/82e1608dfa6e0b5569232559e3d385fea5a93112/library/core/src/panicking.rs:279:5
[INFO] [stdout]   21:     0x5644a1bea2bb - rust_esp32_actix_postgresql::tests::data_test::integration_tests::test_get::{{closure}}::hee05d4eac3a6a306
[INFO] [stdout]                                at /opt/rustwide/workdir/src/tests/data_test.rs:36:9
[INFO] [stdout]   22:     0x5644a1bd19c0 - <tokio::task::local::RunUntil<T> as core::future::future::Future>::poll::{{closure}}::{{closure}}::h627907b58c6d7ae2
[INFO] [stdout]                                at /opt/rustwide/cargo-home/registry/src/index.crates.io-6f17d22bba15001f/tokio-1.17.0/src/task/local.rs:644:65
[INFO] [stdout]   23:     0x5644a1bb6970 - tokio::coop::with_budget::{{closure}}::h339b45c22bd09df4
[INFO] [stdout]                                at /opt/rustwide/cargo-home/registry/src/index.crates.io-6f17d22bba15001f/tokio-1.17.0/src/coop.rs:102:9
[INFO] [stdout]   24:     0x5644a1bd401e - std::thread::local::LocalKey<T>::try_with::h8657e63fb5b2df3a
[INFO] [stdout]                                at /rustc/82e1608dfa6e0b5569232559e3d385fea5a93112/library/std/src/thread/local.rs:270:16
[INFO] [stdout]   25:     0x5644a1bd2f8a - std::thread::local::LocalKey<T>::with::he9f10a26121177b2
[INFO] [stdout]                                at /rustc/82e1608dfa6e0b5569232559e3d385fea5a93112/library/std/src/thread/local.rs:246:9
[INFO] [stdout]   26:     0x5644a1bd162b - tokio::coop::with_budget::hcee39e203a2ad519
[INFO] [stdout]                                at /opt/rustwide/cargo-home/registry/src/index.crates.io-6f17d22bba15001f/tokio-1.17.0/src/coop.rs:95:5
[INFO] [stdout]   27:     0x5644a1bd162b - tokio::coop::budget::hfbe28795c61e7150
[INFO] [stdout]                                at /opt/rustwide/cargo-home/registry/src/index.crates.io-6f17d22bba15001f/tokio-1.17.0/src/coop.rs:72:5
[INFO] [stdout]   28:     0x5644a1bd162b - <tokio::task::local::RunUntil<T> as core::future::future::Future>::poll::{{closure}}::h9bda8e514873c8aa
[INFO] [stdout]                                at /opt/rustwide/cargo-home/registry/src/index.crates.io-6f17d22bba15001f/tokio-1.17.0/src/task/local.rs:644:42
[INFO] [stdout]   29:     0x5644a1baada7 - tokio::macros::scoped_tls::ScopedKey<T>::set::h7ddd2a66f38e6f02
[INFO] [stdout]                                at /opt/rustwide/cargo-home/registry/src/index.crates.io-6f17d22bba15001f/tokio-1.17.0/src/macros/scoped_tls.rs:61:9
[INFO] [stdout]   30:     0x5644a1bcffa7 - tokio::task::local::LocalSet::with::h366abeb7640a1327
[INFO] [stdout]                                at /opt/rustwide/cargo-home/registry/src/index.crates.io-6f17d22bba15001f/tokio-1.17.0/src/task/local.rs:561:9
[INFO] [stdout]   31:     0x5644a1bd0eea - <tokio::task::local::RunUntil<T> as core::future::future::Future>::poll::h42a056fc0f35b689
[INFO] [stdout]                                at /opt/rustwide/cargo-home/registry/src/index.crates.io-6f17d22bba15001f/tokio-1.17.0/src/task/local.rs:634:9
[INFO] [stdout]   32:     0x5644a1bd09b5 - tokio::task::local::LocalSet::run_until::{{closure}}::hae5d6eac840ce868
[INFO] [stdout]                                at /opt/rustwide/cargo-home/registry/src/index.crates.io-6f17d22bba15001f/tokio-1.17.0/src/task/local.rs:507:19
[INFO] [stdout]   33:     0x5644a1bca14b - <core::pin::Pin<P> as core::future::future::Future>::poll::hacc66ee28ceaea97
[INFO] [stdout]                                at /rustc/82e1608dfa6e0b5569232559e3d385fea5a93112/library/core/src/future/future.rs:125:9
[INFO] [stdout]   34:     0x5644a1bf2944 - tokio::runtime::basic_scheduler::CoreGuard::block_on::{{closure}}::{{closure}}::{{closure}}::he76ee7db3733a174
[INFO] [stdout]                                at /opt/rustwide/cargo-home/registry/src/index.crates.io-6f17d22bba15001f/tokio-1.17.0/src/runtime/basic_scheduler.rs:498:48
[INFO] [stdout]   35:     0x5644a1bb7300 - tokio::coop::with_budget::{{closure}}::ha5b0c865d6fba46a
[INFO] [stdout]                                at /opt/rustwide/cargo-home/registry/src/index.crates.io-6f17d22bba15001f/tokio-1.17.0/src/coop.rs:102:9
[INFO] [stdout]   36:     0x5644a1bd455e - std::thread::local::LocalKey<T>::try_with::hc21f1fa436be21a0
[INFO] [stdout]                                at /rustc/82e1608dfa6e0b5569232559e3d385fea5a93112/library/std/src/thread/local.rs:270:16
[INFO] [stdout]   37:     0x5644a1bd2b2a - std::thread::local::LocalKey<T>::with::h39235a75c022bfbd
[INFO] [stdout]                                at /rustc/82e1608dfa6e0b5569232559e3d385fea5a93112/library/std/src/thread/local.rs:246:9
[INFO] [stdout]   38:     0x5644a1bf26c6 - tokio::coop::with_budget::h9933150f383d4bd2
[INFO] [stdout]                                at /opt/rustwide/cargo-home/registry/src/index.crates.io-6f17d22bba15001f/tokio-1.17.0/src/coop.rs:95:5
[INFO] [stdout]   39:     0x5644a1bf26c6 - tokio::coop::budget::hafb5ba8eded0fd01
[INFO] [stdout]                                at /opt/rustwide/cargo-home/registry/src/index.crates.io-6f17d22bba15001f/tokio-1.17.0/src/coop.rs:72:5
[INFO] [stdout]   40:     0x5644a1bf26c6 - tokio::runtime::basic_scheduler::CoreGuard::block_on::{{closure}}::{{closure}}::h82c4953ddf2577de
[INFO] [stdout]                                at /opt/rustwide/cargo-home/registry/src/index.crates.io-6f17d22bba15001f/tokio-1.17.0/src/runtime/basic_scheduler.rs:498:25
[INFO] [stdout]   41:     0x5644a1bee73c - tokio::runtime::basic_scheduler::Context::enter::hffef8389b5bbe796
[INFO] [stdout]                                at /opt/rustwide/cargo-home/registry/src/index.crates.io-6f17d22bba15001f/tokio-1.17.0/src/runtime/basic_scheduler.rs:356:19
[INFO] [stdout]   42:     0x5644a1bf06d6 - tokio::runtime::basic_scheduler::CoreGuard::block_on::{{closure}}::h3bd80a2c4e98dddd
[INFO] [stdout]                                at /opt/rustwide/cargo-home/registry/src/index.crates.io-6f17d22bba15001f/tokio-1.17.0/src/runtime/basic_scheduler.rs:497:36
[INFO] [stdout]   43:     0x5644a1bf03cb - tokio::runtime::basic_scheduler::CoreGuard::enter::{{closure}}::hcc2abecc0031f3e3
[INFO] [stdout]                                at /opt/rustwide/cargo-home/registry/src/index.crates.io-6f17d22bba15001f/tokio-1.17.0/src/runtime/basic_scheduler.rs:555:57
[INFO] [stdout]   44:     0x5644a1baac97 - tokio::macros::scoped_tls::ScopedKey<T>::set::h6f2e4ad59f3929a6
[INFO] [stdout]                                at /opt/rustwide/cargo-home/registry/src/index.crates.io-6f17d22bba15001f/tokio-1.17.0/src/macros/scoped_tls.rs:61:9
[INFO] [stdout]   45:     0x5644a1befd1c - tokio::runtime::basic_scheduler::CoreGuard::enter::h6007c0f6fdac20fb
[INFO] [stdout]                                at /opt/rustwide/cargo-home/registry/src/index.crates.io-6f17d22bba15001f/tokio-1.17.0/src/runtime/basic_scheduler.rs:555:27
[INFO] [stdout]   46:     0x5644a1bf0448 - tokio::runtime::basic_scheduler::CoreGuard::block_on::hfe24affb78fd41f4
[INFO] [stdout]                                at /opt/rustwide/cargo-home/registry/src/index.crates.io-6f17d22bba15001f/tokio-1.17.0/src/runtime/basic_scheduler.rs:488:9
[INFO] [stdout]   47:     0x5644a1bec908 - tokio::runtime::basic_scheduler::BasicScheduler::block_on::hde14873dc8d8927a
[INFO] [stdout]                                at /opt/rustwide/cargo-home/registry/src/index.crates.io-6f17d22bba15001f/tokio-1.17.0/src/runtime/basic_scheduler.rs:168:24
[INFO] [stdout]   48:     0x5644a1be79a0 - tokio::runtime::Runtime::block_on::hd09272cb28c11d84
[INFO] [stdout]                                at /opt/rustwide/cargo-home/registry/src/index.crates.io-6f17d22bba15001f/tokio-1.17.0/src/runtime/mod.rs:475:46
[INFO] [stdout]   49:     0x5644a1bd00f2 - tokio::task::local::LocalSet::block_on::h306075a979f4629e
[INFO] [stdout]                                at /opt/rustwide/cargo-home/registry/src/index.crates.io-6f17d22bba15001f/tokio-1.17.0/src/task/local.rs:468:9
[INFO] [stdout]   50:     0x5644a1bacd94 - actix_rt::runtime::Runtime::block_on::h6d04ed5fd08da166
[INFO] [stdout]                                at /opt/rustwide/cargo-home/registry/src/index.crates.io-6f17d22bba15001f/actix-rt-2.7.0/src/runtime.rs:80:9
[INFO] [stdout]   51:     0x5644a1bb9ffe - actix_rt::system::SystemRunner::block_on::h1cfe9380db443312
[INFO] [stdout]                                at /opt/rustwide/cargo-home/registry/src/index.crates.io-6f17d22bba15001f/actix-rt-2.7.0/src/system.rs:209:9
[INFO] [stdout]   52:     0x5644a1be9b82 - rust_esp32_actix_postgresql::tests::data_test::integration_tests::test_get::h02f03a7cfeac4fd3
[INFO] [stdout]                                at /opt/rustwide/workdir/src/tests/data_test.rs:29:5
[INFO] [stdout]   53:     0x5644a1be9b37 - rust_esp32_actix_postgresql::tests::data_test::integration_tests::test_get::{{closure}}::h5bab9a517b3d584f
[INFO] [stdout]                                at /opt/rustwide/workdir/src/tests/data_test.rs:30:24
[INFO] [stdout]   54:     0x5644a1b8c3e6 - core::ops::function::FnOnce::call_once::hf512efcdbeaf65f9
[INFO] [stdout]                                at /rustc/82e1608dfa6e0b5569232559e3d385fea5a93112/library/core/src/ops/function.rs:250:5
[INFO] [stdout]   55:     0x5644a1c35f5f - core::ops::function::FnOnce::call_once::h2b5d431d5046312d
[INFO] [stdout]                                at /rustc/82e1608dfa6e0b5569232559e3d385fea5a93112/library/core/src/ops/function.rs:250:5
[INFO] [stdout]   56:     0x5644a1c35f5f - test::__rust_begin_short_backtrace::h7714669af176e207
[INFO] [stdout]                                at /rustc/82e1608dfa6e0b5569232559e3d385fea5a93112/library/test/src/lib.rs:628:18
[INFO] [stdout]   57:     0x5644a1c34f75 - test::run_test_in_process::{{closure}}::h85218797dcbcec12
[INFO] [stdout]                                at /rustc/82e1608dfa6e0b5569232559e3d385fea5a93112/library/test/src/lib.rs:651:60
[INFO] [stdout]   58:     0x5644a1c34f75 - <core::panic::unwind_safe::AssertUnwindSafe<F> as core::ops::function::FnOnce<()>>::call_once::h76c106ea31c14d7b
[INFO] [stdout]                                at /rustc/82e1608dfa6e0b5569232559e3d385fea5a93112/library/core/src/panic/unwind_safe.rs:272:9
[INFO] [stdout]   59:     0x5644a1c34f75 - std::panicking::try::do_call::h3bd5d0f6620ee946
[INFO] [stdout]                                at /rustc/82e1608dfa6e0b5569232559e3d385fea5a93112/library/std/src/panicking.rs:552:40
[INFO] [stdout]   60:     0x5644a1c34f75 - std::panicking::try::h232e535e4744fe31
[INFO] [stdout]                                at /rustc/82e1608dfa6e0b5569232559e3d385fea5a93112/library/std/src/panicking.rs:516:19
[INFO] [stdout]   61:     0x5644a1c34f75 - std::panic::catch_unwind::h3ce3bd6ca8dbac68
[INFO] [stdout]                                at /rustc/82e1608dfa6e0b5569232559e3d385fea5a93112/library/std/src/panic.rs:142:14
[INFO] [stdout]   62:     0x5644a1c34f75 - test::run_test_in_process::hc97b257c9621286a
[INFO] [stdout]                                at /rustc/82e1608dfa6e0b5569232559e3d385fea5a93112/library/test/src/lib.rs:651:27
[INFO] [stdout]   63:     0x5644a1c34f75 - test::run_test::{{closure}}::h2aa798823a438d38
[INFO] [stdout]                                at /rustc/82e1608dfa6e0b5569232559e3d385fea5a93112/library/test/src/lib.rs:574:43
[INFO] [stdout]   64:     0x5644a1bfd236 - test::run_test::{{closure}}::h87d231c78fb59832
[INFO] [stdout]                                at /rustc/82e1608dfa6e0b5569232559e3d385fea5a93112/library/test/src/lib.rs:602:41
[INFO] [stdout]   65:     0x5644a1bfd236 - std::sys_common::backtrace::__rust_begin_short_backtrace::he6df152596625789
[INFO] [stdout]                                at /rustc/82e1608dfa6e0b5569232559e3d385fea5a93112/library/std/src/sys_common/backtrace.rs:154:18
[INFO] [stdout]   66:     0x5644a1c022e7 - std::thread::Builder::spawn_unchecked_::{{closure}}::{{closure}}::ha94be15d1e0acf36
[INFO] [stdout]                                at /rustc/82e1608dfa6e0b5569232559e3d385fea5a93112/library/std/src/thread/mod.rs:529:17
[INFO] [stdout]   67:     0x5644a1c022e7 - <core::panic::unwind_safe::AssertUnwindSafe<F> as core::ops::function::FnOnce<()>>::call_once::h9dc6bd6372f16606
[INFO] [stdout]                                at /rustc/82e1608dfa6e0b5569232559e3d385fea5a93112/library/core/src/panic/unwind_safe.rs:272:9
[INFO] [stdout]   68:     0x5644a1c022e7 - std::panicking::try::do_call::h9057517f80303cd4
[INFO] [stdout]                                at /rustc/82e1608dfa6e0b5569232559e3d385fea5a93112/library/std/src/panicking.rs:552:40
[INFO] [stdout]   69:     0x5644a1c022e7 - std::panicking::try::he3a30b11ee45340c
[INFO] [stdout]                                at /rustc/82e1608dfa6e0b5569232559e3d385fea5a93112/library/std/src/panicking.rs:516:19
[INFO] [stdout]   70:     0x5644a1c022e7 - std::panic::catch_unwind::h410458cfd3528b8b
[INFO] [stdout]                                at /rustc/82e1608dfa6e0b5569232559e3d385fea5a93112/library/std/src/panic.rs:142:14
[INFO] [stdout]   71:     0x5644a1c022e7 - std::thread::Builder::spawn_unchecked_::{{closure}}::h72ac3bdb567b737b
[INFO] [stdout]                                at /rustc/82e1608dfa6e0b5569232559e3d385fea5a93112/library/std/src/thread/mod.rs:528:30
[INFO] [stdout]   72:     0x5644a1c022e7 - core::ops::function::FnOnce::call_once{{vtable.shim}}::h38f34da3654a8344
[INFO] [stdout]                                at /rustc/82e1608dfa6e0b5569232559e3d385fea5a93112/library/core/src/ops/function.rs:250:5
[INFO] [stdout]   73:     0x5644a2070c85 - <alloc::boxed::Box<F,A> as core::ops::function::FnOnce<Args>>::call_once::hc7eafaff61e32df9
[INFO] [stdout]                                at /rustc/82e1608dfa6e0b5569232559e3d385fea5a93112/library/alloc/src/boxed.rs:2007:9
[INFO] [stdout]   74:     0x5644a2070c85 - <alloc::boxed::Box<F,A> as core::ops::function::FnOnce<Args>>::call_once::h6ba4a5de48dd2304
[INFO] [stdout]                                at /rustc/82e1608dfa6e0b5569232559e3d385fea5a93112/library/alloc/src/boxed.rs:2007:9
[INFO] [stdout]   75:     0x5644a2070c85 - std::sys::unix::thread::Thread::new::thread_start::he469335aef763e45
[INFO] [stdout]                                at /rustc/82e1608dfa6e0b5569232559e3d385fea5a93112/library/std/src/sys/unix/thread.rs:108:17
[INFO] [stdout]   76:     0x7fd50a30dac3 - <unknown>
[INFO] [stdout]   77:     0x7fd50a39ebf4 - __clone
[INFO] [stdout]   78:                0x0 - <unknown>
[INFO] [stdout] 
[INFO] [stdout] 
[INFO] [stdout] failures:
[INFO] [stdout]     tests::data_test::integration_tests::test_get
[INFO] [stdout]     tests::data_test::unit_tests::test_gets_ok
[INFO] [stdout] 
[INFO] [stdout] test result: FAILED. 2 passed; 2 failed; 0 ignored; 0 measured; 0 filtered out; finished in 0.05s
[INFO] [stdout] 
[INFO] [stderr] error: test failed, to rerun pass `--lib`
[INFO] running `Command { std: "docker" "inspect" "42d51f04b2da5c42bd49e588bc50fad770b4e00f93556272deb3606f8762be22", kill_on_drop: false }`
[INFO] running `Command { std: "docker" "rm" "-f" "42d51f04b2da5c42bd49e588bc50fad770b4e00f93556272deb3606f8762be22", kill_on_drop: false }`
[INFO] [stdout] 42d51f04b2da5c42bd49e588bc50fad770b4e00f93556272deb3606f8762be22
