[INFO] cloning repository https://github.com/kranthicodes/digital-garden-cli
[INFO] running `Command { std: "git" "-c" "credential.helper=" "-c" "credential.helper=/workspace/cargo-home/bin/git-credential-null" "clone" "--bare" "https://github.com/kranthicodes/digital-garden-cli" "/workspace/cache/git-repos/https%3A%2F%2Fgithub.com%2Fkranthicodes%2Fdigital-garden-cli", kill_on_drop: false }`
[INFO] [stderr] Cloning into bare repository '/workspace/cache/git-repos/https%3A%2F%2Fgithub.com%2Fkranthicodes%2Fdigital-garden-cli'...
[INFO] running `Command { std: "git" "rev-parse" "HEAD", kill_on_drop: false }`
[INFO] [stdout] fcddefb6206e1df0be8b53de50d8c632adf6950b
[INFO] testing kranthicodes/digital-garden-cli against 1.75.0 for beta-1.76-1
[INFO] running `Command { std: "git" "clone" "/workspace/cache/git-repos/https%3A%2F%2Fgithub.com%2Fkranthicodes%2Fdigital-garden-cli" "/workspace/builds/worker-2-tc1/source", kill_on_drop: false }`
[INFO] [stderr] Cloning into '/workspace/builds/worker-2-tc1/source'...
[INFO] [stderr] done.
[INFO] validating manifest of git repo https://github.com/kranthicodes/digital-garden-cli on toolchain 1.75.0
[INFO] running `Command { std: CARGO_HOME="/workspace/cargo-home" RUSTUP_HOME="/workspace/rustup-home" "/workspace/cargo-home/bin/cargo" "+1.75.0" "metadata" "--manifest-path" "Cargo.toml" "--no-deps", kill_on_drop: false }`
[INFO] started tweaking git repo https://github.com/kranthicodes/digital-garden-cli
[INFO] finished tweaking git repo https://github.com/kranthicodes/digital-garden-cli
[INFO] tweaked toml for git repo https://github.com/kranthicodes/digital-garden-cli written to /workspace/builds/worker-2-tc1/source/Cargo.toml
[INFO] crate git repo https://github.com/kranthicodes/digital-garden-cli already has a lockfile, it will not be regenerated
[INFO] running `Command { std: CARGO_HOME="/workspace/cargo-home" RUSTUP_HOME="/workspace/rustup-home" "/workspace/cargo-home/bin/cargo" "+1.75.0" "fetch" "--manifest-path" "Cargo.toml", kill_on_drop: false }`
[INFO] [stderr]     Updating crates.io index
[INFO] [stderr]  Downloading crates ...
[INFO] [stderr]   Downloaded predicates v3.0.1
[INFO] [stderr]   Downloaded directories v5.0.0
[INFO] [stderr]   Downloaded assert_fs v1.0.12
[INFO] [stderr]   Downloaded assert_cmd v2.0.10
[INFO] [stderr]   Downloaded edit v0.1.4
[INFO] [stderr]   Downloaded rprompt v2.0.2
[INFO] running `Command { std: "docker" "create" "-v" "/var/lib/crater-agent-workspace/builds/worker-2-tc1/target:/opt/rustwide/target:rw,Z" "-v" "/var/lib/crater-agent-workspace/builds/worker-2-tc1/source:/opt/rustwide/workdir:ro,Z" "-v" "/var/lib/crater-agent-workspace/cargo-home:/opt/rustwide/cargo-home:ro,Z" "-v" "/var/lib/crater-agent-workspace/rustup-home:/opt/rustwide/rustup-home:ro,Z" "-e" "SOURCE_DIR=/opt/rustwide/workdir" "-e" "CARGO_TARGET_DIR=/opt/rustwide/target" "-e" "CARGO_HOME=/opt/rustwide/cargo-home" "-e" "RUSTUP_HOME=/opt/rustwide/rustup-home" "-w" "/opt/rustwide/workdir" "-m" "1610612736" "--user" "0:0" "--network" "none" "ghcr.io/rust-lang/crates-build-env/linux@sha256:2788e3201cd34a07e3172128adcd8b3090168a8e3bcc40d7c032b9dda1df7d1c" "/opt/rustwide/cargo-home/bin/cargo" "+1.75.0" "metadata" "--no-deps" "--format-version=1", kill_on_drop: false }`
[INFO] [stdout] 6534cd41a603d693695a1262582a3335b5d415bd01b0e66570d3d13d7044a150
[INFO] running `Command { std: "docker" "start" "-a" "6534cd41a603d693695a1262582a3335b5d415bd01b0e66570d3d13d7044a150", kill_on_drop: false }`
[INFO] running `Command { std: "docker" "inspect" "6534cd41a603d693695a1262582a3335b5d415bd01b0e66570d3d13d7044a150", kill_on_drop: false }`
[INFO] running `Command { std: "docker" "rm" "-f" "6534cd41a603d693695a1262582a3335b5d415bd01b0e66570d3d13d7044a150", kill_on_drop: false }`
[INFO] [stdout] 6534cd41a603d693695a1262582a3335b5d415bd01b0e66570d3d13d7044a150
[INFO] running `Command { std: "docker" "create" "-v" "/var/lib/crater-agent-workspace/builds/worker-2-tc1/target:/opt/rustwide/target:rw,Z" "-v" "/var/lib/crater-agent-workspace/builds/worker-2-tc1/source:/opt/rustwide/workdir:ro,Z" "-v" "/var/lib/crater-agent-workspace/cargo-home:/opt/rustwide/cargo-home:ro,Z" "-v" "/var/lib/crater-agent-workspace/rustup-home:/opt/rustwide/rustup-home:ro,Z" "-e" "SOURCE_DIR=/opt/rustwide/workdir" "-e" "CARGO_TARGET_DIR=/opt/rustwide/target" "-e" "CARGO_INCREMENTAL=0" "-e" "RUST_BACKTRACE=full" "-e" "RUSTFLAGS=--cap-lints=warn" "-e" "RUSTDOCFLAGS=--cap-lints=warn" "-e" "CARGO_HOME=/opt/rustwide/cargo-home" "-e" "RUSTUP_HOME=/opt/rustwide/rustup-home" "-w" "/opt/rustwide/workdir" "-m" "1610612736" "--user" "0:0" "--network" "none" "ghcr.io/rust-lang/crates-build-env/linux@sha256:2788e3201cd34a07e3172128adcd8b3090168a8e3bcc40d7c032b9dda1df7d1c" "/opt/rustwide/cargo-home/bin/cargo" "+1.75.0" "build" "--frozen" "--message-format=json", kill_on_drop: false }`
[INFO] [stdout] 6449ff67def509a46ea1e0a97042ea003fbb736c2327a62ad38233d52f5886f0
[INFO] running `Command { std: "docker" "start" "-a" "6449ff67def509a46ea1e0a97042ea003fbb736c2327a62ad38233d52f5886f0", kill_on_drop: false }`
[INFO] [stderr]    Compiling libc v0.2.140
[INFO] [stderr]    Compiling memchr v2.5.0
[INFO] [stderr]    Compiling once_cell v1.17.1
[INFO] [stderr]    Compiling version_check v0.9.4
[INFO] [stderr]    Compiling proc-macro2 v1.0.52
[INFO] [stderr]    Compiling unicode-ident v1.0.8
[INFO] [stderr]    Compiling quote v1.0.26
[INFO] [stderr]    Compiling log v0.4.17
[INFO] [stderr]    Compiling io-lifetimes v1.0.8
[INFO] [stderr]    Compiling thread_local v1.1.7
[INFO] [stderr]    Compiling tracing-core v0.1.30
[INFO] [stderr]    Compiling proc-macro-error-attr v1.0.4
[INFO] [stderr]    Compiling regex-syntax v0.6.28
[INFO] [stderr]    Compiling rustix v0.36.10
[INFO] [stderr]    Compiling syn v1.0.109
[INFO] [stderr]    Compiling either v1.8.1
[INFO] [stderr]    Compiling proc-macro-error v1.0.4
[INFO] [stderr]    Compiling aho-corasick v0.7.20
[INFO] [stderr]    Compiling bstr v1.4.0
[INFO] [stderr]    Compiling sharded-slab v0.1.4
[INFO] [stderr]    Compiling fnv v1.0.7
[INFO] [stderr]    Compiling same-file v1.0.6
[INFO] [stderr]    Compiling pin-project-lite v0.2.9
[INFO] [stderr]    Compiling linux-raw-sys v0.1.4
[INFO] [stderr]    Compiling cc v1.0.79
[INFO] [stderr]    Compiling tracing v0.1.37
[INFO] [stderr]    Compiling walkdir v2.3.3
[INFO] [stderr]    Compiling tracing-subscriber v0.3.16
[INFO] [stderr]    Compiling regex v1.7.1
[INFO] [stderr]    Compiling adler v1.0.2
[INFO] [stderr]    Compiling eyre v0.6.8
[INFO] [stderr]    Compiling unicode-segmentation v1.10.1
[INFO] [stderr]    Compiling gimli v0.27.2
[INFO] [stderr]    Compiling backtrace v0.3.67
[INFO] [stderr]    Compiling doc-comment v0.3.3
[INFO] [stderr]    Compiling globset v0.4.10
[INFO] [stderr]    Compiling unicode-width v0.1.10
[INFO] [stderr]    Compiling fastrand v1.9.0
[INFO] [stderr]    Compiling predicates-core v1.0.6
[INFO] [stderr]    Compiling tempfile v3.4.0
[INFO] [stderr]    Compiling ignore v0.4.20
[INFO] [stderr]    Compiling textwrap v0.11.0
[INFO] [stderr]    Compiling heck v0.3.3
[INFO] [stderr]    Compiling tracing-error v0.2.0
[INFO] [stderr]    Compiling miniz_oxide v0.6.2
[INFO] [stderr]    Compiling atty v0.2.14
[INFO] [stderr]    Compiling object v0.30.3
[INFO] [stderr]    Compiling itertools v0.10.5
[INFO] [stderr]    Compiling difflib v0.4.0
[INFO] [stderr]    Compiling anstyle v0.3.5
[INFO] [stderr]    Compiling addr2line v0.19.0
[INFO] [stderr]    Compiling ansi_term v0.12.1
[INFO] [stderr]    Compiling rustc-demangle v0.1.21
[INFO] [stderr]    Compiling owo-colors v3.5.0
[INFO] [stderr]    Compiling indenter v0.3.3
[INFO] [stderr]    Compiling termtree v0.4.1
[INFO] [stderr]    Compiling predicates v3.0.1
[INFO] [stderr]    Compiling predicates-tree v1.0.9
[INFO] [stderr]    Compiling clap v2.34.0
[INFO] [stderr]    Compiling globwalk v0.8.1
[INFO] [stderr]    Compiling dirs-sys v0.4.0
[INFO] [stderr]    Compiling rtoolbox v0.0.1
[INFO] [stderr]    Compiling which v4.4.0
[INFO] [stderr]    Compiling structopt-derive v0.4.18
[INFO] [stderr]    Compiling color-spantrace v0.2.0
[INFO] [stderr]    Compiling deunicode v0.4.3
[INFO] [stderr]    Compiling edit v0.1.4
[INFO] [stderr]    Compiling rprompt v2.0.2
[INFO] [stderr]    Compiling directories v5.0.0
[INFO] [stderr]    Compiling assert_fs v1.0.12
[INFO] [stderr]    Compiling slug v0.1.4
[INFO] [stderr]    Compiling color-eyre v0.6.2
[INFO] [stderr]    Compiling structopt v0.3.26
[INFO] [stderr]    Compiling digital-garden-cli v0.1.0 (/opt/rustwide/workdir)
[INFO] [stderr]     Finished dev [unoptimized + debuginfo] target(s) in 9.07s
[INFO] running `Command { std: "docker" "inspect" "6449ff67def509a46ea1e0a97042ea003fbb736c2327a62ad38233d52f5886f0", kill_on_drop: false }`
[INFO] running `Command { std: "docker" "rm" "-f" "6449ff67def509a46ea1e0a97042ea003fbb736c2327a62ad38233d52f5886f0", kill_on_drop: false }`
[INFO] [stdout] 6449ff67def509a46ea1e0a97042ea003fbb736c2327a62ad38233d52f5886f0
[INFO] running `Command { std: "docker" "create" "-v" "/var/lib/crater-agent-workspace/builds/worker-2-tc1/target:/opt/rustwide/target:rw,Z" "-v" "/var/lib/crater-agent-workspace/builds/worker-2-tc1/source:/opt/rustwide/workdir:ro,Z" "-v" "/var/lib/crater-agent-workspace/cargo-home:/opt/rustwide/cargo-home:ro,Z" "-v" "/var/lib/crater-agent-workspace/rustup-home:/opt/rustwide/rustup-home:ro,Z" "-e" "SOURCE_DIR=/opt/rustwide/workdir" "-e" "CARGO_TARGET_DIR=/opt/rustwide/target" "-e" "CARGO_INCREMENTAL=0" "-e" "RUST_BACKTRACE=full" "-e" "RUSTFLAGS=--cap-lints=warn" "-e" "RUSTDOCFLAGS=--cap-lints=warn" "-e" "CARGO_HOME=/opt/rustwide/cargo-home" "-e" "RUSTUP_HOME=/opt/rustwide/rustup-home" "-w" "/opt/rustwide/workdir" "-m" "1610612736" "--user" "0:0" "--network" "none" "ghcr.io/rust-lang/crates-build-env/linux@sha256:2788e3201cd34a07e3172128adcd8b3090168a8e3bcc40d7c032b9dda1df7d1c" "/opt/rustwide/cargo-home/bin/cargo" "+1.75.0" "test" "--frozen" "--no-run" "--message-format=json", kill_on_drop: false }`
[INFO] [stdout] 84802553f3492708998c4f8be65fec757165212a04318d23b27f81a0f0c4474a
[INFO] running `Command { std: "docker" "start" "-a" "84802553f3492708998c4f8be65fec757165212a04318d23b27f81a0f0c4474a", kill_on_drop: false }`
[INFO] [stderr]    Compiling regex-automata v0.1.10
[INFO] [stderr]    Compiling wait-timeout v0.2.0
[INFO] [stderr]    Compiling bstr v1.4.0
[INFO] [stderr]    Compiling globset v0.4.10
[INFO] [stderr]    Compiling assert_cmd v2.0.10
[INFO] [stderr]    Compiling ignore v0.4.20
[INFO] [stderr]    Compiling globwalk v0.8.1
[INFO] [stderr]    Compiling assert_fs v1.0.12
[INFO] [stderr]    Compiling digital-garden-cli v0.1.0 (/opt/rustwide/workdir)
[INFO] [stdout] warning: unused import: `assert_fs::prelude`
[INFO] [stdout]  --> tests/integration.rs:3:5
[INFO] [stdout]   |
[INFO] [stdout] 3 | use assert_fs::prelude::*;
[INFO] [stdout]   |     ^^^^^^^^^^^^^^^^^^
[INFO] [stdout]   |
[INFO] [stdout]   = note: `#[warn(unused_imports)]` on by default
[INFO] [stdout] 
[INFO] [stdout] 
[INFO] [stdout] warning: 1 warning emitted
[INFO] [stdout] 
[INFO] [stdout] 
[INFO] [stderr]     Finished test [unoptimized + debuginfo] target(s) in 2.17s
[INFO] running `Command { std: "docker" "inspect" "84802553f3492708998c4f8be65fec757165212a04318d23b27f81a0f0c4474a", kill_on_drop: false }`
[INFO] running `Command { std: "docker" "rm" "-f" "84802553f3492708998c4f8be65fec757165212a04318d23b27f81a0f0c4474a", kill_on_drop: false }`
[INFO] [stdout] 84802553f3492708998c4f8be65fec757165212a04318d23b27f81a0f0c4474a
[INFO] running `Command { std: "docker" "create" "-v" "/var/lib/crater-agent-workspace/builds/worker-2-tc1/target:/opt/rustwide/target:rw,Z" "-v" "/var/lib/crater-agent-workspace/builds/worker-2-tc1/source:/opt/rustwide/workdir:ro,Z" "-v" "/var/lib/crater-agent-workspace/cargo-home:/opt/rustwide/cargo-home:ro,Z" "-v" "/var/lib/crater-agent-workspace/rustup-home:/opt/rustwide/rustup-home:ro,Z" "-e" "SOURCE_DIR=/opt/rustwide/workdir" "-e" "CARGO_TARGET_DIR=/opt/rustwide/target" "-e" "CARGO_INCREMENTAL=0" "-e" "RUST_BACKTRACE=full" "-e" "RUSTFLAGS=--cap-lints=warn" "-e" "RUSTDOCFLAGS=--cap-lints=warn" "-e" "CARGO_HOME=/opt/rustwide/cargo-home" "-e" "RUSTUP_HOME=/opt/rustwide/rustup-home" "-w" "/opt/rustwide/workdir" "-m" "1610612736" "--user" "0:0" "--network" "none" "ghcr.io/rust-lang/crates-build-env/linux@sha256:2788e3201cd34a07e3172128adcd8b3090168a8e3bcc40d7c032b9dda1df7d1c" "/opt/rustwide/cargo-home/bin/cargo" "+1.75.0" "test" "--frozen", kill_on_drop: false }`
[INFO] [stdout] 0fd3ce08053364888642042f62bda3c17e161d6fb9e557dfe2cbe5766fb2b8ca
[INFO] running `Command { std: "docker" "start" "-a" "0fd3ce08053364888642042f62bda3c17e161d6fb9e557dfe2cbe5766fb2b8ca", kill_on_drop: false }`
[INFO] [stderr] warning: unused import: `assert_fs::prelude`
[INFO] [stderr]  --> tests/integration.rs:3:5
[INFO] [stderr]   |
[INFO] [stderr] 3 | use assert_fs::prelude::*;
[INFO] [stderr]   |     ^^^^^^^^^^^^^^^^^^
[INFO] [stderr]   |
[INFO] [stderr]   = note: `#[warn(unused_imports)]` on by default
[INFO] [stderr] 
[INFO] [stderr] warning: `digital-garden-cli` (test "integration") generated 1 warning
[INFO] [stderr]     Finished test [unoptimized + debuginfo] target(s) in 0.05s
[INFO] [stderr]      Running unittests src/lib.rs (/opt/rustwide/target/debug/deps/digital_garden-fc73372736ea1fde)
[INFO] [stdout] 
[INFO] [stdout] running 0 tests
[INFO] [stdout] 
[INFO] [stdout] test result: ok. 0 passed; 0 failed; 0 ignored; 0 measured; 0 filtered out; finished in 0.00s
[INFO] [stdout] 
[INFO] [stderr]      Running unittests src/main.rs (/opt/rustwide/target/debug/deps/garden-fa0ea79203fb71dd)
[INFO] [stdout] 
[INFO] [stdout] running 0 tests
[INFO] [stdout] 
[INFO] [stdout] test result: ok. 0 passed; 0 failed; 0 ignored; 0 measured; 0 filtered out; finished in 0.00s
[INFO] [stdout] 
[INFO] [stderr]      Running tests/integration.rs (/opt/rustwide/target/debug/deps/integration-1819f5a7844fd2bc)
[INFO] [stdout] 
[INFO] [stdout] running 3 tests
[INFO] [stdout] test test_help ... ok
[INFO] [stdout] test test_write_help ... ok
[INFO] [stdout] test test_write ... FAILED
[INFO] [stdout] 
[INFO] [stdout] failures:
[INFO] [stdout] 
[INFO] [stdout] ---- test_write stdout ----
[INFO] [stdout] thread 'test_write' panicked at /rustc/82e1608dfa6e0b5569232559e3d385fea5a93112/library/core/src/ops/function.rs:250:5:
[INFO] [stdout] Unexpected failure.
[INFO] [stdout] code-1
[INFO] [stdout] stderr=``````
[INFO] [stdout] [src/main.rs:44] &opt = Opt {
[INFO] [stdout]     garden_path: None,
[INFO] [stdout]     cmd: Write {
[INFO] [stdout]         title: Some(
[INFO] [stdout]             \"atitle\",
[INFO] [stdout]         ),
[INFO] [stdout]     },
[INFO] [stdout] }
[INFO] [stdout] Error: 
[INFO] [stdout]    0: \u{1b}[91mFailed to create wip file\u{1b}[0m
[INFO] [stdout]    1: \u{1b}[91mNo such file or directory (os error 2) at path \"/root/personal/garden/.tmpBZBbi.md\"\u{1b}[0m
[INFO] [stdout] 
[INFO] [stdout] Location:
[INFO] [stdout]    \u{1b}[35msrc/write.rs\u{1b}[0m:\u{1b}[35m14\u{1b}[0m
[INFO] [stdout] 
[INFO] [stdout]   ━━━━━━━━━━━━━━━━━━━━━━━━━━━━━━━━━━ BACKTRACE ━━━━━━━━━━━━━━━━━━━━━━━━━━━━━━━━━━━
[INFO] [stdout]   \u{1b}[96m                              ⋮ 4 frames hidden ⋮                               \u{1b}[0m
[INFO] [stdout]    5: \u{1b}[91m<E as eyre::context::ext::StdError>::ext_report\u{1b}[0m\u{1b}[90m::h4ddbd188774fd5ce\u{1b}[0m
[INFO] [stdout]       at \u{1b}[35m/opt/rustwide/cargo-home/registry/src/index.crates.io-6f17d22bba15001f/eyre-0.6.8/src/context.rs\u{1b}[0m:\u{1b}[35m26\u{1b}[0m
[INFO] [stdout]         24 │             D: Display + Send + Sync + \'static,
[INFO] [stdout]         25 │         {
[INFO] [stdout]   \u{1b}[37;1m      26\u{1b}[0m \u{1b}[37;1m>\u{1b}[0m \u{1b}[37;1m            Report::from_msg(msg, self)\u{1b}[0m
[INFO] [stdout]         27 │         }
[INFO] [stdout]         28 │     }
[INFO] [stdout]   \u{1b}[96m                               ⋮ 1 frame hidden ⋮                               \u{1b}[0m
[INFO] [stdout]    7: \u{1b}[91mdigital_garden::write::write\u{1b}[0m\u{1b}[90m::h56a044da3d7bd48a\u{1b}[0m
[INFO] [stdout]       at \u{1b}[35m/opt/rustwide/workdir/src/write.rs\u{1b}[0m:\u{1b}[35m10\u{1b}[0m
[INFO] [stdout]          8 │ 
[INFO] [stdout]          9 │ pub fn write(garden_path: PathBuf, title: Option<String>) -> Result<()> {
[INFO] [stdout]   \u{1b}[37;1m      10\u{1b}[0m \u{1b}[37;1m>\u{1b}[0m \u{1b}[37;1m    let (mut file, filepath) = Builder::new()\u{1b}[0m
[INFO] [stdout]         11 │         .suffix(\".md\")
[INFO] [stdout]         12 │         .rand_bytes(5)
[INFO] [stdout]    8: \u{1b}[91mgarden::main\u{1b}[0m\u{1b}[90m::h554d7caced682659\u{1b}[0m
[INFO] [stdout]       at \u{1b}[35m/opt/rustwide/workdir/src/main.rs\u{1b}[0m:\u{1b}[35m51\u{1b}[0m
[INFO] [stdout]         49 │     }?;
[INFO] [stdout]         50 │     match opt.cmd {
[INFO] [stdout]   \u{1b}[37;1m      51\u{1b}[0m \u{1b}[37;1m>\u{1b}[0m \u{1b}[37;1m        Command::Write { title } => write(garden_path, title),\u{1b}[0m
[INFO] [stdout]         52 │     }
[INFO] [stdout]         53 │ }
[INFO] [stdout]    9: \u{1b}[32mcore::ops::function::FnOnce::call_once\u{1b}[0m\u{1b}[90m::h599ec70b1ed8a5d3\u{1b}[0m
[INFO] [stdout]       at \u{1b}[35m/rustc/82e1608dfa6e0b5569232559e3d385fea5a93112/library/core/src/ops/function.rs\u{1b}[0m:\u{1b}[35m250\u{1b}[0m
[INFO] [stdout]   \u{1b}[96m                              ⋮ 15 frames hidden ⋮                              \u{1b}[0m
[INFO] [stdout] 
[INFO] [stdout] Run with COLORBT_SHOW_HIDDEN=1 environment variable to disable frame filtering.
[INFO] [stdout] ```
[INFO] [stdout] ```
[INFO] [stdout] command=`EDITOR="/opt/rustwide/workdir/tests/fake_editor.sh" "/opt/rustwide/target/debug/garden" "write" "-t" "atitle"`
[INFO] [stdout] stdin=`"N\n"`
[INFO] [stdout] code=1
[INFO] [stdout] stdout=""
[INFO] [stdout] stderr=```
[INFO] [stdout] [src/main.rs:44] &opt = Opt {
[INFO] [stdout]     garden_path: None,
[INFO] [stdout]     cmd: Write {
[INFO] [stdout]         title: Some(
[INFO] [stdout]             \"atitle\",
[INFO] [stdout]         ),
[INFO] [stdout]     },
[INFO] [stdout] }
[INFO] [stdout] Error: 
[INFO] [stdout]    0: \u{1b}[91mFailed to create wip file\u{1b}[0m
[INFO] [stdout]    1: \u{1b}[91mNo such file or directory (os error 2) at path \"/root/personal/garden/.tmpBZBbi.md\"\u{1b}[0m
[INFO] [stdout] 
[INFO] [stdout] Location:
[INFO] [stdout]    \u{1b}[35msrc/write.rs\u{1b}[0m:\u{1b}[35m14\u{1b}[0m
[INFO] [stdout] 
[INFO] [stdout]   ━━━━━━━━━━━━━━━━━━━━━━━━━━━━━━━━━━ BACKTRACE ━━━━━━━━━━━━━━━━━━━━━━━━━━━━━━━━━━━
[INFO] [stdout]   \u{1b}[96m                              ⋮ 4 frames hidden ⋮                               \u{1b}[0m
[INFO] [stdout]    5: \u{1b}[91m<E as eyre::context::ext::StdError>::ext_report\u{1b}[0m\u{1b}[90m::h4ddbd188774fd5ce\u{1b}[0m
[INFO] [stdout]       at \u{1b}[35m/opt/rustwide/cargo-home/registry/src/index.crates.io-6f17d22bba15001f/eyre-0.6.8/src/context.rs\u{1b}[0m:\u{1b}[35m26\u{1b}[0m
[INFO] [stdout]         24 │             D: Display + Send + Sync + \'static,
[INFO] [stdout]         25 │         {
[INFO] [stdout]   \u{1b}[37;1m      26\u{1b}[0m \u{1b}[37;1m>\u{1b}[0m \u{1b}[37;1m            Report::from_msg(msg, self)\u{1b}[0m
[INFO] [stdout]         27 │         }
[INFO] [stdout]         28 │     }
[INFO] [stdout]   \u{1b}[96m                               ⋮ 1 frame hidden ⋮                               \u{1b}[0m
[INFO] [stdout]    7: \u{1b}[91mdigital_garden::write::write\u{1b}[0m\u{1b}[90m::h56a044da3d7bd48a\u{1b}[0m
[INFO] [stdout]       at \u{1b}[35m/opt/rustwide/workdir/src/write.rs\u{1b}[0m:\u{1b}[35m10\u{1b}[0m
[INFO] [stdout]          8 │ 
[INFO] [stdout]          9 │ pub fn write(garden_path: PathBuf, title: Option<String>) -> Result<()> {
[INFO] [stdout]   \u{1b}[37;1m      10\u{1b}[0m \u{1b}[37;1m>\u{1b}[0m \u{1b}[37;1m    let (mut file, filepath) = Builder::new()\u{1b}[0m
[INFO] [stdout]         11 │         .suffix(\".md\")
[INFO] [stdout]         12 │         .rand_bytes(5)
[INFO] [stdout]    8: \u{1b}[91mgarden::main\u{1b}[0m\u{1b}[90m::h554d7caced682659\u{1b}[0m
[INFO] [stdout]       at \u{1b}[35m/opt/rustwide/workdir/src/main.rs\u{1b}[0m:\u{1b}[35m51\u{1b}[0m
[INFO] [stdout]         49 │     }?;
[INFO] [stdout]         50 │     match opt.cmd {
[INFO] [stdout]   \u{1b}[37;1m      51\u{1b}[0m \u{1b}[37;1m>\u{1b}[0m \u{1b}[37;1m        Command::Write { title } => write(garden_path, title),\u{1b}[0m
[INFO] [stdout]         52 │     }
[INFO] [stdout]         53 │ }
[INFO] [stdout]    9: \u{1b}[32mcore::ops::function::FnOnce::call_once\u{1b}[0m\u{1b}[90m::h599ec70b1ed8a5d3\u{1b}[0m
[INFO] [stdout]       at \u{1b}[35m/rustc/82e1608dfa6e0b5569232559e3d385fea5a93112/library/core/src/ops/function.rs\u{1b}[0m:\u{1b}[35m250\u{1b}[0m
[INFO] [stdout]   \u{1b}[96m                              ⋮ 15 frames hidden ⋮                              \u{1b}[0m
[INFO] [stdout] 
[INFO] [stdout] Run with COLORBT_SHOW_HIDDEN=1 environment variable to disable frame filtering.
[INFO] [stdout] ```
[INFO] [stdout] 
[INFO] [stdout] 
[INFO] [stdout] stack backtrace:
[INFO] [stdout]    0:     0x5597788e7c5c - std::backtrace_rs::backtrace::libunwind::trace::ha637c64ce894333a
[INFO] [stdout]                                at /rustc/82e1608dfa6e0b5569232559e3d385fea5a93112/library/std/src/../../backtrace/src/backtrace/libunwind.rs:104:5
[INFO] [stdout]    1:     0x5597788e7c5c - std::backtrace_rs::backtrace::trace_unsynchronized::h47f62dea28e0c88d
[INFO] [stdout]                                at /rustc/82e1608dfa6e0b5569232559e3d385fea5a93112/library/std/src/../../backtrace/src/backtrace/mod.rs:66:5
[INFO] [stdout]    2:     0x5597788e7c5c - std::sys_common::backtrace::_print_fmt::h9eef0abe20ede486
[INFO] [stdout]                                at /rustc/82e1608dfa6e0b5569232559e3d385fea5a93112/library/std/src/sys_common/backtrace.rs:67:5
[INFO] [stdout]    3:     0x5597788e7c5c - <std::sys_common::backtrace::_print::DisplayBacktrace as core::fmt::Display>::fmt::hed7f999df88cc644
[INFO] [stdout]                                at /rustc/82e1608dfa6e0b5569232559e3d385fea5a93112/library/std/src/sys_common/backtrace.rs:44:22
[INFO] [stdout]    4:     0x5597789126b0 - core::fmt::rt::Argument::fmt::h1539a9308b8d058d
[INFO] [stdout]                                at /rustc/82e1608dfa6e0b5569232559e3d385fea5a93112/library/core/src/fmt/rt.rs:142:9
[INFO] [stdout]    5:     0x5597789126b0 - core::fmt::write::h3a39390d8560d9c9
[INFO] [stdout]                                at /rustc/82e1608dfa6e0b5569232559e3d385fea5a93112/library/core/src/fmt/mod.rs:1120:17
[INFO] [stdout]    6:     0x5597788e4e1f - std::io::Write::write_fmt::h040b369f3a0f9cbc
[INFO] [stdout]                                at /rustc/82e1608dfa6e0b5569232559e3d385fea5a93112/library/std/src/io/mod.rs:1762:15
[INFO] [stdout]    7:     0x5597788e7a44 - std::sys_common::backtrace::_print::h894006fb5c6f3d45
[INFO] [stdout]                                at /rustc/82e1608dfa6e0b5569232559e3d385fea5a93112/library/std/src/sys_common/backtrace.rs:47:5
[INFO] [stdout]    8:     0x5597788e7a44 - std::sys_common::backtrace::print::h23a2d212c6fff936
[INFO] [stdout]                                at /rustc/82e1608dfa6e0b5569232559e3d385fea5a93112/library/std/src/sys_common/backtrace.rs:34:9
[INFO] [stdout]    9:     0x5597788e9787 - std::panicking::default_hook::{{closure}}::h8a1d2ee00185001a
[INFO] [stdout]   10:     0x5597788e9473 - std::panicking::default_hook::h6038f2eba384e475
[INFO] [stdout]                                at /rustc/82e1608dfa6e0b5569232559e3d385fea5a93112/library/std/src/panicking.rs:289:9
[INFO] [stdout]   11:     0x559778845457 - <alloc::boxed::Box<F,A> as core::ops::function::Fn<Args>>::call::h0ad024c9bdc6d768
[INFO] [stdout]                                at /rustc/82e1608dfa6e0b5569232559e3d385fea5a93112/library/alloc/src/boxed.rs:2021:9
[INFO] [stdout]   12:     0x559778845457 - test::test_main::{{closure}}::h7500b54257359db6
[INFO] [stdout]                                at /rustc/82e1608dfa6e0b5569232559e3d385fea5a93112/library/test/src/lib.rs:138:21
[INFO] [stdout]   13:     0x5597788e9d98 - <alloc::boxed::Box<F,A> as core::ops::function::Fn<Args>>::call::h1f8f335eaa9cfaee
[INFO] [stdout]                                at /rustc/82e1608dfa6e0b5569232559e3d385fea5a93112/library/alloc/src/boxed.rs:2021:9
[INFO] [stdout]   14:     0x5597788e9d98 - std::panicking::rust_panic_with_hook::h2b5517d590cab22e
[INFO] [stdout]                                at /rustc/82e1608dfa6e0b5569232559e3d385fea5a93112/library/std/src/panicking.rs:783:13
[INFO] [stdout]   15:     0x5597788e9aee - std::panicking::begin_panic_handler::{{closure}}::h233112c06e0ef43e
[INFO] [stdout]                                at /rustc/82e1608dfa6e0b5569232559e3d385fea5a93112/library/std/src/panicking.rs:657:13
[INFO] [stdout]   16:     0x5597788e8126 - std::sys_common::backtrace::__rust_end_short_backtrace::h6e893f24d7ebbff8
[INFO] [stdout]                                at /rustc/82e1608dfa6e0b5569232559e3d385fea5a93112/library/std/src/sys_common/backtrace.rs:170:18
[INFO] [stdout]   17:     0x5597788e9852 - rust_begin_unwind
[INFO] [stdout]                                at /rustc/82e1608dfa6e0b5569232559e3d385fea5a93112/library/std/src/panicking.rs:645:5
[INFO] [stdout]   18:     0x55977880e1c5 - core::panicking::panic_fmt::hbf0e066aabfa482c
[INFO] [stdout]                                at /rustc/82e1608dfa6e0b5569232559e3d385fea5a93112/library/core/src/panicking.rs:72:14
[INFO] [stdout]   19:     0x55977885db6f - core::panicking::panic_display::h57e0143dc8515fa9
[INFO] [stdout]                                at /rustc/82e1608dfa6e0b5569232559e3d385fea5a93112/library/core/src/panicking.rs:178:5
[INFO] [stdout]   20:     0x55977886246e - assert_cmd::assert::AssertError::panic::panic_cold_display::hb78880e0942702eb
[INFO] [stdout]                                at /rustc/82e1608dfa6e0b5569232559e3d385fea5a93112/library/core/src/panic.rs:99:13
[INFO] [stdout]   21:     0x559778860517 - assert_cmd::assert::AssertError::panic::h4a2aa595e4c4bddb
[INFO] [stdout]                                at /opt/rustwide/cargo-home/registry/src/index.crates.io-6f17d22bba15001f/assert_cmd-2.0.10/src/assert.rs:1033:9
[INFO] [stdout]   22:     0x5597788583d7 - core::ops::function::FnOnce::call_once::h2bb5e11d466ef512
[INFO] [stdout]                                at /rustc/82e1608dfa6e0b5569232559e3d385fea5a93112/library/core/src/ops/function.rs:250:5
[INFO] [stdout]   23:     0x55977885b4f5 - core::result::Result<T,E>::unwrap_or_else::h81378c7faa5ee986
[INFO] [stdout]                                at /rustc/82e1608dfa6e0b5569232559e3d385fea5a93112/library/core/src/result.rs:1430:23
[INFO] [stdout]   24:     0x55977885fa66 - assert_cmd::assert::Assert::success::h1bba1934eeac3894
[INFO] [stdout]                                at /opt/rustwide/cargo-home/registry/src/index.crates.io-6f17d22bba15001f/assert_cmd-2.0.10/src/assert.rs:158:9
[INFO] [stdout]   25:     0x559778811a25 - integration::test_write::hfcf0aeea8149237f
[INFO] [stdout]                                at /opt/rustwide/workdir/tests/integration.rs:44:5
[INFO] [stdout]   26:     0x559778811677 - integration::test_write::{{closure}}::h27de469e8e247277
[INFO] [stdout]                                at /opt/rustwide/workdir/tests/integration.rs:25:16
[INFO] [stdout]   27:     0x55977880f9c6 - core::ops::function::FnOnce::call_once::hc178f71ee66d3899
[INFO] [stdout]                                at /rustc/82e1608dfa6e0b5569232559e3d385fea5a93112/library/core/src/ops/function.rs:250:5
[INFO] [stdout]   28:     0x55977884aaaf - core::ops::function::FnOnce::call_once::h2b5d431d5046312d
[INFO] [stdout]                                at /rustc/82e1608dfa6e0b5569232559e3d385fea5a93112/library/core/src/ops/function.rs:250:5
[INFO] [stdout]   29:     0x55977884aaaf - test::__rust_begin_short_backtrace::h7714669af176e207
[INFO] [stdout]                                at /rustc/82e1608dfa6e0b5569232559e3d385fea5a93112/library/test/src/lib.rs:628:18
[INFO] [stdout]   30:     0x559778849ac5 - test::run_test_in_process::{{closure}}::h85218797dcbcec12
[INFO] [stdout]                                at /rustc/82e1608dfa6e0b5569232559e3d385fea5a93112/library/test/src/lib.rs:651:60
[INFO] [stdout]   31:     0x559778849ac5 - <core::panic::unwind_safe::AssertUnwindSafe<F> as core::ops::function::FnOnce<()>>::call_once::h76c106ea31c14d7b
[INFO] [stdout]                                at /rustc/82e1608dfa6e0b5569232559e3d385fea5a93112/library/core/src/panic/unwind_safe.rs:272:9
[INFO] [stdout]   32:     0x559778849ac5 - std::panicking::try::do_call::h3bd5d0f6620ee946
[INFO] [stdout]                                at /rustc/82e1608dfa6e0b5569232559e3d385fea5a93112/library/std/src/panicking.rs:552:40
[INFO] [stdout]   33:     0x559778849ac5 - std::panicking::try::h232e535e4744fe31
[INFO] [stdout]                                at /rustc/82e1608dfa6e0b5569232559e3d385fea5a93112/library/std/src/panicking.rs:516:19
[INFO] [stdout]   34:     0x559778849ac5 - std::panic::catch_unwind::h3ce3bd6ca8dbac68
[INFO] [stdout]                                at /rustc/82e1608dfa6e0b5569232559e3d385fea5a93112/library/std/src/panic.rs:142:14
[INFO] [stdout]   35:     0x559778849ac5 - test::run_test_in_process::hc97b257c9621286a
[INFO] [stdout]                                at /rustc/82e1608dfa6e0b5569232559e3d385fea5a93112/library/test/src/lib.rs:651:27
[INFO] [stdout]   36:     0x559778849ac5 - test::run_test::{{closure}}::h2aa798823a438d38
[INFO] [stdout]                                at /rustc/82e1608dfa6e0b5569232559e3d385fea5a93112/library/test/src/lib.rs:574:43
[INFO] [stdout]   37:     0x559778811d86 - test::run_test::{{closure}}::h87d231c78fb59832
[INFO] [stdout]                                at /rustc/82e1608dfa6e0b5569232559e3d385fea5a93112/library/test/src/lib.rs:602:41
[INFO] [stdout]   38:     0x559778811d86 - std::sys_common::backtrace::__rust_begin_short_backtrace::he6df152596625789
[INFO] [stdout]                                at /rustc/82e1608dfa6e0b5569232559e3d385fea5a93112/library/std/src/sys_common/backtrace.rs:154:18
[INFO] [stdout]   39:     0x559778816e37 - std::thread::Builder::spawn_unchecked_::{{closure}}::{{closure}}::ha94be15d1e0acf36
[INFO] [stdout]                                at /rustc/82e1608dfa6e0b5569232559e3d385fea5a93112/library/std/src/thread/mod.rs:529:17
[INFO] [stdout]   40:     0x559778816e37 - <core::panic::unwind_safe::AssertUnwindSafe<F> as core::ops::function::FnOnce<()>>::call_once::h9dc6bd6372f16606
[INFO] [stdout]                                at /rustc/82e1608dfa6e0b5569232559e3d385fea5a93112/library/core/src/panic/unwind_safe.rs:272:9
[INFO] [stdout]   41:     0x559778816e37 - std::panicking::try::do_call::h9057517f80303cd4
[INFO] [stdout]                                at /rustc/82e1608dfa6e0b5569232559e3d385fea5a93112/library/std/src/panicking.rs:552:40
[INFO] [stdout]   42:     0x559778816e37 - std::panicking::try::he3a30b11ee45340c
[INFO] [stdout]                                at /rustc/82e1608dfa6e0b5569232559e3d385fea5a93112/library/std/src/panicking.rs:516:19
[INFO] [stdout]   43:     0x559778816e37 - std::panic::catch_unwind::h410458cfd3528b8b
[INFO] [stdout]                                at /rustc/82e1608dfa6e0b5569232559e3d385fea5a93112/library/std/src/panic.rs:142:14
[INFO] [stdout]   44:     0x559778816e37 - std::thread::Builder::spawn_unchecked_::{{closure}}::h72ac3bdb567b737b
[INFO] [stdout]                                at /rustc/82e1608dfa6e0b5569232559e3d385fea5a93112/library/std/src/thread/mod.rs:528:30
[INFO] [stdout]   45:     0x559778816e37 - core::ops::function::FnOnce::call_once{{vtable.shim}}::h38f34da3654a8344
[INFO] [stdout]                                at /rustc/82e1608dfa6e0b5569232559e3d385fea5a93112/library/core/src/ops/function.rs:250:5
[INFO] [stdout]   46:     0x5597788ef1c5 - <alloc::boxed::Box<F,A> as core::ops::function::FnOnce<Args>>::call_once::hc7eafaff61e32df9
[INFO] [stdout]                                at /rustc/82e1608dfa6e0b5569232559e3d385fea5a93112/library/alloc/src/boxed.rs:2007:9
[INFO] [stdout]   47:     0x5597788ef1c5 - <alloc::boxed::Box<F,A> as core::ops::function::FnOnce<Args>>::call_once::h6ba4a5de48dd2304
[INFO] [stdout]                                at /rustc/82e1608dfa6e0b5569232559e3d385fea5a93112/library/alloc/src/boxed.rs:2007:9
[INFO] [stdout]   48:     0x5597788ef1c5 - std::sys::unix::thread::Thread::new::thread_start::he469335aef763e45
[INFO] [stdout]                                at /rustc/82e1608dfa6e0b5569232559e3d385fea5a93112/library/std/src/sys/unix/thread.rs:108:17
[INFO] [stdout]   49:     0x7f4ef3a34ac3 - <unknown>
[INFO] [stdout]   50:     0x7f4ef3ac5bf4 - __clone
[INFO] [stdout]   51:                0x0 - <unknown>
[INFO] [stdout] 
[INFO] [stdout] 
[INFO] [stdout] failures:
[INFO] [stdout]     test_write
[INFO] [stdout] 
[INFO] [stdout] test result: FAILED. 2 passed; 1 failed; 0 ignored; 0 measured; 0 filtered out; finished in 0.16s
[INFO] [stdout] 
[INFO] [stderr] error: test failed, to rerun pass `--test integration`
[INFO] running `Command { std: "docker" "inspect" "0fd3ce08053364888642042f62bda3c17e161d6fb9e557dfe2cbe5766fb2b8ca", kill_on_drop: false }`
[INFO] running `Command { std: "docker" "rm" "-f" "0fd3ce08053364888642042f62bda3c17e161d6fb9e557dfe2cbe5766fb2b8ca", kill_on_drop: false }`
[INFO] [stdout] 0fd3ce08053364888642042f62bda3c17e161d6fb9e557dfe2cbe5766fb2b8ca
[INFO] testing kranthicodes/digital-garden-cli against beta-2023-12-22 for beta-1.76-1
[INFO] running `Command { std: "git" "clone" "/workspace/cache/git-repos/https%3A%2F%2Fgithub.com%2Fkranthicodes%2Fdigital-garden-cli" "/workspace/builds/worker-2-tc2/source", kill_on_drop: false }`
[INFO] [stderr] Cloning into '/workspace/builds/worker-2-tc2/source'...
[INFO] [stderr] done.
[INFO] validating manifest of git repo https://github.com/kranthicodes/digital-garden-cli on toolchain beta-2023-12-22
[INFO] running `Command { std: CARGO_HOME="/workspace/cargo-home" RUSTUP_HOME="/workspace/rustup-home" "/workspace/cargo-home/bin/cargo" "+beta-2023-12-22" "metadata" "--manifest-path" "Cargo.toml" "--no-deps", kill_on_drop: false }`
[INFO] started tweaking git repo https://github.com/kranthicodes/digital-garden-cli
[INFO] finished tweaking git repo https://github.com/kranthicodes/digital-garden-cli
[INFO] tweaked toml for git repo https://github.com/kranthicodes/digital-garden-cli written to /workspace/builds/worker-2-tc2/source/Cargo.toml
[INFO] crate git repo https://github.com/kranthicodes/digital-garden-cli already has a lockfile, it will not be regenerated
[INFO] running `Command { std: CARGO_HOME="/workspace/cargo-home" RUSTUP_HOME="/workspace/rustup-home" "/workspace/cargo-home/bin/cargo" "+beta-2023-12-22" "fetch" "--manifest-path" "Cargo.toml", kill_on_drop: false }`
[INFO] running `Command { std: "docker" "create" "-v" "/var/lib/crater-agent-workspace/builds/worker-2-tc2/target:/opt/rustwide/target:rw,Z" "-v" "/var/lib/crater-agent-workspace/builds/worker-2-tc2/source:/opt/rustwide/workdir:ro,Z" "-v" "/var/lib/crater-agent-workspace/cargo-home:/opt/rustwide/cargo-home:ro,Z" "-v" "/var/lib/crater-agent-workspace/rustup-home:/opt/rustwide/rustup-home:ro,Z" "-e" "SOURCE_DIR=/opt/rustwide/workdir" "-e" "CARGO_TARGET_DIR=/opt/rustwide/target" "-e" "CARGO_HOME=/opt/rustwide/cargo-home" "-e" "RUSTUP_HOME=/opt/rustwide/rustup-home" "-w" "/opt/rustwide/workdir" "-m" "1610612736" "--user" "0:0" "--network" "none" "ghcr.io/rust-lang/crates-build-env/linux@sha256:2788e3201cd34a07e3172128adcd8b3090168a8e3bcc40d7c032b9dda1df7d1c" "/opt/rustwide/cargo-home/bin/cargo" "+beta-2023-12-22" "metadata" "--no-deps" "--format-version=1", kill_on_drop: false }`
[INFO] [stdout] 888581f66943826388425aac887fdac3b078e55f52438414ee7d5138825c01c6
[INFO] running `Command { std: "docker" "start" "-a" "888581f66943826388425aac887fdac3b078e55f52438414ee7d5138825c01c6", kill_on_drop: false }`
[INFO] running `Command { std: "docker" "inspect" "888581f66943826388425aac887fdac3b078e55f52438414ee7d5138825c01c6", kill_on_drop: false }`
[INFO] running `Command { std: "docker" "rm" "-f" "888581f66943826388425aac887fdac3b078e55f52438414ee7d5138825c01c6", kill_on_drop: false }`
[INFO] [stdout] 888581f66943826388425aac887fdac3b078e55f52438414ee7d5138825c01c6
[INFO] running `Command { std: "docker" "create" "-v" "/var/lib/crater-agent-workspace/builds/worker-2-tc2/target:/opt/rustwide/target:rw,Z" "-v" "/var/lib/crater-agent-workspace/builds/worker-2-tc2/source:/opt/rustwide/workdir:ro,Z" "-v" "/var/lib/crater-agent-workspace/cargo-home:/opt/rustwide/cargo-home:ro,Z" "-v" "/var/lib/crater-agent-workspace/rustup-home:/opt/rustwide/rustup-home:ro,Z" "-e" "SOURCE_DIR=/opt/rustwide/workdir" "-e" "CARGO_TARGET_DIR=/opt/rustwide/target" "-e" "CARGO_INCREMENTAL=0" "-e" "RUST_BACKTRACE=full" "-e" "RUSTFLAGS=--cap-lints=warn" "-e" "RUSTDOCFLAGS=--cap-lints=warn" "-e" "CARGO_HOME=/opt/rustwide/cargo-home" "-e" "RUSTUP_HOME=/opt/rustwide/rustup-home" "-w" "/opt/rustwide/workdir" "-m" "1610612736" "--user" "0:0" "--network" "none" "ghcr.io/rust-lang/crates-build-env/linux@sha256:2788e3201cd34a07e3172128adcd8b3090168a8e3bcc40d7c032b9dda1df7d1c" "/opt/rustwide/cargo-home/bin/cargo" "+beta-2023-12-22" "build" "--frozen" "--message-format=json", kill_on_drop: false }`
[INFO] [stdout] a2714269a21cca915612878a34a67d5538c20d811c9fbe6838d7082c98e241e6
[INFO] running `Command { std: "docker" "start" "-a" "a2714269a21cca915612878a34a67d5538c20d811c9fbe6838d7082c98e241e6", kill_on_drop: false }`
[INFO] [stderr]    Compiling libc v0.2.140
[INFO] [stderr]    Compiling memchr v2.5.0
[INFO] [stderr]    Compiling once_cell v1.17.1
[INFO] [stderr]    Compiling version_check v0.9.4
[INFO] [stderr]    Compiling proc-macro2 v1.0.52
[INFO] [stderr]    Compiling unicode-ident v1.0.8
[INFO] [stderr]    Compiling quote v1.0.26
[INFO] [stderr]    Compiling io-lifetimes v1.0.8
[INFO] [stderr]    Compiling thread_local v1.1.7
[INFO] [stderr]    Compiling log v0.4.17
[INFO] [stderr]    Compiling proc-macro-error-attr v1.0.4
[INFO] [stderr]    Compiling tracing-core v0.1.30
[INFO] [stderr]    Compiling either v1.8.1
[INFO] [stderr]    Compiling rustix v0.36.10
[INFO] [stderr]    Compiling regex-syntax v0.6.28
[INFO] [stderr]    Compiling syn v1.0.109
[INFO] [stderr]    Compiling aho-corasick v0.7.20
[INFO] [stderr]    Compiling bstr v1.4.0
[INFO] [stderr]    Compiling proc-macro-error v1.0.4
[INFO] [stderr]    Compiling sharded-slab v0.1.4
[INFO] [stderr]    Compiling linux-raw-sys v0.1.4
[INFO] [stderr]    Compiling pin-project-lite v0.2.9
[INFO] [stderr]    Compiling same-file v1.0.6
[INFO] [stderr]    Compiling cc v1.0.79
[INFO] [stderr]    Compiling fnv v1.0.7
[INFO] [stderr]    Compiling walkdir v2.3.3
[INFO] [stderr]    Compiling tracing-subscriber v0.3.16
[INFO] [stderr]    Compiling tracing v0.1.37
[INFO] [stderr]    Compiling unicode-width v0.1.10
[INFO] [stderr]    Compiling predicates-core v1.0.6
[INFO] [stderr]    Compiling doc-comment v0.3.3
[INFO] [stderr]    Compiling eyre v0.6.8
[INFO] [stderr]    Compiling regex v1.7.1
[INFO] [stderr]    Compiling gimli v0.27.2
[INFO] [stderr]    Compiling unicode-segmentation v1.10.1
[INFO] [stderr]    Compiling backtrace v0.3.67
[INFO] [stderr]    Compiling fastrand v1.9.0
[INFO] [stderr]    Compiling adler v1.0.2
[INFO] [stderr]    Compiling miniz_oxide v0.6.2
[INFO] [stderr]    Compiling globset v0.4.10
[INFO] [stderr]    Compiling ignore v0.4.20
[INFO] [stderr]    Compiling tempfile v3.4.0
[INFO] [stderr]    Compiling addr2line v0.19.0
[INFO] [stderr]    Compiling heck v0.3.3
[INFO] [stderr]    Compiling tracing-error v0.2.0
[INFO] [stderr]    Compiling textwrap v0.11.0
[INFO] [stderr]    Compiling atty v0.2.14
[INFO] [stderr]    Compiling object v0.30.3
[INFO] [stderr]    Compiling itertools v0.10.5
[INFO] [stderr]    Compiling difflib v0.4.0
[INFO] [stderr]    Compiling termtree v0.4.1
[INFO] [stderr]    Compiling anstyle v0.3.5
[INFO] [stderr]    Compiling owo-colors v3.5.0
[INFO] [stderr]    Compiling rustc-demangle v0.1.21
[INFO] [stderr]    Compiling indenter v0.3.3
[INFO] [stderr]    Compiling ansi_term v0.12.1
[INFO] [stderr]    Compiling color-spantrace v0.2.0
[INFO] [stderr]    Compiling predicates v3.0.1
[INFO] [stderr]    Compiling clap v2.34.0
[INFO] [stderr]    Compiling predicates-tree v1.0.9
[INFO] [stderr]    Compiling globwalk v0.8.1
[INFO] [stderr]    Compiling rtoolbox v0.0.1
[INFO] [stderr]    Compiling dirs-sys v0.4.0
[INFO] [stderr]    Compiling which v4.4.0
[INFO] [stderr]    Compiling deunicode v0.4.3
[INFO] [stderr]    Compiling slug v0.1.4
[INFO] [stderr]    Compiling edit v0.1.4
[INFO] [stderr]    Compiling directories v5.0.0
[INFO] [stderr]    Compiling rprompt v2.0.2
[INFO] [stderr]    Compiling assert_fs v1.0.12
[INFO] [stderr]    Compiling structopt-derive v0.4.18
[INFO] [stderr]    Compiling color-eyre v0.6.2
[INFO] [stderr]    Compiling structopt v0.3.26
[INFO] [stderr]    Compiling digital-garden-cli v0.1.0 (/opt/rustwide/workdir)
[INFO] [stderr]     Finished dev [unoptimized + debuginfo] target(s) in 16.44s
[INFO] running `Command { std: "docker" "inspect" "a2714269a21cca915612878a34a67d5538c20d811c9fbe6838d7082c98e241e6", kill_on_drop: false }`
[INFO] running `Command { std: "docker" "rm" "-f" "a2714269a21cca915612878a34a67d5538c20d811c9fbe6838d7082c98e241e6", kill_on_drop: false }`
[INFO] [stdout] a2714269a21cca915612878a34a67d5538c20d811c9fbe6838d7082c98e241e6
[INFO] running `Command { std: "docker" "create" "-v" "/var/lib/crater-agent-workspace/builds/worker-2-tc2/target:/opt/rustwide/target:rw,Z" "-v" "/var/lib/crater-agent-workspace/builds/worker-2-tc2/source:/opt/rustwide/workdir:ro,Z" "-v" "/var/lib/crater-agent-workspace/cargo-home:/opt/rustwide/cargo-home:ro,Z" "-v" "/var/lib/crater-agent-workspace/rustup-home:/opt/rustwide/rustup-home:ro,Z" "-e" "SOURCE_DIR=/opt/rustwide/workdir" "-e" "CARGO_TARGET_DIR=/opt/rustwide/target" "-e" "CARGO_INCREMENTAL=0" "-e" "RUST_BACKTRACE=full" "-e" "RUSTFLAGS=--cap-lints=warn" "-e" "RUSTDOCFLAGS=--cap-lints=warn" "-e" "CARGO_HOME=/opt/rustwide/cargo-home" "-e" "RUSTUP_HOME=/opt/rustwide/rustup-home" "-w" "/opt/rustwide/workdir" "-m" "1610612736" "--user" "0:0" "--network" "none" "ghcr.io/rust-lang/crates-build-env/linux@sha256:2788e3201cd34a07e3172128adcd8b3090168a8e3bcc40d7c032b9dda1df7d1c" "/opt/rustwide/cargo-home/bin/cargo" "+beta-2023-12-22" "test" "--frozen" "--no-run" "--message-format=json", kill_on_drop: false }`
[INFO] [stdout] a6bcee365ae1e76fabcfbbe02d31b9c0d34b27d94af1c74c87d44432f2124a3d
[INFO] running `Command { std: "docker" "start" "-a" "a6bcee365ae1e76fabcfbbe02d31b9c0d34b27d94af1c74c87d44432f2124a3d", kill_on_drop: false }`
[INFO] [stderr]    Compiling regex-automata v0.1.10
[INFO] [stderr]    Compiling wait-timeout v0.2.0
[INFO] [stderr]    Compiling bstr v1.4.0
[INFO] [stderr]    Compiling globset v0.4.10
[INFO] [stderr]    Compiling assert_cmd v2.0.10
[INFO] [stderr]    Compiling ignore v0.4.20
[INFO] [stderr]    Compiling globwalk v0.8.1
[INFO] [stderr]    Compiling assert_fs v1.0.12
[INFO] [stderr]    Compiling digital-garden-cli v0.1.0 (/opt/rustwide/workdir)
[INFO] [stdout] warning: unused import: `assert_fs::prelude`
[INFO] [stdout]  --> tests/integration.rs:3:5
[INFO] [stdout]   |
[INFO] [stdout] 3 | use assert_fs::prelude::*;
[INFO] [stdout]   |     ^^^^^^^^^^^^^^^^^^
[INFO] [stdout]   |
[INFO] [stdout]   = note: `#[warn(unused_imports)]` on by default
[INFO] [stdout] 
[INFO] [stdout] 
[INFO] [stdout] warning: 1 warning emitted
[INFO] [stdout] 
[INFO] [stdout] 
[INFO] [stderr]     Finished test [unoptimized + debuginfo] target(s) in 3.74s
[INFO] running `Command { std: "docker" "inspect" "a6bcee365ae1e76fabcfbbe02d31b9c0d34b27d94af1c74c87d44432f2124a3d", kill_on_drop: false }`
[INFO] running `Command { std: "docker" "rm" "-f" "a6bcee365ae1e76fabcfbbe02d31b9c0d34b27d94af1c74c87d44432f2124a3d", kill_on_drop: false }`
[INFO] [stdout] a6bcee365ae1e76fabcfbbe02d31b9c0d34b27d94af1c74c87d44432f2124a3d
[INFO] running `Command { std: "docker" "create" "-v" "/var/lib/crater-agent-workspace/builds/worker-2-tc2/target:/opt/rustwide/target:rw,Z" "-v" "/var/lib/crater-agent-workspace/builds/worker-2-tc2/source:/opt/rustwide/workdir:ro,Z" "-v" "/var/lib/crater-agent-workspace/cargo-home:/opt/rustwide/cargo-home:ro,Z" "-v" "/var/lib/crater-agent-workspace/rustup-home:/opt/rustwide/rustup-home:ro,Z" "-e" "SOURCE_DIR=/opt/rustwide/workdir" "-e" "CARGO_TARGET_DIR=/opt/rustwide/target" "-e" "CARGO_INCREMENTAL=0" "-e" "RUST_BACKTRACE=full" "-e" "RUSTFLAGS=--cap-lints=warn" "-e" "RUSTDOCFLAGS=--cap-lints=warn" "-e" "CARGO_HOME=/opt/rustwide/cargo-home" "-e" "RUSTUP_HOME=/opt/rustwide/rustup-home" "-w" "/opt/rustwide/workdir" "-m" "1610612736" "--user" "0:0" "--network" "none" "ghcr.io/rust-lang/crates-build-env/linux@sha256:2788e3201cd34a07e3172128adcd8b3090168a8e3bcc40d7c032b9dda1df7d1c" "/opt/rustwide/cargo-home/bin/cargo" "+beta-2023-12-22" "test" "--frozen", kill_on_drop: false }`
[INFO] [stdout] b9e2161ffc2bfd72f40e0f4272cd5ff17096a77ae01b4907994dbef83710cb56
[INFO] running `Command { std: "docker" "start" "-a" "b9e2161ffc2bfd72f40e0f4272cd5ff17096a77ae01b4907994dbef83710cb56", kill_on_drop: false }`
[INFO] [stderr] warning: unused import: `assert_fs::prelude`
[INFO] [stderr]  --> tests/integration.rs:3:5
[INFO] [stderr]   |
[INFO] [stderr] 3 | use assert_fs::prelude::*;
[INFO] [stderr]   |     ^^^^^^^^^^^^^^^^^^
[INFO] [stderr]   |
[INFO] [stderr]   = note: `#[warn(unused_imports)]` on by default
[INFO] [stderr] 
[INFO] [stderr] warning: `digital-garden-cli` (test "integration") generated 1 warning
[INFO] [stderr]     Finished test [unoptimized + debuginfo] target(s) in 0.08s
[INFO] [stderr]      Running unittests src/lib.rs (/opt/rustwide/target/debug/deps/digital_garden-716dd9f49fa74014)
[INFO] [stdout] 
[INFO] [stdout] running 0 tests
[INFO] [stdout] 
[INFO] [stdout] test result: ok. 0 passed; 0 failed; 0 ignored; 0 measured; 0 filtered out; finished in 0.00s
[INFO] [stdout] 
[INFO] [stderr]      Running unittests src/main.rs (/opt/rustwide/target/debug/deps/garden-ce511d2531a8c241)
[INFO] [stdout] 
[INFO] [stdout] running 0 tests
[INFO] [stdout] 
[INFO] [stdout] test result: ok. 0 passed; 0 failed; 0 ignored; 0 measured; 0 filtered out; finished in 0.00s
[INFO] [stdout] 
[INFO] [stderr]      Running tests/integration.rs (/opt/rustwide/target/debug/deps/integration-0e777c221f14faf9)
[INFO] [stdout] 
[INFO] [stdout] running 3 tests
[INFO] [stdout] test test_write_help ... ok
[INFO] [stdout] test test_help ... ok
[INFO] [stdout] test test_write ... FAILED
[INFO] [stderr] error: test failed, to rerun pass `--test integration`
[INFO] [stdout] 
[INFO] [stdout] failures:
[INFO] [stdout] 
[INFO] [stdout] ---- test_write stdout ----
[INFO] [stdout] thread 'test_write' panicked at /rustc/0e09125c6c3c2fd70d7de961bcf0e51575235fad/library/core/src/ops/function.rs:250:5:
[INFO] [stdout] Unexpected failure.
[INFO] [stdout] code-1
[INFO] [stdout] stderr=``````
[INFO] [stdout] [src/main.rs:44:5] &opt = Opt {
[INFO] [stdout]     garden_path: None,
[INFO] [stdout]     cmd: Write {
[INFO] [stdout]         title: Some(
[INFO] [stdout]             \"atitle\",
[INFO] [stdout]         ),
[INFO] [stdout]     },
[INFO] [stdout] }
[INFO] [stdout] Error: 
[INFO] [stdout]    0: \u{1b}[91mFailed to create wip file\u{1b}[0m
[INFO] [stdout]    1: \u{1b}[91mNo such file or directory (os error 2) at path \"/root/personal/garden/.tmpZMO2J.md\"\u{1b}[0m
[INFO] [stdout] 
[INFO] [stdout] Location:
[INFO] [stdout]    \u{1b}[35msrc/write.rs\u{1b}[0m:\u{1b}[35m14\u{1b}[0m
[INFO] [stdout] 
[INFO] [stdout]   ━━━━━━━━━━━━━━━━━━━━━━━━━━━━━━━━━━ BACKTRACE ━━━━━━━━━━━━━━━━━━━━━━━━━━━━━━━━━━━
[INFO] [stdout]   \u{1b}[96m                              ⋮ 4 frames hidden ⋮                               \u{1b}[0m
[INFO] [stdout]    5: \u{1b}[91m<E as eyre::context::ext::StdError>::ext_report\u{1b}[0m\u{1b}[90m::h3bacd5d17f9bd425\u{1b}[0m
[INFO] [stdout]       at \u{1b}[35m/opt/rustwide/cargo-home/registry/src/index.crates.io-6f17d22bba15001f/eyre-0.6.8/src/context.rs\u{1b}[0m:\u{1b}[35m26\u{1b}[0m
[INFO] [stdout]         24 │             D: Display + Send + Sync + \'static,
[INFO] [stdout]         25 │         {
[INFO] [stdout]   \u{1b}[37;1m      26\u{1b}[0m \u{1b}[37;1m>\u{1b}[0m \u{1b}[37;1m            Report::from_msg(msg, self)\u{1b}[0m
[INFO] [stdout]         27 │         }
[INFO] [stdout]         28 │     }
[INFO] [stdout]   \u{1b}[96m                               ⋮ 1 frame hidden ⋮                               \u{1b}[0m
[INFO] [stdout]    7: \u{1b}[91mdigital_garden::write::write\u{1b}[0m\u{1b}[90m::hdfbd1c10365a1f8d\u{1b}[0m
[INFO] [stdout]       at \u{1b}[35m/opt/rustwide/workdir/src/write.rs\u{1b}[0m:\u{1b}[35m10\u{1b}[0m
[INFO] [stdout]          8 │ 
[INFO] [stdout]          9 │ pub fn write(garden_path: PathBuf, title: Option<String>) -> Result<()> {
[INFO] [stdout]   \u{1b}[37;1m      10\u{1b}[0m \u{1b}[37;1m>\u{1b}[0m \u{1b}[37;1m    let (mut file, filepath) = Builder::new()\u{1b}[0m
[INFO] [stdout]         11 │         .suffix(\".md\")
[INFO] [stdout]         12 │         .rand_bytes(5)
[INFO] [stdout]    8: \u{1b}[91mgarden::main\u{1b}[0m\u{1b}[90m::h326729a9a30b8a49\u{1b}[0m
[INFO] [stdout]       at \u{1b}[35m/opt/rustwide/workdir/src/main.rs\u{1b}[0m:\u{1b}[35m51\u{1b}[0m
[INFO] [stdout]         49 │     }?;
[INFO] [stdout]         50 │     match opt.cmd {
[INFO] [stdout]   \u{1b}[37;1m      51\u{1b}[0m \u{1b}[37;1m>\u{1b}[0m \u{1b}[37;1m        Command::Write { title } => write(garden_path, title),\u{1b}[0m
[INFO] [stdout]         52 │     }
[INFO] [stdout]         53 │ }
[INFO] [stdout]    9: \u{1b}[32mcore::ops::function::FnOnce::call_once\u{1b}[0m\u{1b}[90m::h2172df5a1a1258c9\u{1b}[0m
[INFO] [stdout]       at \u{1b}[35m/rustc/0e09125c6c3c2fd70d7de961bcf0e51575235fad/library/core/src/ops/function.rs\u{1b}[0m:\u{1b}[35m250\u{1b}[0m
[INFO] [stdout]   \u{1b}[96m                              ⋮ 15 frames hidden ⋮                              \u{1b}[0m
[INFO] [stdout] 
[INFO] [stdout] Run with COLORBT_SHOW_HIDDEN=1 environment variable to disable frame filtering.
[INFO] [stdout] ```
[INFO] [stdout] ```
[INFO] [stdout] command=`EDITOR="/opt/rustwide/workdir/tests/fake_editor.sh" "/opt/rustwide/target/debug/garden" "write" "-t" "atitle"`
[INFO] [stdout] stdin=`"N\n"`
[INFO] [stdout] code=1
[INFO] [stdout] stdout=""
[INFO] [stdout] stderr=```
[INFO] [stdout] [src/main.rs:44:5] &opt = Opt {
[INFO] [stdout]     garden_path: None,
[INFO] [stdout]     cmd: Write {
[INFO] [stdout]         title: Some(
[INFO] [stdout]             \"atitle\",
[INFO] [stdout]         ),
[INFO] [stdout]     },
[INFO] [stdout] }
[INFO] [stdout] Error: 
[INFO] [stdout]    0: \u{1b}[91mFailed to create wip file\u{1b}[0m
[INFO] [stdout]    1: \u{1b}[91mNo such file or directory (os error 2) at path \"/root/personal/garden/.tmpZMO2J.md\"\u{1b}[0m
[INFO] [stdout] 
[INFO] [stdout] Location:
[INFO] [stdout]    \u{1b}[35msrc/write.rs\u{1b}[0m:\u{1b}[35m14\u{1b}[0m
[INFO] [stdout] 
[INFO] [stdout]   ━━━━━━━━━━━━━━━━━━━━━━━━━━━━━━━━━━ BACKTRACE ━━━━━━━━━━━━━━━━━━━━━━━━━━━━━━━━━━━
[INFO] [stdout]   \u{1b}[96m                              ⋮ 4 frames hidden ⋮                               \u{1b}[0m
[INFO] [stdout]    5: \u{1b}[91m<E as eyre::context::ext::StdError>::ext_report\u{1b}[0m\u{1b}[90m::h3bacd5d17f9bd425\u{1b}[0m
[INFO] [stdout]       at \u{1b}[35m/opt/rustwide/cargo-home/registry/src/index.crates.io-6f17d22bba15001f/eyre-0.6.8/src/context.rs\u{1b}[0m:\u{1b}[35m26\u{1b}[0m
[INFO] [stdout]         24 │             D: Display + Send + Sync + \'static,
[INFO] [stdout]         25 │         {
[INFO] [stdout]   \u{1b}[37;1m      26\u{1b}[0m \u{1b}[37;1m>\u{1b}[0m \u{1b}[37;1m            Report::from_msg(msg, self)\u{1b}[0m
[INFO] [stdout]         27 │         }
[INFO] [stdout]         28 │     }
[INFO] [stdout]   \u{1b}[96m                               ⋮ 1 frame hidden ⋮                               \u{1b}[0m
[INFO] [stdout]    7: \u{1b}[91mdigital_garden::write::write\u{1b}[0m\u{1b}[90m::hdfbd1c10365a1f8d\u{1b}[0m
[INFO] [stdout]       at \u{1b}[35m/opt/rustwide/workdir/src/write.rs\u{1b}[0m:\u{1b}[35m10\u{1b}[0m
[INFO] [stdout]          8 │ 
[INFO] [stdout]          9 │ pub fn write(garden_path: PathBuf, title: Option<String>) -> Result<()> {
[INFO] [stdout]   \u{1b}[37;1m      10\u{1b}[0m \u{1b}[37;1m>\u{1b}[0m \u{1b}[37;1m    let (mut file, filepath) = Builder::new()\u{1b}[0m
[INFO] [stdout]         11 │         .suffix(\".md\")
[INFO] [stdout]         12 │         .rand_bytes(5)
[INFO] [stdout]    8: \u{1b}[91mgarden::main\u{1b}[0m\u{1b}[90m::h326729a9a30b8a49\u{1b}[0m
[INFO] [stdout]       at \u{1b}[35m/opt/rustwide/workdir/src/main.rs\u{1b}[0m:\u{1b}[35m51\u{1b}[0m
[INFO] [stdout]         49 │     }?;
[INFO] [stdout]         50 │     match opt.cmd {
[INFO] [stdout]   \u{1b}[37;1m      51\u{1b}[0m \u{1b}[37;1m>\u{1b}[0m \u{1b}[37;1m        Command::Write { title } => write(garden_path, title),\u{1b}[0m
[INFO] [stdout]         52 │     }
[INFO] [stdout]         53 │ }
[INFO] [stdout]    9: \u{1b}[32mcore::ops::function::FnOnce::call_once\u{1b}[0m\u{1b}[90m::h2172df5a1a1258c9\u{1b}[0m
[INFO] [stdout]       at \u{1b}[35m/rustc/0e09125c6c3c2fd70d7de961bcf0e51575235fad/library/core/src/ops/function.rs\u{1b}[0m:\u{1b}[35m250\u{1b}[0m
[INFO] [stdout]   \u{1b}[96m                              ⋮ 15 frames hidden ⋮                              \u{1b}[0m
[INFO] [stdout] 
[INFO] [stdout] Run with COLORBT_SHOW_HIDDEN=1 environment variable to disable frame filtering.
[INFO] [stdout] ```
[INFO] [stdout] 
[INFO] [stdout] 
[INFO] [stdout] stack backtrace:
[INFO] [stdout]    0:     0x555a5172c7c6 - std::backtrace_rs::backtrace::libunwind::trace::h261606ad26a499c1
[INFO] [stdout]                                at /rustc/0e09125c6c3c2fd70d7de961bcf0e51575235fad/library/std/src/../../backtrace/src/backtrace/libunwind.rs:104:5
[INFO] [stdout]    1:     0x555a5172c7c6 - std::backtrace_rs::backtrace::trace_unsynchronized::hd183f0625477fb28
[INFO] [stdout]                                at /rustc/0e09125c6c3c2fd70d7de961bcf0e51575235fad/library/std/src/../../backtrace/src/backtrace/mod.rs:66:5
[INFO] [stdout]    2:     0x555a5172c7c6 - std::sys_common::backtrace::_print_fmt::hd7f8fef21b4eda67
[INFO] [stdout]                                at /rustc/0e09125c6c3c2fd70d7de961bcf0e51575235fad/library/std/src/sys_common/backtrace.rs:68:5
[INFO] [stdout]    3:     0x555a5172c7c6 - <std::sys_common::backtrace::_print::DisplayBacktrace as core::fmt::Display>::fmt::h623d9b51f2f453f1
[INFO] [stdout]                                at /rustc/0e09125c6c3c2fd70d7de961bcf0e51575235fad/library/std/src/sys_common/backtrace.rs:44:22
[INFO] [stdout]    4:     0x555a51756540 - core::fmt::rt::Argument::fmt::h9f417ac76a86f368
[INFO] [stdout]                                at /rustc/0e09125c6c3c2fd70d7de961bcf0e51575235fad/library/core/src/fmt/rt.rs:142:9
[INFO] [stdout]    5:     0x555a51756540 - core::fmt::write::hc9b6faf4ac2aeff7
[INFO] [stdout]                                at /rustc/0e09125c6c3c2fd70d7de961bcf0e51575235fad/library/core/src/fmt/mod.rs:1120:17
[INFO] [stdout]    6:     0x555a5172998f - std::io::Write::write_fmt::he04625a3a989fec3
[INFO] [stdout]                                at /rustc/0e09125c6c3c2fd70d7de961bcf0e51575235fad/library/std/src/io/mod.rs:1810:15
[INFO] [stdout]    7:     0x555a5172c5a4 - std::sys_common::backtrace::_print::hd5d66399c7df88a2
[INFO] [stdout]                                at /rustc/0e09125c6c3c2fd70d7de961bcf0e51575235fad/library/std/src/sys_common/backtrace.rs:47:5
[INFO] [stdout]    8:     0x555a5172c5a4 - std::sys_common::backtrace::print::he81ed2da642d37e5
[INFO] [stdout]                                at /rustc/0e09125c6c3c2fd70d7de961bcf0e51575235fad/library/std/src/sys_common/backtrace.rs:34:9
[INFO] [stdout]    9:     0x555a5172e397 - std::panicking::default_hook::{{closure}}::h85773f4fa117163d
[INFO] [stdout]   10:     0x555a5172e07d - std::panicking::default_hook::h6a1694a91d09b278
[INFO] [stdout]                                at /rustc/0e09125c6c3c2fd70d7de961bcf0e51575235fad/library/std/src/panicking.rs:289:9
[INFO] [stdout]   11:     0x555a516883d7 - <alloc::boxed::Box<F,A> as core::ops::function::Fn<Args>>::call::h616ac37fa3cd6c8f
[INFO] [stdout]                                at /rustc/0e09125c6c3c2fd70d7de961bcf0e51575235fad/library/alloc/src/boxed.rs:2029:9
[INFO] [stdout]   12:     0x555a516883d7 - test::test_main::{{closure}}::h00d84697cefdcbb6
[INFO] [stdout]                                at /rustc/0e09125c6c3c2fd70d7de961bcf0e51575235fad/library/test/src/lib.rs:138:21
[INFO] [stdout]   13:     0x555a5172e9b6 - <alloc::boxed::Box<F,A> as core::ops::function::Fn<Args>>::call::hcb3fe3b9bb537ba8
[INFO] [stdout]                                at /rustc/0e09125c6c3c2fd70d7de961bcf0e51575235fad/library/alloc/src/boxed.rs:2029:9
[INFO] [stdout]   14:     0x555a5172e9b6 - std::panicking::rust_panic_with_hook::h0a7ad96e90f7145b
[INFO] [stdout]                                at /rustc/0e09125c6c3c2fd70d7de961bcf0e51575235fad/library/std/src/panicking.rs:783:13
[INFO] [stdout]   15:     0x555a5172e702 - std::panicking::begin_panic_handler::{{closure}}::h7919090525c6485e
[INFO] [stdout]                                at /rustc/0e09125c6c3c2fd70d7de961bcf0e51575235fad/library/std/src/panicking.rs:657:13
[INFO] [stdout]   16:     0x555a5172ccc6 - std::sys_common::backtrace::__rust_end_short_backtrace::hf3289479464f7dfe
[INFO] [stdout]                                at /rustc/0e09125c6c3c2fd70d7de961bcf0e51575235fad/library/std/src/sys_common/backtrace.rs:171:18
[INFO] [stdout]   17:     0x555a5172e460 - rust_begin_unwind
[INFO] [stdout]                                at /rustc/0e09125c6c3c2fd70d7de961bcf0e51575235fad/library/std/src/panicking.rs:645:5
[INFO] [stdout]   18:     0x555a516501a5 - core::panicking::panic_fmt::hcc9f77c5c132af55
[INFO] [stdout]                                at /rustc/0e09125c6c3c2fd70d7de961bcf0e51575235fad/library/core/src/panicking.rs:72:14
[INFO] [stdout]   19:     0x555a5169c0bf - core::panicking::panic_display::had4179ab73f62642
[INFO] [stdout]                                at /rustc/0e09125c6c3c2fd70d7de961bcf0e51575235fad/library/core/src/panicking.rs:196:5
[INFO] [stdout]   20:     0x555a516a8b2e - assert_cmd::assert::AssertError::panic::panic_cold_display::h055f239a9bd17c85
[INFO] [stdout]                                at /rustc/0e09125c6c3c2fd70d7de961bcf0e51575235fad/library/core/src/panic.rs:99:13
[INFO] [stdout]   21:     0x555a516a8497 - assert_cmd::assert::AssertError::panic::hb0036b8157d19362
[INFO] [stdout]                                at /opt/rustwide/cargo-home/registry/src/index.crates.io-6f17d22bba15001f/assert_cmd-2.0.10/src/assert.rs:1033:9
[INFO] [stdout]   22:     0x555a5169a0c7 - core::ops::function::FnOnce::call_once::h37bd2ec9ceb184b0
[INFO] [stdout]                                at /rustc/0e09125c6c3c2fd70d7de961bcf0e51575235fad/library/core/src/ops/function.rs:250:5
[INFO] [stdout]   23:     0x555a516a00d0 - core::result::Result<T,E>::unwrap_or_else::h4bfd7e8628c842d7
[INFO] [stdout]                                at /rustc/0e09125c6c3c2fd70d7de961bcf0e51575235fad/library/core/src/result.rs:1426:23
[INFO] [stdout]   24:     0x555a516a79d6 - assert_cmd::assert::Assert::success::ha9874be868a102c3
[INFO] [stdout]                                at /opt/rustwide/cargo-home/registry/src/index.crates.io-6f17d22bba15001f/assert_cmd-2.0.10/src/assert.rs:158:9
[INFO] [stdout]   25:     0x555a51653a15 - integration::test_write::h645ed500aca89a05
[INFO] [stdout]                                at /opt/rustwide/workdir/tests/integration.rs:44:5
[INFO] [stdout]   26:     0x555a51653667 - integration::test_write::{{closure}}::h5c3e5d0d94fc1c3f
[INFO] [stdout]                                at /opt/rustwide/workdir/tests/integration.rs:25:16
[INFO] [stdout]   27:     0x555a51651946 - core::ops::function::FnOnce::call_once::h91a9f117e82d49be
[INFO] [stdout]                                at /rustc/0e09125c6c3c2fd70d7de961bcf0e51575235fad/library/core/src/ops/function.rs:250:5
[INFO] [stdout]   28:     0x555a5168dcaf - core::ops::function::FnOnce::call_once::hd64d26f405258157
[INFO] [stdout]                                at /rustc/0e09125c6c3c2fd70d7de961bcf0e51575235fad/library/core/src/ops/function.rs:250:5
[INFO] [stdout]   29:     0x555a5168dcaf - test::__rust_begin_short_backtrace::he21b0b7a6d731bf9
[INFO] [stdout]                                at /rustc/0e09125c6c3c2fd70d7de961bcf0e51575235fad/library/test/src/lib.rs:627:18
[INFO] [stdout]   30:     0x555a5168ca31 - test::run_test_in_process::{{closure}}::hf5c73986d7bdfde2
[INFO] [stdout]                                at /rustc/0e09125c6c3c2fd70d7de961bcf0e51575235fad/library/test/src/lib.rs:650:60
[INFO] [stdout]   31:     0x555a5168ca31 - <core::panic::unwind_safe::AssertUnwindSafe<F> as core::ops::function::FnOnce<()>>::call_once::h330011ad032aadc0
[INFO] [stdout]                                at /rustc/0e09125c6c3c2fd70d7de961bcf0e51575235fad/library/core/src/panic/unwind_safe.rs:272:9
[INFO] [stdout]   32:     0x555a5168ca31 - std::panicking::try::do_call::he61b0a958b795a41
[INFO] [stdout]                                at /rustc/0e09125c6c3c2fd70d7de961bcf0e51575235fad/library/std/src/panicking.rs:552:40
[INFO] [stdout]   33:     0x555a5168ca31 - std::panicking::try::h7309da130f906eb7
[INFO] [stdout]                                at /rustc/0e09125c6c3c2fd70d7de961bcf0e51575235fad/library/std/src/panicking.rs:516:19
[INFO] [stdout]   34:     0x555a5168ca31 - std::panic::catch_unwind::hc5c3a06fdaf0a92a
[INFO] [stdout]                                at /rustc/0e09125c6c3c2fd70d7de961bcf0e51575235fad/library/std/src/panic.rs:142:14
[INFO] [stdout]   35:     0x555a5168ca31 - test::run_test_in_process::h7e7b7c71c3324e0f
[INFO] [stdout]                                at /rustc/0e09125c6c3c2fd70d7de961bcf0e51575235fad/library/test/src/lib.rs:650:27
[INFO] [stdout]   36:     0x555a5168ca31 - test::run_test::{{closure}}::h1f509f28f5cf20b1
[INFO] [stdout]                                at /rustc/0e09125c6c3c2fd70d7de961bcf0e51575235fad/library/test/src/lib.rs:573:43
[INFO] [stdout]   37:     0x555a51653d66 - test::run_test::{{closure}}::h1754218abf443f6d
[INFO] [stdout]                                at /rustc/0e09125c6c3c2fd70d7de961bcf0e51575235fad/library/test/src/lib.rs:601:41
[INFO] [stdout]   38:     0x555a51653d66 - std::sys_common::backtrace::__rust_begin_short_backtrace::h2ee174b9d5954948
[INFO] [stdout]                                at /rustc/0e09125c6c3c2fd70d7de961bcf0e51575235fad/library/std/src/sys_common/backtrace.rs:155:18
[INFO] [stdout]   39:     0x555a51658dc7 - std::thread::Builder::spawn_unchecked_::{{closure}}::{{closure}}::hf60bee9c1a17ef09
[INFO] [stdout]                                at /rustc/0e09125c6c3c2fd70d7de961bcf0e51575235fad/library/std/src/thread/mod.rs:529:17
[INFO] [stdout]   40:     0x555a51658dc7 - <core::panic::unwind_safe::AssertUnwindSafe<F> as core::ops::function::FnOnce<()>>::call_once::h33d0dddec5216160
[INFO] [stdout]                                at /rustc/0e09125c6c3c2fd70d7de961bcf0e51575235fad/library/core/src/panic/unwind_safe.rs:272:9
[INFO] [stdout]   41:     0x555a51658dc7 - std::panicking::try::do_call::h144b3048b546f835
[INFO] [stdout]                                at /rustc/0e09125c6c3c2fd70d7de961bcf0e51575235fad/library/std/src/panicking.rs:552:40
[INFO] [stdout]   42:     0x555a51658dc7 - std::panicking::try::h978244d04646189f
[INFO] [stdout]                                at /rustc/0e09125c6c3c2fd70d7de961bcf0e51575235fad/library/std/src/panicking.rs:516:19
[INFO] [stdout]   43:     0x555a51658dc7 - std::panic::catch_unwind::hdf436369d188fe86
[INFO] [stdout]                                at /rustc/0e09125c6c3c2fd70d7de961bcf0e51575235fad/library/std/src/panic.rs:142:14
[INFO] [stdout]   44:     0x555a51658dc7 - std::thread::Builder::spawn_unchecked_::{{closure}}::h87329cbdd33c79ec
[INFO] [stdout]                                at /rustc/0e09125c6c3c2fd70d7de961bcf0e51575235fad/library/std/src/thread/mod.rs:528:30
[INFO] [stdout]   45:     0x555a51658dc7 - core::ops::function::FnOnce::call_once{{vtable.shim}}::h401abbe67897d450
[INFO] [stdout]                                at /rustc/0e09125c6c3c2fd70d7de961bcf0e51575235fad/library/core/src/ops/function.rs:250:5
[INFO] [stdout]   46:     0x555a51733e35 - <alloc::boxed::Box<F,A> as core::ops::function::FnOnce<Args>>::call_once::h5d7c8f150ab9c84c
[INFO] [stdout]                                at /rustc/0e09125c6c3c2fd70d7de961bcf0e51575235fad/library/alloc/src/boxed.rs:2015:9
[INFO] [stdout]   47:     0x555a51733e35 - <alloc::boxed::Box<F,A> as core::ops::function::FnOnce<Args>>::call_once::h570d5b005c242c15
[INFO] [stdout]                                at /rustc/0e09125c6c3c2fd70d7de961bcf0e51575235fad/library/alloc/src/boxed.rs:2015:9
[INFO] [stdout]   48:     0x555a51733e35 - std::sys::unix::thread::Thread::new::thread_start::h36b0a20c0b2361ad
[INFO] [stdout]                                at /rustc/0e09125c6c3c2fd70d7de961bcf0e51575235fad/library/std/src/sys/unix/thread.rs:108:17
[INFO] [stdout]   49:     0x7f258e07cac3 - <unknown>
[INFO] [stdout]   50:     0x7f258e10dbf4 - __clone
[INFO] [stdout]   51:                0x0 - <unknown>
[INFO] [stdout] 
[INFO] [stdout] 
[INFO] [stdout] failures:
[INFO] [stdout]     test_write
[INFO] [stdout] 
[INFO] [stdout] test result: FAILED. 2 passed; 1 failed; 0 ignored; 0 measured; 0 filtered out; finished in 0.21s
[INFO] [stdout] 
[INFO] running `Command { std: "docker" "inspect" "b9e2161ffc2bfd72f40e0f4272cd5ff17096a77ae01b4907994dbef83710cb56", kill_on_drop: false }`
[INFO] running `Command { std: "docker" "rm" "-f" "b9e2161ffc2bfd72f40e0f4272cd5ff17096a77ae01b4907994dbef83710cb56", kill_on_drop: false }`
[INFO] [stdout] b9e2161ffc2bfd72f40e0f4272cd5ff17096a77ae01b4907994dbef83710cb56
