[INFO] cloning repository https://github.com/koshyyyk/aoc-2022
[INFO] running `Command { std: "git" "-c" "credential.helper=" "-c" "credential.helper=/workspace/cargo-home/bin/git-credential-null" "clone" "--bare" "https://github.com/koshyyyk/aoc-2022" "/workspace/cache/git-repos/https%3A%2F%2Fgithub.com%2Fkoshyyyk%2Faoc-2022", kill_on_drop: false }`
[INFO] [stderr] Cloning into bare repository '/workspace/cache/git-repos/https%3A%2F%2Fgithub.com%2Fkoshyyyk%2Faoc-2022'...
[INFO] running `Command { std: "git" "rev-parse" "HEAD", kill_on_drop: false }`
[INFO] [stdout] 9eb932456d595a9cff6b19b1a8d902abb84acc6e
[INFO] testing koshyyyk/aoc-2022 against 1.75.0 for beta-1.76-1
[INFO] running `Command { std: "git" "clone" "/workspace/cache/git-repos/https%3A%2F%2Fgithub.com%2Fkoshyyyk%2Faoc-2022" "/workspace/builds/worker-2-tc1/source", kill_on_drop: false }`
[INFO] [stderr] Cloning into '/workspace/builds/worker-2-tc1/source'...
[INFO] [stderr] done.
[INFO] validating manifest of git repo https://github.com/koshyyyk/aoc-2022 on toolchain 1.75.0
[INFO] running `Command { std: CARGO_HOME="/workspace/cargo-home" RUSTUP_HOME="/workspace/rustup-home" "/workspace/cargo-home/bin/cargo" "+1.75.0" "metadata" "--manifest-path" "Cargo.toml" "--no-deps", kill_on_drop: false }`
[INFO] started tweaking git repo https://github.com/koshyyyk/aoc-2022
[INFO] finished tweaking git repo https://github.com/koshyyyk/aoc-2022
[INFO] tweaked toml for git repo https://github.com/koshyyyk/aoc-2022 written to /workspace/builds/worker-2-tc1/source/Cargo.toml
[INFO] crate git repo https://github.com/koshyyyk/aoc-2022 already has a lockfile, it will not be regenerated
[INFO] running `Command { std: CARGO_HOME="/workspace/cargo-home" RUSTUP_HOME="/workspace/rustup-home" "/workspace/cargo-home/bin/cargo" "+1.75.0" "fetch" "--manifest-path" "Cargo.toml", kill_on_drop: false }`
[INFO] [stderr]     Updating crates.io index
[INFO] [stderr]  Downloading crates ...
[INFO] [stderr]   Downloaded priority-queue v1.3.0
[INFO] [stderr]   Downloaded skiplist v0.4.0
[INFO] [stderr]   Downloaded fast_paths v0.2.0
[INFO] running `Command { std: "docker" "create" "-v" "/var/lib/crater-agent-workspace/builds/worker-2-tc1/target:/opt/rustwide/target:rw,Z" "-v" "/var/lib/crater-agent-workspace/builds/worker-2-tc1/source:/opt/rustwide/workdir:ro,Z" "-v" "/var/lib/crater-agent-workspace/cargo-home:/opt/rustwide/cargo-home:ro,Z" "-v" "/var/lib/crater-agent-workspace/rustup-home:/opt/rustwide/rustup-home:ro,Z" "-e" "SOURCE_DIR=/opt/rustwide/workdir" "-e" "CARGO_TARGET_DIR=/opt/rustwide/target" "-e" "CARGO_HOME=/opt/rustwide/cargo-home" "-e" "RUSTUP_HOME=/opt/rustwide/rustup-home" "-w" "/opt/rustwide/workdir" "-m" "1610612736" "--user" "0:0" "--network" "none" "ghcr.io/rust-lang/crates-build-env/linux@sha256:2788e3201cd34a07e3172128adcd8b3090168a8e3bcc40d7c032b9dda1df7d1c" "/opt/rustwide/cargo-home/bin/cargo" "+1.75.0" "metadata" "--no-deps" "--format-version=1", kill_on_drop: false }`
[INFO] [stdout] 562c84a2416cfca1e860e71ffaec8f3852c45b3f8825d9c737c2dd66873b4686
[INFO] running `Command { std: "docker" "start" "-a" "562c84a2416cfca1e860e71ffaec8f3852c45b3f8825d9c737c2dd66873b4686", kill_on_drop: false }`
[INFO] running `Command { std: "docker" "inspect" "562c84a2416cfca1e860e71ffaec8f3852c45b3f8825d9c737c2dd66873b4686", kill_on_drop: false }`
[INFO] running `Command { std: "docker" "rm" "-f" "562c84a2416cfca1e860e71ffaec8f3852c45b3f8825d9c737c2dd66873b4686", kill_on_drop: false }`
[INFO] [stdout] 562c84a2416cfca1e860e71ffaec8f3852c45b3f8825d9c737c2dd66873b4686
[INFO] running `Command { std: "docker" "create" "-v" "/var/lib/crater-agent-workspace/builds/worker-2-tc1/target:/opt/rustwide/target:rw,Z" "-v" "/var/lib/crater-agent-workspace/builds/worker-2-tc1/source:/opt/rustwide/workdir:ro,Z" "-v" "/var/lib/crater-agent-workspace/cargo-home:/opt/rustwide/cargo-home:ro,Z" "-v" "/var/lib/crater-agent-workspace/rustup-home:/opt/rustwide/rustup-home:ro,Z" "-e" "SOURCE_DIR=/opt/rustwide/workdir" "-e" "CARGO_TARGET_DIR=/opt/rustwide/target" "-e" "CARGO_INCREMENTAL=0" "-e" "RUST_BACKTRACE=full" "-e" "RUSTFLAGS=--cap-lints=warn" "-e" "RUSTDOCFLAGS=--cap-lints=warn" "-e" "CARGO_HOME=/opt/rustwide/cargo-home" "-e" "RUSTUP_HOME=/opt/rustwide/rustup-home" "-w" "/opt/rustwide/workdir" "-m" "1610612736" "--user" "0:0" "--network" "none" "ghcr.io/rust-lang/crates-build-env/linux@sha256:2788e3201cd34a07e3172128adcd8b3090168a8e3bcc40d7c032b9dda1df7d1c" "/opt/rustwide/cargo-home/bin/cargo" "+1.75.0" "build" "--frozen" "--message-format=json", kill_on_drop: false }`
[INFO] [stdout] ad3bc976688bd97280b32077a33f0990d9aa4f433ab1a6ed5b22829ec74a09d8
[INFO] running `Command { std: "docker" "start" "-a" "ad3bc976688bd97280b32077a33f0990d9aa4f433ab1a6ed5b22829ec74a09d8", kill_on_drop: false }`
[INFO] [stderr]    Compiling proc-macro2 v1.0.47
[INFO] [stderr]    Compiling quote v1.0.21
[INFO] [stderr]    Compiling unicode-ident v1.0.5
[INFO] [stderr]    Compiling syn v1.0.103
[INFO] [stderr]    Compiling libc v0.2.137
[INFO] [stderr]    Compiling num-traits v0.2.15
[INFO] [stderr]    Compiling num-integer v0.1.45
[INFO] [stderr]    Compiling io-lifetimes v1.0.1
[INFO] [stderr]    Compiling indexmap v1.9.2
[INFO] [stderr]    Compiling num-bigint v0.4.3
[INFO] [stderr]    Compiling rustix v0.36.3
[INFO] [stderr]    Compiling memchr v2.5.0
[INFO] [stderr]    Compiling serde_derive v1.0.147
[INFO] [stderr]    Compiling priority-queue v1.3.0
[INFO] [stderr]    Compiling num-iter v0.1.43
[INFO] [stderr]    Compiling num-rational v0.4.1
[INFO] [stderr]    Compiling log v0.4.17
[INFO] [stderr]    Compiling rustversion v1.0.9
[INFO] [stderr]    Compiling ppv-lite86 v0.2.17
[INFO] [stderr]    Compiling bitflags v1.3.2
[INFO] [stderr]    Compiling heck v0.4.0
[INFO] [stderr]    Compiling serde v1.0.147
[INFO] [stderr]    Compiling linux-raw-sys v0.1.3
[INFO] [stderr]    Compiling os_str_bytes v6.4.1
[INFO] [stderr]    Compiling anyhow v1.0.66
[INFO] [stderr]    Compiling regex-syntax v0.6.28
[INFO] [stderr]    Compiling termcolor v1.1.3
[INFO] [stderr]    Compiling once_cell v1.16.0
[INFO] [stderr]    Compiling either v1.8.0
[INFO] [stderr]    Compiling clap_lex v0.3.0
[INFO] [stderr]    Compiling itertools v0.10.5
[INFO] [stderr]    Compiling pom v3.2.0
[INFO] [stderr]    Compiling strum v0.24.1
[INFO] [stderr]    Compiling aho-corasick v0.7.20
[INFO] [stderr]    Compiling proc-macro-error-attr v1.0.4
[INFO] [stderr]    Compiling num-complex v0.4.2
[INFO] [stderr]    Compiling getrandom v0.2.8
[INFO] [stderr]    Compiling rand_core v0.6.4
[INFO] [stderr]    Compiling rand_chacha v0.3.1
[INFO] [stderr]    Compiling rand v0.8.5
[INFO] [stderr]    Compiling regex v1.7.0
[INFO] [stderr]    Compiling skiplist v0.4.0
[INFO] [stderr]    Compiling is-terminal v0.4.0
[INFO] [stderr]    Compiling num v0.4.0
[INFO] [stderr]    Compiling proc-macro-error v1.0.4
[INFO] [stderr]    Compiling ghost v0.1.6
[INFO] [stderr]    Compiling clap_derive v4.0.21
[INFO] [stderr]    Compiling ctor v0.1.26
[INFO] [stderr]    Compiling strum_macros v0.24.3
[INFO] [stderr]    Compiling inventory v0.3.2
[INFO] [stderr]    Compiling clap v4.0.27
[INFO] [stderr]    Compiling fast_paths v0.2.0
[INFO] [stderr]    Compiling aoc-2022 v0.0.1 (/opt/rustwide/workdir)
[INFO] [stdout] warning: unused import: `super::*`
[INFO] [stdout]    --> src/solutions/s23.rs:174:9
[INFO] [stdout]     |
[INFO] [stdout] 174 |     use super::*;
[INFO] [stdout]     |         ^^^^^^^^
[INFO] [stdout]     |
[INFO] [stdout]     = note: `#[warn(unused_imports)]` on by default
[INFO] [stdout] 
[INFO] [stdout] 
[INFO] [stdout] warning: unused import: `list`
[INFO] [stdout]  --> src/parsers.rs:4:24
[INFO] [stdout]   |
[INFO] [stdout] 4 | use pom::parser::{end, list};
[INFO] [stdout]   |                        ^^^^
[INFO] [stdout] 
[INFO] [stdout] 
[INFO] [stdout] warning: function `rps` is never used
[INFO] [stdout]   --> src/solutions/s02.rs:44:4
[INFO] [stdout]    |
[INFO] [stdout] 44 | fn rps(round: &[u32]) -> u32 {
[INFO] [stdout]    |    ^^^
[INFO] [stdout]    |
[INFO] [stdout]    = note: `#[warn(dead_code)]` on by default
[INFO] [stdout] 
[INFO] [stdout] 
[INFO] [stdout] warning: function `score_for_line` is never used
[INFO] [stdout]   --> src/solutions/s02.rs:74:4
[INFO] [stdout]    |
[INFO] [stdout] 74 | fn score_for_line(line: &str) -> u32 {
[INFO] [stdout]    |    ^^^^^^^^^^^^^^
[INFO] [stdout] 
[INFO] [stdout] 
[INFO] [stdout] warning: function `p1` is never used
[INFO] [stdout]   --> src/solutions/s02.rs:86:4
[INFO] [stdout]    |
[INFO] [stdout] 86 | fn p1(i: InputIterator) -> u32 {
[INFO] [stdout]    |    ^^
[INFO] [stdout] 
[INFO] [stdout] 
[INFO] [stdout] warning: function `is_within` is never used
[INFO] [stdout]   --> src/solutions/s04.rs:27:4
[INFO] [stdout]    |
[INFO] [stdout] 27 | fn is_within(&((fs, fe), (ss, se)): &((i32, i32), (i32, i32))) -> bool {
[INFO] [stdout]    |    ^^^^^^^^^
[INFO] [stdout] 
[INFO] [stdout] 
[INFO] [stdout] warning: function `f1` is never used
[INFO] [stdout]   --> src/solutions/s04.rs:42:4
[INFO] [stdout]    |
[INFO] [stdout] 42 | fn f1 (i: InputIterator) -> usize {
[INFO] [stdout]    |    ^^
[INFO] [stdout] 
[INFO] [stdout] 
[INFO] [stdout] warning: function `rns_sub` is never used
[INFO] [stdout]   --> src/solutions/s11.rs:72:4
[INFO] [stdout]    |
[INFO] [stdout] 72 | fn rns_sub(l: &[u32], r: &[u32]) -> Vec<u32> {
[INFO] [stdout]    |    ^^^^^^^
[INFO] [stdout] 
[INFO] [stdout] 
[INFO] [stdout] warning: function `find_period` is never used
[INFO] [stdout]    --> src/solutions/s17.rs:116:4
[INFO] [stdout]     |
[INFO] [stdout] 116 | fn find_period<T: Ord>(inp: &[T]) -> Option<usize> {
[INFO] [stdout]     |    ^^^^^^^^^^^
[INFO] [stdout] 
[INFO] [stdout] 
[INFO] [stdout] warning: function `itu` is never used
[INFO] [stdout]   --> src/parsers.rs:19:4
[INFO] [stdout]    |
[INFO] [stdout] 19 | fn itu() -> Parser<'static, u8, (i32, i32)> {
[INFO] [stdout]    |    ^^^
[INFO] [stdout] 
[INFO] [stdout] 
[INFO] [stdout] warning: 10 warnings emitted
[INFO] [stdout] 
[INFO] [stdout] 
[INFO] [stderr]     Finished dev [unoptimized + debuginfo] target(s) in 9.83s
[INFO] running `Command { std: "docker" "inspect" "ad3bc976688bd97280b32077a33f0990d9aa4f433ab1a6ed5b22829ec74a09d8", kill_on_drop: false }`
[INFO] running `Command { std: "docker" "rm" "-f" "ad3bc976688bd97280b32077a33f0990d9aa4f433ab1a6ed5b22829ec74a09d8", kill_on_drop: false }`
[INFO] [stdout] ad3bc976688bd97280b32077a33f0990d9aa4f433ab1a6ed5b22829ec74a09d8
[INFO] running `Command { std: "docker" "create" "-v" "/var/lib/crater-agent-workspace/builds/worker-2-tc1/target:/opt/rustwide/target:rw,Z" "-v" "/var/lib/crater-agent-workspace/builds/worker-2-tc1/source:/opt/rustwide/workdir:ro,Z" "-v" "/var/lib/crater-agent-workspace/cargo-home:/opt/rustwide/cargo-home:ro,Z" "-v" "/var/lib/crater-agent-workspace/rustup-home:/opt/rustwide/rustup-home:ro,Z" "-e" "SOURCE_DIR=/opt/rustwide/workdir" "-e" "CARGO_TARGET_DIR=/opt/rustwide/target" "-e" "CARGO_INCREMENTAL=0" "-e" "RUST_BACKTRACE=full" "-e" "RUSTFLAGS=--cap-lints=warn" "-e" "RUSTDOCFLAGS=--cap-lints=warn" "-e" "CARGO_HOME=/opt/rustwide/cargo-home" "-e" "RUSTUP_HOME=/opt/rustwide/rustup-home" "-w" "/opt/rustwide/workdir" "-m" "1610612736" "--user" "0:0" "--network" "none" "ghcr.io/rust-lang/crates-build-env/linux@sha256:2788e3201cd34a07e3172128adcd8b3090168a8e3bcc40d7c032b9dda1df7d1c" "/opt/rustwide/cargo-home/bin/cargo" "+1.75.0" "test" "--frozen" "--no-run" "--message-format=json", kill_on_drop: false }`
[INFO] [stdout] 26a64e261efe7141248597c64fdc1cc50eea23529e9df17b92167e4bb543c4c5
[INFO] running `Command { std: "docker" "start" "-a" "26a64e261efe7141248597c64fdc1cc50eea23529e9df17b92167e4bb543c4c5", kill_on_drop: false }`
[INFO] [stdout] warning: unused import: `super::*`
[INFO] [stdout]    --> src/solutions/s23.rs:174:9
[INFO] [stdout]     |
[INFO] [stdout] 174 |     use super::*;
[INFO] [stdout]     |         ^^^^^^^^
[INFO] [stdout]     |
[INFO] [stdout]     = note: `#[warn(unused_imports)]` on by default
[INFO] [stdout] 
[INFO] [stdout] 
[INFO] [stdout] warning: unused import: `list`
[INFO] [stdout]  --> src/parsers.rs:4:24
[INFO] [stdout]   |
[INFO] [stdout] 4 | use pom::parser::{end, list};
[INFO] [stdout]   |                        ^^^^
[INFO] [stdout] 
[INFO] [stdout] 
[INFO] [stdout] warning: function `rps` is never used
[INFO] [stdout]   --> src/solutions/s02.rs:44:4
[INFO] [stdout]    |
[INFO] [stdout] 44 | fn rps(round: &[u32]) -> u32 {
[INFO] [stdout]    |    ^^^
[INFO] [stdout]    |
[INFO] [stdout]    = note: `#[warn(dead_code)]` on by default
[INFO] [stdout] 
[INFO] [stdout] 
[INFO] [stdout] warning: function `score_for_line` is never used
[INFO] [stdout]   --> src/solutions/s02.rs:74:4
[INFO] [stdout]    |
[INFO] [stdout] 74 | fn score_for_line(line: &str) -> u32 {
[INFO] [stdout]    |    ^^^^^^^^^^^^^^
[INFO] [stdout] 
[INFO] [stdout] 
[INFO] [stderr]    Compiling aoc-2022 v0.0.1 (/opt/rustwide/workdir)
[INFO] [stdout] warning: function `p1` is never used
[INFO] [stdout]   --> src/solutions/s02.rs:86:4
[INFO] [stdout]    |
[INFO] [stdout] 86 | fn p1(i: InputIterator) -> u32 {
[INFO] [stdout]    |    ^^
[INFO] [stdout] 
[INFO] [stdout] 
[INFO] [stdout] warning: function `is_within` is never used
[INFO] [stdout]   --> src/solutions/s04.rs:27:4
[INFO] [stdout]    |
[INFO] [stdout] 27 | fn is_within(&((fs, fe), (ss, se)): &((i32, i32), (i32, i32))) -> bool {
[INFO] [stdout]    |    ^^^^^^^^^
[INFO] [stdout] 
[INFO] [stdout] 
[INFO] [stdout] warning: function `f1` is never used
[INFO] [stdout]   --> src/solutions/s04.rs:42:4
[INFO] [stdout]    |
[INFO] [stdout] 42 | fn f1 (i: InputIterator) -> usize {
[INFO] [stdout]    |    ^^
[INFO] [stdout] 
[INFO] [stdout] 
[INFO] [stdout] warning: function `rns_sub` is never used
[INFO] [stdout]   --> src/solutions/s11.rs:72:4
[INFO] [stdout]    |
[INFO] [stdout] 72 | fn rns_sub(l: &[u32], r: &[u32]) -> Vec<u32> {
[INFO] [stdout]    |    ^^^^^^^
[INFO] [stdout] 
[INFO] [stdout] 
[INFO] [stdout] warning: function `find_period` is never used
[INFO] [stdout]    --> src/solutions/s17.rs:116:4
[INFO] [stdout]     |
[INFO] [stdout] 116 | fn find_period<T: Ord>(inp: &[T]) -> Option<usize> {
[INFO] [stdout]     |    ^^^^^^^^^^^
[INFO] [stdout] 
[INFO] [stdout] 
[INFO] [stdout] warning: function `itu` is never used
[INFO] [stdout]   --> src/parsers.rs:19:4
[INFO] [stdout]    |
[INFO] [stdout] 19 | fn itu() -> Parser<'static, u8, (i32, i32)> {
[INFO] [stdout]    |    ^^^
[INFO] [stdout] 
[INFO] [stdout] 
[INFO] [stdout] warning: 10 warnings emitted
[INFO] [stdout] 
[INFO] [stdout] 
[INFO] [stderr]     Finished test [unoptimized + debuginfo] target(s) in 1.87s
[INFO] running `Command { std: "docker" "inspect" "26a64e261efe7141248597c64fdc1cc50eea23529e9df17b92167e4bb543c4c5", kill_on_drop: false }`
[INFO] running `Command { std: "docker" "rm" "-f" "26a64e261efe7141248597c64fdc1cc50eea23529e9df17b92167e4bb543c4c5", kill_on_drop: false }`
[INFO] [stdout] 26a64e261efe7141248597c64fdc1cc50eea23529e9df17b92167e4bb543c4c5
[INFO] running `Command { std: "docker" "create" "-v" "/var/lib/crater-agent-workspace/builds/worker-2-tc1/target:/opt/rustwide/target:rw,Z" "-v" "/var/lib/crater-agent-workspace/builds/worker-2-tc1/source:/opt/rustwide/workdir:ro,Z" "-v" "/var/lib/crater-agent-workspace/cargo-home:/opt/rustwide/cargo-home:ro,Z" "-v" "/var/lib/crater-agent-workspace/rustup-home:/opt/rustwide/rustup-home:ro,Z" "-e" "SOURCE_DIR=/opt/rustwide/workdir" "-e" "CARGO_TARGET_DIR=/opt/rustwide/target" "-e" "CARGO_INCREMENTAL=0" "-e" "RUST_BACKTRACE=full" "-e" "RUSTFLAGS=--cap-lints=warn" "-e" "RUSTDOCFLAGS=--cap-lints=warn" "-e" "CARGO_HOME=/opt/rustwide/cargo-home" "-e" "RUSTUP_HOME=/opt/rustwide/rustup-home" "-w" "/opt/rustwide/workdir" "-m" "1610612736" "--user" "0:0" "--network" "none" "ghcr.io/rust-lang/crates-build-env/linux@sha256:2788e3201cd34a07e3172128adcd8b3090168a8e3bcc40d7c032b9dda1df7d1c" "/opt/rustwide/cargo-home/bin/cargo" "+1.75.0" "test" "--frozen", kill_on_drop: false }`
[INFO] [stdout] de09ee7e7e10318ebf07f0542509af835cf37e07b145a59af78430f31fd021ea
[INFO] running `Command { std: "docker" "start" "-a" "de09ee7e7e10318ebf07f0542509af835cf37e07b145a59af78430f31fd021ea", kill_on_drop: false }`
[INFO] [stderr] warning: unused import: `super::*`
[INFO] [stderr]    --> src/solutions/s23.rs:174:9
[INFO] [stderr]     |
[INFO] [stderr] 174 |     use super::*;
[INFO] [stderr]     |         ^^^^^^^^
[INFO] [stderr]     |
[INFO] [stderr]     = note: `#[warn(unused_imports)]` on by default
[INFO] [stderr] 
[INFO] [stderr] warning: unused import: `list`
[INFO] [stderr]  --> src/parsers.rs:4:24
[INFO] [stderr]   |
[INFO] [stderr] 4 | use pom::parser::{end, list};
[INFO] [stderr]   |                        ^^^^
[INFO] [stderr] 
[INFO] [stderr] warning: function `rps` is never used
[INFO] [stderr]   --> src/solutions/s02.rs:44:4
[INFO] [stderr]    |
[INFO] [stderr] 44 | fn rps(round: &[u32]) -> u32 {
[INFO] [stderr]    |    ^^^
[INFO] [stderr]    |
[INFO] [stderr]    = note: `#[warn(dead_code)]` on by default
[INFO] [stderr] 
[INFO] [stderr] warning: function `score_for_line` is never used
[INFO] [stderr]   --> src/solutions/s02.rs:74:4
[INFO] [stderr]    |
[INFO] [stderr] 74 | fn score_for_line(line: &str) -> u32 {
[INFO] [stderr]    |    ^^^^^^^^^^^^^^
[INFO] [stderr] 
[INFO] [stderr] warning: function `p1` is never used
[INFO] [stderr]   --> src/solutions/s02.rs:86:4
[INFO] [stderr]    |
[INFO] [stderr] 86 | fn p1(i: InputIterator) -> u32 {
[INFO] [stderr]    |    ^^
[INFO] [stderr] 
[INFO] [stderr] warning: function `is_within` is never used
[INFO] [stderr]   --> src/solutions/s04.rs:27:4
[INFO] [stderr]    |
[INFO] [stderr] 27 | fn is_within(&((fs, fe), (ss, se)): &((i32, i32), (i32, i32))) -> bool {
[INFO] [stderr]    |    ^^^^^^^^^
[INFO] [stderr] 
[INFO] [stderr] warning: function `f1` is never used
[INFO] [stderr]   --> src/solutions/s04.rs:42:4
[INFO] [stderr]    |
[INFO] [stderr] 42 | fn f1 (i: InputIterator) -> usize {
[INFO] [stderr]    |    ^^
[INFO] [stderr] 
[INFO] [stderr] warning: function `rns_sub` is never used
[INFO] [stderr]   --> src/solutions/s11.rs:72:4
[INFO] [stderr]    |
[INFO] [stderr] 72 | fn rns_sub(l: &[u32], r: &[u32]) -> Vec<u32> {
[INFO] [stderr]    |    ^^^^^^^
[INFO] [stderr] 
[INFO] [stderr] warning: function `find_period` is never used
[INFO] [stderr]    --> src/solutions/s17.rs:116:4
[INFO] [stderr]     |
[INFO] [stderr] 116 | fn find_period<T: Ord>(inp: &[T]) -> Option<usize> {
[INFO] [stderr]     |    ^^^^^^^^^^^
[INFO] [stderr] 
[INFO] [stderr] warning: function `itu` is never used
[INFO] [stderr]   --> src/parsers.rs:19:4
[INFO] [stderr]    |
[INFO] [stderr] 19 | fn itu() -> Parser<'static, u8, (i32, i32)> {
[INFO] [stderr]    |    ^^^
[INFO] [stderr] 
[INFO] [stderr] warning: `aoc-2022` (lib) generated 10 warnings (run `cargo fix --lib -p aoc-2022` to apply 2 suggestions)
[INFO] [stderr]     Finished test [unoptimized + debuginfo] target(s) in 0.04s
[INFO] [stderr]      Running unittests src/lib.rs (/opt/rustwide/target/debug/deps/aoc_2022-0fd8df93d1c3b3ea)
[INFO] [stdout] 
[INFO] [stdout] running 56 tests
[INFO] [stdout] test solutions::s00::tests::test2 ... ok
[INFO] [stdout] test solutions::s00::tests::test1 ... ok
[INFO] [stdout] test parsers::tuple ... ok
[INFO] [stdout] test parsers::two_numbers ... ok
[INFO] [stdout] test solutions::s01::test1 ... ok
[INFO] [stdout] test solutions::s01::test2 ... ok
[INFO] [stdout] test solutions::s02::test::from_string ... ok
[INFO] [stdout] test solutions::s02::test::linescore ... ok
[INFO] [stdout] test solutions::s02::test::rps_ordering ... ok
[INFO] [stdout] test solutions::s02::test::match_score ... ok
[INFO] [stdout] test solutions::s02::test::test1 ... ok
[INFO] [stdout] test solutions::s02::test::test2 ... ok
[INFO] [stdout] test solutions::s03::some_prio ... ok
[INFO] [stdout] test solutions::s03::some_prio_for_group ... ok
[INFO] [stdout] test solutions::s03::test_prio ... ok
[INFO] [stdout] test solutions::s03::test1 ... ok
[INFO] [stdout] test solutions::s03::test2 ... ok
[INFO] [stdout] test solutions::s04::real_input_parses ... ok
[INFO] [stdout] test solutions::s05::partial_read ... ok
[INFO] [stdout] test solutions::s04::complete_overlap_works ... ok
[INFO] [stdout] test solutions::s05::move_parsed_correctly ... ok
[INFO] [stdout] test solutions::s04::test1 ... ok
[INFO] [stdout] test solutions::s04::test2 ... ok
[INFO] [stdout] test solutions::s05::test_move ... ok
[INFO] [stdout] test solutions::s08::test2 ... ok
[INFO] [stdout] test solutions::s06::test2 ... ok
[INFO] [stdout] test solutions::s08::test1 ... ok
[INFO] [stdout] test solutions::s09::test22 ... ok
[INFO] [stdout] test solutions::s09::test21 ... ok
[INFO] [stdout] test solutions::s09::test1 ... ok
[INFO] [stdout] test solutions::s10::test1 ... ok
[INFO] [stdout] test solutions::s10::test15 ... ok
[INFO] [stdout] test solutions::s10::test2 ... ok
[INFO] [stdout] test solutions::s09::test_read ... ok
[INFO] [stdout] test solutions::s06::test1 ... ok
[INFO] [stdout] test solutions::s14::test1 ... ok
[INFO] [stdout] test solutions::s11::tests::test0 ... ok
[INFO] [stdout] test solutions::s18::test::test2 ... ok
[INFO] [stdout] test solutions::s22::tests::test1 ... ok
[INFO] [stdout] test solutions::s17::any_period ... ok
[INFO] [stdout] test solutions::s18::test::test1 ... ok
[INFO] [stdout] test solutions::s22::tests::test2 ... ok
[INFO] [stdout] test solutions::s14::test2 ... ok
[INFO] [stdout] test solutions::s24::tests::test1 ... ok
[INFO] [stdout] test solutions::s23::test::test1 ... ok
[INFO] [stdout] test solutions::s12::test1 ... ok
[INFO] [stdout] test solutions::s23::test::test2 ... ok
[INFO] [stdout] test solutions::s07::test3 ... ok
[INFO] [stdout] test solutions::s24::tests::test2 ... ok
[INFO] [stdout] test solutions::s12::test2 ... ok
[INFO] [stdout] test solutions::s07::test1 ... ok
[INFO] [stdout] test solutions::s11::tests::test1 ... FAILED
[INFO] [stdout] test solutions::s17::test::test1 ... ok
[INFO] [stdout] test solutions::s21::tests::test2 ... ok
[INFO] [stdout] test solutions::s21::tests::test1 ... ok
[INFO] [stdout] test solutions::s11::tests::test2 ... ok
[INFO] [stdout] 
[INFO] [stdout] failures:
[INFO] [stdout] 
[INFO] [stdout] ---- solutions::s11::tests::test1 stdout ----
[INFO] [stdout] thread 'solutions::s11::tests::test1' panicked at src/solutions/s11.rs:144:9:
[INFO] [stdout] assertion `left == right` failed
[INFO] [stdout]   left: 10605
[INFO] [stdout]  right: 10197
[INFO] [stdout] stack backtrace:
[INFO] [stdout]    0:     0x559c5b91c70c - std::backtrace_rs::backtrace::libunwind::trace::ha637c64ce894333a
[INFO] [stdout]                                at /rustc/82e1608dfa6e0b5569232559e3d385fea5a93112/library/std/src/../../backtrace/src/backtrace/libunwind.rs:104:5
[INFO] [stdout]    1:     0x559c5b91c70c - std::backtrace_rs::backtrace::trace_unsynchronized::h47f62dea28e0c88d
[INFO] [stdout]                                at /rustc/82e1608dfa6e0b5569232559e3d385fea5a93112/library/std/src/../../backtrace/src/backtrace/mod.rs:66:5
[INFO] [stdout]    2:     0x559c5b91c70c - std::sys_common::backtrace::_print_fmt::h9eef0abe20ede486
[INFO] [stdout]                                at /rustc/82e1608dfa6e0b5569232559e3d385fea5a93112/library/std/src/sys_common/backtrace.rs:67:5
[INFO] [stdout]    3:     0x559c5b91c70c - <std::sys_common::backtrace::_print::DisplayBacktrace as core::fmt::Display>::fmt::hed7f999df88cc644
[INFO] [stdout]                                at /rustc/82e1608dfa6e0b5569232559e3d385fea5a93112/library/std/src/sys_common/backtrace.rs:44:22
[INFO] [stdout]    4:     0x559c5b946c10 - core::fmt::rt::Argument::fmt::h1539a9308b8d058d
[INFO] [stdout]                                at /rustc/82e1608dfa6e0b5569232559e3d385fea5a93112/library/core/src/fmt/rt.rs:142:9
[INFO] [stdout]    5:     0x559c5b946c10 - core::fmt::write::h3a39390d8560d9c9
[INFO] [stdout]                                at /rustc/82e1608dfa6e0b5569232559e3d385fea5a93112/library/core/src/fmt/mod.rs:1120:17
[INFO] [stdout]    6:     0x559c5b91a0bf - std::io::Write::write_fmt::h040b369f3a0f9cbc
[INFO] [stdout]                                at /rustc/82e1608dfa6e0b5569232559e3d385fea5a93112/library/std/src/io/mod.rs:1762:15
[INFO] [stdout]    7:     0x559c5b91c4f4 - std::sys_common::backtrace::_print::h894006fb5c6f3d45
[INFO] [stdout]                                at /rustc/82e1608dfa6e0b5569232559e3d385fea5a93112/library/std/src/sys_common/backtrace.rs:47:5
[INFO] [stdout]    8:     0x559c5b91c4f4 - std::sys_common::backtrace::print::h23a2d212c6fff936
[INFO] [stdout]                                at /rustc/82e1608dfa6e0b5569232559e3d385fea5a93112/library/std/src/sys_common/backtrace.rs:34:9
[INFO] [stdout]    9:     0x559c5b91e1b7 - std::panicking::default_hook::{{closure}}::h8a1d2ee00185001a
[INFO] [stdout]   10:     0x559c5b91dea3 - std::panicking::default_hook::h6038f2eba384e475
[INFO] [stdout]                                at /rustc/82e1608dfa6e0b5569232559e3d385fea5a93112/library/std/src/panicking.rs:289:9
[INFO] [stdout]   11:     0x559c5b7413c7 - <alloc::boxed::Box<F,A> as core::ops::function::Fn<Args>>::call::h0ad024c9bdc6d768
[INFO] [stdout]                                at /rustc/82e1608dfa6e0b5569232559e3d385fea5a93112/library/alloc/src/boxed.rs:2021:9
[INFO] [stdout]   12:     0x559c5b7413c7 - test::test_main::{{closure}}::h7500b54257359db6
[INFO] [stdout]                                at /rustc/82e1608dfa6e0b5569232559e3d385fea5a93112/library/test/src/lib.rs:138:21
[INFO] [stdout]   13:     0x559c5b91e7c8 - <alloc::boxed::Box<F,A> as core::ops::function::Fn<Args>>::call::h1f8f335eaa9cfaee
[INFO] [stdout]                                at /rustc/82e1608dfa6e0b5569232559e3d385fea5a93112/library/alloc/src/boxed.rs:2021:9
[INFO] [stdout]   14:     0x559c5b91e7c8 - std::panicking::rust_panic_with_hook::h2b5517d590cab22e
[INFO] [stdout]                                at /rustc/82e1608dfa6e0b5569232559e3d385fea5a93112/library/std/src/panicking.rs:783:13
[INFO] [stdout]   15:     0x559c5b91e51e - std::panicking::begin_panic_handler::{{closure}}::h233112c06e0ef43e
[INFO] [stdout]                                at /rustc/82e1608dfa6e0b5569232559e3d385fea5a93112/library/std/src/panicking.rs:657:13
[INFO] [stdout]   16:     0x559c5b91cbd6 - std::sys_common::backtrace::__rust_end_short_backtrace::h6e893f24d7ebbff8
[INFO] [stdout]                                at /rustc/82e1608dfa6e0b5569232559e3d385fea5a93112/library/std/src/sys_common/backtrace.rs:170:18
[INFO] [stdout]   17:     0x559c5b91e282 - rust_begin_unwind
[INFO] [stdout]                                at /rustc/82e1608dfa6e0b5569232559e3d385fea5a93112/library/std/src/panicking.rs:645:5
[INFO] [stdout]   18:     0x559c5b65b2a5 - core::panicking::panic_fmt::hbf0e066aabfa482c
[INFO] [stdout]                                at /rustc/82e1608dfa6e0b5569232559e3d385fea5a93112/library/core/src/panicking.rs:72:14
[INFO] [stdout]   19:     0x559c5b65b6fb - core::panicking::assert_failed_inner::h0bba8b7c26ee4492
[INFO] [stdout]   20:     0x559c5b89ca1e - core::panicking::assert_failed::ha8f4017bf6f0a98c
[INFO] [stdout]                                at /rustc/82e1608dfa6e0b5569232559e3d385fea5a93112/library/core/src/panicking.rs:279:5
[INFO] [stdout]   21:     0x559c5b6d4989 - aoc_2022::solutions::s11::tests::test1::hac6c575fe9856d95
[INFO] [stdout]                                at /opt/rustwide/workdir/src/solutions/s11.rs:144:9
[INFO] [stdout]   22:     0x559c5b6d3f57 - aoc_2022::solutions::s11::tests::test1::{{closure}}::he16969a0ae6fe782
[INFO] [stdout]                                at /opt/rustwide/workdir/src/solutions/s11.rs:132:15
[INFO] [stdout]   23:     0x559c5b6e0d76 - core::ops::function::FnOnce::call_once::h304e387afa2fc802
[INFO] [stdout]                                at /rustc/82e1608dfa6e0b5569232559e3d385fea5a93112/library/core/src/ops/function.rs:250:5
[INFO] [stdout]   24:     0x559c5b746a1f - core::ops::function::FnOnce::call_once::h2b5d431d5046312d
[INFO] [stdout]                                at /rustc/82e1608dfa6e0b5569232559e3d385fea5a93112/library/core/src/ops/function.rs:250:5
[INFO] [stdout]   25:     0x559c5b746a1f - test::__rust_begin_short_backtrace::h7714669af176e207
[INFO] [stdout]                                at /rustc/82e1608dfa6e0b5569232559e3d385fea5a93112/library/test/src/lib.rs:628:18
[INFO] [stdout]   26:     0x559c5b745a35 - test::run_test_in_process::{{closure}}::h85218797dcbcec12
[INFO] [stdout]                                at /rustc/82e1608dfa6e0b5569232559e3d385fea5a93112/library/test/src/lib.rs:651:60
[INFO] [stdout]   27:     0x559c5b745a35 - <core::panic::unwind_safe::AssertUnwindSafe<F> as core::ops::function::FnOnce<()>>::call_once::h76c106ea31c14d7b
[INFO] [stdout]                                at /rustc/82e1608dfa6e0b5569232559e3d385fea5a93112/library/core/src/panic/unwind_safe.rs:272:9
[INFO] [stdout]   28:     0x559c5b745a35 - std::panicking::try::do_call::h3bd5d0f6620ee946
[INFO] [stdout]                                at /rustc/82e1608dfa6e0b5569232559e3d385fea5a93112/library/std/src/panicking.rs:552:40
[INFO] [stdout]   29:     0x559c5b745a35 - std::panicking::try::h232e535e4744fe31
[INFO] [stdout]                                at /rustc/82e1608dfa6e0b5569232559e3d385fea5a93112/library/std/src/panicking.rs:516:19
[INFO] [stdout]   30:     0x559c5b745a35 - std::panic::catch_unwind::h3ce3bd6ca8dbac68
[INFO] [stdout]                                at /rustc/82e1608dfa6e0b5569232559e3d385fea5a93112/library/std/src/panic.rs:142:14
[INFO] [stdout]   31:     0x559c5b745a35 - test::run_test_in_process::hc97b257c9621286a
[INFO] [stdout]                                at /rustc/82e1608dfa6e0b5569232559e3d385fea5a93112/library/test/src/lib.rs:651:27
[INFO] [stdout]   32:     0x559c5b745a35 - test::run_test::{{closure}}::h2aa798823a438d38
[INFO] [stdout]                                at /rustc/82e1608dfa6e0b5569232559e3d385fea5a93112/library/test/src/lib.rs:574:43
[INFO] [stdout]   33:     0x559c5b70dcf6 - test::run_test::{{closure}}::h87d231c78fb59832
[INFO] [stdout]                                at /rustc/82e1608dfa6e0b5569232559e3d385fea5a93112/library/test/src/lib.rs:602:41
[INFO] [stdout]   34:     0x559c5b70dcf6 - std::sys_common::backtrace::__rust_begin_short_backtrace::he6df152596625789
[INFO] [stdout]                                at /rustc/82e1608dfa6e0b5569232559e3d385fea5a93112/library/std/src/sys_common/backtrace.rs:154:18
[INFO] [stdout]   35:     0x559c5b712da7 - std::thread::Builder::spawn_unchecked_::{{closure}}::{{closure}}::ha94be15d1e0acf36
[INFO] [stdout]                                at /rustc/82e1608dfa6e0b5569232559e3d385fea5a93112/library/std/src/thread/mod.rs:529:17
[INFO] [stdout]   36:     0x559c5b712da7 - <core::panic::unwind_safe::AssertUnwindSafe<F> as core::ops::function::FnOnce<()>>::call_once::h9dc6bd6372f16606
[INFO] [stdout]                                at /rustc/82e1608dfa6e0b5569232559e3d385fea5a93112/library/core/src/panic/unwind_safe.rs:272:9
[INFO] [stdout]   37:     0x559c5b712da7 - std::panicking::try::do_call::h9057517f80303cd4
[INFO] [stdout]                                at /rustc/82e1608dfa6e0b5569232559e3d385fea5a93112/library/std/src/panicking.rs:552:40
[INFO] [stdout]   38:     0x559c5b712da7 - std::panicking::try::he3a30b11ee45340c
[INFO] [stdout]                                at /rustc/82e1608dfa6e0b5569232559e3d385fea5a93112/library/std/src/panicking.rs:516:19
[INFO] [stdout]   39:     0x559c5b712da7 - std::panic::catch_unwind::h410458cfd3528b8b
[INFO] [stdout]                                at /rustc/82e1608dfa6e0b5569232559e3d385fea5a93112/library/std/src/panic.rs:142:14
[INFO] [stdout]   40:     0x559c5b712da7 - std::thread::Builder::spawn_unchecked_::{{closure}}::h72ac3bdb567b737b
[INFO] [stdout]                                at /rustc/82e1608dfa6e0b5569232559e3d385fea5a93112/library/std/src/thread/mod.rs:528:30
[INFO] [stdout]   41:     0x559c5b712da7 - core::ops::function::FnOnce::call_once{{vtable.shim}}::h38f34da3654a8344
[INFO] [stdout]                                at /rustc/82e1608dfa6e0b5569232559e3d385fea5a93112/library/core/src/ops/function.rs:250:5
[INFO] [stdout]   42:     0x559c5b923255 - <alloc::boxed::Box<F,A> as core::ops::function::FnOnce<Args>>::call_once::hc7eafaff61e32df9
[INFO] [stdout]                                at /rustc/82e1608dfa6e0b5569232559e3d385fea5a93112/library/alloc/src/boxed.rs:2007:9
[INFO] [stdout]   43:     0x559c5b923255 - <alloc::boxed::Box<F,A> as core::ops::function::FnOnce<Args>>::call_once::h6ba4a5de48dd2304
[INFO] [stdout]                                at /rustc/82e1608dfa6e0b5569232559e3d385fea5a93112/library/alloc/src/boxed.rs:2007:9
[INFO] [stdout]   44:     0x559c5b923255 - std::sys::unix::thread::Thread::new::thread_start::he469335aef763e45
[INFO] [stdout]                                at /rustc/82e1608dfa6e0b5569232559e3d385fea5a93112/library/std/src/sys/unix/thread.rs:108:17
[INFO] [stdout]   45:     0x7fc180a58ac3 - <unknown>
[INFO] [stdout]   46:     0x7fc180ae9bf4 - __clone
[INFO] [stdout]   47:                0x0 - <unknown>
[INFO] [stdout] 
[INFO] [stdout] 
[INFO] [stdout] failures:
[INFO] [stdout]     solutions::s11::tests::test1
[INFO] [stdout] 
[INFO] [stdout] test result: FAILED. 55 passed; 1 failed; 0 ignored; 0 measured; 0 filtered out; finished in 0.16s
[INFO] [stdout] 
[INFO] [stderr] error: test failed, to rerun pass `--lib`
[INFO] running `Command { std: "docker" "inspect" "de09ee7e7e10318ebf07f0542509af835cf37e07b145a59af78430f31fd021ea", kill_on_drop: false }`
[INFO] running `Command { std: "docker" "rm" "-f" "de09ee7e7e10318ebf07f0542509af835cf37e07b145a59af78430f31fd021ea", kill_on_drop: false }`
[INFO] [stdout] de09ee7e7e10318ebf07f0542509af835cf37e07b145a59af78430f31fd021ea
[INFO] testing koshyyyk/aoc-2022 against beta-2023-12-22 for beta-1.76-1
[INFO] running `Command { std: "git" "clone" "/workspace/cache/git-repos/https%3A%2F%2Fgithub.com%2Fkoshyyyk%2Faoc-2022" "/workspace/builds/worker-2-tc2/source", kill_on_drop: false }`
[INFO] [stderr] Cloning into '/workspace/builds/worker-2-tc2/source'...
[INFO] [stderr] done.
[INFO] validating manifest of git repo https://github.com/koshyyyk/aoc-2022 on toolchain beta-2023-12-22
[INFO] running `Command { std: CARGO_HOME="/workspace/cargo-home" RUSTUP_HOME="/workspace/rustup-home" "/workspace/cargo-home/bin/cargo" "+beta-2023-12-22" "metadata" "--manifest-path" "Cargo.toml" "--no-deps", kill_on_drop: false }`
[INFO] started tweaking git repo https://github.com/koshyyyk/aoc-2022
[INFO] finished tweaking git repo https://github.com/koshyyyk/aoc-2022
[INFO] tweaked toml for git repo https://github.com/koshyyyk/aoc-2022 written to /workspace/builds/worker-2-tc2/source/Cargo.toml
[INFO] crate git repo https://github.com/koshyyyk/aoc-2022 already has a lockfile, it will not be regenerated
[INFO] running `Command { std: CARGO_HOME="/workspace/cargo-home" RUSTUP_HOME="/workspace/rustup-home" "/workspace/cargo-home/bin/cargo" "+beta-2023-12-22" "fetch" "--manifest-path" "Cargo.toml", kill_on_drop: false }`
[INFO] running `Command { std: "docker" "create" "-v" "/var/lib/crater-agent-workspace/builds/worker-2-tc2/target:/opt/rustwide/target:rw,Z" "-v" "/var/lib/crater-agent-workspace/builds/worker-2-tc2/source:/opt/rustwide/workdir:ro,Z" "-v" "/var/lib/crater-agent-workspace/cargo-home:/opt/rustwide/cargo-home:ro,Z" "-v" "/var/lib/crater-agent-workspace/rustup-home:/opt/rustwide/rustup-home:ro,Z" "-e" "SOURCE_DIR=/opt/rustwide/workdir" "-e" "CARGO_TARGET_DIR=/opt/rustwide/target" "-e" "CARGO_HOME=/opt/rustwide/cargo-home" "-e" "RUSTUP_HOME=/opt/rustwide/rustup-home" "-w" "/opt/rustwide/workdir" "-m" "1610612736" "--user" "0:0" "--network" "none" "ghcr.io/rust-lang/crates-build-env/linux@sha256:2788e3201cd34a07e3172128adcd8b3090168a8e3bcc40d7c032b9dda1df7d1c" "/opt/rustwide/cargo-home/bin/cargo" "+beta-2023-12-22" "metadata" "--no-deps" "--format-version=1", kill_on_drop: false }`
[INFO] [stdout] e3be1a033d2af876dcc457bcc7aaca396aa45bfe47f6cf498b214297a8de021e
[INFO] running `Command { std: "docker" "start" "-a" "e3be1a033d2af876dcc457bcc7aaca396aa45bfe47f6cf498b214297a8de021e", kill_on_drop: false }`
[INFO] running `Command { std: "docker" "inspect" "e3be1a033d2af876dcc457bcc7aaca396aa45bfe47f6cf498b214297a8de021e", kill_on_drop: false }`
[INFO] running `Command { std: "docker" "rm" "-f" "e3be1a033d2af876dcc457bcc7aaca396aa45bfe47f6cf498b214297a8de021e", kill_on_drop: false }`
[INFO] [stdout] e3be1a033d2af876dcc457bcc7aaca396aa45bfe47f6cf498b214297a8de021e
[INFO] running `Command { std: "docker" "create" "-v" "/var/lib/crater-agent-workspace/builds/worker-2-tc2/target:/opt/rustwide/target:rw,Z" "-v" "/var/lib/crater-agent-workspace/builds/worker-2-tc2/source:/opt/rustwide/workdir:ro,Z" "-v" "/var/lib/crater-agent-workspace/cargo-home:/opt/rustwide/cargo-home:ro,Z" "-v" "/var/lib/crater-agent-workspace/rustup-home:/opt/rustwide/rustup-home:ro,Z" "-e" "SOURCE_DIR=/opt/rustwide/workdir" "-e" "CARGO_TARGET_DIR=/opt/rustwide/target" "-e" "CARGO_INCREMENTAL=0" "-e" "RUST_BACKTRACE=full" "-e" "RUSTFLAGS=--cap-lints=warn" "-e" "RUSTDOCFLAGS=--cap-lints=warn" "-e" "CARGO_HOME=/opt/rustwide/cargo-home" "-e" "RUSTUP_HOME=/opt/rustwide/rustup-home" "-w" "/opt/rustwide/workdir" "-m" "1610612736" "--user" "0:0" "--network" "none" "ghcr.io/rust-lang/crates-build-env/linux@sha256:2788e3201cd34a07e3172128adcd8b3090168a8e3bcc40d7c032b9dda1df7d1c" "/opt/rustwide/cargo-home/bin/cargo" "+beta-2023-12-22" "build" "--frozen" "--message-format=json", kill_on_drop: false }`
[INFO] [stdout] 7a554e32f3d1b04cd57c624b8bbede84a88fbfc086c5287774a916ed201c7eac
[INFO] running `Command { std: "docker" "start" "-a" "7a554e32f3d1b04cd57c624b8bbede84a88fbfc086c5287774a916ed201c7eac", kill_on_drop: false }`
[INFO] [stderr]    Compiling proc-macro2 v1.0.47
[INFO] [stderr]    Compiling unicode-ident v1.0.5
[INFO] [stderr]    Compiling quote v1.0.21
[INFO] [stderr]    Compiling syn v1.0.103
[INFO] [stderr]    Compiling libc v0.2.137
[INFO] [stderr]    Compiling num-traits v0.2.15
[INFO] [stderr]    Compiling num-integer v0.1.45
[INFO] [stderr]    Compiling io-lifetimes v1.0.1
[INFO] [stderr]    Compiling num-bigint v0.4.3
[INFO] [stderr]    Compiling indexmap v1.9.2
[INFO] [stderr]    Compiling rustix v0.36.3
[INFO] [stderr]    Compiling memchr v2.5.0
[INFO] [stderr]    Compiling serde_derive v1.0.147
[INFO] [stderr]    Compiling num-iter v0.1.43
[INFO] [stderr]    Compiling num-rational v0.4.1
[INFO] [stderr]    Compiling priority-queue v1.3.0
[INFO] [stderr]    Compiling linux-raw-sys v0.1.3
[INFO] [stderr]    Compiling heck v0.4.0
[INFO] [stderr]    Compiling bitflags v1.3.2
[INFO] [stderr]    Compiling serde v1.0.147
[INFO] [stderr]    Compiling rustversion v1.0.9
[INFO] [stderr]    Compiling log v0.4.17
[INFO] [stderr]    Compiling ppv-lite86 v0.2.17
[INFO] [stderr]    Compiling os_str_bytes v6.4.1
[INFO] [stderr]    Compiling anyhow v1.0.66
[INFO] [stderr]    Compiling termcolor v1.1.3
[INFO] [stderr]    Compiling regex-syntax v0.6.28
[INFO] [stderr]    Compiling either v1.8.0
[INFO] [stderr]    Compiling once_cell v1.16.0
[INFO] [stderr]    Compiling strum v0.24.1
[INFO] [stderr]    Compiling clap_lex v0.3.0
[INFO] [stderr]    Compiling itertools v0.10.5
[INFO] [stderr]    Compiling pom v3.2.0
[INFO] [stderr]    Compiling aho-corasick v0.7.20
[INFO] [stderr]    Compiling proc-macro-error-attr v1.0.4
[INFO] [stderr]    Compiling num-complex v0.4.2
[INFO] [stderr]    Compiling getrandom v0.2.8
[INFO] [stderr]    Compiling rand_core v0.6.4
[INFO] [stderr]    Compiling rand_chacha v0.3.1
[INFO] [stderr]    Compiling rand v0.8.5
[INFO] [stderr]    Compiling regex v1.7.0
[INFO] [stderr]    Compiling is-terminal v0.4.0
[INFO] [stderr]    Compiling skiplist v0.4.0
[INFO] [stderr]    Compiling num v0.4.0
[INFO] [stderr]    Compiling proc-macro-error v1.0.4
[INFO] [stderr]    Compiling ctor v0.1.26
[INFO] [stderr]    Compiling ghost v0.1.6
[INFO] [stderr]    Compiling clap_derive v4.0.21
[INFO] [stderr]    Compiling strum_macros v0.24.3
[INFO] [stderr]    Compiling inventory v0.3.2
[INFO] [stderr]    Compiling clap v4.0.27
[INFO] [stderr]    Compiling fast_paths v0.2.0
[INFO] [stderr]    Compiling aoc-2022 v0.0.1 (/opt/rustwide/workdir)
[INFO] [stdout] warning: unused import: `super::*`
[INFO] [stdout]    --> src/solutions/s23.rs:174:9
[INFO] [stdout]     |
[INFO] [stdout] 174 |     use super::*;
[INFO] [stdout]     |         ^^^^^^^^
[INFO] [stdout]     |
[INFO] [stdout]     = note: `#[warn(unused_imports)]` on by default
[INFO] [stdout] 
[INFO] [stdout] 
[INFO] [stdout] warning: unused import: `list`
[INFO] [stdout]  --> src/parsers.rs:4:24
[INFO] [stdout]   |
[INFO] [stdout] 4 | use pom::parser::{end, list};
[INFO] [stdout]   |                        ^^^^
[INFO] [stdout] 
[INFO] [stdout] 
[INFO] [stdout] warning: function `rps` is never used
[INFO] [stdout]   --> src/solutions/s02.rs:44:4
[INFO] [stdout]    |
[INFO] [stdout] 44 | fn rps(round: &[u32]) -> u32 {
[INFO] [stdout]    |    ^^^
[INFO] [stdout]    |
[INFO] [stdout]    = note: `#[warn(dead_code)]` on by default
[INFO] [stdout] 
[INFO] [stdout] 
[INFO] [stdout] warning: function `score_for_line` is never used
[INFO] [stdout]   --> src/solutions/s02.rs:74:4
[INFO] [stdout]    |
[INFO] [stdout] 74 | fn score_for_line(line: &str) -> u32 {
[INFO] [stdout]    |    ^^^^^^^^^^^^^^
[INFO] [stdout] 
[INFO] [stdout] 
[INFO] [stdout] warning: function `p1` is never used
[INFO] [stdout]   --> src/solutions/s02.rs:86:4
[INFO] [stdout]    |
[INFO] [stdout] 86 | fn p1(i: InputIterator) -> u32 {
[INFO] [stdout]    |    ^^
[INFO] [stdout] 
[INFO] [stdout] 
[INFO] [stdout] warning: function `is_within` is never used
[INFO] [stdout]   --> src/solutions/s04.rs:27:4
[INFO] [stdout]    |
[INFO] [stdout] 27 | fn is_within(&((fs, fe), (ss, se)): &((i32, i32), (i32, i32))) -> bool {
[INFO] [stdout]    |    ^^^^^^^^^
[INFO] [stdout] 
[INFO] [stdout] 
[INFO] [stdout] warning: function `f1` is never used
[INFO] [stdout]   --> src/solutions/s04.rs:42:4
[INFO] [stdout]    |
[INFO] [stdout] 42 | fn f1 (i: InputIterator) -> usize {
[INFO] [stdout]    |    ^^
[INFO] [stdout] 
[INFO] [stdout] 
[INFO] [stdout] warning: function `rns_sub` is never used
[INFO] [stdout]   --> src/solutions/s11.rs:72:4
[INFO] [stdout]    |
[INFO] [stdout] 72 | fn rns_sub(l: &[u32], r: &[u32]) -> Vec<u32> {
[INFO] [stdout]    |    ^^^^^^^
[INFO] [stdout] 
[INFO] [stdout] 
[INFO] [stdout] warning: function `find_period` is never used
[INFO] [stdout]    --> src/solutions/s17.rs:116:4
[INFO] [stdout]     |
[INFO] [stdout] 116 | fn find_period<T: Ord>(inp: &[T]) -> Option<usize> {
[INFO] [stdout]     |    ^^^^^^^^^^^
[INFO] [stdout] 
[INFO] [stdout] 
[INFO] [stdout] warning: function `itu` is never used
[INFO] [stdout]   --> src/parsers.rs:19:4
[INFO] [stdout]    |
[INFO] [stdout] 19 | fn itu() -> Parser<'static, u8, (i32, i32)> {
[INFO] [stdout]    |    ^^^
[INFO] [stdout] 
[INFO] [stdout] 
[INFO] [stdout] warning: 10 warnings emitted
[INFO] [stdout] 
[INFO] [stdout] 
[INFO] [stderr]     Finished dev [unoptimized + debuginfo] target(s) in 9.27s
[INFO] running `Command { std: "docker" "inspect" "7a554e32f3d1b04cd57c624b8bbede84a88fbfc086c5287774a916ed201c7eac", kill_on_drop: false }`
[INFO] running `Command { std: "docker" "rm" "-f" "7a554e32f3d1b04cd57c624b8bbede84a88fbfc086c5287774a916ed201c7eac", kill_on_drop: false }`
[INFO] [stdout] 7a554e32f3d1b04cd57c624b8bbede84a88fbfc086c5287774a916ed201c7eac
[INFO] running `Command { std: "docker" "create" "-v" "/var/lib/crater-agent-workspace/builds/worker-2-tc2/target:/opt/rustwide/target:rw,Z" "-v" "/var/lib/crater-agent-workspace/builds/worker-2-tc2/source:/opt/rustwide/workdir:ro,Z" "-v" "/var/lib/crater-agent-workspace/cargo-home:/opt/rustwide/cargo-home:ro,Z" "-v" "/var/lib/crater-agent-workspace/rustup-home:/opt/rustwide/rustup-home:ro,Z" "-e" "SOURCE_DIR=/opt/rustwide/workdir" "-e" "CARGO_TARGET_DIR=/opt/rustwide/target" "-e" "CARGO_INCREMENTAL=0" "-e" "RUST_BACKTRACE=full" "-e" "RUSTFLAGS=--cap-lints=warn" "-e" "RUSTDOCFLAGS=--cap-lints=warn" "-e" "CARGO_HOME=/opt/rustwide/cargo-home" "-e" "RUSTUP_HOME=/opt/rustwide/rustup-home" "-w" "/opt/rustwide/workdir" "-m" "1610612736" "--user" "0:0" "--network" "none" "ghcr.io/rust-lang/crates-build-env/linux@sha256:2788e3201cd34a07e3172128adcd8b3090168a8e3bcc40d7c032b9dda1df7d1c" "/opt/rustwide/cargo-home/bin/cargo" "+beta-2023-12-22" "test" "--frozen" "--no-run" "--message-format=json", kill_on_drop: false }`
[INFO] [stdout] ca844f3cbc2f9be3acea81994b91ebd8969735d71a34772f79c7938d27063280
[INFO] running `Command { std: "docker" "start" "-a" "ca844f3cbc2f9be3acea81994b91ebd8969735d71a34772f79c7938d27063280", kill_on_drop: false }`
[INFO] [stdout] warning: unused import: `super::*`
[INFO] [stdout]    --> src/solutions/s23.rs:174:9
[INFO] [stdout]     |
[INFO] [stdout] 174 |     use super::*;
[INFO] [stdout]     |         ^^^^^^^^
[INFO] [stdout]     |
[INFO] [stdout]     = note: `#[warn(unused_imports)]` on by default
[INFO] [stdout] 
[INFO] [stdout] 
[INFO] [stdout] warning: unused import: `list`
[INFO] [stdout]  --> src/parsers.rs:4:24
[INFO] [stdout]   |
[INFO] [stdout] 4 | use pom::parser::{end, list};
[INFO] [stdout]   |                        ^^^^
[INFO] [stdout] 
[INFO] [stdout] 
[INFO] [stdout] warning: function `rps` is never used
[INFO] [stdout]   --> src/solutions/s02.rs:44:4
[INFO] [stdout]    |
[INFO] [stdout] 44 | fn rps(round: &[u32]) -> u32 {
[INFO] [stdout]    |    ^^^
[INFO] [stdout]    |
[INFO] [stdout]    = note: `#[warn(dead_code)]` on by default
[INFO] [stdout] 
[INFO] [stdout] 
[INFO] [stdout] warning: function `score_for_line` is never used
[INFO] [stdout]   --> src/solutions/s02.rs:74:4
[INFO] [stdout]    |
[INFO] [stdout] 74 | fn score_for_line(line: &str) -> u32 {
[INFO] [stdout]    |    ^^^^^^^^^^^^^^
[INFO] [stdout] 
[INFO] [stdout] 
[INFO] [stdout] warning: function `p1` is never used
[INFO] [stdout]   --> src/solutions/s02.rs:86:4
[INFO] [stdout]    |
[INFO] [stdout] 86 | fn p1(i: InputIterator) -> u32 {
[INFO] [stdout]    |    ^^
[INFO] [stdout] 
[INFO] [stdout] 
[INFO] [stdout] warning: function `is_within` is never used
[INFO] [stdout]   --> src/solutions/s04.rs:27:4
[INFO] [stdout]    |
[INFO] [stdout] 27 | fn is_within(&((fs, fe), (ss, se)): &((i32, i32), (i32, i32))) -> bool {
[INFO] [stdout]    |    ^^^^^^^^^
[INFO] [stdout] 
[INFO] [stdout] 
[INFO] [stdout] warning: function `f1` is never used
[INFO] [stdout]   --> src/solutions/s04.rs:42:4
[INFO] [stdout]    |
[INFO] [stdout] 42 | fn f1 (i: InputIterator) -> usize {
[INFO] [stdout]    |    ^^
[INFO] [stdout] 
[INFO] [stdout] 
[INFO] [stdout] warning: function `rns_sub` is never used
[INFO] [stdout]   --> src/solutions/s11.rs:72:4
[INFO] [stdout]    |
[INFO] [stdout] 72 | fn rns_sub(l: &[u32], r: &[u32]) -> Vec<u32> {
[INFO] [stdout]    |    ^^^^^^^
[INFO] [stdout] 
[INFO] [stdout] 
[INFO] [stderr]    Compiling aoc-2022 v0.0.1 (/opt/rustwide/workdir)
[INFO] [stdout] warning: function `find_period` is never used
[INFO] [stdout]    --> src/solutions/s17.rs:116:4
[INFO] [stdout]     |
[INFO] [stdout] 116 | fn find_period<T: Ord>(inp: &[T]) -> Option<usize> {
[INFO] [stdout]     |    ^^^^^^^^^^^
[INFO] [stdout] 
[INFO] [stdout] 
[INFO] [stdout] warning: function `itu` is never used
[INFO] [stdout]   --> src/parsers.rs:19:4
[INFO] [stdout]    |
[INFO] [stdout] 19 | fn itu() -> Parser<'static, u8, (i32, i32)> {
[INFO] [stdout]    |    ^^^
[INFO] [stdout] 
[INFO] [stdout] 
[INFO] [stdout] warning: 10 warnings emitted
[INFO] [stdout] 
[INFO] [stdout] 
[INFO] [stderr]     Finished test [unoptimized + debuginfo] target(s) in 1.62s
[INFO] running `Command { std: "docker" "inspect" "ca844f3cbc2f9be3acea81994b91ebd8969735d71a34772f79c7938d27063280", kill_on_drop: false }`
[INFO] running `Command { std: "docker" "rm" "-f" "ca844f3cbc2f9be3acea81994b91ebd8969735d71a34772f79c7938d27063280", kill_on_drop: false }`
[INFO] [stdout] ca844f3cbc2f9be3acea81994b91ebd8969735d71a34772f79c7938d27063280
[INFO] running `Command { std: "docker" "create" "-v" "/var/lib/crater-agent-workspace/builds/worker-2-tc2/target:/opt/rustwide/target:rw,Z" "-v" "/var/lib/crater-agent-workspace/builds/worker-2-tc2/source:/opt/rustwide/workdir:ro,Z" "-v" "/var/lib/crater-agent-workspace/cargo-home:/opt/rustwide/cargo-home:ro,Z" "-v" "/var/lib/crater-agent-workspace/rustup-home:/opt/rustwide/rustup-home:ro,Z" "-e" "SOURCE_DIR=/opt/rustwide/workdir" "-e" "CARGO_TARGET_DIR=/opt/rustwide/target" "-e" "CARGO_INCREMENTAL=0" "-e" "RUST_BACKTRACE=full" "-e" "RUSTFLAGS=--cap-lints=warn" "-e" "RUSTDOCFLAGS=--cap-lints=warn" "-e" "CARGO_HOME=/opt/rustwide/cargo-home" "-e" "RUSTUP_HOME=/opt/rustwide/rustup-home" "-w" "/opt/rustwide/workdir" "-m" "1610612736" "--user" "0:0" "--network" "none" "ghcr.io/rust-lang/crates-build-env/linux@sha256:2788e3201cd34a07e3172128adcd8b3090168a8e3bcc40d7c032b9dda1df7d1c" "/opt/rustwide/cargo-home/bin/cargo" "+beta-2023-12-22" "test" "--frozen", kill_on_drop: false }`
[INFO] [stdout] 7367a3f5fb2ce08f6f7e0700f8bc32d0e407e620312d357e5dd8c0ec2d2803c3
[INFO] running `Command { std: "docker" "start" "-a" "7367a3f5fb2ce08f6f7e0700f8bc32d0e407e620312d357e5dd8c0ec2d2803c3", kill_on_drop: false }`
[INFO] [stderr] warning: unused import: `super::*`
[INFO] [stderr]    --> src/solutions/s23.rs:174:9
[INFO] [stderr]     |
[INFO] [stderr] 174 |     use super::*;
[INFO] [stderr]     |         ^^^^^^^^
[INFO] [stderr]     |
[INFO] [stderr]     = note: `#[warn(unused_imports)]` on by default
[INFO] [stderr] 
[INFO] [stderr] warning: unused import: `list`
[INFO] [stderr]  --> src/parsers.rs:4:24
[INFO] [stderr]   |
[INFO] [stderr] 4 | use pom::parser::{end, list};
[INFO] [stderr]   |                        ^^^^
[INFO] [stderr] 
[INFO] [stderr] warning: function `rps` is never used
[INFO] [stderr]   --> src/solutions/s02.rs:44:4
[INFO] [stderr]    |
[INFO] [stderr] 44 | fn rps(round: &[u32]) -> u32 {
[INFO] [stderr]    |    ^^^
[INFO] [stderr]    |
[INFO] [stderr]    = note: `#[warn(dead_code)]` on by default
[INFO] [stderr] 
[INFO] [stderr] warning: function `score_for_line` is never used
[INFO] [stderr]   --> src/solutions/s02.rs:74:4
[INFO] [stderr]    |
[INFO] [stderr] 74 | fn score_for_line(line: &str) -> u32 {
[INFO] [stderr]    |    ^^^^^^^^^^^^^^
[INFO] [stderr] 
[INFO] [stderr] warning: function `p1` is never used
[INFO] [stderr]   --> src/solutions/s02.rs:86:4
[INFO] [stderr]    |
[INFO] [stderr] 86 | fn p1(i: InputIterator) -> u32 {
[INFO] [stderr]    |    ^^
[INFO] [stderr] 
[INFO] [stderr] warning: function `is_within` is never used
[INFO] [stderr]   --> src/solutions/s04.rs:27:4
[INFO] [stderr]    |
[INFO] [stderr] 27 | fn is_within(&((fs, fe), (ss, se)): &((i32, i32), (i32, i32))) -> bool {
[INFO] [stderr]    |    ^^^^^^^^^
[INFO] [stderr] 
[INFO] [stderr] warning: function `f1` is never used
[INFO] [stderr]   --> src/solutions/s04.rs:42:4
[INFO] [stderr]    |
[INFO] [stderr] 42 | fn f1 (i: InputIterator) -> usize {
[INFO] [stderr]    |    ^^
[INFO] [stderr] 
[INFO] [stderr] warning: function `rns_sub` is never used
[INFO] [stderr]   --> src/solutions/s11.rs:72:4
[INFO] [stderr]    |
[INFO] [stderr] 72 | fn rns_sub(l: &[u32], r: &[u32]) -> Vec<u32> {
[INFO] [stderr]    |    ^^^^^^^
[INFO] [stderr] 
[INFO] [stderr] warning: function `find_period` is never used
[INFO] [stderr]    --> src/solutions/s17.rs:116:4
[INFO] [stderr]     |
[INFO] [stderr] 116 | fn find_period<T: Ord>(inp: &[T]) -> Option<usize> {
[INFO] [stderr]     |    ^^^^^^^^^^^
[INFO] [stderr] 
[INFO] [stderr] warning: function `itu` is never used
[INFO] [stderr]   --> src/parsers.rs:19:4
[INFO] [stderr]    |
[INFO] [stderr] 19 | fn itu() -> Parser<'static, u8, (i32, i32)> {
[INFO] [stderr]    |    ^^^
[INFO] [stderr] 
[INFO] [stderr] warning: `aoc-2022` (lib) generated 10 warnings (run `cargo fix --lib -p aoc-2022` to apply 2 suggestions)
[INFO] [stderr]     Finished test [unoptimized + debuginfo] target(s) in 0.04s
[INFO] [stderr]      Running unittests src/lib.rs (/opt/rustwide/target/debug/deps/aoc_2022-d11b28ddf1a53cbe)
[INFO] [stdout] 
[INFO] [stdout] running 56 tests
[INFO] [stdout] test solutions::s00::tests::test2 ... ok
[INFO] [stdout] test parsers::two_numbers ... ok
[INFO] [stdout] test solutions::s00::tests::test1 ... ok
[INFO] [stdout] test parsers::tuple ... ok
[INFO] [stdout] test solutions::s01::test2 ... ok
[INFO] [stdout] test solutions::s01::test1 ... ok
[INFO] [stdout] test solutions::s02::test::from_string ... ok
[INFO] [stdout] test solutions::s02::test::linescore ... ok
[INFO] [stdout] test solutions::s02::test::match_score ... ok
[INFO] [stdout] test solutions::s02::test::rps_ordering ... ok
[INFO] [stdout] test solutions::s02::test::test1 ... ok
[INFO] [stdout] test solutions::s02::test::test2 ... ok
[INFO] [stdout] test solutions::s03::some_prio ... ok
[INFO] [stdout] test solutions::s03::some_prio_for_group ... ok
[INFO] [stdout] test solutions::s03::test1 ... ok
[INFO] [stdout] test solutions::s03::test2 ... ok
[INFO] [stdout] test solutions::s03::test_prio ... ok
[INFO] [stdout] test solutions::s04::complete_overlap_works ... ok
[INFO] [stdout] test solutions::s04::real_input_parses ... ok
[INFO] [stdout] test solutions::s04::test1 ... ok
[INFO] [stdout] test solutions::s05::move_parsed_correctly ... ok
[INFO] [stdout] test solutions::s05::partial_read ... ok
[INFO] [stdout] test solutions::s04::test2 ... ok
[INFO] [stdout] test solutions::s05::test_move ... ok
[INFO] [stdout] test solutions::s08::test2 ... ok
[INFO] [stdout] test solutions::s06::test1 ... ok
[INFO] [stdout] test solutions::s06::test2 ... ok
[INFO] [stdout] test solutions::s09::test22 ... ok
[INFO] [stdout] test solutions::s10::test1 ... ok
[INFO] [stdout] test solutions::s08::test1 ... ok
[INFO] [stdout] test solutions::s09::test_read ... ok
[INFO] [stdout] test solutions::s14::test1 ... ok
[INFO] [stdout] test solutions::s10::test15 ... ok
[INFO] [stdout] test solutions::s09::test1 ... ok
[INFO] [stdout] test solutions::s17::any_period ... ok
[INFO] [stdout] test solutions::s11::tests::test0 ... ok
[INFO] [stdout] test solutions::s09::test21 ... ok
[INFO] [stdout] test solutions::s10::test2 ... ok
[INFO] [stdout] test solutions::s18::test::test1 ... ok
[INFO] [stdout] test solutions::s14::test2 ... ok
[INFO] [stdout] test solutions::s22::tests::test1 ... ok
[INFO] [stdout] test solutions::s18::test::test2 ... ok
[INFO] [stdout] test solutions::s22::tests::test2 ... ok
[INFO] [stdout] test solutions::s24::tests::test1 ... ok
[INFO] [stdout] test solutions::s23::test::test1 ... ok
[INFO] [stdout] test solutions::s24::tests::test2 ... ok
[INFO] [stdout] test solutions::s07::test3 ... ok
[INFO] [stdout] test solutions::s12::test2 ... ok
[INFO] [stdout] test solutions::s12::test1 ... ok
[INFO] [stdout] test solutions::s23::test::test2 ... ok
[INFO] [stdout] test solutions::s07::test1 ... ok
[INFO] [stdout] test solutions::s11::tests::test1 ... FAILED
[INFO] [stdout] test solutions::s17::test::test1 ... ok
[INFO] [stdout] test solutions::s21::tests::test2 ... ok
[INFO] [stdout] test solutions::s21::tests::test1 ... ok
[INFO] [stdout] test solutions::s11::tests::test2 ... ok
[INFO] [stdout] 
[INFO] [stdout] failures:
[INFO] [stdout] 
[INFO] [stdout] ---- solutions::s11::tests::test1 stdout ----
[INFO] [stdout] thread 'solutions::s11::tests::test1' panicked at src/solutions/s11.rs:144:9:
[INFO] [stdout] assertion `left == right` failed
[INFO] [stdout]   left: 10605
[INFO] [stdout]  right: 10197
[INFO] [stdout] stack backtrace:
[INFO] [stdout]    0:     0x55870af848d6 - std::backtrace_rs::backtrace::libunwind::trace::h261606ad26a499c1
[INFO] [stdout]                                at /rustc/0e09125c6c3c2fd70d7de961bcf0e51575235fad/library/std/src/../../backtrace/src/backtrace/libunwind.rs:104:5
[INFO] [stdout]    1:     0x55870af848d6 - std::backtrace_rs::backtrace::trace_unsynchronized::hd183f0625477fb28
[INFO] [stdout]                                at /rustc/0e09125c6c3c2fd70d7de961bcf0e51575235fad/library/std/src/../../backtrace/src/backtrace/mod.rs:66:5
[INFO] [stdout]    2:     0x55870af848d6 - std::sys_common::backtrace::_print_fmt::hd7f8fef21b4eda67
[INFO] [stdout]                                at /rustc/0e09125c6c3c2fd70d7de961bcf0e51575235fad/library/std/src/sys_common/backtrace.rs:68:5
[INFO] [stdout]    3:     0x55870af848d6 - <std::sys_common::backtrace::_print::DisplayBacktrace as core::fmt::Display>::fmt::h623d9b51f2f453f1
[INFO] [stdout]                                at /rustc/0e09125c6c3c2fd70d7de961bcf0e51575235fad/library/std/src/sys_common/backtrace.rs:44:22
[INFO] [stdout]    4:     0x55870afae0d0 - core::fmt::rt::Argument::fmt::h9f417ac76a86f368
[INFO] [stdout]                                at /rustc/0e09125c6c3c2fd70d7de961bcf0e51575235fad/library/core/src/fmt/rt.rs:142:9
[INFO] [stdout]    5:     0x55870afae0d0 - core::fmt::write::hc9b6faf4ac2aeff7
[INFO] [stdout]                                at /rustc/0e09125c6c3c2fd70d7de961bcf0e51575235fad/library/core/src/fmt/mod.rs:1120:17
[INFO] [stdout]    6:     0x55870af8233f - std::io::Write::write_fmt::he04625a3a989fec3
[INFO] [stdout]                                at /rustc/0e09125c6c3c2fd70d7de961bcf0e51575235fad/library/std/src/io/mod.rs:1810:15
[INFO] [stdout]    7:     0x55870af846b4 - std::sys_common::backtrace::_print::hd5d66399c7df88a2
[INFO] [stdout]                                at /rustc/0e09125c6c3c2fd70d7de961bcf0e51575235fad/library/std/src/sys_common/backtrace.rs:47:5
[INFO] [stdout]    8:     0x55870af846b4 - std::sys_common::backtrace::print::he81ed2da642d37e5
[INFO] [stdout]                                at /rustc/0e09125c6c3c2fd70d7de961bcf0e51575235fad/library/std/src/sys_common/backtrace.rs:34:9
[INFO] [stdout]    9:     0x55870af86427 - std::panicking::default_hook::{{closure}}::h85773f4fa117163d
[INFO] [stdout]   10:     0x55870af8610d - std::panicking::default_hook::h6a1694a91d09b278
[INFO] [stdout]                                at /rustc/0e09125c6c3c2fd70d7de961bcf0e51575235fad/library/std/src/panicking.rs:289:9
[INFO] [stdout]   11:     0x55870ada2b37 - <alloc::boxed::Box<F,A> as core::ops::function::Fn<Args>>::call::h616ac37fa3cd6c8f
[INFO] [stdout]                                at /rustc/0e09125c6c3c2fd70d7de961bcf0e51575235fad/library/alloc/src/boxed.rs:2029:9
[INFO] [stdout]   12:     0x55870ada2b37 - test::test_main::{{closure}}::h00d84697cefdcbb6
[INFO] [stdout]                                at /rustc/0e09125c6c3c2fd70d7de961bcf0e51575235fad/library/test/src/lib.rs:138:21
[INFO] [stdout]   13:     0x55870af86a46 - <alloc::boxed::Box<F,A> as core::ops::function::Fn<Args>>::call::hcb3fe3b9bb537ba8
[INFO] [stdout]                                at /rustc/0e09125c6c3c2fd70d7de961bcf0e51575235fad/library/alloc/src/boxed.rs:2029:9
[INFO] [stdout]   14:     0x55870af86a46 - std::panicking::rust_panic_with_hook::h0a7ad96e90f7145b
[INFO] [stdout]                                at /rustc/0e09125c6c3c2fd70d7de961bcf0e51575235fad/library/std/src/panicking.rs:783:13
[INFO] [stdout]   15:     0x55870af86792 - std::panicking::begin_panic_handler::{{closure}}::h7919090525c6485e
[INFO] [stdout]                                at /rustc/0e09125c6c3c2fd70d7de961bcf0e51575235fad/library/std/src/panicking.rs:657:13
[INFO] [stdout]   16:     0x55870af84dd6 - std::sys_common::backtrace::__rust_end_short_backtrace::hf3289479464f7dfe
[INFO] [stdout]                                at /rustc/0e09125c6c3c2fd70d7de961bcf0e51575235fad/library/std/src/sys_common/backtrace.rs:171:18
[INFO] [stdout]   17:     0x55870af864f0 - rust_begin_unwind
[INFO] [stdout]                                at /rustc/0e09125c6c3c2fd70d7de961bcf0e51575235fad/library/std/src/panicking.rs:645:5
[INFO] [stdout]   18:     0x55870acba285 - core::panicking::panic_fmt::hcc9f77c5c132af55
[INFO] [stdout]                                at /rustc/0e09125c6c3c2fd70d7de961bcf0e51575235fad/library/core/src/panicking.rs:72:14
[INFO] [stdout]   19:     0x55870acba6fb - core::panicking::assert_failed_inner::h9f13e27dd63c3a08
[INFO] [stdout]                                at /rustc/0e09125c6c3c2fd70d7de961bcf0e51575235fad/library/core/src/panicking.rs:342:17
[INFO] [stdout]   20:     0x55870ade2a3e - core::panicking::assert_failed::he6910452289f5c63
[INFO] [stdout]                                at /rustc/0e09125c6c3c2fd70d7de961bcf0e51575235fad/library/core/src/panicking.rs:297:5
[INFO] [stdout]   21:     0x55870ad21bdf - aoc_2022::solutions::s11::tests::test1::hc43f169872984984
[INFO] [stdout]                                at /opt/rustwide/workdir/src/solutions/s11.rs:144:9
[INFO] [stdout]   22:     0x55870ad211b7 - aoc_2022::solutions::s11::tests::test1::{{closure}}::ha7ced2cbd560f6d0
[INFO] [stdout]                                at /opt/rustwide/workdir/src/solutions/s11.rs:132:15
[INFO] [stdout]   23:     0x55870ad05356 - core::ops::function::FnOnce::call_once::h6ef7cab2a5a46555
[INFO] [stdout]                                at /rustc/0e09125c6c3c2fd70d7de961bcf0e51575235fad/library/core/src/ops/function.rs:250:5
[INFO] [stdout]   24:     0x55870ada840f - core::ops::function::FnOnce::call_once::hd64d26f405258157
[INFO] [stdout]                                at /rustc/0e09125c6c3c2fd70d7de961bcf0e51575235fad/library/core/src/ops/function.rs:250:5
[INFO] [stdout]   25:     0x55870ada840f - test::__rust_begin_short_backtrace::he21b0b7a6d731bf9
[INFO] [stdout]                                at /rustc/0e09125c6c3c2fd70d7de961bcf0e51575235fad/library/test/src/lib.rs:627:18
[INFO] [stdout]   26:     0x55870ada7191 - test::run_test_in_process::{{closure}}::hf5c73986d7bdfde2
[INFO] [stdout]                                at /rustc/0e09125c6c3c2fd70d7de961bcf0e51575235fad/library/test/src/lib.rs:650:60
[INFO] [stdout]   27:     0x55870ada7191 - <core::panic::unwind_safe::AssertUnwindSafe<F> as core::ops::function::FnOnce<()>>::call_once::h330011ad032aadc0
[INFO] [stdout]                                at /rustc/0e09125c6c3c2fd70d7de961bcf0e51575235fad/library/core/src/panic/unwind_safe.rs:272:9
[INFO] [stdout]   28:     0x55870ada7191 - std::panicking::try::do_call::he61b0a958b795a41
[INFO] [stdout]                                at /rustc/0e09125c6c3c2fd70d7de961bcf0e51575235fad/library/std/src/panicking.rs:552:40
[INFO] [stdout]   29:     0x55870ada7191 - std::panicking::try::h7309da130f906eb7
[INFO] [stdout]                                at /rustc/0e09125c6c3c2fd70d7de961bcf0e51575235fad/library/std/src/panicking.rs:516:19
[INFO] [stdout]   30:     0x55870ada7191 - std::panic::catch_unwind::hc5c3a06fdaf0a92a
[INFO] [stdout]                                at /rustc/0e09125c6c3c2fd70d7de961bcf0e51575235fad/library/std/src/panic.rs:142:14
[INFO] [stdout]   31:     0x55870ada7191 - test::run_test_in_process::h7e7b7c71c3324e0f
[INFO] [stdout]                                at /rustc/0e09125c6c3c2fd70d7de961bcf0e51575235fad/library/test/src/lib.rs:650:27
[INFO] [stdout]   32:     0x55870ada7191 - test::run_test::{{closure}}::h1f509f28f5cf20b1
[INFO] [stdout]                                at /rustc/0e09125c6c3c2fd70d7de961bcf0e51575235fad/library/test/src/lib.rs:573:43
[INFO] [stdout]   33:     0x55870ad6e4c6 - test::run_test::{{closure}}::h1754218abf443f6d
[INFO] [stdout]                                at /rustc/0e09125c6c3c2fd70d7de961bcf0e51575235fad/library/test/src/lib.rs:601:41
[INFO] [stdout]   34:     0x55870ad6e4c6 - std::sys_common::backtrace::__rust_begin_short_backtrace::h2ee174b9d5954948
[INFO] [stdout]                                at /rustc/0e09125c6c3c2fd70d7de961bcf0e51575235fad/library/std/src/sys_common/backtrace.rs:155:18
[INFO] [stdout]   35:     0x55870ad73527 - std::thread::Builder::spawn_unchecked_::{{closure}}::{{closure}}::hf60bee9c1a17ef09
[INFO] [stdout]                                at /rustc/0e09125c6c3c2fd70d7de961bcf0e51575235fad/library/std/src/thread/mod.rs:529:17
[INFO] [stdout]   36:     0x55870ad73527 - <core::panic::unwind_safe::AssertUnwindSafe<F> as core::ops::function::FnOnce<()>>::call_once::h33d0dddec5216160
[INFO] [stdout]                                at /rustc/0e09125c6c3c2fd70d7de961bcf0e51575235fad/library/core/src/panic/unwind_safe.rs:272:9
[INFO] [stdout]   37:     0x55870ad73527 - std::panicking::try::do_call::h144b3048b546f835
[INFO] [stdout]                                at /rustc/0e09125c6c3c2fd70d7de961bcf0e51575235fad/library/std/src/panicking.rs:552:40
[INFO] [stdout]   38:     0x55870ad73527 - std::panicking::try::h978244d04646189f
[INFO] [stdout]                                at /rustc/0e09125c6c3c2fd70d7de961bcf0e51575235fad/library/std/src/panicking.rs:516:19
[INFO] [stdout]   39:     0x55870ad73527 - std::panic::catch_unwind::hdf436369d188fe86
[INFO] [stdout]                                at /rustc/0e09125c6c3c2fd70d7de961bcf0e51575235fad/library/std/src/panic.rs:142:14
[INFO] [stdout]   40:     0x55870ad73527 - std::thread::Builder::spawn_unchecked_::{{closure}}::h87329cbdd33c79ec
[INFO] [stdout]                                at /rustc/0e09125c6c3c2fd70d7de961bcf0e51575235fad/library/std/src/thread/mod.rs:528:30
[INFO] [stdout]   41:     0x55870ad73527 - core::ops::function::FnOnce::call_once{{vtable.shim}}::h401abbe67897d450
[INFO] [stdout]                                at /rustc/0e09125c6c3c2fd70d7de961bcf0e51575235fad/library/core/src/ops/function.rs:250:5
[INFO] [stdout]   42:     0x55870af8b4f5 - <alloc::boxed::Box<F,A> as core::ops::function::FnOnce<Args>>::call_once::h5d7c8f150ab9c84c
[INFO] [stdout]                                at /rustc/0e09125c6c3c2fd70d7de961bcf0e51575235fad/library/alloc/src/boxed.rs:2015:9
[INFO] [stdout]   43:     0x55870af8b4f5 - <alloc::boxed::Box<F,A> as core::ops::function::FnOnce<Args>>::call_once::h570d5b005c242c15
[INFO] [stdout]                                at /rustc/0e09125c6c3c2fd70d7de961bcf0e51575235fad/library/alloc/src/boxed.rs:2015:9
[INFO] [stdout]   44:     0x55870af8b4f5 - std::sys::unix::thread::Thread::new::thread_start::h36b0a20c0b2361ad
[INFO] [stdout]                                at /rustc/0e09125c6c3c2fd70d7de961bcf0e51575235fad/library/std/src/sys/unix/thread.rs:108:17
[INFO] [stdout]   45:     0x7fcccf404ac3 - <unknown>
[INFO] [stdout]   46:     0x7fcccf495bf4 - __clone
[INFO] [stdout]   47:                0x0 - <unknown>
[INFO] [stdout] 
[INFO] [stdout] 
[INFO] [stdout] failures:
[INFO] [stdout]     solutions::s11::tests::test1
[INFO] [stdout] 
[INFO] [stdout] test result: FAILED. 55 passed; 1 failed; 0 ignored; 0 measured; 0 filtered out; finished in 0.14s
[INFO] [stdout] 
[INFO] [stderr] error: test failed, to rerun pass `--lib`
[INFO] running `Command { std: "docker" "inspect" "7367a3f5fb2ce08f6f7e0700f8bc32d0e407e620312d357e5dd8c0ec2d2803c3", kill_on_drop: false }`
[INFO] running `Command { std: "docker" "rm" "-f" "7367a3f5fb2ce08f6f7e0700f8bc32d0e407e620312d357e5dd8c0ec2d2803c3", kill_on_drop: false }`
[INFO] [stdout] 7367a3f5fb2ce08f6f7e0700f8bc32d0e407e620312d357e5dd8c0ec2d2803c3
