[INFO] cloning repository https://github.com/korvahannu/dwebpa
[INFO] running `Command { std: "git" "-c" "credential.helper=" "-c" "credential.helper=/workspace/cargo-home/bin/git-credential-null" "clone" "--bare" "https://github.com/korvahannu/dwebpa" "/workspace/cache/git-repos/https%3A%2F%2Fgithub.com%2Fkorvahannu%2Fdwebpa", kill_on_drop: false }`
[INFO] [stderr] Cloning into bare repository '/workspace/cache/git-repos/https%3A%2F%2Fgithub.com%2Fkorvahannu%2Fdwebpa'...
[INFO] running `Command { std: "git" "rev-parse" "HEAD", kill_on_drop: false }`
[INFO] [stdout] 84803f2f6bb0503c6cc9f83b5bdecfb1f11800b7
[INFO] testing korvahannu/dwebpa against 1.75.0 for beta-1.76-1
[INFO] running `Command { std: "git" "clone" "/workspace/cache/git-repos/https%3A%2F%2Fgithub.com%2Fkorvahannu%2Fdwebpa" "/workspace/builds/worker-7-tc1/source", kill_on_drop: false }`
[INFO] [stderr] Cloning into '/workspace/builds/worker-7-tc1/source'...
[INFO] [stderr] done.
[INFO] validating manifest of git repo https://github.com/korvahannu/dwebpa on toolchain 1.75.0
[INFO] running `Command { std: CARGO_HOME="/workspace/cargo-home" RUSTUP_HOME="/workspace/rustup-home" "/workspace/cargo-home/bin/cargo" "+1.75.0" "metadata" "--manifest-path" "Cargo.toml" "--no-deps", kill_on_drop: false }`
[INFO] started tweaking git repo https://github.com/korvahannu/dwebpa
[INFO] finished tweaking git repo https://github.com/korvahannu/dwebpa
[INFO] tweaked toml for git repo https://github.com/korvahannu/dwebpa written to /workspace/builds/worker-7-tc1/source/Cargo.toml
[INFO] crate git repo https://github.com/korvahannu/dwebpa already has a lockfile, it will not be regenerated
[INFO] running `Command { std: CARGO_HOME="/workspace/cargo-home" RUSTUP_HOME="/workspace/rustup-home" "/workspace/cargo-home/bin/cargo" "+1.75.0" "fetch" "--manifest-path" "Cargo.toml", kill_on_drop: false }`
[INFO] running `Command { std: "docker" "create" "-v" "/var/lib/crater-agent-workspace/builds/worker-7-tc1/target:/opt/rustwide/target:rw,Z" "-v" "/var/lib/crater-agent-workspace/builds/worker-7-tc1/source:/opt/rustwide/workdir:ro,Z" "-v" "/var/lib/crater-agent-workspace/cargo-home:/opt/rustwide/cargo-home:ro,Z" "-v" "/var/lib/crater-agent-workspace/rustup-home:/opt/rustwide/rustup-home:ro,Z" "-e" "SOURCE_DIR=/opt/rustwide/workdir" "-e" "CARGO_TARGET_DIR=/opt/rustwide/target" "-e" "CARGO_HOME=/opt/rustwide/cargo-home" "-e" "RUSTUP_HOME=/opt/rustwide/rustup-home" "-w" "/opt/rustwide/workdir" "-m" "1610612736" "--user" "0:0" "--network" "none" "ghcr.io/rust-lang/crates-build-env/linux@sha256:2788e3201cd34a07e3172128adcd8b3090168a8e3bcc40d7c032b9dda1df7d1c" "/opt/rustwide/cargo-home/bin/cargo" "+1.75.0" "metadata" "--no-deps" "--format-version=1", kill_on_drop: false }`
[INFO] [stdout] 82c453fb7fb5be855d575b9e4d6a07be73912477c3d506abfc27a235f290a7a3
[INFO] running `Command { std: "docker" "start" "-a" "82c453fb7fb5be855d575b9e4d6a07be73912477c3d506abfc27a235f290a7a3", kill_on_drop: false }`
[INFO] running `Command { std: "docker" "inspect" "82c453fb7fb5be855d575b9e4d6a07be73912477c3d506abfc27a235f290a7a3", kill_on_drop: false }`
[INFO] running `Command { std: "docker" "rm" "-f" "82c453fb7fb5be855d575b9e4d6a07be73912477c3d506abfc27a235f290a7a3", kill_on_drop: false }`
[INFO] [stdout] 82c453fb7fb5be855d575b9e4d6a07be73912477c3d506abfc27a235f290a7a3
[INFO] running `Command { std: "docker" "create" "-v" "/var/lib/crater-agent-workspace/builds/worker-7-tc1/target:/opt/rustwide/target:rw,Z" "-v" "/var/lib/crater-agent-workspace/builds/worker-7-tc1/source:/opt/rustwide/workdir:ro,Z" "-v" "/var/lib/crater-agent-workspace/cargo-home:/opt/rustwide/cargo-home:ro,Z" "-v" "/var/lib/crater-agent-workspace/rustup-home:/opt/rustwide/rustup-home:ro,Z" "-e" "SOURCE_DIR=/opt/rustwide/workdir" "-e" "CARGO_TARGET_DIR=/opt/rustwide/target" "-e" "CARGO_INCREMENTAL=0" "-e" "RUST_BACKTRACE=full" "-e" "RUSTFLAGS=--cap-lints=warn" "-e" "RUSTDOCFLAGS=--cap-lints=warn" "-e" "CARGO_HOME=/opt/rustwide/cargo-home" "-e" "RUSTUP_HOME=/opt/rustwide/rustup-home" "-w" "/opt/rustwide/workdir" "-m" "1610612736" "--user" "0:0" "--network" "none" "ghcr.io/rust-lang/crates-build-env/linux@sha256:2788e3201cd34a07e3172128adcd8b3090168a8e3bcc40d7c032b9dda1df7d1c" "/opt/rustwide/cargo-home/bin/cargo" "+1.75.0" "build" "--frozen" "--message-format=json", kill_on_drop: false }`
[INFO] [stdout] 4b4a1906b3253a389c99c84012bd64a0e8911b1b7d19843e013d3241455e04a8
[INFO] running `Command { std: "docker" "start" "-a" "4b4a1906b3253a389c99c84012bd64a0e8911b1b7d19843e013d3241455e04a8", kill_on_drop: false }`
[INFO] [stderr]    Compiling same-file v1.0.6
[INFO] [stderr]    Compiling walkdir v2.3.2
[INFO] [stderr]    Compiling dwebpa v0.1.0 (/opt/rustwide/workdir)
[INFO] [stderr]     Finished dev [unoptimized + debuginfo] target(s) in 0.57s
[INFO] running `Command { std: "docker" "inspect" "4b4a1906b3253a389c99c84012bd64a0e8911b1b7d19843e013d3241455e04a8", kill_on_drop: false }`
[INFO] running `Command { std: "docker" "rm" "-f" "4b4a1906b3253a389c99c84012bd64a0e8911b1b7d19843e013d3241455e04a8", kill_on_drop: false }`
[INFO] [stdout] 4b4a1906b3253a389c99c84012bd64a0e8911b1b7d19843e013d3241455e04a8
[INFO] running `Command { std: "docker" "create" "-v" "/var/lib/crater-agent-workspace/builds/worker-7-tc1/target:/opt/rustwide/target:rw,Z" "-v" "/var/lib/crater-agent-workspace/builds/worker-7-tc1/source:/opt/rustwide/workdir:ro,Z" "-v" "/var/lib/crater-agent-workspace/cargo-home:/opt/rustwide/cargo-home:ro,Z" "-v" "/var/lib/crater-agent-workspace/rustup-home:/opt/rustwide/rustup-home:ro,Z" "-e" "SOURCE_DIR=/opt/rustwide/workdir" "-e" "CARGO_TARGET_DIR=/opt/rustwide/target" "-e" "CARGO_INCREMENTAL=0" "-e" "RUST_BACKTRACE=full" "-e" "RUSTFLAGS=--cap-lints=warn" "-e" "RUSTDOCFLAGS=--cap-lints=warn" "-e" "CARGO_HOME=/opt/rustwide/cargo-home" "-e" "RUSTUP_HOME=/opt/rustwide/rustup-home" "-w" "/opt/rustwide/workdir" "-m" "1610612736" "--user" "0:0" "--network" "none" "ghcr.io/rust-lang/crates-build-env/linux@sha256:2788e3201cd34a07e3172128adcd8b3090168a8e3bcc40d7c032b9dda1df7d1c" "/opt/rustwide/cargo-home/bin/cargo" "+1.75.0" "test" "--frozen" "--no-run" "--message-format=json", kill_on_drop: false }`
[INFO] [stdout] 49cea083cd69c07871842e61204c9d0414c11dc539d782e839ce5084efbfa6df
[INFO] running `Command { std: "docker" "start" "-a" "49cea083cd69c07871842e61204c9d0414c11dc539d782e839ce5084efbfa6df", kill_on_drop: false }`
[INFO] [stderr]    Compiling dwebpa v0.1.0 (/opt/rustwide/workdir)
[INFO] [stderr]     Finished test [unoptimized + debuginfo] target(s) in 0.21s
[INFO] running `Command { std: "docker" "inspect" "49cea083cd69c07871842e61204c9d0414c11dc539d782e839ce5084efbfa6df", kill_on_drop: false }`
[INFO] running `Command { std: "docker" "rm" "-f" "49cea083cd69c07871842e61204c9d0414c11dc539d782e839ce5084efbfa6df", kill_on_drop: false }`
[INFO] [stdout] 49cea083cd69c07871842e61204c9d0414c11dc539d782e839ce5084efbfa6df
[INFO] running `Command { std: "docker" "create" "-v" "/var/lib/crater-agent-workspace/builds/worker-7-tc1/target:/opt/rustwide/target:rw,Z" "-v" "/var/lib/crater-agent-workspace/builds/worker-7-tc1/source:/opt/rustwide/workdir:ro,Z" "-v" "/var/lib/crater-agent-workspace/cargo-home:/opt/rustwide/cargo-home:ro,Z" "-v" "/var/lib/crater-agent-workspace/rustup-home:/opt/rustwide/rustup-home:ro,Z" "-e" "SOURCE_DIR=/opt/rustwide/workdir" "-e" "CARGO_TARGET_DIR=/opt/rustwide/target" "-e" "CARGO_INCREMENTAL=0" "-e" "RUST_BACKTRACE=full" "-e" "RUSTFLAGS=--cap-lints=warn" "-e" "RUSTDOCFLAGS=--cap-lints=warn" "-e" "CARGO_HOME=/opt/rustwide/cargo-home" "-e" "RUSTUP_HOME=/opt/rustwide/rustup-home" "-w" "/opt/rustwide/workdir" "-m" "1610612736" "--user" "0:0" "--network" "none" "ghcr.io/rust-lang/crates-build-env/linux@sha256:2788e3201cd34a07e3172128adcd8b3090168a8e3bcc40d7c032b9dda1df7d1c" "/opt/rustwide/cargo-home/bin/cargo" "+1.75.0" "test" "--frozen", kill_on_drop: false }`
[INFO] [stdout] 5b2be896474a534845252744df8bdd3429f9dd16fc118d020b43ca1585b9fcce
[INFO] running `Command { std: "docker" "start" "-a" "5b2be896474a534845252744df8bdd3429f9dd16fc118d020b43ca1585b9fcce", kill_on_drop: false }`
[INFO] [stderr]     Finished test [unoptimized + debuginfo] target(s) in 0.02s
[INFO] [stderr]      Running unittests src/lib.rs (/opt/rustwide/target/debug/deps/dwebpa-20bc704c932bce2e)
[INFO] [stdout] 
[INFO] [stdout] running 0 tests
[INFO] [stdout] 
[INFO] [stdout] test result: ok. 0 passed; 0 failed; 0 ignored; 0 measured; 0 filtered out; finished in 0.00s
[INFO] [stdout] 
[INFO] [stderr]      Running unittests src/main.rs (/opt/rustwide/target/debug/deps/dwebpa-e24a32894dab797f)
[INFO] [stdout] 
[INFO] [stdout] running 0 tests
[INFO] [stdout] 
[INFO] [stdout] test result: ok. 0 passed; 0 failed; 0 ignored; 0 measured; 0 filtered out; finished in 0.00s
[INFO] [stdout] 
[INFO] [stderr]    Doc-tests dwebpa
[INFO] [stdout] 
[INFO] [stdout] running 7 tests
[INFO] [stdout] test src/fileutils.rs - fileutils::get_all_directories (line 130) ... FAILED
[INFO] [stdout] test src/fileutils.rs - fileutils::get_non_webp_files (line 88) ... FAILED
[INFO] [stdout] test src/fileutils.rs - fileutils::get_webp_files (line 51) ... FAILED
[INFO] [stdout] test src/fileutils.rs - fileutils::run_command (line 33) ... FAILED
[INFO] [stdout] test src/fileutils.rs - fileutils::get_all_files (line 110) ... FAILED
[INFO] [stdout] test src/fileutils.rs - fileutils::delete_files (line 10) ... FAILED
[INFO] [stdout] test src/converter.rs - converter::Converter (line 26) ... FAILED
[INFO] [stdout] 
[INFO] [stdout] failures:
[INFO] [stdout] 
[INFO] [stdout] ---- src/fileutils.rs - fileutils::get_all_directories (line 130) stdout ----
[INFO] [stdout] error[E0412]: cannot find type `PathBuf` in this scope
[INFO] [stdout]  --> src/fileutils.rs:131:26
[INFO] [stdout]   |
[INFO] [stdout] 3 | let all_directories: Vec<PathBuf> = get_all_directories("/home/example");
[INFO] [stdout]   |                          ^^^^^^^ not found in this scope
[INFO] [stdout]   |
[INFO] [stdout] help: consider importing this struct
[INFO] [stdout]   |
[INFO] [stdout] 2 + use std::path::PathBuf;
[INFO] [stdout]   |
[INFO] [stdout] 
[INFO] [stdout] error[E0425]: cannot find function `get_all_directories` in this scope
[INFO] [stdout]  --> src/fileutils.rs:131:37
[INFO] [stdout]   |
[INFO] [stdout] 3 | let all_directories: Vec<PathBuf> = get_all_directories("/home/example");
[INFO] [stdout]   |                                     ^^^^^^^^^^^^^^^^^^^ not found in this scope
[INFO] [stdout]   |
[INFO] [stdout] help: consider importing this function
[INFO] [stdout]   |
[INFO] [stdout] 2 + use dwebpa::fileutils::get_all_directories;
[INFO] [stdout]   |
[INFO] [stdout] 
[INFO] [stdout] error: aborting due to 2 previous errors
[INFO] [stdout] 
[INFO] [stdout] Some errors have detailed explanations: E0412, E0425.
[INFO] [stdout] For more information about an error, try `rustc --explain E0412`.
[INFO] [stdout] Couldn't compile the test.
[INFO] [stdout] ---- src/fileutils.rs - fileutils::get_non_webp_files (line 88) stdout ----
[INFO] [stdout] error[E0425]: cannot find function `get_non_webp_files` in this scope
[INFO] [stdout]  --> src/fileutils.rs:89:34
[INFO] [stdout]   |
[INFO] [stdout] 3 | let non_web_files: Vec<String> = get_non_webp_files();
[INFO] [stdout]   |                                  ^^^^^^^^^^^^^^^^^^ not found in this scope
[INFO] [stdout]   |
[INFO] [stdout] help: consider importing this function
[INFO] [stdout]   |
[INFO] [stdout] 2 + use dwebpa::fileutils::get_non_webp_files;
[INFO] [stdout]   |
[INFO] [stdout] 
[INFO] [stdout] error: aborting due to previous error
[INFO] [stdout] 
[INFO] [stdout] For more information about this error, try `rustc --explain E0425`.
[INFO] [stdout] Couldn't compile the test.
[INFO] [stdout] ---- src/fileutils.rs - fileutils::get_webp_files (line 51) stdout ----
[INFO] [stdout] error[E0412]: cannot find type `PathBuf` in this scope
[INFO] [stdout]  --> src/fileutils.rs:52:20
[INFO] [stdout]   |
[INFO] [stdout] 3 | let web_files: Vec<PathBuf> = get_webp_files("/home/example", false);
[INFO] [stdout]   |                    ^^^^^^^ not found in this scope
[INFO] [stdout]   |
[INFO] [stdout] help: consider importing this struct
[INFO] [stdout]   |
[INFO] [stdout] 2 + use std::path::PathBuf;
[INFO] [stdout]   |
[INFO] [stdout] 
[INFO] [stdout] error[E0425]: cannot find function `get_webp_files` in this scope
[INFO] [stdout]  --> src/fileutils.rs:52:31
[INFO] [stdout]   |
[INFO] [stdout] 3 | let web_files: Vec<PathBuf> = get_webp_files("/home/example", false);
[INFO] [stdout]   |                               ^^^^^^^^^^^^^^ not found in this scope
[INFO] [stdout]   |
[INFO] [stdout] help: consider importing this function
[INFO] [stdout]   |
[INFO] [stdout] 2 + use dwebpa::fileutils::get_webp_files;
[INFO] [stdout]   |
[INFO] [stdout] 
[INFO] [stdout] error: aborting due to 2 previous errors
[INFO] [stdout] 
[INFO] [stdout] Some errors have detailed explanations: E0412, E0425.
[INFO] [stdout] For more information about an error, try `rustc --explain E0412`.
[INFO] [stdout] Couldn't compile the test.
[INFO] [stdout] ---- src/fileutils.rs - fileutils::run_command (line 33) stdout ----
[INFO] [stdout] error[E0425]: cannot find function `run_command` in this scope
[INFO] [stdout]  --> src/fileutils.rs:34:1
[INFO] [stdout]   |
[INFO] [stdout] 3 | run_command(&String::from("rm -rf ./*"));
[INFO] [stdout]   | ^^^^^^^^^^^ not found in this scope
[INFO] [stdout]   |
[INFO] [stdout] help: consider importing this function
[INFO] [stdout]   |
[INFO] [stdout] 2 + use dwebpa::fileutils::run_command;
[INFO] [stdout]   |
[INFO] [stdout] 
[INFO] [stdout] error: aborting due to previous error
[INFO] [stdout] 
[INFO] [stdout] For more information about this error, try `rustc --explain E0425`.
[INFO] [stdout] Couldn't compile the test.
[INFO] [stdout] ---- src/fileutils.rs - fileutils::get_all_files (line 110) stdout ----
[INFO] [stdout] error[E0412]: cannot find type `PathBuf` in this scope
[INFO] [stdout]  --> src/fileutils.rs:111:20
[INFO] [stdout]   |
[INFO] [stdout] 3 | let all_files: Vec<PathBuf> = get_all_files();
[INFO] [stdout]   |                    ^^^^^^^ not found in this scope
[INFO] [stdout]   |
[INFO] [stdout] help: consider importing this struct
[INFO] [stdout]   |
[INFO] [stdout] 2 + use std::path::PathBuf;
[INFO] [stdout]   |
[INFO] [stdout] 
[INFO] [stdout] error[E0425]: cannot find function `get_all_files` in this scope
[INFO] [stdout]  --> src/fileutils.rs:111:31
[INFO] [stdout]   |
[INFO] [stdout] 3 | let all_files: Vec<PathBuf> = get_all_files();
[INFO] [stdout]   |                               ^^^^^^^^^^^^^ not found in this scope
[INFO] [stdout]   |
[INFO] [stdout] help: consider importing this function
[INFO] [stdout]   |
[INFO] [stdout] 2 + use dwebpa::fileutils::get_all_files;
[INFO] [stdout]   |
[INFO] [stdout] 
[INFO] [stdout] error: aborting due to 2 previous errors
[INFO] [stdout] 
[INFO] [stdout] Some errors have detailed explanations: E0412, E0425.
[INFO] [stdout] For more information about an error, try `rustc --explain E0412`.
[INFO] [stdout] Couldn't compile the test.
[INFO] [stdout] ---- src/fileutils.rs - fileutils::delete_files (line 10) stdout ----
[INFO] [stdout] error[E0412]: cannot find type `PathBuf` in this scope
[INFO] [stdout]  --> src/fileutils.rs:11:17
[INFO] [stdout]   |
[INFO] [stdout] 3 | let files : Vec<PathBuf> = vec![PathBuf::new("./example1.png"), PathBuf::new("./example2.png")];
[INFO] [stdout]   |                 ^^^^^^^ not found in this scope
[INFO] [stdout]   |
[INFO] [stdout] help: consider importing this struct
[INFO] [stdout]   |
[INFO] [stdout] 2 + use std::path::PathBuf;
[INFO] [stdout]   |
[INFO] [stdout] 
[INFO] [stdout] error[E0433]: failed to resolve: use of undeclared type `PathBuf`
[INFO] [stdout]  --> src/fileutils.rs:11:33
[INFO] [stdout]   |
[INFO] [stdout] 3 | let files : Vec<PathBuf> = vec![PathBuf::new("./example1.png"), PathBuf::new("./example2.png")];
[INFO] [stdout]   |                                 ^^^^^^^ use of undeclared type `PathBuf`
[INFO] [stdout]   |
[INFO] [stdout] help: consider importing this struct
[INFO] [stdout]   |
[INFO] [stdout] 2 + use std::path::PathBuf;
[INFO] [stdout]   |
[INFO] [stdout] 
[INFO] [stdout] error[E0433]: failed to resolve: use of undeclared type `PathBuf`
[INFO] [stdout]  --> src/fileutils.rs:11:65
[INFO] [stdout]   |
[INFO] [stdout] 3 | let files : Vec<PathBuf> = vec![PathBuf::new("./example1.png"), PathBuf::new("./example2.png")];
[INFO] [stdout]   |                                                                 ^^^^^^^ use of undeclared type `PathBuf`
[INFO] [stdout]   |
[INFO] [stdout] help: consider importing this struct
[INFO] [stdout]   |
[INFO] [stdout] 2 + use std::path::PathBuf;
[INFO] [stdout]   |
[INFO] [stdout] 
[INFO] [stdout] error[E0425]: cannot find function `delete_files` in this scope
[INFO] [stdout]  --> src/fileutils.rs:12:1
[INFO] [stdout]   |
[INFO] [stdout] 4 | delete_files(&files);
[INFO] [stdout]   | ^^^^^^^^^^^^ not found in this scope
[INFO] [stdout]   |
[INFO] [stdout] help: consider importing this function
[INFO] [stdout]   |
[INFO] [stdout] 2 + use dwebpa::fileutils::delete_files;
[INFO] [stdout]   |
[INFO] [stdout] 
[INFO] [stdout] error: aborting due to 4 previous errors
[INFO] [stdout] 
[INFO] [stdout] Some errors have detailed explanations: E0412, E0425, E0433.
[INFO] [stdout] For more information about an error, try `rustc --explain E0412`.
[INFO] [stdout] Couldn't compile the test.
[INFO] [stdout] ---- src/converter.rs - converter::Converter (line 26) stdout ----
[INFO] [stdout] error: expected `;`, found `converter`
[INFO] [stdout]   --> src/converter.rs:34:2
[INFO] [stdout]    |
[INFO] [stdout] 10 | }
[INFO] [stdout]    |  ^ help: add `;` here
[INFO] [stdout] 11 | converter.convert_files();
[INFO] [stdout]    | --------- unexpected token
[INFO] [stdout] 
[INFO] [stdout] error[E0433]: failed to resolve: use of undeclared type `Converter`
[INFO] [stdout]  --> src/converter.rs:27:17
[INFO] [stdout]   |
[INFO] [stdout] 3 | let converter = Converter::new().unwrap();
[INFO] [stdout]   |                 ^^^^^^^^^ use of undeclared type `Converter`
[INFO] [stdout]   |
[INFO] [stdout] help: consider importing this struct
[INFO] [stdout]   |
[INFO] [stdout] 2 + use dwebpa::converter::Converter;
[INFO] [stdout]   |
[INFO] [stdout] 
[INFO] [stdout] error: aborting due to 2 previous errors
[INFO] [stdout] 
[INFO] [stdout] For more information about this error, try `rustc --explain E0433`.
[INFO] [stdout] Couldn't compile the test.
[INFO] [stdout] 
[INFO] [stdout] failures:
[INFO] [stdout]     src/converter.rs - converter::Converter (line 26)
[INFO] [stdout]     src/fileutils.rs - fileutils::delete_files (line 10)
[INFO] [stdout]     src/fileutils.rs - fileutils::get_all_directories (line 130)
[INFO] [stdout]     src/fileutils.rs - fileutils::get_all_files (line 110)
[INFO] [stdout]     src/fileutils.rs - fileutils::get_non_webp_files (line 88)
[INFO] [stdout]     src/fileutils.rs - fileutils::get_webp_files (line 51)
[INFO] [stdout]     src/fileutils.rs - fileutils::run_command (line 33)
[INFO] [stdout] 
[INFO] [stdout] test result: FAILED. 0 passed; 7 failed; 0 ignored; 0 measured; 0 filtered out; finished in 0.05s
[INFO] [stdout] 
[INFO] [stderr] error: doctest failed, to rerun pass `--doc`
[INFO] running `Command { std: "docker" "inspect" "5b2be896474a534845252744df8bdd3429f9dd16fc118d020b43ca1585b9fcce", kill_on_drop: false }`
[INFO] running `Command { std: "docker" "rm" "-f" "5b2be896474a534845252744df8bdd3429f9dd16fc118d020b43ca1585b9fcce", kill_on_drop: false }`
[INFO] [stdout] 5b2be896474a534845252744df8bdd3429f9dd16fc118d020b43ca1585b9fcce
[INFO] testing korvahannu/dwebpa against beta-2023-12-22 for beta-1.76-1
[INFO] running `Command { std: "git" "clone" "/workspace/cache/git-repos/https%3A%2F%2Fgithub.com%2Fkorvahannu%2Fdwebpa" "/workspace/builds/worker-7-tc2/source", kill_on_drop: false }`
[INFO] [stderr] Cloning into '/workspace/builds/worker-7-tc2/source'...
[INFO] [stderr] done.
[INFO] validating manifest of git repo https://github.com/korvahannu/dwebpa on toolchain beta-2023-12-22
[INFO] running `Command { std: CARGO_HOME="/workspace/cargo-home" RUSTUP_HOME="/workspace/rustup-home" "/workspace/cargo-home/bin/cargo" "+beta-2023-12-22" "metadata" "--manifest-path" "Cargo.toml" "--no-deps", kill_on_drop: false }`
[INFO] started tweaking git repo https://github.com/korvahannu/dwebpa
[INFO] finished tweaking git repo https://github.com/korvahannu/dwebpa
[INFO] tweaked toml for git repo https://github.com/korvahannu/dwebpa written to /workspace/builds/worker-7-tc2/source/Cargo.toml
[INFO] crate git repo https://github.com/korvahannu/dwebpa already has a lockfile, it will not be regenerated
[INFO] running `Command { std: CARGO_HOME="/workspace/cargo-home" RUSTUP_HOME="/workspace/rustup-home" "/workspace/cargo-home/bin/cargo" "+beta-2023-12-22" "fetch" "--manifest-path" "Cargo.toml", kill_on_drop: false }`
[INFO] running `Command { std: "docker" "create" "-v" "/var/lib/crater-agent-workspace/builds/worker-7-tc2/target:/opt/rustwide/target:rw,Z" "-v" "/var/lib/crater-agent-workspace/builds/worker-7-tc2/source:/opt/rustwide/workdir:ro,Z" "-v" "/var/lib/crater-agent-workspace/cargo-home:/opt/rustwide/cargo-home:ro,Z" "-v" "/var/lib/crater-agent-workspace/rustup-home:/opt/rustwide/rustup-home:ro,Z" "-e" "SOURCE_DIR=/opt/rustwide/workdir" "-e" "CARGO_TARGET_DIR=/opt/rustwide/target" "-e" "CARGO_HOME=/opt/rustwide/cargo-home" "-e" "RUSTUP_HOME=/opt/rustwide/rustup-home" "-w" "/opt/rustwide/workdir" "-m" "1610612736" "--user" "0:0" "--network" "none" "ghcr.io/rust-lang/crates-build-env/linux@sha256:2788e3201cd34a07e3172128adcd8b3090168a8e3bcc40d7c032b9dda1df7d1c" "/opt/rustwide/cargo-home/bin/cargo" "+beta-2023-12-22" "metadata" "--no-deps" "--format-version=1", kill_on_drop: false }`
[INFO] [stdout] 5aa608ee0c79bdfc4fee3fd9732c3d9a0da14a13198719f66979201fc4216465
[INFO] running `Command { std: "docker" "start" "-a" "5aa608ee0c79bdfc4fee3fd9732c3d9a0da14a13198719f66979201fc4216465", kill_on_drop: false }`
[INFO] running `Command { std: "docker" "inspect" "5aa608ee0c79bdfc4fee3fd9732c3d9a0da14a13198719f66979201fc4216465", kill_on_drop: false }`
[INFO] running `Command { std: "docker" "rm" "-f" "5aa608ee0c79bdfc4fee3fd9732c3d9a0da14a13198719f66979201fc4216465", kill_on_drop: false }`
[INFO] [stdout] 5aa608ee0c79bdfc4fee3fd9732c3d9a0da14a13198719f66979201fc4216465
[INFO] running `Command { std: "docker" "create" "-v" "/var/lib/crater-agent-workspace/builds/worker-7-tc2/target:/opt/rustwide/target:rw,Z" "-v" "/var/lib/crater-agent-workspace/builds/worker-7-tc2/source:/opt/rustwide/workdir:ro,Z" "-v" "/var/lib/crater-agent-workspace/cargo-home:/opt/rustwide/cargo-home:ro,Z" "-v" "/var/lib/crater-agent-workspace/rustup-home:/opt/rustwide/rustup-home:ro,Z" "-e" "SOURCE_DIR=/opt/rustwide/workdir" "-e" "CARGO_TARGET_DIR=/opt/rustwide/target" "-e" "CARGO_INCREMENTAL=0" "-e" "RUST_BACKTRACE=full" "-e" "RUSTFLAGS=--cap-lints=warn" "-e" "RUSTDOCFLAGS=--cap-lints=warn" "-e" "CARGO_HOME=/opt/rustwide/cargo-home" "-e" "RUSTUP_HOME=/opt/rustwide/rustup-home" "-w" "/opt/rustwide/workdir" "-m" "1610612736" "--user" "0:0" "--network" "none" "ghcr.io/rust-lang/crates-build-env/linux@sha256:2788e3201cd34a07e3172128adcd8b3090168a8e3bcc40d7c032b9dda1df7d1c" "/opt/rustwide/cargo-home/bin/cargo" "+beta-2023-12-22" "build" "--frozen" "--message-format=json", kill_on_drop: false }`
[INFO] [stdout] 71662509759eb5ff656011d297ffeb11064239544ec5e0bc93bfef0201dc2b16
[INFO] running `Command { std: "docker" "start" "-a" "71662509759eb5ff656011d297ffeb11064239544ec5e0bc93bfef0201dc2b16", kill_on_drop: false }`
[INFO] [stderr]    Compiling same-file v1.0.6
[INFO] [stderr]    Compiling walkdir v2.3.2
[INFO] [stderr]    Compiling dwebpa v0.1.0 (/opt/rustwide/workdir)
[INFO] [stderr]     Finished dev [unoptimized + debuginfo] target(s) in 0.59s
[INFO] running `Command { std: "docker" "inspect" "71662509759eb5ff656011d297ffeb11064239544ec5e0bc93bfef0201dc2b16", kill_on_drop: false }`
[INFO] running `Command { std: "docker" "rm" "-f" "71662509759eb5ff656011d297ffeb11064239544ec5e0bc93bfef0201dc2b16", kill_on_drop: false }`
[INFO] [stdout] 71662509759eb5ff656011d297ffeb11064239544ec5e0bc93bfef0201dc2b16
[INFO] running `Command { std: "docker" "create" "-v" "/var/lib/crater-agent-workspace/builds/worker-7-tc2/target:/opt/rustwide/target:rw,Z" "-v" "/var/lib/crater-agent-workspace/builds/worker-7-tc2/source:/opt/rustwide/workdir:ro,Z" "-v" "/var/lib/crater-agent-workspace/cargo-home:/opt/rustwide/cargo-home:ro,Z" "-v" "/var/lib/crater-agent-workspace/rustup-home:/opt/rustwide/rustup-home:ro,Z" "-e" "SOURCE_DIR=/opt/rustwide/workdir" "-e" "CARGO_TARGET_DIR=/opt/rustwide/target" "-e" "CARGO_INCREMENTAL=0" "-e" "RUST_BACKTRACE=full" "-e" "RUSTFLAGS=--cap-lints=warn" "-e" "RUSTDOCFLAGS=--cap-lints=warn" "-e" "CARGO_HOME=/opt/rustwide/cargo-home" "-e" "RUSTUP_HOME=/opt/rustwide/rustup-home" "-w" "/opt/rustwide/workdir" "-m" "1610612736" "--user" "0:0" "--network" "none" "ghcr.io/rust-lang/crates-build-env/linux@sha256:2788e3201cd34a07e3172128adcd8b3090168a8e3bcc40d7c032b9dda1df7d1c" "/opt/rustwide/cargo-home/bin/cargo" "+beta-2023-12-22" "test" "--frozen" "--no-run" "--message-format=json", kill_on_drop: false }`
[INFO] [stdout] 8b13d70c8bc1e34cad872ecb519d93641aaa91c38bf2d016b85025f85cd4050f
[INFO] running `Command { std: "docker" "start" "-a" "8b13d70c8bc1e34cad872ecb519d93641aaa91c38bf2d016b85025f85cd4050f", kill_on_drop: false }`
[INFO] [stderr]    Compiling dwebpa v0.1.0 (/opt/rustwide/workdir)
[INFO] [stderr]     Finished test [unoptimized + debuginfo] target(s) in 0.21s
[INFO] running `Command { std: "docker" "inspect" "8b13d70c8bc1e34cad872ecb519d93641aaa91c38bf2d016b85025f85cd4050f", kill_on_drop: false }`
[INFO] running `Command { std: "docker" "rm" "-f" "8b13d70c8bc1e34cad872ecb519d93641aaa91c38bf2d016b85025f85cd4050f", kill_on_drop: false }`
[INFO] [stdout] 8b13d70c8bc1e34cad872ecb519d93641aaa91c38bf2d016b85025f85cd4050f
[INFO] running `Command { std: "docker" "create" "-v" "/var/lib/crater-agent-workspace/builds/worker-7-tc2/target:/opt/rustwide/target:rw,Z" "-v" "/var/lib/crater-agent-workspace/builds/worker-7-tc2/source:/opt/rustwide/workdir:ro,Z" "-v" "/var/lib/crater-agent-workspace/cargo-home:/opt/rustwide/cargo-home:ro,Z" "-v" "/var/lib/crater-agent-workspace/rustup-home:/opt/rustwide/rustup-home:ro,Z" "-e" "SOURCE_DIR=/opt/rustwide/workdir" "-e" "CARGO_TARGET_DIR=/opt/rustwide/target" "-e" "CARGO_INCREMENTAL=0" "-e" "RUST_BACKTRACE=full" "-e" "RUSTFLAGS=--cap-lints=warn" "-e" "RUSTDOCFLAGS=--cap-lints=warn" "-e" "CARGO_HOME=/opt/rustwide/cargo-home" "-e" "RUSTUP_HOME=/opt/rustwide/rustup-home" "-w" "/opt/rustwide/workdir" "-m" "1610612736" "--user" "0:0" "--network" "none" "ghcr.io/rust-lang/crates-build-env/linux@sha256:2788e3201cd34a07e3172128adcd8b3090168a8e3bcc40d7c032b9dda1df7d1c" "/opt/rustwide/cargo-home/bin/cargo" "+beta-2023-12-22" "test" "--frozen", kill_on_drop: false }`
[INFO] [stdout] d0a827c05cf04f9702c539c9957f5f010cb49b7744c24c1305aa93db860c6cb1
[INFO] running `Command { std: "docker" "start" "-a" "d0a827c05cf04f9702c539c9957f5f010cb49b7744c24c1305aa93db860c6cb1", kill_on_drop: false }`
[INFO] [stderr]     Finished test [unoptimized + debuginfo] target(s) in 0.00s
[INFO] [stderr]      Running unittests src/lib.rs (/opt/rustwide/target/debug/deps/dwebpa-2fcb9aadcdebba05)
[INFO] [stdout] 
[INFO] [stdout] running 0 tests
[INFO] [stdout] 
[INFO] [stdout] test result: ok. 0 passed; 0 failed; 0 ignored; 0 measured; 0 filtered out; finished in 0.00s
[INFO] [stdout] 
[INFO] [stderr]      Running unittests src/main.rs (/opt/rustwide/target/debug/deps/dwebpa-1fc590c5331d5660)
[INFO] [stdout] 
[INFO] [stdout] running 0 tests
[INFO] [stdout] 
[INFO] [stdout] test result: ok. 0 passed; 0 failed; 0 ignored; 0 measured; 0 filtered out; finished in 0.00s
[INFO] [stdout] 
[INFO] [stderr]    Doc-tests dwebpa
[INFO] [stdout] 
[INFO] [stdout] running 7 tests
[INFO] [stdout] test src/fileutils.rs - fileutils::run_command (line 33) ... FAILED
[INFO] [stdout] test src/fileutils.rs - fileutils::get_all_files (line 110) ... FAILED
[INFO] [stdout] test src/converter.rs - converter::Converter (line 26) ... FAILED
[INFO] [stdout] test src/fileutils.rs - fileutils::get_non_webp_files (line 88) ... FAILED
[INFO] [stdout] test src/fileutils.rs - fileutils::get_webp_files (line 51) ... FAILED
[INFO] [stdout] test src/fileutils.rs - fileutils::delete_files (line 10) ... FAILED
[INFO] [stdout] test src/fileutils.rs - fileutils::get_all_directories (line 130) ... FAILED
[INFO] [stdout] 
[INFO] [stdout] failures:
[INFO] [stdout] 
[INFO] [stdout] ---- src/fileutils.rs - fileutils::run_command (line 33) stdout ----
[INFO] [stdout] error[E0425]: cannot find function `run_command` in this scope
[INFO] [stdout]  --> src/fileutils.rs:34:1
[INFO] [stdout]   |
[INFO] [stdout] 3 | run_command(&String::from("rm -rf ./*"));
[INFO] [stdout]   | ^^^^^^^^^^^ not found in this scope
[INFO] [stdout]   |
[INFO] [stdout] help: consider importing this function
[INFO] [stdout]   |
[INFO] [stdout] 2 + use dwebpa::fileutils::run_command;
[INFO] [stdout]   |
[INFO] [stdout] 
[INFO] [stdout] error: aborting due to 1 previous error
[INFO] [stdout] 
[INFO] [stdout] For more information about this error, try `rustc --explain E0425`.
[INFO] [stdout] Couldn't compile the test.
[INFO] [stdout] ---- src/fileutils.rs - fileutils::get_all_files (line 110) stdout ----
[INFO] [stdout] error[E0412]: cannot find type `PathBuf` in this scope
[INFO] [stdout]  --> src/fileutils.rs:111:20
[INFO] [stdout]   |
[INFO] [stdout] 3 | let all_files: Vec<PathBuf> = get_all_files();
[INFO] [stdout]   |                    ^^^^^^^ not found in this scope
[INFO] [stdout]   |
[INFO] [stdout] help: consider importing this struct
[INFO] [stdout]   |
[INFO] [stdout] 2 + use std::path::PathBuf;
[INFO] [stdout]   |
[INFO] [stdout] 
[INFO] [stdout] error[E0425]: cannot find function `get_all_files` in this scope
[INFO] [stdout]  --> src/fileutils.rs:111:31
[INFO] [stdout]   |
[INFO] [stdout] 3 | let all_files: Vec<PathBuf> = get_all_files();
[INFO] [stdout]   |                               ^^^^^^^^^^^^^ not found in this scope
[INFO] [stdout]   |
[INFO] [stdout] help: consider importing this function
[INFO] [stdout]   |
[INFO] [stdout] 2 + use dwebpa::fileutils::get_all_files;
[INFO] [stdout]   |
[INFO] [stdout] 
[INFO] [stdout] error: aborting due to 2 previous errors
[INFO] [stdout] 
[INFO] [stdout] Some errors have detailed explanations: E0412, E0425.
[INFO] [stdout] For more information about an error, try `rustc --explain E0412`.
[INFO] [stdout] Couldn't compile the test.
[INFO] [stdout] ---- src/converter.rs - converter::Converter (line 26) stdout ----
[INFO] [stdout] error: expected `;`, found `converter`
[INFO] [stdout]   --> src/converter.rs:34:2
[INFO] [stdout]    |
[INFO] [stdout] 10 | }
[INFO] [stdout]    |  ^ help: add `;` here
[INFO] [stdout] 11 | converter.convert_files();
[INFO] [stdout]    | --------- unexpected token
[INFO] [stdout] 
[INFO] [stdout] error[E0433]: failed to resolve: use of undeclared type `Converter`
[INFO] [stdout]  --> src/converter.rs:27:17
[INFO] [stdout]   |
[INFO] [stdout] 3 | let converter = Converter::new().unwrap();
[INFO] [stdout]   |                 ^^^^^^^^^ use of undeclared type `Converter`
[INFO] [stdout]   |
[INFO] [stdout] help: consider importing this struct
[INFO] [stdout]   |
[INFO] [stdout] 2 + use dwebpa::converter::Converter;
[INFO] [stdout]   |
[INFO] [stdout] 
[INFO] [stdout] error: aborting due to 2 previous errors
[INFO] [stdout] 
[INFO] [stdout] For more information about this error, try `rustc --explain E0433`.
[INFO] [stdout] Couldn't compile the test.
[INFO] [stdout] ---- src/fileutils.rs - fileutils::get_non_webp_files (line 88) stdout ----
[INFO] [stdout] error[E0425]: cannot find function `get_non_webp_files` in this scope
[INFO] [stdout]  --> src/fileutils.rs:89:34
[INFO] [stdout]   |
[INFO] [stdout] 3 | let non_web_files: Vec<String> = get_non_webp_files();
[INFO] [stdout]   |                                  ^^^^^^^^^^^^^^^^^^ not found in this scope
[INFO] [stdout]   |
[INFO] [stdout] help: consider importing this function
[INFO] [stdout]   |
[INFO] [stdout] 2 + use dwebpa::fileutils::get_non_webp_files;
[INFO] [stdout]   |
[INFO] [stdout] 
[INFO] [stdout] error: aborting due to 1 previous error
[INFO] [stdout] 
[INFO] [stdout] For more information about this error, try `rustc --explain E0425`.
[INFO] [stdout] Couldn't compile the test.
[INFO] [stdout] ---- src/fileutils.rs - fileutils::get_webp_files (line 51) stdout ----
[INFO] [stdout] error[E0412]: cannot find type `PathBuf` in this scope
[INFO] [stdout]  --> src/fileutils.rs:52:20
[INFO] [stdout]   |
[INFO] [stdout] 3 | let web_files: Vec<PathBuf> = get_webp_files("/home/example", false);
[INFO] [stdout]   |                    ^^^^^^^ not found in this scope
[INFO] [stdout]   |
[INFO] [stdout] help: consider importing this struct
[INFO] [stdout]   |
[INFO] [stdout] 2 + use std::path::PathBuf;
[INFO] [stdout]   |
[INFO] [stdout] 
[INFO] [stdout] error[E0425]: cannot find function `get_webp_files` in this scope
[INFO] [stdout]  --> src/fileutils.rs:52:31
[INFO] [stdout]   |
[INFO] [stdout] 3 | let web_files: Vec<PathBuf> = get_webp_files("/home/example", false);
[INFO] [stdout]   |                               ^^^^^^^^^^^^^^ not found in this scope
[INFO] [stdout]   |
[INFO] [stdout] help: consider importing this function
[INFO] [stdout]   |
[INFO] [stdout] 2 + use dwebpa::fileutils::get_webp_files;
[INFO] [stdout]   |
[INFO] [stdout] 
[INFO] [stdout] error: aborting due to 2 previous errors
[INFO] [stdout] 
[INFO] [stdout] Some errors have detailed explanations: E0412, E0425.
[INFO] [stdout] For more information about an error, try `rustc --explain E0412`.
[INFO] [stdout] Couldn't compile the test.
[INFO] [stdout] ---- src/fileutils.rs - fileutils::delete_files (line 10) stdout ----
[INFO] [stdout] error[E0412]: cannot find type `PathBuf` in this scope
[INFO] [stdout]  --> src/fileutils.rs:11:17
[INFO] [stdout]   |
[INFO] [stdout] 3 | let files : Vec<PathBuf> = vec![PathBuf::new("./example1.png"), PathBuf::new("./example2.png")];
[INFO] [stdout]   |                 ^^^^^^^ not found in this scope
[INFO] [stdout]   |
[INFO] [stdout] help: consider importing this struct
[INFO] [stdout]   |
[INFO] [stdout] 2 + use std::path::PathBuf;
[INFO] [stdout]   |
[INFO] [stdout] 
[INFO] [stdout] error[E0433]: failed to resolve: use of undeclared type `PathBuf`
[INFO] [stdout]  --> src/fileutils.rs:11:33
[INFO] [stdout]   |
[INFO] [stdout] 3 | let files : Vec<PathBuf> = vec![PathBuf::new("./example1.png"), PathBuf::new("./example2.png")];
[INFO] [stdout]   |                                 ^^^^^^^ use of undeclared type `PathBuf`
[INFO] [stdout]   |
[INFO] [stdout] help: consider importing this struct
[INFO] [stdout]   |
[INFO] [stdout] 2 + use std::path::PathBuf;
[INFO] [stdout]   |
[INFO] [stdout] 
[INFO] [stdout] error[E0433]: failed to resolve: use of undeclared type `PathBuf`
[INFO] [stdout]  --> src/fileutils.rs:11:65
[INFO] [stdout]   |
[INFO] [stdout] 3 | let files : Vec<PathBuf> = vec![PathBuf::new("./example1.png"), PathBuf::new("./example2.png")];
[INFO] [stdout]   |                                                                 ^^^^^^^ use of undeclared type `PathBuf`
[INFO] [stdout]   |
[INFO] [stdout] help: consider importing this struct
[INFO] [stdout]   |
[INFO] [stdout] 2 + use std::path::PathBuf;
[INFO] [stdout]   |
[INFO] [stdout] 
[INFO] [stdout] error[E0425]: cannot find function `delete_files` in this scope
[INFO] [stdout]  --> src/fileutils.rs:12:1
[INFO] [stdout]   |
[INFO] [stdout] 4 | delete_files(&files);
[INFO] [stdout]   | ^^^^^^^^^^^^ not found in this scope
[INFO] [stdout]   |
[INFO] [stdout] help: consider importing this function
[INFO] [stdout]   |
[INFO] [stdout] 2 + use dwebpa::fileutils::delete_files;
[INFO] [stdout]   |
[INFO] [stdout] 
[INFO] [stdout] error: aborting due to 4 previous errors
[INFO] [stdout] 
[INFO] [stdout] Some errors have detailed explanations: E0412, E0425, E0433.
[INFO] [stdout] For more information about an error, try `rustc --explain E0412`.
[INFO] [stdout] Couldn't compile the test.
[INFO] [stdout] ---- src/fileutils.rs - fileutils::get_all_directories (line 130) stdout ----
[INFO] [stdout] error[E0412]: cannot find type `PathBuf` in this scope
[INFO] [stdout]  --> src/fileutils.rs:131:26
[INFO] [stdout]   |
[INFO] [stdout] 3 | let all_directories: Vec<PathBuf> = get_all_directories("/home/example");
[INFO] [stdout]   |                          ^^^^^^^ not found in this scope
[INFO] [stdout]   |
[INFO] [stdout] help: consider importing this struct
[INFO] [stdout]   |
[INFO] [stdout] 2 + use std::path::PathBuf;
[INFO] [stdout]   |
[INFO] [stdout] 
[INFO] [stdout] error[E0425]: cannot find function `get_all_directories` in this scope
[INFO] [stdout]  --> src/fileutils.rs:131:37
[INFO] [stdout]   |
[INFO] [stdout] 3 | let all_directories: Vec<PathBuf> = get_all_directories("/home/example");
[INFO] [stdout]   |                                     ^^^^^^^^^^^^^^^^^^^ not found in this scope
[INFO] [stdout]   |
[INFO] [stdout] help: consider importing this function
[INFO] [stdout]   |
[INFO] [stdout] 2 + use dwebpa::fileutils::get_all_directories;
[INFO] [stdout]   |
[INFO] [stdout] 
[INFO] [stdout] error: aborting due to 2 previous errors
[INFO] [stdout] 
[INFO] [stdout] Some errors have detailed explanations: E0412, E0425.
[INFO] [stdout] For more information about an error, try `rustc --explain E0412`.
[INFO] [stdout] Couldn't compile the test.
[INFO] [stdout] 
[INFO] [stdout] failures:
[INFO] [stdout]     src/converter.rs - converter::Converter (line 26)
[INFO] [stdout]     src/fileutils.rs - fileutils::delete_files (line 10)
[INFO] [stdout]     src/fileutils.rs - fileutils::get_all_directories (line 130)
[INFO] [stdout]     src/fileutils.rs - fileutils::get_all_files (line 110)
[INFO] [stdout]     src/fileutils.rs - fileutils::get_non_webp_files (line 88)
[INFO] [stdout]     src/fileutils.rs - fileutils::get_webp_files (line 51)
[INFO] [stdout]     src/fileutils.rs - fileutils::run_command (line 33)
[INFO] [stdout] 
[INFO] [stdout] test result: FAILED. 0 passed; 7 failed; 0 ignored; 0 measured; 0 filtered out; finished in 0.05s
[INFO] [stdout] 
[INFO] [stderr] error: doctest failed, to rerun pass `--doc`
[INFO] running `Command { std: "docker" "inspect" "d0a827c05cf04f9702c539c9957f5f010cb49b7744c24c1305aa93db860c6cb1", kill_on_drop: false }`
[INFO] running `Command { std: "docker" "rm" "-f" "d0a827c05cf04f9702c539c9957f5f010cb49b7744c24c1305aa93db860c6cb1", kill_on_drop: false }`
[INFO] [stdout] d0a827c05cf04f9702c539c9957f5f010cb49b7744c24c1305aa93db860c6cb1
