[INFO] cloning repository https://github.com/kofuk/ipp-print
[INFO] running `Command { std: "git" "-c" "credential.helper=" "-c" "credential.helper=/workspace/cargo-home/bin/git-credential-null" "clone" "--bare" "https://github.com/kofuk/ipp-print" "/workspace/cache/git-repos/https%3A%2F%2Fgithub.com%2Fkofuk%2Fipp-print", kill_on_drop: false }`
[INFO] [stderr] Cloning into bare repository '/workspace/cache/git-repos/https%3A%2F%2Fgithub.com%2Fkofuk%2Fipp-print'...
[INFO] running `Command { std: "git" "rev-parse" "HEAD", kill_on_drop: false }`
[INFO] [stdout] 9e49aee0d246bbb8c512d6471ef999f947849634
[INFO] testing kofuk/ipp-print against 1.75.0 for beta-1.76-1
[INFO] running `Command { std: "git" "clone" "/workspace/cache/git-repos/https%3A%2F%2Fgithub.com%2Fkofuk%2Fipp-print" "/workspace/builds/worker-1-tc1/source", kill_on_drop: false }`
[INFO] [stderr] Cloning into '/workspace/builds/worker-1-tc1/source'...
[INFO] [stderr] done.
[INFO] validating manifest of git repo https://github.com/kofuk/ipp-print on toolchain 1.75.0
[INFO] running `Command { std: CARGO_HOME="/workspace/cargo-home" RUSTUP_HOME="/workspace/rustup-home" "/workspace/cargo-home/bin/cargo" "+1.75.0" "metadata" "--manifest-path" "Cargo.toml" "--no-deps", kill_on_drop: false }`
[INFO] started tweaking git repo https://github.com/kofuk/ipp-print
[INFO] finished tweaking git repo https://github.com/kofuk/ipp-print
[INFO] tweaked toml for git repo https://github.com/kofuk/ipp-print written to /workspace/builds/worker-1-tc1/source/Cargo.toml
[INFO] crate git repo https://github.com/kofuk/ipp-print already has a lockfile, it will not be regenerated
[INFO] running `Command { std: CARGO_HOME="/workspace/cargo-home" RUSTUP_HOME="/workspace/rustup-home" "/workspace/cargo-home/bin/cargo" "+1.75.0" "fetch" "--manifest-path" "Cargo.toml", kill_on_drop: false }`
[INFO] running `Command { std: "docker" "create" "-v" "/var/lib/crater-agent-workspace/builds/worker-1-tc1/target:/opt/rustwide/target:rw,Z" "-v" "/var/lib/crater-agent-workspace/builds/worker-1-tc1/source:/opt/rustwide/workdir:ro,Z" "-v" "/var/lib/crater-agent-workspace/cargo-home:/opt/rustwide/cargo-home:ro,Z" "-v" "/var/lib/crater-agent-workspace/rustup-home:/opt/rustwide/rustup-home:ro,Z" "-e" "SOURCE_DIR=/opt/rustwide/workdir" "-e" "CARGO_TARGET_DIR=/opt/rustwide/target" "-e" "CARGO_HOME=/opt/rustwide/cargo-home" "-e" "RUSTUP_HOME=/opt/rustwide/rustup-home" "-w" "/opt/rustwide/workdir" "-m" "1610612736" "--user" "0:0" "--network" "none" "ghcr.io/rust-lang/crates-build-env/linux@sha256:2788e3201cd34a07e3172128adcd8b3090168a8e3bcc40d7c032b9dda1df7d1c" "/opt/rustwide/cargo-home/bin/cargo" "+1.75.0" "metadata" "--no-deps" "--format-version=1", kill_on_drop: false }`
[INFO] [stdout] dab19bf25e7cab4b0176a0aefea4cfbe50ebdd0691e586d0e281de5d599fdea1
[INFO] running `Command { std: "docker" "start" "-a" "dab19bf25e7cab4b0176a0aefea4cfbe50ebdd0691e586d0e281de5d599fdea1", kill_on_drop: false }`
[INFO] running `Command { std: "docker" "inspect" "dab19bf25e7cab4b0176a0aefea4cfbe50ebdd0691e586d0e281de5d599fdea1", kill_on_drop: false }`
[INFO] running `Command { std: "docker" "rm" "-f" "dab19bf25e7cab4b0176a0aefea4cfbe50ebdd0691e586d0e281de5d599fdea1", kill_on_drop: false }`
[INFO] [stdout] dab19bf25e7cab4b0176a0aefea4cfbe50ebdd0691e586d0e281de5d599fdea1
[INFO] running `Command { std: "docker" "create" "-v" "/var/lib/crater-agent-workspace/builds/worker-1-tc1/target:/opt/rustwide/target:rw,Z" "-v" "/var/lib/crater-agent-workspace/builds/worker-1-tc1/source:/opt/rustwide/workdir:ro,Z" "-v" "/var/lib/crater-agent-workspace/cargo-home:/opt/rustwide/cargo-home:ro,Z" "-v" "/var/lib/crater-agent-workspace/rustup-home:/opt/rustwide/rustup-home:ro,Z" "-e" "SOURCE_DIR=/opt/rustwide/workdir" "-e" "CARGO_TARGET_DIR=/opt/rustwide/target" "-e" "CARGO_INCREMENTAL=0" "-e" "RUST_BACKTRACE=full" "-e" "RUSTFLAGS=--cap-lints=warn" "-e" "RUSTDOCFLAGS=--cap-lints=warn" "-e" "CARGO_HOME=/opt/rustwide/cargo-home" "-e" "RUSTUP_HOME=/opt/rustwide/rustup-home" "-w" "/opt/rustwide/workdir" "-m" "1610612736" "--user" "0:0" "--network" "none" "ghcr.io/rust-lang/crates-build-env/linux@sha256:2788e3201cd34a07e3172128adcd8b3090168a8e3bcc40d7c032b9dda1df7d1c" "/opt/rustwide/cargo-home/bin/cargo" "+1.75.0" "build" "--frozen" "--message-format=json", kill_on_drop: false }`
[INFO] [stdout] 05d5babfa8f7620620d6ac5effbe7aea02cfbcfb527e01e047f2296504a0d8ac
[INFO] running `Command { std: "docker" "start" "-a" "05d5babfa8f7620620d6ac5effbe7aea02cfbcfb527e01e047f2296504a0d8ac", kill_on_drop: false }`
[INFO] [stderr]    Compiling libc v0.2.150
[INFO] [stderr]    Compiling proc-macro2 v1.0.69
[INFO] [stderr]    Compiling unicode-ident v1.0.12
[INFO] [stderr]    Compiling pkg-config v0.3.27
[INFO] [stderr]    Compiling once_cell v1.18.0
[INFO] [stderr]    Compiling pin-project-lite v0.2.13
[INFO] [stderr]    Compiling vcpkg v0.2.15
[INFO] [stderr]    Compiling futures-core v0.3.29
[INFO] [stderr]    Compiling bytes v1.5.0
[INFO] [stderr]    Compiling num-traits v0.2.17
[INFO] [stderr]    Compiling slab v0.4.9
[INFO] [stderr]    Compiling itoa v1.0.9
[INFO] [stderr]    Compiling futures-task v0.3.29
[INFO] [stderr]    Compiling num-integer v0.1.45
[INFO] [stderr]    Compiling openssl v0.10.61
[INFO] [stderr]    Compiling futures-util v0.3.29
[INFO] [stderr]    Compiling memchr v2.6.4
[INFO] [stderr]    Compiling futures-sink v0.3.29
[INFO] [stderr]    Compiling tracing-core v0.1.32
[INFO] [stderr]    Compiling bitflags v2.4.1
[INFO] [stderr]    Compiling tinyvec_macros v0.1.1
[INFO] [stderr]    Compiling futures-io v0.3.29
[INFO] [stderr]    Compiling httparse v1.8.0
[INFO] [stderr]    Compiling futures-channel v0.3.29
[INFO] [stderr]    Compiling native-tls v0.2.11
[INFO] [stderr]    Compiling hashbrown v0.14.2
[INFO] [stderr]    Compiling equivalent v1.0.1
[INFO] [stderr]    Compiling http v0.2.11
[INFO] [stderr]    Compiling tinyvec v1.6.0
[INFO] [stderr]    Compiling num-bigint v0.4.4
[INFO] [stderr]    Compiling log v0.4.20
[INFO] [stderr]    Compiling try-lock v0.2.4
[INFO] [stderr]    Compiling percent-encoding v2.3.0
[INFO] [stderr]    Compiling serde v1.0.193
[INFO] [stderr]    Compiling tracing v0.1.40
[INFO] [stderr]    Compiling form_urlencoded v1.2.0
[INFO] [stderr]    Compiling quote v1.0.33
[INFO] [stderr]    Compiling want v0.3.1
[INFO] [stderr]    Compiling num-rational v0.4.1
[INFO] [stderr]    Compiling num-iter v0.1.43
[INFO] [stderr]    Compiling httpdate v1.0.3
[INFO] [stderr]    Compiling indexmap v2.1.0
[INFO] [stderr]    Compiling syn v2.0.39
[INFO] [stderr]    Compiling cc v1.0.83
[INFO] [stderr]    Compiling socket2 v0.5.5
[INFO] [stderr]    Compiling mio v0.8.9
[INFO] [stderr]    Compiling num_cpus v1.16.0
[INFO] [stderr]    Compiling socket2 v0.4.10
[INFO] [stderr]    Compiling syn v1.0.109
[INFO] [stderr]    Compiling unicode-bidi v0.3.13
[INFO] [stderr]    Compiling unicode-normalization v0.1.22
[INFO] [stderr]    Compiling ryu v1.0.15
[INFO] [stderr]    Compiling http-body v0.4.5
[INFO] [stderr]    Compiling encoding_rs v0.8.33
[INFO] [stderr]    Compiling ipnet v2.9.0
[INFO] [stderr]    Compiling tokio v1.34.0
[INFO] [stderr]    Compiling idna v0.4.0
[INFO] [stderr]    Compiling num-complex v0.4.4
[INFO] [stderr]    Compiling mime v0.3.17
[INFO] [stderr]    Compiling base64 v0.21.5
[INFO] [stderr]    Compiling url v2.4.1
[INFO] [stderr]    Compiling openssl-sys v0.9.97
[INFO] [stderr]    Compiling num-derive v0.3.3
[INFO] [stderr]    Compiling num v0.4.1
[INFO] [stderr]    Compiling serde_urlencoded v0.7.1
[INFO] [stderr]    Compiling openssl-macros v0.1.1
[INFO] [stderr]    Compiling tokio-util v0.7.10
[INFO] [stderr]    Compiling h2 v0.3.22
[INFO] [stderr]    Compiling tokio-native-tls v0.3.1
[INFO] [stderr]    Compiling hyper v0.14.27
[INFO] [stderr]    Compiling hyper-tls v0.5.0
[INFO] [stderr]    Compiling reqwest v0.11.22
[INFO] [stderr]    Compiling ipp-print v0.1.0 (/opt/rustwide/workdir)
[INFO] [stdout] warning: function `print_page` is never used
[INFO] [stdout]   --> src/main.rs:14:4
[INFO] [stdout]    |
[INFO] [stdout] 14 | fn print_page(raster_data: Vec<u8>) -> Result<(), Box<dyn Error>> {
[INFO] [stdout]    |    ^^^^^^^^^^
[INFO] [stdout]    |
[INFO] [stdout]    = note: `#[warn(dead_code)]` on by default
[INFO] [stdout] 
[INFO] [stdout] 
[INFO] [stdout] warning: variants `IOError`, `ProtocolError`, and `InvalidValue` are never constructed
[INFO] [stdout]    --> src/ipp.rs:108:5
[INFO] [stdout]     |
[INFO] [stdout] 107 | pub enum IPPError {
[INFO] [stdout]     |          -------- variants in this enum
[INFO] [stdout] 108 |     IOError(io::Error),
[INFO] [stdout]     |     ^^^^^^^
[INFO] [stdout] 109 |     ProtocolError,
[INFO] [stdout]     |     ^^^^^^^^^^^^^
[INFO] [stdout] 110 |     InvalidValue,
[INFO] [stdout]     |     ^^^^^^^^^^^^
[INFO] [stdout]     |
[INFO] [stdout]     = note: `IPPError` has a derived impl for the trait `Debug`, but this is intentionally ignored during dead code analysis
[INFO] [stdout] 
[INFO] [stdout] 
[INFO] [stdout] warning: associated items `parse_buffer`, `byte_len`, and `write_to_stream` are never used
[INFO] [stdout]    --> src/ipp.rs:145:8
[INFO] [stdout]     |
[INFO] [stdout] 144 | impl StringWithLanguage {
[INFO] [stdout]     | ----------------------- associated items in this implementation
[INFO] [stdout] 145 |     fn parse_buffer(buf: Vec<u8>) -> Result<Self, IPPError> {
[INFO] [stdout]     |        ^^^^^^^^^^^^
[INFO] [stdout] ...
[INFO] [stdout] 168 |     fn byte_len(&self) -> u16 {
[INFO] [stdout]     |        ^^^^^^^^
[INFO] [stdout] ...
[INFO] [stdout] 172 |     fn write_to_stream<W>(&self, writer: &mut W) -> Result<usize, IPPError>
[INFO] [stdout]     |        ^^^^^^^^^^^^^^^
[INFO] [stdout] 
[INFO] [stdout] 
[INFO] [stdout] warning: associated items `parse_buffer`, `byte_len`, and `write_to_stream` are never used
[INFO] [stdout]    --> src/ipp.rs:211:8
[INFO] [stdout]     |
[INFO] [stdout] 210 | impl Resolution {
[INFO] [stdout]     | --------------- associated items in this implementation
[INFO] [stdout] 211 |     fn parse_buffer(buf: Vec<u8>) -> Result<Self, IPPError> {
[INFO] [stdout]     |        ^^^^^^^^^^^^
[INFO] [stdout] ...
[INFO] [stdout] 223 |     fn byte_len(&self) -> u16 {
[INFO] [stdout]     |        ^^^^^^^^
[INFO] [stdout] ...
[INFO] [stdout] 227 |     fn write_to_stream<W>(&self, writer: &mut W) -> Result<usize, IPPError>
[INFO] [stdout]     |        ^^^^^^^^^^^^^^^
[INFO] [stdout] 
[INFO] [stdout] 
[INFO] [stdout] warning: associated items `parse_buffer`, `byte_len`, and `write_to_stream` are never used
[INFO] [stdout]    --> src/ipp.rs:261:8
[INFO] [stdout]     |
[INFO] [stdout] 260 | impl DateTime {
[INFO] [stdout]     | ------------- associated items in this implementation
[INFO] [stdout] 261 |     fn parse_buffer(buf: Vec<u8>) -> Result<Self, IPPError> {
[INFO] [stdout]     |        ^^^^^^^^^^^^
[INFO] [stdout] ...
[INFO] [stdout] 279 |     fn byte_len(&self) -> u16 {
[INFO] [stdout]     |        ^^^^^^^^
[INFO] [stdout] ...
[INFO] [stdout] 283 |     fn write_to_stream<W>(&self, writer: &mut W) -> Result<usize, IPPError>
[INFO] [stdout]     |        ^^^^^^^^^^^^^^^
[INFO] [stdout] 
[INFO] [stdout] 
[INFO] [stdout] warning: multiple variants are never constructed
[INFO] [stdout]    --> src/ipp.rs:310:5
[INFO] [stdout]     |
[INFO] [stdout] 309 | pub enum AttributeValue {
[INFO] [stdout]     |          -------------- variants in this enum
[INFO] [stdout] 310 |     Unsupported(Vec<u8>),
[INFO] [stdout]     |     ^^^^^^^^^^^
[INFO] [stdout] 311 |     Unknown(Vec<u8>),
[INFO] [stdout]     |     ^^^^^^^
[INFO] [stdout] 312 |     NoValue,
[INFO] [stdout]     |     ^^^^^^^
[INFO] [stdout] 313 |     Integer(i32),
[INFO] [stdout]     |     ^^^^^^^
[INFO] [stdout] 314 |     Boolean(bool),
[INFO] [stdout]     |     ^^^^^^^
[INFO] [stdout] 315 |     Enum(i32),
[INFO] [stdout]     |     ^^^^
[INFO] [stdout] 316 |     OctetStringUnspecified(String),
[INFO] [stdout]     |     ^^^^^^^^^^^^^^^^^^^^^^
[INFO] [stdout] 317 |     DateTime(DateTime),
[INFO] [stdout]     |     ^^^^^^^^
[INFO] [stdout] 318 |     Resolution(Resolution),
[INFO] [stdout]     |     ^^^^^^^^^^
[INFO] [stdout] 319 |     RangeOfInteger(Range<i32>),
[INFO] [stdout]     |     ^^^^^^^^^^^^^^
[INFO] [stdout] 320 |     BegCollection,
[INFO] [stdout]     |     ^^^^^^^^^^^^^
[INFO] [stdout] 321 |     TextWithLanguage(StringWithLanguage),
[INFO] [stdout]     |     ^^^^^^^^^^^^^^^^
[INFO] [stdout] 322 |     NameWithLanguage(StringWithLanguage),
[INFO] [stdout]     |     ^^^^^^^^^^^^^^^^
[INFO] [stdout] 323 |     EndCollection,
[INFO] [stdout]     |     ^^^^^^^^^^^^^
[INFO] [stdout] 324 |     TextWithoutLanguage(String),
[INFO] [stdout]     |     ^^^^^^^^^^^^^^^^^^^
[INFO] [stdout] 325 |     NameWithoutLanguage(String),
[INFO] [stdout]     |     ^^^^^^^^^^^^^^^^^^^
[INFO] [stdout] 326 |     Keyword(String),
[INFO] [stdout]     |     ^^^^^^^
[INFO] [stdout] 327 |     Uri(String),
[INFO] [stdout]     |     ^^^
[INFO] [stdout] 328 |     UriScheme(String),
[INFO] [stdout]     |     ^^^^^^^^^
[INFO] [stdout] 329 |     Charset(String),
[INFO] [stdout]     |     ^^^^^^^
[INFO] [stdout] 330 |     NaturalLanguage(String),
[INFO] [stdout]     |     ^^^^^^^^^^^^^^^
[INFO] [stdout] 331 |     MimeMediaType(String),
[INFO] [stdout]     |     ^^^^^^^^^^^^^
[INFO] [stdout] 332 |     MemberAttrName(String),
[INFO] [stdout]     |     ^^^^^^^^^^^^^^
[INFO] [stdout] 333 |     CollectionAttribute(HashMap<String, AttributeValue>),
[INFO] [stdout]     |     ^^^^^^^^^^^^^^^^^^^
[INFO] [stdout] 334 |     VectorAttribute(Vec<AttributeValue>),
[INFO] [stdout]     |     ^^^^^^^^^^^^^^^
[INFO] [stdout]     |
[INFO] [stdout]     = note: `AttributeValue` has derived impls for the traits `Clone` and `Debug`, but these are intentionally ignored during dead code analysis
[INFO] [stdout] 
[INFO] [stdout] 
[INFO] [stdout] warning: type alias `AttributeGroup` is never used
[INFO] [stdout]    --> src/ipp.rs:337:10
[INFO] [stdout]     |
[INFO] [stdout] 337 | pub type AttributeGroup = (DelimiterOrValueTag, Vec<(String, AttributeValue)>);
[INFO] [stdout]     |          ^^^^^^^^^^^^^^
[INFO] [stdout] 
[INFO] [stdout] 
[INFO] [stdout] warning: associated items `write_tag`, `write_u16`, `write_str_and_len`, `write_attr`, `write_attr_group`, and `write_to_stream` are never used
[INFO] [stdout]    --> src/ipp.rs:350:8
[INFO] [stdout]     |
[INFO] [stdout] 349 | impl IPPRequest {
[INFO] [stdout]     | --------------- associated items in this implementation
[INFO] [stdout] 350 |     fn write_tag<W>(writer: &mut W, tag: DelimiterOrValueTag) -> Result<usize, IPPError>
[INFO] [stdout]     |        ^^^^^^^^^
[INFO] [stdout] ...
[INFO] [stdout] 360 |     fn write_u16<W>(writer: &mut W, val: u16) -> Result<usize, IPPError>
[INFO] [stdout]     |        ^^^^^^^^^
[INFO] [stdout] ...
[INFO] [stdout] 370 |     fn write_str_and_len<W>(writer: &mut W, val: &str) -> Result<usize, IPPError>
[INFO] [stdout]     |        ^^^^^^^^^^^^^^^^^
[INFO] [stdout] ...
[INFO] [stdout] 383 |     fn write_attr<W>(writer: &mut W, name: &str, value: &AttributeValue) -> Result<usize, IPPError>
[INFO] [stdout]     |        ^^^^^^^^^^
[INFO] [stdout] ...
[INFO] [stdout] 568 |     fn write_attr_group<W>(&self, writer: &mut W) -> Result<usize, IPPError>
[INFO] [stdout]     |        ^^^^^^^^^^^^^^^^
[INFO] [stdout] ...
[INFO] [stdout] 593 |     pub fn write_to_stream<W>(&self, writer: &mut W) -> Result<usize, IPPError>
[INFO] [stdout]     |            ^^^^^^^^^^^^^^^
[INFO] [stdout] 
[INFO] [stdout] 
[INFO] [stdout] warning: associated functions `decode_attribute_value`, `parse_attribute`, `parse_tag`, `parse_collection`, `parse_attribute_group`, and `read_from_stream` are never used
[INFO] [stdout]    --> src/ipp.rs:633:8
[INFO] [stdout]     |
[INFO] [stdout] 632 | impl IPPResponse {
[INFO] [stdout]     | ---------------- associated functions in this implementation
[INFO] [stdout] 633 |     fn decode_attribute_value(
[INFO] [stdout]     |        ^^^^^^^^^^^^^^^^^^^^^^
[INFO] [stdout] ...
[INFO] [stdout] 768 |     fn parse_attribute<R>(
[INFO] [stdout]     |        ^^^^^^^^^^^^^^^
[INFO] [stdout] ...
[INFO] [stdout] 803 |     fn parse_tag<R>(reader: &mut R) -> Result<DelimiterOrValueTag, IPPError>
[INFO] [stdout]     |        ^^^^^^^^^
[INFO] [stdout] ...
[INFO] [stdout] 818 |     fn parse_collection<R>(reader: &mut R) -> Result<AttributeValue, IPPError>
[INFO] [stdout]     |        ^^^^^^^^^^^^^^^^
[INFO] [stdout] ...
[INFO] [stdout] 864 |     fn parse_attribute_group<R>(reader: &mut R) -> Result<Vec<AttributeGroup>, IPPError>
[INFO] [stdout]     |        ^^^^^^^^^^^^^^^^^^^^^
[INFO] [stdout] ...
[INFO] [stdout] 943 |     pub fn read_from_stream<R>(reader: &mut R) -> Result<IPPResponse, IPPError>
[INFO] [stdout]     |            ^^^^^^^^^^^^^^^^
[INFO] [stdout] 
[INFO] [stdout] 
[INFO] [stdout] warning: 9 warnings emitted
[INFO] [stdout] 
[INFO] [stdout] 
[INFO] [stderr]     Finished dev [unoptimized + debuginfo] target(s) in 14.46s
[INFO] running `Command { std: "docker" "inspect" "05d5babfa8f7620620d6ac5effbe7aea02cfbcfb527e01e047f2296504a0d8ac", kill_on_drop: false }`
[INFO] running `Command { std: "docker" "rm" "-f" "05d5babfa8f7620620d6ac5effbe7aea02cfbcfb527e01e047f2296504a0d8ac", kill_on_drop: false }`
[INFO] [stdout] 05d5babfa8f7620620d6ac5effbe7aea02cfbcfb527e01e047f2296504a0d8ac
[INFO] running `Command { std: "docker" "create" "-v" "/var/lib/crater-agent-workspace/builds/worker-1-tc1/target:/opt/rustwide/target:rw,Z" "-v" "/var/lib/crater-agent-workspace/builds/worker-1-tc1/source:/opt/rustwide/workdir:ro,Z" "-v" "/var/lib/crater-agent-workspace/cargo-home:/opt/rustwide/cargo-home:ro,Z" "-v" "/var/lib/crater-agent-workspace/rustup-home:/opt/rustwide/rustup-home:ro,Z" "-e" "SOURCE_DIR=/opt/rustwide/workdir" "-e" "CARGO_TARGET_DIR=/opt/rustwide/target" "-e" "CARGO_INCREMENTAL=0" "-e" "RUST_BACKTRACE=full" "-e" "RUSTFLAGS=--cap-lints=warn" "-e" "RUSTDOCFLAGS=--cap-lints=warn" "-e" "CARGO_HOME=/opt/rustwide/cargo-home" "-e" "RUSTUP_HOME=/opt/rustwide/rustup-home" "-w" "/opt/rustwide/workdir" "-m" "1610612736" "--user" "0:0" "--network" "none" "ghcr.io/rust-lang/crates-build-env/linux@sha256:2788e3201cd34a07e3172128adcd8b3090168a8e3bcc40d7c032b9dda1df7d1c" "/opt/rustwide/cargo-home/bin/cargo" "+1.75.0" "test" "--frozen" "--no-run" "--message-format=json", kill_on_drop: false }`
[INFO] [stdout] 330ba3e5544279d9dcaf04a70dfe4087e43227362652cd543c9703aeafa6d2da
[INFO] running `Command { std: "docker" "start" "-a" "330ba3e5544279d9dcaf04a70dfe4087e43227362652cd543c9703aeafa6d2da", kill_on_drop: false }`
[INFO] [stderr]    Compiling ipp-print v0.1.0 (/opt/rustwide/workdir)
[INFO] [stdout] warning: function `print_page` is never used
[INFO] [stdout]   --> src/main.rs:14:4
[INFO] [stdout]    |
[INFO] [stdout] 14 | fn print_page(raster_data: Vec<u8>) -> Result<(), Box<dyn Error>> {
[INFO] [stdout]    |    ^^^^^^^^^^
[INFO] [stdout]    |
[INFO] [stdout]    = note: `#[warn(dead_code)]` on by default
[INFO] [stdout] 
[INFO] [stdout] 
[INFO] [stdout] warning: methods `byte_len` and `write_to_stream` are never used
[INFO] [stdout]    --> src/ipp.rs:168:8
[INFO] [stdout]     |
[INFO] [stdout] 144 | impl StringWithLanguage {
[INFO] [stdout]     | ----------------------- methods in this implementation
[INFO] [stdout] ...
[INFO] [stdout] 168 |     fn byte_len(&self) -> u16 {
[INFO] [stdout]     |        ^^^^^^^^
[INFO] [stdout] ...
[INFO] [stdout] 172 |     fn write_to_stream<W>(&self, writer: &mut W) -> Result<usize, IPPError>
[INFO] [stdout]     |        ^^^^^^^^^^^^^^^
[INFO] [stdout] 
[INFO] [stdout] 
[INFO] [stdout] warning: methods `byte_len` and `write_to_stream` are never used
[INFO] [stdout]    --> src/ipp.rs:223:8
[INFO] [stdout]     |
[INFO] [stdout] 210 | impl Resolution {
[INFO] [stdout]     | --------------- methods in this implementation
[INFO] [stdout] ...
[INFO] [stdout] 223 |     fn byte_len(&self) -> u16 {
[INFO] [stdout]     |        ^^^^^^^^
[INFO] [stdout] ...
[INFO] [stdout] 227 |     fn write_to_stream<W>(&self, writer: &mut W) -> Result<usize, IPPError>
[INFO] [stdout]     |        ^^^^^^^^^^^^^^^
[INFO] [stdout] 
[INFO] [stdout] 
[INFO] [stdout] warning: methods `byte_len` and `write_to_stream` are never used
[INFO] [stdout]    --> src/ipp.rs:279:8
[INFO] [stdout]     |
[INFO] [stdout] 260 | impl DateTime {
[INFO] [stdout]     | ------------- methods in this implementation
[INFO] [stdout] ...
[INFO] [stdout] 279 |     fn byte_len(&self) -> u16 {
[INFO] [stdout]     |        ^^^^^^^^
[INFO] [stdout] ...
[INFO] [stdout] 283 |     fn write_to_stream<W>(&self, writer: &mut W) -> Result<usize, IPPError>
[INFO] [stdout]     |        ^^^^^^^^^^^^^^^
[INFO] [stdout] 
[INFO] [stdout] 
[INFO] [stdout] warning: associated items `write_tag`, `write_u16`, `write_str_and_len`, `write_attr`, `write_attr_group`, and `write_to_stream` are never used
[INFO] [stdout]    --> src/ipp.rs:350:8
[INFO] [stdout]     |
[INFO] [stdout] 349 | impl IPPRequest {
[INFO] [stdout]     | --------------- associated items in this implementation
[INFO] [stdout] 350 |     fn write_tag<W>(writer: &mut W, tag: DelimiterOrValueTag) -> Result<usize, IPPError>
[INFO] [stdout]     |        ^^^^^^^^^
[INFO] [stdout] ...
[INFO] [stdout] 360 |     fn write_u16<W>(writer: &mut W, val: u16) -> Result<usize, IPPError>
[INFO] [stdout]     |        ^^^^^^^^^
[INFO] [stdout] ...
[INFO] [stdout] 370 |     fn write_str_and_len<W>(writer: &mut W, val: &str) -> Result<usize, IPPError>
[INFO] [stdout]     |        ^^^^^^^^^^^^^^^^^
[INFO] [stdout] ...
[INFO] [stdout] 383 |     fn write_attr<W>(writer: &mut W, name: &str, value: &AttributeValue) -> Result<usize, IPPError>
[INFO] [stdout]     |        ^^^^^^^^^^
[INFO] [stdout] ...
[INFO] [stdout] 568 |     fn write_attr_group<W>(&self, writer: &mut W) -> Result<usize, IPPError>
[INFO] [stdout]     |        ^^^^^^^^^^^^^^^^
[INFO] [stdout] ...
[INFO] [stdout] 593 |     pub fn write_to_stream<W>(&self, writer: &mut W) -> Result<usize, IPPError>
[INFO] [stdout]     |            ^^^^^^^^^^^^^^^
[INFO] [stdout] 
[INFO] [stdout] 
[INFO] [stdout] warning: 5 warnings emitted
[INFO] [stdout] 
[INFO] [stdout] 
[INFO] [stderr]     Finished test [unoptimized + debuginfo] target(s) in 1.88s
[INFO] running `Command { std: "docker" "inspect" "330ba3e5544279d9dcaf04a70dfe4087e43227362652cd543c9703aeafa6d2da", kill_on_drop: false }`
[INFO] running `Command { std: "docker" "rm" "-f" "330ba3e5544279d9dcaf04a70dfe4087e43227362652cd543c9703aeafa6d2da", kill_on_drop: false }`
[INFO] [stdout] 330ba3e5544279d9dcaf04a70dfe4087e43227362652cd543c9703aeafa6d2da
[INFO] running `Command { std: "docker" "create" "-v" "/var/lib/crater-agent-workspace/builds/worker-1-tc1/target:/opt/rustwide/target:rw,Z" "-v" "/var/lib/crater-agent-workspace/builds/worker-1-tc1/source:/opt/rustwide/workdir:ro,Z" "-v" "/var/lib/crater-agent-workspace/cargo-home:/opt/rustwide/cargo-home:ro,Z" "-v" "/var/lib/crater-agent-workspace/rustup-home:/opt/rustwide/rustup-home:ro,Z" "-e" "SOURCE_DIR=/opt/rustwide/workdir" "-e" "CARGO_TARGET_DIR=/opt/rustwide/target" "-e" "CARGO_INCREMENTAL=0" "-e" "RUST_BACKTRACE=full" "-e" "RUSTFLAGS=--cap-lints=warn" "-e" "RUSTDOCFLAGS=--cap-lints=warn" "-e" "CARGO_HOME=/opt/rustwide/cargo-home" "-e" "RUSTUP_HOME=/opt/rustwide/rustup-home" "-w" "/opt/rustwide/workdir" "-m" "1610612736" "--user" "0:0" "--network" "none" "ghcr.io/rust-lang/crates-build-env/linux@sha256:2788e3201cd34a07e3172128adcd8b3090168a8e3bcc40d7c032b9dda1df7d1c" "/opt/rustwide/cargo-home/bin/cargo" "+1.75.0" "test" "--frozen", kill_on_drop: false }`
[INFO] [stdout] b5fc4cd2ac516add6b293f127cb66d2d6184877fc425774db9334167be49e81c
[INFO] running `Command { std: "docker" "start" "-a" "b5fc4cd2ac516add6b293f127cb66d2d6184877fc425774db9334167be49e81c", kill_on_drop: false }`
[INFO] [stderr] warning: function `print_page` is never used
[INFO] [stderr]   --> src/main.rs:14:4
[INFO] [stderr]    |
[INFO] [stderr] 14 | fn print_page(raster_data: Vec<u8>) -> Result<(), Box<dyn Error>> {
[INFO] [stderr]    |    ^^^^^^^^^^
[INFO] [stderr]    |
[INFO] [stderr]    = note: `#[warn(dead_code)]` on by default
[INFO] [stderr] 
[INFO] [stderr] warning: methods `byte_len` and `write_to_stream` are never used
[INFO] [stderr]    --> src/ipp.rs:168:8
[INFO] [stderr]     |
[INFO] [stderr] 144 | impl StringWithLanguage {
[INFO] [stderr]     | ----------------------- methods in this implementation
[INFO] [stderr] ...
[INFO] [stderr] 168 |     fn byte_len(&self) -> u16 {
[INFO] [stderr]     |        ^^^^^^^^
[INFO] [stderr] ...
[INFO] [stderr] 172 |     fn write_to_stream<W>(&self, writer: &mut W) -> Result<usize, IPPError>
[INFO] [stderr]     |        ^^^^^^^^^^^^^^^
[INFO] [stderr] 
[INFO] [stderr] warning: methods `byte_len` and `write_to_stream` are never used
[INFO] [stderr]    --> src/ipp.rs:223:8
[INFO] [stderr]     |
[INFO] [stderr] 210 | impl Resolution {
[INFO] [stderr]     | --------------- methods in this implementation
[INFO] [stderr] ...
[INFO] [stderr] 223 |     fn byte_len(&self) -> u16 {
[INFO] [stderr]     |        ^^^^^^^^
[INFO] [stderr] ...
[INFO] [stderr] 227 |     fn write_to_stream<W>(&self, writer: &mut W) -> Result<usize, IPPError>
[INFO] [stderr]     |        ^^^^^^^^^^^^^^^
[INFO] [stderr] 
[INFO] [stderr] warning: methods `byte_len` and `write_to_stream` are never used
[INFO] [stderr]    --> src/ipp.rs:279:8
[INFO] [stderr]     |
[INFO] [stderr] 260 | impl DateTime {
[INFO] [stderr]     | ------------- methods in this implementation
[INFO] [stderr] ...
[INFO] [stderr] 279 |     fn byte_len(&self) -> u16 {
[INFO] [stderr]     |        ^^^^^^^^
[INFO] [stderr] ...
[INFO] [stderr] 283 |     fn write_to_stream<W>(&self, writer: &mut W) -> Result<usize, IPPError>
[INFO] [stderr]     |        ^^^^^^^^^^^^^^^
[INFO] [stderr] 
[INFO] [stderr] warning: associated items `write_tag`, `write_u16`, `write_str_and_len`, `write_attr`, `write_attr_group`, and `write_to_stream` are never used
[INFO] [stderr]    --> src/ipp.rs:350:8
[INFO] [stderr]     |
[INFO] [stderr] 349 | impl IPPRequest {
[INFO] [stderr]     | --------------- associated items in this implementation
[INFO] [stderr] 350 |     fn write_tag<W>(writer: &mut W, tag: DelimiterOrValueTag) -> Result<usize, IPPError>
[INFO] [stderr]     |        ^^^^^^^^^
[INFO] [stderr] ...
[INFO] [stderr] 360 |     fn write_u16<W>(writer: &mut W, val: u16) -> Result<usize, IPPError>
[INFO] [stderr]     |        ^^^^^^^^^
[INFO] [stderr] ...
[INFO] [stderr] 370 |     fn write_str_and_len<W>(writer: &mut W, val: &str) -> Result<usize, IPPError>
[INFO] [stderr]     |        ^^^^^^^^^^^^^^^^^
[INFO] [stderr] ...
[INFO] [stderr] 383 |     fn write_attr<W>(writer: &mut W, name: &str, value: &AttributeValue) -> Result<usize, IPPError>
[INFO] [stderr]     |        ^^^^^^^^^^
[INFO] [stderr] ...
[INFO] [stderr] 568 |     fn write_attr_group<W>(&self, writer: &mut W) -> Result<usize, IPPError>
[INFO] [stderr]     |        ^^^^^^^^^^^^^^^^
[INFO] [stderr] ...
[INFO] [stderr] 593 |     pub fn write_to_stream<W>(&self, writer: &mut W) -> Result<usize, IPPError>
[INFO] [stderr]     |            ^^^^^^^^^^^^^^^
[INFO] [stderr] 
[INFO] [stderr] warning: `ipp-print` (bin "ipp-print" test) generated 5 warnings
[INFO] [stderr]     Finished test [unoptimized + debuginfo] target(s) in 0.07s
[INFO] [stderr]      Running unittests src/main.rs (/opt/rustwide/target/debug/deps/ipp_print-f81f129a0061d796)
[INFO] [stdout] 
[INFO] [stdout] running 5 tests
[INFO] [stdout] test ipp::tests::parse_collection ... ok
[INFO] [stdout] test pwgraster::tests::encode_row ... ok
[INFO] [stdout] test pwgraster::tests::encode_row_long_comm_pixels ... ok
[INFO] [stdout] test pwgraster::tests::encode_row_long_diff_pixels ... ok
[INFO] [stdout] test pwgraster::tests::encode_image ... FAILED
[INFO] [stdout] 
[INFO] [stdout] failures:
[INFO] [stdout] 
[INFO] [stdout] ---- pwgraster::tests::encode_image stdout ----
[INFO] [stdout] 0 8
[INFO] [stdout] 1 8
[INFO] [stdout] 2 8
[INFO] [stdout] 3 8
[INFO] [stdout] 4 8
[INFO] [stdout] 5 8
[INFO] [stdout] 6 8
[INFO] [stdout] 7 8
[INFO] [stdout] thread 'pwgraster::tests::encode_image' panicked at src/pwgraster.rs:963:9:
[INFO] [stdout] assertion `left == right` failed
[INFO] [stdout]   left: [0, 0, 255, 255, 255, 2, 255, 255, 0, 3, 255, 255, 255, 0, 254, 255, 255, 0, 0, 0, 255, 255, 255, 0, 2, 255, 255, 255, 255, 0, 255, 0, 255, 255, 255, 0, 1, 255, 255, 0, 2, 255, 255, 255, 2, 0, 255, 0, 0, 2, 255, 255, 0, 2, 255, 255, 255, 255, 0, 255, 0, 255, 255, 255, 0, 0, 255, 255, 255, 2, 255, 255, 0, 3, 255, 255, 255, 0, 7, 255, 255, 255, 1, 7, 255, 0, 0]
[INFO] [stdout]  right: [0, 0, 255, 255, 255, 2, 255, 255, 0, 3, 255, 255, 255, 0, 254, 255, 255, 0, 0, 0, 255, 255, 255, 0, 2, 255, 255, 255, 255, 0, 255, 0, 255, 255, 255, 0, 1, 255, 255, 0, 2, 255, 255, 255, 2, 0, 255, 0, 0, 2, 255, 255, 0, 2, 255, 255, 255, 255, 0, 255, 0, 255, 255, 255, 0, 0, 255, 255, 255, 2, 255, 255, 0, 3, 255, 255, 255, 0, 7, 255, 255, 255, 0, 7, 255, 0, 0]
[INFO] [stdout] stack backtrace:
[INFO] [stdout]    0:     0x5570aa805e2c - std::backtrace_rs::backtrace::libunwind::trace::ha637c64ce894333a
[INFO] [stdout]                                at /rustc/82e1608dfa6e0b5569232559e3d385fea5a93112/library/std/src/../../backtrace/src/backtrace/libunwind.rs:104:5
[INFO] [stdout]    1:     0x5570aa805e2c - std::backtrace_rs::backtrace::trace_unsynchronized::h47f62dea28e0c88d
[INFO] [stdout]                                at /rustc/82e1608dfa6e0b5569232559e3d385fea5a93112/library/std/src/../../backtrace/src/backtrace/mod.rs:66:5
[INFO] [stdout]    2:     0x5570aa805e2c - std::sys_common::backtrace::_print_fmt::h9eef0abe20ede486
[INFO] [stdout]                                at /rustc/82e1608dfa6e0b5569232559e3d385fea5a93112/library/std/src/sys_common/backtrace.rs:67:5
[INFO] [stdout]    3:     0x5570aa805e2c - <std::sys_common::backtrace::_print::DisplayBacktrace as core::fmt::Display>::fmt::hed7f999df88cc644
[INFO] [stdout]                                at /rustc/82e1608dfa6e0b5569232559e3d385fea5a93112/library/std/src/sys_common/backtrace.rs:44:22
[INFO] [stdout]    4:     0x5570aa82fcb0 - core::fmt::rt::Argument::fmt::h1539a9308b8d058d
[INFO] [stdout]                                at /rustc/82e1608dfa6e0b5569232559e3d385fea5a93112/library/core/src/fmt/rt.rs:142:9
[INFO] [stdout]    5:     0x5570aa82fcb0 - core::fmt::write::h3a39390d8560d9c9
[INFO] [stdout]                                at /rustc/82e1608dfa6e0b5569232559e3d385fea5a93112/library/core/src/fmt/mod.rs:1120:17
[INFO] [stdout]    6:     0x5570aa8037df - std::io::Write::write_fmt::h040b369f3a0f9cbc
[INFO] [stdout]                                at /rustc/82e1608dfa6e0b5569232559e3d385fea5a93112/library/std/src/io/mod.rs:1762:15
[INFO] [stdout]    7:     0x5570aa805c14 - std::sys_common::backtrace::_print::h894006fb5c6f3d45
[INFO] [stdout]                                at /rustc/82e1608dfa6e0b5569232559e3d385fea5a93112/library/std/src/sys_common/backtrace.rs:47:5
[INFO] [stdout]    8:     0x5570aa805c14 - std::sys_common::backtrace::print::h23a2d212c6fff936
[INFO] [stdout]                                at /rustc/82e1608dfa6e0b5569232559e3d385fea5a93112/library/std/src/sys_common/backtrace.rs:34:9
[INFO] [stdout]    9:     0x5570aa8078d7 - std::panicking::default_hook::{{closure}}::h8a1d2ee00185001a
[INFO] [stdout]   10:     0x5570aa8075c3 - std::panicking::default_hook::h6038f2eba384e475
[INFO] [stdout]                                at /rustc/82e1608dfa6e0b5569232559e3d385fea5a93112/library/std/src/panicking.rs:289:9
[INFO] [stdout]   11:     0x5570aa7ca177 - <alloc::boxed::Box<F,A> as core::ops::function::Fn<Args>>::call::h0ad024c9bdc6d768
[INFO] [stdout]                                at /rustc/82e1608dfa6e0b5569232559e3d385fea5a93112/library/alloc/src/boxed.rs:2021:9
[INFO] [stdout]   12:     0x5570aa7ca177 - test::test_main::{{closure}}::h7500b54257359db6
[INFO] [stdout]                                at /rustc/82e1608dfa6e0b5569232559e3d385fea5a93112/library/test/src/lib.rs:138:21
[INFO] [stdout]   13:     0x5570aa807ee8 - <alloc::boxed::Box<F,A> as core::ops::function::Fn<Args>>::call::h1f8f335eaa9cfaee
[INFO] [stdout]                                at /rustc/82e1608dfa6e0b5569232559e3d385fea5a93112/library/alloc/src/boxed.rs:2021:9
[INFO] [stdout]   14:     0x5570aa807ee8 - std::panicking::rust_panic_with_hook::h2b5517d590cab22e
[INFO] [stdout]                                at /rustc/82e1608dfa6e0b5569232559e3d385fea5a93112/library/std/src/panicking.rs:783:13
[INFO] [stdout]   15:     0x5570aa807c3e - std::panicking::begin_panic_handler::{{closure}}::h233112c06e0ef43e
[INFO] [stdout]                                at /rustc/82e1608dfa6e0b5569232559e3d385fea5a93112/library/std/src/panicking.rs:657:13
[INFO] [stdout]   16:     0x5570aa8062f6 - std::sys_common::backtrace::__rust_end_short_backtrace::h6e893f24d7ebbff8
[INFO] [stdout]                                at /rustc/82e1608dfa6e0b5569232559e3d385fea5a93112/library/std/src/sys_common/backtrace.rs:170:18
[INFO] [stdout]   17:     0x5570aa8079a2 - rust_begin_unwind
[INFO] [stdout]                                at /rustc/82e1608dfa6e0b5569232559e3d385fea5a93112/library/std/src/panicking.rs:645:5
[INFO] [stdout]   18:     0x5570aa76ecf5 - core::panicking::panic_fmt::hbf0e066aabfa482c
[INFO] [stdout]                                at /rustc/82e1608dfa6e0b5569232559e3d385fea5a93112/library/core/src/panicking.rs:72:14
[INFO] [stdout]   19:     0x5570aa76f1ab - core::panicking::assert_failed_inner::h0bba8b7c26ee4492
[INFO] [stdout]   20:     0x5570aa7907ee - core::panicking::assert_failed::hcc9945fa33fc52a9
[INFO] [stdout]                                at /rustc/82e1608dfa6e0b5569232559e3d385fea5a93112/library/core/src/panicking.rs:279:5
[INFO] [stdout]   21:     0x5570aa793eb1 - ipp_print::pwgraster::tests::encode_image::hef9756ed0e0f8978
[INFO] [stdout]                                at /opt/rustwide/workdir/src/pwgraster.rs:963:9
[INFO] [stdout]   22:     0x5570aa793717 - ipp_print::pwgraster::tests::encode_image::{{closure}}::h52e28215fa718728
[INFO] [stdout]                                at /opt/rustwide/workdir/src/pwgraster.rs:931:22
[INFO] [stdout]   23:     0x5570aa78b766 - core::ops::function::FnOnce::call_once::haf9916dd51cf4fec
[INFO] [stdout]                                at /rustc/82e1608dfa6e0b5569232559e3d385fea5a93112/library/core/src/ops/function.rs:250:5
[INFO] [stdout]   24:     0x5570aa7cf7cf - core::ops::function::FnOnce::call_once::h2b5d431d5046312d
[INFO] [stdout]                                at /rustc/82e1608dfa6e0b5569232559e3d385fea5a93112/library/core/src/ops/function.rs:250:5
[INFO] [stdout]   25:     0x5570aa7cf7cf - test::__rust_begin_short_backtrace::h7714669af176e207
[INFO] [stdout]                                at /rustc/82e1608dfa6e0b5569232559e3d385fea5a93112/library/test/src/lib.rs:628:18
[INFO] [stdout]   26:     0x5570aa7ce7e5 - test::run_test_in_process::{{closure}}::h85218797dcbcec12
[INFO] [stdout]                                at /rustc/82e1608dfa6e0b5569232559e3d385fea5a93112/library/test/src/lib.rs:651:60
[INFO] [stdout]   27:     0x5570aa7ce7e5 - <core::panic::unwind_safe::AssertUnwindSafe<F> as core::ops::function::FnOnce<()>>::call_once::h76c106ea31c14d7b
[INFO] [stdout]                                at /rustc/82e1608dfa6e0b5569232559e3d385fea5a93112/library/core/src/panic/unwind_safe.rs:272:9
[INFO] [stdout]   28:     0x5570aa7ce7e5 - std::panicking::try::do_call::h3bd5d0f6620ee946
[INFO] [stdout]                                at /rustc/82e1608dfa6e0b5569232559e3d385fea5a93112/library/std/src/panicking.rs:552:40
[INFO] [stdout]   29:     0x5570aa7ce7e5 - std::panicking::try::h232e535e4744fe31
[INFO] [stdout]                                at /rustc/82e1608dfa6e0b5569232559e3d385fea5a93112/library/std/src/panicking.rs:516:19
[INFO] [stdout]   30:     0x5570aa7ce7e5 - std::panic::catch_unwind::h3ce3bd6ca8dbac68
[INFO] [stdout]                                at /rustc/82e1608dfa6e0b5569232559e3d385fea5a93112/library/std/src/panic.rs:142:14
[INFO] [stdout]   31:     0x5570aa7ce7e5 - test::run_test_in_process::hc97b257c9621286a
[INFO] [stdout]                                at /rustc/82e1608dfa6e0b5569232559e3d385fea5a93112/library/test/src/lib.rs:651:27
[INFO] [stdout]   32:     0x5570aa7ce7e5 - test::run_test::{{closure}}::h2aa798823a438d38
[INFO] [stdout]                                at /rustc/82e1608dfa6e0b5569232559e3d385fea5a93112/library/test/src/lib.rs:574:43
[INFO] [stdout]   33:     0x5570aa796aa6 - test::run_test::{{closure}}::h87d231c78fb59832
[INFO] [stdout]                                at /rustc/82e1608dfa6e0b5569232559e3d385fea5a93112/library/test/src/lib.rs:602:41
[INFO] [stdout]   34:     0x5570aa796aa6 - std::sys_common::backtrace::__rust_begin_short_backtrace::he6df152596625789
[INFO] [stdout]                                at /rustc/82e1608dfa6e0b5569232559e3d385fea5a93112/library/std/src/sys_common/backtrace.rs:154:18
[INFO] [stdout]   35:     0x5570aa79bb57 - std::thread::Builder::spawn_unchecked_::{{closure}}::{{closure}}::ha94be15d1e0acf36
[INFO] [stdout]                                at /rustc/82e1608dfa6e0b5569232559e3d385fea5a93112/library/std/src/thread/mod.rs:529:17
[INFO] [stdout]   36:     0x5570aa79bb57 - <core::panic::unwind_safe::AssertUnwindSafe<F> as core::ops::function::FnOnce<()>>::call_once::h9dc6bd6372f16606
[INFO] [stdout]                                at /rustc/82e1608dfa6e0b5569232559e3d385fea5a93112/library/core/src/panic/unwind_safe.rs:272:9
[INFO] [stdout]   37:     0x5570aa79bb57 - std::panicking::try::do_call::h9057517f80303cd4
[INFO] [stdout]                                at /rustc/82e1608dfa6e0b5569232559e3d385fea5a93112/library/std/src/panicking.rs:552:40
[INFO] [stdout]   38:     0x5570aa79bb57 - std::panicking::try::he3a30b11ee45340c
[INFO] [stdout]                                at /rustc/82e1608dfa6e0b5569232559e3d385fea5a93112/library/std/src/panicking.rs:516:19
[INFO] [stdout]   39:     0x5570aa79bb57 - std::panic::catch_unwind::h410458cfd3528b8b
[INFO] [stdout]                                at /rustc/82e1608dfa6e0b5569232559e3d385fea5a93112/library/std/src/panic.rs:142:14
[INFO] [stdout]   40:     0x5570aa79bb57 - std::thread::Builder::spawn_unchecked_::{{closure}}::h72ac3bdb567b737b
[INFO] [stdout]                                at /rustc/82e1608dfa6e0b5569232559e3d385fea5a93112/library/std/src/thread/mod.rs:528:30
[INFO] [stdout]   41:     0x5570aa79bb57 - core::ops::function::FnOnce::call_once{{vtable.shim}}::h38f34da3654a8344
[INFO] [stdout]                                at /rustc/82e1608dfa6e0b5569232559e3d385fea5a93112/library/core/src/ops/function.rs:250:5
[INFO] [stdout]   42:     0x5570aa80c975 - <alloc::boxed::Box<F,A> as core::ops::function::FnOnce<Args>>::call_once::hc7eafaff61e32df9
[INFO] [stdout]                                at /rustc/82e1608dfa6e0b5569232559e3d385fea5a93112/library/alloc/src/boxed.rs:2007:9
[INFO] [stdout]   43:     0x5570aa80c975 - <alloc::boxed::Box<F,A> as core::ops::function::FnOnce<Args>>::call_once::h6ba4a5de48dd2304
[INFO] [stdout]                                at /rustc/82e1608dfa6e0b5569232559e3d385fea5a93112/library/alloc/src/boxed.rs:2007:9
[INFO] [stdout]   44:     0x5570aa80c975 - std::sys::unix::thread::Thread::new::thread_start::he469335aef763e45
[INFO] [stdout]                                at /rustc/82e1608dfa6e0b5569232559e3d385fea5a93112/library/std/src/sys/unix/thread.rs:108:17
[INFO] [stdout]   45:     0x7f3c60d49ac3 - <unknown>
[INFO] [stdout]   46:     0x7f3c60ddabf4 - __clone
[INFO] [stdout]   47:                0x0 - <unknown>
[INFO] [stdout] 
[INFO] [stdout] 
[INFO] [stdout] failures:
[INFO] [stdout]     pwgraster::tests::encode_image
[INFO] [stdout] 
[INFO] [stdout] test result: FAILED. 4 passed; 1 failed; 0 ignored; 0 measured; 0 filtered out; finished in 0.05s
[INFO] [stdout] 
[INFO] [stderr] error: test failed, to rerun pass `--bin ipp-print`
[INFO] running `Command { std: "docker" "inspect" "b5fc4cd2ac516add6b293f127cb66d2d6184877fc425774db9334167be49e81c", kill_on_drop: false }`
[INFO] running `Command { std: "docker" "rm" "-f" "b5fc4cd2ac516add6b293f127cb66d2d6184877fc425774db9334167be49e81c", kill_on_drop: false }`
[INFO] [stdout] b5fc4cd2ac516add6b293f127cb66d2d6184877fc425774db9334167be49e81c
[INFO] testing kofuk/ipp-print against beta-2023-12-22 for beta-1.76-1
[INFO] running `Command { std: "git" "clone" "/workspace/cache/git-repos/https%3A%2F%2Fgithub.com%2Fkofuk%2Fipp-print" "/workspace/builds/worker-1-tc2/source", kill_on_drop: false }`
[INFO] [stderr] Cloning into '/workspace/builds/worker-1-tc2/source'...
[INFO] [stderr] done.
[INFO] validating manifest of git repo https://github.com/kofuk/ipp-print on toolchain beta-2023-12-22
[INFO] running `Command { std: CARGO_HOME="/workspace/cargo-home" RUSTUP_HOME="/workspace/rustup-home" "/workspace/cargo-home/bin/cargo" "+beta-2023-12-22" "metadata" "--manifest-path" "Cargo.toml" "--no-deps", kill_on_drop: false }`
[INFO] started tweaking git repo https://github.com/kofuk/ipp-print
[INFO] finished tweaking git repo https://github.com/kofuk/ipp-print
[INFO] tweaked toml for git repo https://github.com/kofuk/ipp-print written to /workspace/builds/worker-1-tc2/source/Cargo.toml
[INFO] crate git repo https://github.com/kofuk/ipp-print already has a lockfile, it will not be regenerated
[INFO] running `Command { std: CARGO_HOME="/workspace/cargo-home" RUSTUP_HOME="/workspace/rustup-home" "/workspace/cargo-home/bin/cargo" "+beta-2023-12-22" "fetch" "--manifest-path" "Cargo.toml", kill_on_drop: false }`
[INFO] running `Command { std: "docker" "create" "-v" "/var/lib/crater-agent-workspace/builds/worker-1-tc2/target:/opt/rustwide/target:rw,Z" "-v" "/var/lib/crater-agent-workspace/builds/worker-1-tc2/source:/opt/rustwide/workdir:ro,Z" "-v" "/var/lib/crater-agent-workspace/cargo-home:/opt/rustwide/cargo-home:ro,Z" "-v" "/var/lib/crater-agent-workspace/rustup-home:/opt/rustwide/rustup-home:ro,Z" "-e" "SOURCE_DIR=/opt/rustwide/workdir" "-e" "CARGO_TARGET_DIR=/opt/rustwide/target" "-e" "CARGO_HOME=/opt/rustwide/cargo-home" "-e" "RUSTUP_HOME=/opt/rustwide/rustup-home" "-w" "/opt/rustwide/workdir" "-m" "1610612736" "--user" "0:0" "--network" "none" "ghcr.io/rust-lang/crates-build-env/linux@sha256:2788e3201cd34a07e3172128adcd8b3090168a8e3bcc40d7c032b9dda1df7d1c" "/opt/rustwide/cargo-home/bin/cargo" "+beta-2023-12-22" "metadata" "--no-deps" "--format-version=1", kill_on_drop: false }`
[INFO] [stdout] d246a4f169f560db2ce8e3673ee36b13bbfc8eca78377925e3ea2ae6af6b207a
[INFO] running `Command { std: "docker" "start" "-a" "d246a4f169f560db2ce8e3673ee36b13bbfc8eca78377925e3ea2ae6af6b207a", kill_on_drop: false }`
[INFO] running `Command { std: "docker" "inspect" "d246a4f169f560db2ce8e3673ee36b13bbfc8eca78377925e3ea2ae6af6b207a", kill_on_drop: false }`
[INFO] running `Command { std: "docker" "rm" "-f" "d246a4f169f560db2ce8e3673ee36b13bbfc8eca78377925e3ea2ae6af6b207a", kill_on_drop: false }`
[INFO] [stdout] d246a4f169f560db2ce8e3673ee36b13bbfc8eca78377925e3ea2ae6af6b207a
[INFO] running `Command { std: "docker" "create" "-v" "/var/lib/crater-agent-workspace/builds/worker-1-tc2/target:/opt/rustwide/target:rw,Z" "-v" "/var/lib/crater-agent-workspace/builds/worker-1-tc2/source:/opt/rustwide/workdir:ro,Z" "-v" "/var/lib/crater-agent-workspace/cargo-home:/opt/rustwide/cargo-home:ro,Z" "-v" "/var/lib/crater-agent-workspace/rustup-home:/opt/rustwide/rustup-home:ro,Z" "-e" "SOURCE_DIR=/opt/rustwide/workdir" "-e" "CARGO_TARGET_DIR=/opt/rustwide/target" "-e" "CARGO_INCREMENTAL=0" "-e" "RUST_BACKTRACE=full" "-e" "RUSTFLAGS=--cap-lints=warn" "-e" "RUSTDOCFLAGS=--cap-lints=warn" "-e" "CARGO_HOME=/opt/rustwide/cargo-home" "-e" "RUSTUP_HOME=/opt/rustwide/rustup-home" "-w" "/opt/rustwide/workdir" "-m" "1610612736" "--user" "0:0" "--network" "none" "ghcr.io/rust-lang/crates-build-env/linux@sha256:2788e3201cd34a07e3172128adcd8b3090168a8e3bcc40d7c032b9dda1df7d1c" "/opt/rustwide/cargo-home/bin/cargo" "+beta-2023-12-22" "build" "--frozen" "--message-format=json", kill_on_drop: false }`
[INFO] [stdout] 99ef567c17ee659e28f84da086c9ad5d343937306783fc4253f324fbf20ea6a2
[INFO] running `Command { std: "docker" "start" "-a" "99ef567c17ee659e28f84da086c9ad5d343937306783fc4253f324fbf20ea6a2", kill_on_drop: false }`
[INFO] [stderr]    Compiling libc v0.2.150
[INFO] [stderr]    Compiling proc-macro2 v1.0.69
[INFO] [stderr]    Compiling unicode-ident v1.0.12
[INFO] [stderr]    Compiling vcpkg v0.2.15
[INFO] [stderr]    Compiling once_cell v1.18.0
[INFO] [stderr]    Compiling pkg-config v0.3.27
[INFO] [stderr]    Compiling pin-project-lite v0.2.13
[INFO] [stderr]    Compiling futures-core v0.3.29
[INFO] [stderr]    Compiling bytes v1.5.0
[INFO] [stderr]    Compiling num-traits v0.2.17
[INFO] [stderr]    Compiling slab v0.4.9
[INFO] [stderr]    Compiling futures-task v0.3.29
[INFO] [stderr]    Compiling itoa v1.0.9
[INFO] [stderr]    Compiling num-integer v0.1.45
[INFO] [stderr]    Compiling openssl v0.10.61
[INFO] [stderr]    Compiling futures-util v0.3.29
[INFO] [stderr]    Compiling bitflags v2.4.1
[INFO] [stderr]    Compiling equivalent v1.0.1
[INFO] [stderr]    Compiling tracing-core v0.1.32
[INFO] [stderr]    Compiling native-tls v0.2.11
[INFO] [stderr]    Compiling httparse v1.8.0
[INFO] [stderr]    Compiling futures-io v0.3.29
[INFO] [stderr]    Compiling tinyvec_macros v0.1.1
[INFO] [stderr]    Compiling memchr v2.6.4
[INFO] [stderr]    Compiling futures-sink v0.3.29
[INFO] [stderr]    Compiling hashbrown v0.14.2
[INFO] [stderr]    Compiling futures-channel v0.3.29
[INFO] [stderr]    Compiling tinyvec v1.6.0
[INFO] [stderr]    Compiling num-bigint v0.4.4
[INFO] [stderr]    Compiling http v0.2.11
[INFO] [stderr]    Compiling serde v1.0.193
[INFO] [stderr]    Compiling percent-encoding v2.3.0
[INFO] [stderr]    Compiling tracing v0.1.40
[INFO] [stderr]    Compiling try-lock v0.2.4
[INFO] [stderr]    Compiling log v0.4.20
[INFO] [stderr]    Compiling want v0.3.1
[INFO] [stderr]    Compiling quote v1.0.33
[INFO] [stderr]    Compiling form_urlencoded v1.2.0
[INFO] [stderr]    Compiling num-iter v0.1.43
[INFO] [stderr]    Compiling num-rational v0.4.1
[INFO] [stderr]    Compiling unicode-bidi v0.3.13
[INFO] [stderr]    Compiling syn v2.0.39
[INFO] [stderr]    Compiling indexmap v2.1.0
[INFO] [stderr]    Compiling syn v1.0.109
[INFO] [stderr]    Compiling socket2 v0.5.5
[INFO] [stderr]    Compiling cc v1.0.83
[INFO] [stderr]    Compiling mio v0.8.9
[INFO] [stderr]    Compiling num_cpus v1.16.0
[INFO] [stderr]    Compiling socket2 v0.4.10
[INFO] [stderr]    Compiling httpdate v1.0.3
[INFO] [stderr]    Compiling unicode-normalization v0.1.22
[INFO] [stderr]    Compiling http-body v0.4.5
[INFO] [stderr]    Compiling ryu v1.0.15
[INFO] [stderr]    Compiling encoding_rs v0.8.33
[INFO] [stderr]    Compiling tokio v1.34.0
[INFO] [stderr]    Compiling num-complex v0.4.4
[INFO] [stderr]    Compiling mime v0.3.17
[INFO] [stderr]    Compiling base64 v0.21.5
[INFO] [stderr]    Compiling ipnet v2.9.0
[INFO] [stderr]    Compiling idna v0.4.0
[INFO] [stderr]    Compiling openssl-sys v0.9.97
[INFO] [stderr]    Compiling url v2.4.1
[INFO] [stderr]    Compiling num v0.4.1
[INFO] [stderr]    Compiling num-derive v0.3.3
[INFO] [stderr]    Compiling openssl-macros v0.1.1
[INFO] [stderr]    Compiling serde_urlencoded v0.7.1
[INFO] [stderr]    Compiling tokio-util v0.7.10
[INFO] [stderr]    Compiling h2 v0.3.22
[INFO] [stderr]    Compiling tokio-native-tls v0.3.1
[INFO] [stderr]    Compiling hyper v0.14.27
[INFO] [stderr]    Compiling hyper-tls v0.5.0
[INFO] [stderr]    Compiling reqwest v0.11.22
[INFO] [stderr]    Compiling ipp-print v0.1.0 (/opt/rustwide/workdir)
[INFO] [stdout] warning: function `print_page` is never used
[INFO] [stdout]   --> src/main.rs:14:4
[INFO] [stdout]    |
[INFO] [stdout] 14 | fn print_page(raster_data: Vec<u8>) -> Result<(), Box<dyn Error>> {
[INFO] [stdout]    |    ^^^^^^^^^^
[INFO] [stdout]    |
[INFO] [stdout]    = note: `#[warn(dead_code)]` on by default
[INFO] [stdout] 
[INFO] [stdout] 
[INFO] [stdout] warning: variants `IOError`, `ProtocolError`, and `InvalidValue` are never constructed
[INFO] [stdout]    --> src/ipp.rs:108:5
[INFO] [stdout]     |
[INFO] [stdout] 107 | pub enum IPPError {
[INFO] [stdout]     |          -------- variants in this enum
[INFO] [stdout] 108 |     IOError(io::Error),
[INFO] [stdout]     |     ^^^^^^^
[INFO] [stdout] 109 |     ProtocolError,
[INFO] [stdout]     |     ^^^^^^^^^^^^^
[INFO] [stdout] 110 |     InvalidValue,
[INFO] [stdout]     |     ^^^^^^^^^^^^
[INFO] [stdout]     |
[INFO] [stdout]     = note: `IPPError` has a derived impl for the trait `Debug`, but this is intentionally ignored during dead code analysis
[INFO] [stdout] 
[INFO] [stdout] 
[INFO] [stdout] warning: associated items `parse_buffer`, `byte_len`, and `write_to_stream` are never used
[INFO] [stdout]    --> src/ipp.rs:145:8
[INFO] [stdout]     |
[INFO] [stdout] 144 | impl StringWithLanguage {
[INFO] [stdout]     | ----------------------- associated items in this implementation
[INFO] [stdout] 145 |     fn parse_buffer(buf: Vec<u8>) -> Result<Self, IPPError> {
[INFO] [stdout]     |        ^^^^^^^^^^^^
[INFO] [stdout] ...
[INFO] [stdout] 168 |     fn byte_len(&self) -> u16 {
[INFO] [stdout]     |        ^^^^^^^^
[INFO] [stdout] ...
[INFO] [stdout] 172 |     fn write_to_stream<W>(&self, writer: &mut W) -> Result<usize, IPPError>
[INFO] [stdout]     |        ^^^^^^^^^^^^^^^
[INFO] [stdout] 
[INFO] [stdout] 
[INFO] [stdout] warning: associated items `parse_buffer`, `byte_len`, and `write_to_stream` are never used
[INFO] [stdout]    --> src/ipp.rs:211:8
[INFO] [stdout]     |
[INFO] [stdout] 210 | impl Resolution {
[INFO] [stdout]     | --------------- associated items in this implementation
[INFO] [stdout] 211 |     fn parse_buffer(buf: Vec<u8>) -> Result<Self, IPPError> {
[INFO] [stdout]     |        ^^^^^^^^^^^^
[INFO] [stdout] ...
[INFO] [stdout] 223 |     fn byte_len(&self) -> u16 {
[INFO] [stdout]     |        ^^^^^^^^
[INFO] [stdout] ...
[INFO] [stdout] 227 |     fn write_to_stream<W>(&self, writer: &mut W) -> Result<usize, IPPError>
[INFO] [stdout]     |        ^^^^^^^^^^^^^^^
[INFO] [stdout] 
[INFO] [stdout] 
[INFO] [stdout] warning: associated items `parse_buffer`, `byte_len`, and `write_to_stream` are never used
[INFO] [stdout]    --> src/ipp.rs:261:8
[INFO] [stdout]     |
[INFO] [stdout] 260 | impl DateTime {
[INFO] [stdout]     | ------------- associated items in this implementation
[INFO] [stdout] 261 |     fn parse_buffer(buf: Vec<u8>) -> Result<Self, IPPError> {
[INFO] [stdout]     |        ^^^^^^^^^^^^
[INFO] [stdout] ...
[INFO] [stdout] 279 |     fn byte_len(&self) -> u16 {
[INFO] [stdout]     |        ^^^^^^^^
[INFO] [stdout] ...
[INFO] [stdout] 283 |     fn write_to_stream<W>(&self, writer: &mut W) -> Result<usize, IPPError>
[INFO] [stdout]     |        ^^^^^^^^^^^^^^^
[INFO] [stdout] 
[INFO] [stdout] 
[INFO] [stdout] warning: multiple variants are never constructed
[INFO] [stdout]    --> src/ipp.rs:310:5
[INFO] [stdout]     |
[INFO] [stdout] 309 | pub enum AttributeValue {
[INFO] [stdout]     |          -------------- variants in this enum
[INFO] [stdout] 310 |     Unsupported(Vec<u8>),
[INFO] [stdout]     |     ^^^^^^^^^^^
[INFO] [stdout] 311 |     Unknown(Vec<u8>),
[INFO] [stdout]     |     ^^^^^^^
[INFO] [stdout] 312 |     NoValue,
[INFO] [stdout]     |     ^^^^^^^
[INFO] [stdout] 313 |     Integer(i32),
[INFO] [stdout]     |     ^^^^^^^
[INFO] [stdout] 314 |     Boolean(bool),
[INFO] [stdout]     |     ^^^^^^^
[INFO] [stdout] 315 |     Enum(i32),
[INFO] [stdout]     |     ^^^^
[INFO] [stdout] 316 |     OctetStringUnspecified(String),
[INFO] [stdout]     |     ^^^^^^^^^^^^^^^^^^^^^^
[INFO] [stdout] 317 |     DateTime(DateTime),
[INFO] [stdout]     |     ^^^^^^^^
[INFO] [stdout] 318 |     Resolution(Resolution),
[INFO] [stdout]     |     ^^^^^^^^^^
[INFO] [stdout] 319 |     RangeOfInteger(Range<i32>),
[INFO] [stdout]     |     ^^^^^^^^^^^^^^
[INFO] [stdout] 320 |     BegCollection,
[INFO] [stdout]     |     ^^^^^^^^^^^^^
[INFO] [stdout] 321 |     TextWithLanguage(StringWithLanguage),
[INFO] [stdout]     |     ^^^^^^^^^^^^^^^^
[INFO] [stdout] 322 |     NameWithLanguage(StringWithLanguage),
[INFO] [stdout]     |     ^^^^^^^^^^^^^^^^
[INFO] [stdout] 323 |     EndCollection,
[INFO] [stdout]     |     ^^^^^^^^^^^^^
[INFO] [stdout] 324 |     TextWithoutLanguage(String),
[INFO] [stdout]     |     ^^^^^^^^^^^^^^^^^^^
[INFO] [stdout] 325 |     NameWithoutLanguage(String),
[INFO] [stdout]     |     ^^^^^^^^^^^^^^^^^^^
[INFO] [stdout] 326 |     Keyword(String),
[INFO] [stdout]     |     ^^^^^^^
[INFO] [stdout] 327 |     Uri(String),
[INFO] [stdout]     |     ^^^
[INFO] [stdout] 328 |     UriScheme(String),
[INFO] [stdout]     |     ^^^^^^^^^
[INFO] [stdout] 329 |     Charset(String),
[INFO] [stdout]     |     ^^^^^^^
[INFO] [stdout] 330 |     NaturalLanguage(String),
[INFO] [stdout]     |     ^^^^^^^^^^^^^^^
[INFO] [stdout] 331 |     MimeMediaType(String),
[INFO] [stdout]     |     ^^^^^^^^^^^^^
[INFO] [stdout] 332 |     MemberAttrName(String),
[INFO] [stdout]     |     ^^^^^^^^^^^^^^
[INFO] [stdout] 333 |     CollectionAttribute(HashMap<String, AttributeValue>),
[INFO] [stdout]     |     ^^^^^^^^^^^^^^^^^^^
[INFO] [stdout] 334 |     VectorAttribute(Vec<AttributeValue>),
[INFO] [stdout]     |     ^^^^^^^^^^^^^^^
[INFO] [stdout]     |
[INFO] [stdout]     = note: `AttributeValue` has derived impls for the traits `Clone` and `Debug`, but these are intentionally ignored during dead code analysis
[INFO] [stdout] 
[INFO] [stdout] 
[INFO] [stdout] warning: type alias `AttributeGroup` is never used
[INFO] [stdout]    --> src/ipp.rs:337:10
[INFO] [stdout]     |
[INFO] [stdout] 337 | pub type AttributeGroup = (DelimiterOrValueTag, Vec<(String, AttributeValue)>);
[INFO] [stdout]     |          ^^^^^^^^^^^^^^
[INFO] [stdout] 
[INFO] [stdout] 
[INFO] [stdout] warning: associated items `write_tag`, `write_u16`, `write_str_and_len`, `write_attr`, `write_attr_group`, and `write_to_stream` are never used
[INFO] [stdout]    --> src/ipp.rs:350:8
[INFO] [stdout]     |
[INFO] [stdout] 349 | impl IPPRequest {
[INFO] [stdout]     | --------------- associated items in this implementation
[INFO] [stdout] 350 |     fn write_tag<W>(writer: &mut W, tag: DelimiterOrValueTag) -> Result<usize, IPPError>
[INFO] [stdout]     |        ^^^^^^^^^
[INFO] [stdout] ...
[INFO] [stdout] 360 |     fn write_u16<W>(writer: &mut W, val: u16) -> Result<usize, IPPError>
[INFO] [stdout]     |        ^^^^^^^^^
[INFO] [stdout] ...
[INFO] [stdout] 370 |     fn write_str_and_len<W>(writer: &mut W, val: &str) -> Result<usize, IPPError>
[INFO] [stdout]     |        ^^^^^^^^^^^^^^^^^
[INFO] [stdout] ...
[INFO] [stdout] 383 |     fn write_attr<W>(writer: &mut W, name: &str, value: &AttributeValue) -> Result<usize, IPPError>
[INFO] [stdout]     |        ^^^^^^^^^^
[INFO] [stdout] ...
[INFO] [stdout] 568 |     fn write_attr_group<W>(&self, writer: &mut W) -> Result<usize, IPPError>
[INFO] [stdout]     |        ^^^^^^^^^^^^^^^^
[INFO] [stdout] ...
[INFO] [stdout] 593 |     pub fn write_to_stream<W>(&self, writer: &mut W) -> Result<usize, IPPError>
[INFO] [stdout]     |            ^^^^^^^^^^^^^^^
[INFO] [stdout] 
[INFO] [stdout] 
[INFO] [stdout] warning: associated functions `decode_attribute_value`, `parse_attribute`, `parse_tag`, `parse_collection`, `parse_attribute_group`, and `read_from_stream` are never used
[INFO] [stdout]    --> src/ipp.rs:633:8
[INFO] [stdout]     |
[INFO] [stdout] 632 | impl IPPResponse {
[INFO] [stdout]     | ---------------- associated functions in this implementation
[INFO] [stdout] 633 |     fn decode_attribute_value(
[INFO] [stdout]     |        ^^^^^^^^^^^^^^^^^^^^^^
[INFO] [stdout] ...
[INFO] [stdout] 768 |     fn parse_attribute<R>(
[INFO] [stdout]     |        ^^^^^^^^^^^^^^^
[INFO] [stdout] ...
[INFO] [stdout] 803 |     fn parse_tag<R>(reader: &mut R) -> Result<DelimiterOrValueTag, IPPError>
[INFO] [stdout]     |        ^^^^^^^^^
[INFO] [stdout] ...
[INFO] [stdout] 818 |     fn parse_collection<R>(reader: &mut R) -> Result<AttributeValue, IPPError>
[INFO] [stdout]     |        ^^^^^^^^^^^^^^^^
[INFO] [stdout] ...
[INFO] [stdout] 864 |     fn parse_attribute_group<R>(reader: &mut R) -> Result<Vec<AttributeGroup>, IPPError>
[INFO] [stdout]     |        ^^^^^^^^^^^^^^^^^^^^^
[INFO] [stdout] ...
[INFO] [stdout] 943 |     pub fn read_from_stream<R>(reader: &mut R) -> Result<IPPResponse, IPPError>
[INFO] [stdout]     |            ^^^^^^^^^^^^^^^^
[INFO] [stdout] 
[INFO] [stdout] 
[INFO] [stdout] warning: 9 warnings emitted
[INFO] [stdout] 
[INFO] [stdout] 
[INFO] [stderr]     Finished dev [unoptimized + debuginfo] target(s) in 13.66s
[INFO] running `Command { std: "docker" "inspect" "99ef567c17ee659e28f84da086c9ad5d343937306783fc4253f324fbf20ea6a2", kill_on_drop: false }`
[INFO] running `Command { std: "docker" "rm" "-f" "99ef567c17ee659e28f84da086c9ad5d343937306783fc4253f324fbf20ea6a2", kill_on_drop: false }`
[INFO] [stdout] 99ef567c17ee659e28f84da086c9ad5d343937306783fc4253f324fbf20ea6a2
[INFO] running `Command { std: "docker" "create" "-v" "/var/lib/crater-agent-workspace/builds/worker-1-tc2/target:/opt/rustwide/target:rw,Z" "-v" "/var/lib/crater-agent-workspace/builds/worker-1-tc2/source:/opt/rustwide/workdir:ro,Z" "-v" "/var/lib/crater-agent-workspace/cargo-home:/opt/rustwide/cargo-home:ro,Z" "-v" "/var/lib/crater-agent-workspace/rustup-home:/opt/rustwide/rustup-home:ro,Z" "-e" "SOURCE_DIR=/opt/rustwide/workdir" "-e" "CARGO_TARGET_DIR=/opt/rustwide/target" "-e" "CARGO_INCREMENTAL=0" "-e" "RUST_BACKTRACE=full" "-e" "RUSTFLAGS=--cap-lints=warn" "-e" "RUSTDOCFLAGS=--cap-lints=warn" "-e" "CARGO_HOME=/opt/rustwide/cargo-home" "-e" "RUSTUP_HOME=/opt/rustwide/rustup-home" "-w" "/opt/rustwide/workdir" "-m" "1610612736" "--user" "0:0" "--network" "none" "ghcr.io/rust-lang/crates-build-env/linux@sha256:2788e3201cd34a07e3172128adcd8b3090168a8e3bcc40d7c032b9dda1df7d1c" "/opt/rustwide/cargo-home/bin/cargo" "+beta-2023-12-22" "test" "--frozen" "--no-run" "--message-format=json", kill_on_drop: false }`
[INFO] [stdout] e20a865db2c491f7fea93548f70ff018ecb36cd24dbda2d21769129c35c1477f
[INFO] running `Command { std: "docker" "start" "-a" "e20a865db2c491f7fea93548f70ff018ecb36cd24dbda2d21769129c35c1477f", kill_on_drop: false }`
[INFO] [stderr]    Compiling ipp-print v0.1.0 (/opt/rustwide/workdir)
[INFO] [stdout] warning: function `print_page` is never used
[INFO] [stdout]   --> src/main.rs:14:4
[INFO] [stdout]    |
[INFO] [stdout] 14 | fn print_page(raster_data: Vec<u8>) -> Result<(), Box<dyn Error>> {
[INFO] [stdout]    |    ^^^^^^^^^^
[INFO] [stdout]    |
[INFO] [stdout]    = note: `#[warn(dead_code)]` on by default
[INFO] [stdout] 
[INFO] [stdout] 
[INFO] [stdout] warning: methods `byte_len` and `write_to_stream` are never used
[INFO] [stdout]    --> src/ipp.rs:168:8
[INFO] [stdout]     |
[INFO] [stdout] 144 | impl StringWithLanguage {
[INFO] [stdout]     | ----------------------- methods in this implementation
[INFO] [stdout] ...
[INFO] [stdout] 168 |     fn byte_len(&self) -> u16 {
[INFO] [stdout]     |        ^^^^^^^^
[INFO] [stdout] ...
[INFO] [stdout] 172 |     fn write_to_stream<W>(&self, writer: &mut W) -> Result<usize, IPPError>
[INFO] [stdout]     |        ^^^^^^^^^^^^^^^
[INFO] [stdout] 
[INFO] [stdout] 
[INFO] [stdout] warning: methods `byte_len` and `write_to_stream` are never used
[INFO] [stdout]    --> src/ipp.rs:223:8
[INFO] [stdout]     |
[INFO] [stdout] 210 | impl Resolution {
[INFO] [stdout]     | --------------- methods in this implementation
[INFO] [stdout] ...
[INFO] [stdout] 223 |     fn byte_len(&self) -> u16 {
[INFO] [stdout]     |        ^^^^^^^^
[INFO] [stdout] ...
[INFO] [stdout] 227 |     fn write_to_stream<W>(&self, writer: &mut W) -> Result<usize, IPPError>
[INFO] [stdout]     |        ^^^^^^^^^^^^^^^
[INFO] [stdout] 
[INFO] [stdout] 
[INFO] [stdout] warning: methods `byte_len` and `write_to_stream` are never used
[INFO] [stdout]    --> src/ipp.rs:279:8
[INFO] [stdout]     |
[INFO] [stdout] 260 | impl DateTime {
[INFO] [stdout]     | ------------- methods in this implementation
[INFO] [stdout] ...
[INFO] [stdout] 279 |     fn byte_len(&self) -> u16 {
[INFO] [stdout]     |        ^^^^^^^^
[INFO] [stdout] ...
[INFO] [stdout] 283 |     fn write_to_stream<W>(&self, writer: &mut W) -> Result<usize, IPPError>
[INFO] [stdout]     |        ^^^^^^^^^^^^^^^
[INFO] [stdout] 
[INFO] [stdout] 
[INFO] [stdout] warning: associated items `write_tag`, `write_u16`, `write_str_and_len`, `write_attr`, `write_attr_group`, and `write_to_stream` are never used
[INFO] [stdout]    --> src/ipp.rs:350:8
[INFO] [stdout]     |
[INFO] [stdout] 349 | impl IPPRequest {
[INFO] [stdout]     | --------------- associated items in this implementation
[INFO] [stdout] 350 |     fn write_tag<W>(writer: &mut W, tag: DelimiterOrValueTag) -> Result<usize, IPPError>
[INFO] [stdout]     |        ^^^^^^^^^
[INFO] [stdout] ...
[INFO] [stdout] 360 |     fn write_u16<W>(writer: &mut W, val: u16) -> Result<usize, IPPError>
[INFO] [stdout]     |        ^^^^^^^^^
[INFO] [stdout] ...
[INFO] [stdout] 370 |     fn write_str_and_len<W>(writer: &mut W, val: &str) -> Result<usize, IPPError>
[INFO] [stdout]     |        ^^^^^^^^^^^^^^^^^
[INFO] [stdout] ...
[INFO] [stdout] 383 |     fn write_attr<W>(writer: &mut W, name: &str, value: &AttributeValue) -> Result<usize, IPPError>
[INFO] [stdout]     |        ^^^^^^^^^^
[INFO] [stdout] ...
[INFO] [stdout] 568 |     fn write_attr_group<W>(&self, writer: &mut W) -> Result<usize, IPPError>
[INFO] [stdout]     |        ^^^^^^^^^^^^^^^^
[INFO] [stdout] ...
[INFO] [stdout] 593 |     pub fn write_to_stream<W>(&self, writer: &mut W) -> Result<usize, IPPError>
[INFO] [stdout]     |            ^^^^^^^^^^^^^^^
[INFO] [stdout] 
[INFO] [stdout] 
[INFO] [stdout] warning: 5 warnings emitted
[INFO] [stdout] 
[INFO] [stdout] 
[INFO] [stderr]     Finished test [unoptimized + debuginfo] target(s) in 1.95s
[INFO] running `Command { std: "docker" "inspect" "e20a865db2c491f7fea93548f70ff018ecb36cd24dbda2d21769129c35c1477f", kill_on_drop: false }`
[INFO] running `Command { std: "docker" "rm" "-f" "e20a865db2c491f7fea93548f70ff018ecb36cd24dbda2d21769129c35c1477f", kill_on_drop: false }`
[INFO] [stdout] e20a865db2c491f7fea93548f70ff018ecb36cd24dbda2d21769129c35c1477f
[INFO] running `Command { std: "docker" "create" "-v" "/var/lib/crater-agent-workspace/builds/worker-1-tc2/target:/opt/rustwide/target:rw,Z" "-v" "/var/lib/crater-agent-workspace/builds/worker-1-tc2/source:/opt/rustwide/workdir:ro,Z" "-v" "/var/lib/crater-agent-workspace/cargo-home:/opt/rustwide/cargo-home:ro,Z" "-v" "/var/lib/crater-agent-workspace/rustup-home:/opt/rustwide/rustup-home:ro,Z" "-e" "SOURCE_DIR=/opt/rustwide/workdir" "-e" "CARGO_TARGET_DIR=/opt/rustwide/target" "-e" "CARGO_INCREMENTAL=0" "-e" "RUST_BACKTRACE=full" "-e" "RUSTFLAGS=--cap-lints=warn" "-e" "RUSTDOCFLAGS=--cap-lints=warn" "-e" "CARGO_HOME=/opt/rustwide/cargo-home" "-e" "RUSTUP_HOME=/opt/rustwide/rustup-home" "-w" "/opt/rustwide/workdir" "-m" "1610612736" "--user" "0:0" "--network" "none" "ghcr.io/rust-lang/crates-build-env/linux@sha256:2788e3201cd34a07e3172128adcd8b3090168a8e3bcc40d7c032b9dda1df7d1c" "/opt/rustwide/cargo-home/bin/cargo" "+beta-2023-12-22" "test" "--frozen", kill_on_drop: false }`
[INFO] [stdout] 808721054c0cf1606c64dc631cc9bbc62f31ee2f6abb4a6e646e062b8dc8cf11
[INFO] running `Command { std: "docker" "start" "-a" "808721054c0cf1606c64dc631cc9bbc62f31ee2f6abb4a6e646e062b8dc8cf11", kill_on_drop: false }`
[INFO] [stderr] warning: function `print_page` is never used
[INFO] [stderr]   --> src/main.rs:14:4
[INFO] [stderr]    |
[INFO] [stderr] 14 | fn print_page(raster_data: Vec<u8>) -> Result<(), Box<dyn Error>> {
[INFO] [stderr]    |    ^^^^^^^^^^
[INFO] [stderr]    |
[INFO] [stderr]    = note: `#[warn(dead_code)]` on by default
[INFO] [stderr] 
[INFO] [stderr] warning: methods `byte_len` and `write_to_stream` are never used
[INFO] [stderr]    --> src/ipp.rs:168:8
[INFO] [stderr]     |
[INFO] [stderr] 144 | impl StringWithLanguage {
[INFO] [stderr]     | ----------------------- methods in this implementation
[INFO] [stderr] ...
[INFO] [stderr] 168 |     fn byte_len(&self) -> u16 {
[INFO] [stderr]     |        ^^^^^^^^
[INFO] [stderr] ...
[INFO] [stderr] 172 |     fn write_to_stream<W>(&self, writer: &mut W) -> Result<usize, IPPError>
[INFO] [stderr]     |        ^^^^^^^^^^^^^^^
[INFO] [stderr] 
[INFO] [stderr] warning: methods `byte_len` and `write_to_stream` are never used
[INFO] [stderr]    --> src/ipp.rs:223:8
[INFO] [stderr]     |
[INFO] [stderr] 210 | impl Resolution {
[INFO] [stderr]     | --------------- methods in this implementation
[INFO] [stderr] ...
[INFO] [stderr] 223 |     fn byte_len(&self) -> u16 {
[INFO] [stderr]     |        ^^^^^^^^
[INFO] [stderr] ...
[INFO] [stderr] 227 |     fn write_to_stream<W>(&self, writer: &mut W) -> Result<usize, IPPError>
[INFO] [stderr]     |        ^^^^^^^^^^^^^^^
[INFO] [stderr] 
[INFO] [stderr] warning: methods `byte_len` and `write_to_stream` are never used
[INFO] [stderr]    --> src/ipp.rs:279:8
[INFO] [stderr]     |
[INFO] [stderr] 260 | impl DateTime {
[INFO] [stderr]     | ------------- methods in this implementation
[INFO] [stderr] ...
[INFO] [stderr] 279 |     fn byte_len(&self) -> u16 {
[INFO] [stderr]     |        ^^^^^^^^
[INFO] [stderr] ...
[INFO] [stderr] 283 |     fn write_to_stream<W>(&self, writer: &mut W) -> Result<usize, IPPError>
[INFO] [stderr]     |        ^^^^^^^^^^^^^^^
[INFO] [stderr] 
[INFO] [stderr] warning: associated items `write_tag`, `write_u16`, `write_str_and_len`, `write_attr`, `write_attr_group`, and `write_to_stream` are never used
[INFO] [stderr]    --> src/ipp.rs:350:8
[INFO] [stderr]     |
[INFO] [stderr] 349 | impl IPPRequest {
[INFO] [stderr]     | --------------- associated items in this implementation
[INFO] [stderr] 350 |     fn write_tag<W>(writer: &mut W, tag: DelimiterOrValueTag) -> Result<usize, IPPError>
[INFO] [stderr]     |        ^^^^^^^^^
[INFO] [stderr] ...
[INFO] [stderr] 360 |     fn write_u16<W>(writer: &mut W, val: u16) -> Result<usize, IPPError>
[INFO] [stderr]     |        ^^^^^^^^^
[INFO] [stderr] ...
[INFO] [stderr] 370 |     fn write_str_and_len<W>(writer: &mut W, val: &str) -> Result<usize, IPPError>
[INFO] [stderr]     |        ^^^^^^^^^^^^^^^^^
[INFO] [stderr] ...
[INFO] [stderr] 383 |     fn write_attr<W>(writer: &mut W, name: &str, value: &AttributeValue) -> Result<usize, IPPError>
[INFO] [stderr]     |        ^^^^^^^^^^
[INFO] [stderr] ...
[INFO] [stderr] 568 |     fn write_attr_group<W>(&self, writer: &mut W) -> Result<usize, IPPError>
[INFO] [stderr]     |        ^^^^^^^^^^^^^^^^
[INFO] [stderr] ...
[INFO] [stderr] 593 |     pub fn write_to_stream<W>(&self, writer: &mut W) -> Result<usize, IPPError>
[INFO] [stderr]     |            ^^^^^^^^^^^^^^^
[INFO] [stderr] 
[INFO] [stderr] warning: `ipp-print` (bin "ipp-print" test) generated 5 warnings
[INFO] [stderr]     Finished test [unoptimized + debuginfo] target(s) in 0.07s
[INFO] [stderr]      Running unittests src/main.rs (/opt/rustwide/target/debug/deps/ipp_print-f63a94ab6b73bafc)
[INFO] [stdout] 
[INFO] [stdout] running 5 tests
[INFO] [stdout] test ipp::tests::parse_collection ... ok
[INFO] [stdout] test pwgraster::tests::encode_row ... ok
[INFO] [stdout] test pwgraster::tests::encode_row_long_comm_pixels ... ok
[INFO] [stdout] test pwgraster::tests::encode_row_long_diff_pixels ... ok
[INFO] [stdout] test pwgraster::tests::encode_image ... FAILED
[INFO] [stdout] 
[INFO] [stdout] failures:
[INFO] [stdout] 
[INFO] [stdout] ---- pwgraster::tests::encode_image stdout ----
[INFO] [stdout] 0 8
[INFO] [stdout] 1 8
[INFO] [stdout] 2 8
[INFO] [stdout] 3 8
[INFO] [stdout] 4 8
[INFO] [stdout] 5 8
[INFO] [stdout] 6 8
[INFO] [stdout] 7 8
[INFO] [stdout] thread 'pwgraster::tests::encode_image' panicked at src/pwgraster.rs:963:9:
[INFO] [stdout] assertion `left == right` failed
[INFO] [stdout]   left: [0, 0, 255, 255, 255, 2, 255, 255, 0, 3, 255, 255, 255, 0, 254, 255, 255, 0, 0, 0, 255, 255, 255, 0, 2, 255, 255, 255, 255, 0, 255, 0, 255, 255, 255, 0, 1, 255, 255, 0, 2, 255, 255, 255, 2, 0, 255, 0, 0, 2, 255, 255, 0, 2, 255, 255, 255, 255, 0, 255, 0, 255, 255, 255, 0, 0, 255, 255, 255, 2, 255, 255, 0, 3, 255, 255, 255, 0, 7, 255, 255, 255, 1, 7, 255, 0, 0]
[INFO] [stdout]  right: [0, 0, 255, 255, 255, 2, 255, 255, 0, 3, 255, 255, 255, 0, 254, 255, 255, 0, 0, 0, 255, 255, 255, 0, 2, 255, 255, 255, 255, 0, 255, 0, 255, 255, 255, 0, 1, 255, 255, 0, 2, 255, 255, 255, 2, 0, 255, 0, 0, 2, 255, 255, 0, 2, 255, 255, 255, 255, 0, 255, 0, 255, 255, 255, 0, 0, 255, 255, 255, 2, 255, 255, 0, 3, 255, 255, 255, 0, 7, 255, 255, 255, 0, 7, 255, 0, 0]
[INFO] [stdout] stack backtrace:
[INFO] [stdout]    0:     0x564eae302c76 - std::backtrace_rs::backtrace::libunwind::trace::h261606ad26a499c1
[INFO] [stdout]                                at /rustc/0e09125c6c3c2fd70d7de961bcf0e51575235fad/library/std/src/../../backtrace/src/backtrace/libunwind.rs:104:5
[INFO] [stdout]    1:     0x564eae302c76 - std::backtrace_rs::backtrace::trace_unsynchronized::hd183f0625477fb28
[INFO] [stdout]                                at /rustc/0e09125c6c3c2fd70d7de961bcf0e51575235fad/library/std/src/../../backtrace/src/backtrace/mod.rs:66:5
[INFO] [stdout]    2:     0x564eae302c76 - std::sys_common::backtrace::_print_fmt::hd7f8fef21b4eda67
[INFO] [stdout]                                at /rustc/0e09125c6c3c2fd70d7de961bcf0e51575235fad/library/std/src/sys_common/backtrace.rs:68:5
[INFO] [stdout]    3:     0x564eae302c76 - <std::sys_common::backtrace::_print::DisplayBacktrace as core::fmt::Display>::fmt::h623d9b51f2f453f1
[INFO] [stdout]                                at /rustc/0e09125c6c3c2fd70d7de961bcf0e51575235fad/library/std/src/sys_common/backtrace.rs:44:22
[INFO] [stdout]    4:     0x564eae32bdf0 - core::fmt::rt::Argument::fmt::h9f417ac76a86f368
[INFO] [stdout]                                at /rustc/0e09125c6c3c2fd70d7de961bcf0e51575235fad/library/core/src/fmt/rt.rs:142:9
[INFO] [stdout]    5:     0x564eae32bdf0 - core::fmt::write::hc9b6faf4ac2aeff7
[INFO] [stdout]                                at /rustc/0e09125c6c3c2fd70d7de961bcf0e51575235fad/library/core/src/fmt/mod.rs:1120:17
[INFO] [stdout]    6:     0x564eae3006df - std::io::Write::write_fmt::he04625a3a989fec3
[INFO] [stdout]                                at /rustc/0e09125c6c3c2fd70d7de961bcf0e51575235fad/library/std/src/io/mod.rs:1810:15
[INFO] [stdout]    7:     0x564eae302a54 - std::sys_common::backtrace::_print::hd5d66399c7df88a2
[INFO] [stdout]                                at /rustc/0e09125c6c3c2fd70d7de961bcf0e51575235fad/library/std/src/sys_common/backtrace.rs:47:5
[INFO] [stdout]    8:     0x564eae302a54 - std::sys_common::backtrace::print::he81ed2da642d37e5
[INFO] [stdout]                                at /rustc/0e09125c6c3c2fd70d7de961bcf0e51575235fad/library/std/src/sys_common/backtrace.rs:34:9
[INFO] [stdout]    9:     0x564eae3047c7 - std::panicking::default_hook::{{closure}}::h85773f4fa117163d
[INFO] [stdout]   10:     0x564eae3044ad - std::panicking::default_hook::h6a1694a91d09b278
[INFO] [stdout]                                at /rustc/0e09125c6c3c2fd70d7de961bcf0e51575235fad/library/std/src/panicking.rs:289:9
[INFO] [stdout]   11:     0x564eae2c53e7 - <alloc::boxed::Box<F,A> as core::ops::function::Fn<Args>>::call::h616ac37fa3cd6c8f
[INFO] [stdout]                                at /rustc/0e09125c6c3c2fd70d7de961bcf0e51575235fad/library/alloc/src/boxed.rs:2029:9
[INFO] [stdout]   12:     0x564eae2c53e7 - test::test_main::{{closure}}::h00d84697cefdcbb6
[INFO] [stdout]                                at /rustc/0e09125c6c3c2fd70d7de961bcf0e51575235fad/library/test/src/lib.rs:138:21
[INFO] [stdout]   13:     0x564eae304de6 - <alloc::boxed::Box<F,A> as core::ops::function::Fn<Args>>::call::hcb3fe3b9bb537ba8
[INFO] [stdout]                                at /rustc/0e09125c6c3c2fd70d7de961bcf0e51575235fad/library/alloc/src/boxed.rs:2029:9
[INFO] [stdout]   14:     0x564eae304de6 - std::panicking::rust_panic_with_hook::h0a7ad96e90f7145b
[INFO] [stdout]                                at /rustc/0e09125c6c3c2fd70d7de961bcf0e51575235fad/library/std/src/panicking.rs:783:13
[INFO] [stdout]   15:     0x564eae304b32 - std::panicking::begin_panic_handler::{{closure}}::h7919090525c6485e
[INFO] [stdout]                                at /rustc/0e09125c6c3c2fd70d7de961bcf0e51575235fad/library/std/src/panicking.rs:657:13
[INFO] [stdout]   16:     0x564eae303176 - std::sys_common::backtrace::__rust_end_short_backtrace::hf3289479464f7dfe
[INFO] [stdout]                                at /rustc/0e09125c6c3c2fd70d7de961bcf0e51575235fad/library/std/src/sys_common/backtrace.rs:171:18
[INFO] [stdout]   17:     0x564eae304890 - rust_begin_unwind
[INFO] [stdout]                                at /rustc/0e09125c6c3c2fd70d7de961bcf0e51575235fad/library/std/src/panicking.rs:645:5
[INFO] [stdout]   18:     0x564eae268cd5 - core::panicking::panic_fmt::hcc9f77c5c132af55
[INFO] [stdout]                                at /rustc/0e09125c6c3c2fd70d7de961bcf0e51575235fad/library/core/src/panicking.rs:72:14
[INFO] [stdout]   19:     0x564eae2691ab - core::panicking::assert_failed_inner::h9f13e27dd63c3a08
[INFO] [stdout]                                at /rustc/0e09125c6c3c2fd70d7de961bcf0e51575235fad/library/core/src/panicking.rs:342:17
[INFO] [stdout]   20:     0x564eae286c1e - core::panicking::assert_failed::h7b4edad7ccd6ea39
[INFO] [stdout]                                at /rustc/0e09125c6c3c2fd70d7de961bcf0e51575235fad/library/core/src/panicking.rs:297:5
[INFO] [stdout]   21:     0x564eae289dd1 - ipp_print::pwgraster::tests::encode_image::h08d4da4c7bed5fd4
[INFO] [stdout]                                at /opt/rustwide/workdir/src/pwgraster.rs:963:9
[INFO] [stdout]   22:     0x564eae289637 - ipp_print::pwgraster::tests::encode_image::{{closure}}::h14aab9e86c8916c0
[INFO] [stdout]                                at /opt/rustwide/workdir/src/pwgraster.rs:931:22
[INFO] [stdout]   23:     0x564eae284b36 - core::ops::function::FnOnce::call_once::h86870c71dd03dde6
[INFO] [stdout]                                at /rustc/0e09125c6c3c2fd70d7de961bcf0e51575235fad/library/core/src/ops/function.rs:250:5
[INFO] [stdout]   24:     0x564eae2cacbf - core::ops::function::FnOnce::call_once::hd64d26f405258157
[INFO] [stdout]                                at /rustc/0e09125c6c3c2fd70d7de961bcf0e51575235fad/library/core/src/ops/function.rs:250:5
[INFO] [stdout]   25:     0x564eae2cacbf - test::__rust_begin_short_backtrace::he21b0b7a6d731bf9
[INFO] [stdout]                                at /rustc/0e09125c6c3c2fd70d7de961bcf0e51575235fad/library/test/src/lib.rs:627:18
[INFO] [stdout]   26:     0x564eae2c9a41 - test::run_test_in_process::{{closure}}::hf5c73986d7bdfde2
[INFO] [stdout]                                at /rustc/0e09125c6c3c2fd70d7de961bcf0e51575235fad/library/test/src/lib.rs:650:60
[INFO] [stdout]   27:     0x564eae2c9a41 - <core::panic::unwind_safe::AssertUnwindSafe<F> as core::ops::function::FnOnce<()>>::call_once::h330011ad032aadc0
[INFO] [stdout]                                at /rustc/0e09125c6c3c2fd70d7de961bcf0e51575235fad/library/core/src/panic/unwind_safe.rs:272:9
[INFO] [stdout]   28:     0x564eae2c9a41 - std::panicking::try::do_call::he61b0a958b795a41
[INFO] [stdout]                                at /rustc/0e09125c6c3c2fd70d7de961bcf0e51575235fad/library/std/src/panicking.rs:552:40
[INFO] [stdout]   29:     0x564eae2c9a41 - std::panicking::try::h7309da130f906eb7
[INFO] [stdout]                                at /rustc/0e09125c6c3c2fd70d7de961bcf0e51575235fad/library/std/src/panicking.rs:516:19
[INFO] [stdout]   30:     0x564eae2c9a41 - std::panic::catch_unwind::hc5c3a06fdaf0a92a
[INFO] [stdout]                                at /rustc/0e09125c6c3c2fd70d7de961bcf0e51575235fad/library/std/src/panic.rs:142:14
[INFO] [stdout]   31:     0x564eae2c9a41 - test::run_test_in_process::h7e7b7c71c3324e0f
[INFO] [stdout]                                at /rustc/0e09125c6c3c2fd70d7de961bcf0e51575235fad/library/test/src/lib.rs:650:27
[INFO] [stdout]   32:     0x564eae2c9a41 - test::run_test::{{closure}}::h1f509f28f5cf20b1
[INFO] [stdout]                                at /rustc/0e09125c6c3c2fd70d7de961bcf0e51575235fad/library/test/src/lib.rs:573:43
[INFO] [stdout]   33:     0x564eae290d76 - test::run_test::{{closure}}::h1754218abf443f6d
[INFO] [stdout]                                at /rustc/0e09125c6c3c2fd70d7de961bcf0e51575235fad/library/test/src/lib.rs:601:41
[INFO] [stdout]   34:     0x564eae290d76 - std::sys_common::backtrace::__rust_begin_short_backtrace::h2ee174b9d5954948
[INFO] [stdout]                                at /rustc/0e09125c6c3c2fd70d7de961bcf0e51575235fad/library/std/src/sys_common/backtrace.rs:155:18
[INFO] [stdout]   35:     0x564eae295dd7 - std::thread::Builder::spawn_unchecked_::{{closure}}::{{closure}}::hf60bee9c1a17ef09
[INFO] [stdout]                                at /rustc/0e09125c6c3c2fd70d7de961bcf0e51575235fad/library/std/src/thread/mod.rs:529:17
[INFO] [stdout]   36:     0x564eae295dd7 - <core::panic::unwind_safe::AssertUnwindSafe<F> as core::ops::function::FnOnce<()>>::call_once::h33d0dddec5216160
[INFO] [stdout]                                at /rustc/0e09125c6c3c2fd70d7de961bcf0e51575235fad/library/core/src/panic/unwind_safe.rs:272:9
[INFO] [stdout]   37:     0x564eae295dd7 - std::panicking::try::do_call::h144b3048b546f835
[INFO] [stdout]                                at /rustc/0e09125c6c3c2fd70d7de961bcf0e51575235fad/library/std/src/panicking.rs:552:40
[INFO] [stdout]   38:     0x564eae295dd7 - std::panicking::try::h978244d04646189f
[INFO] [stdout]                                at /rustc/0e09125c6c3c2fd70d7de961bcf0e51575235fad/library/std/src/panicking.rs:516:19
[INFO] [stdout]   39:     0x564eae295dd7 - std::panic::catch_unwind::hdf436369d188fe86
[INFO] [stdout]                                at /rustc/0e09125c6c3c2fd70d7de961bcf0e51575235fad/library/std/src/panic.rs:142:14
[INFO] [stdout]   40:     0x564eae295dd7 - std::thread::Builder::spawn_unchecked_::{{closure}}::h87329cbdd33c79ec
[INFO] [stdout]                                at /rustc/0e09125c6c3c2fd70d7de961bcf0e51575235fad/library/std/src/thread/mod.rs:528:30
[INFO] [stdout]   41:     0x564eae295dd7 - core::ops::function::FnOnce::call_once{{vtable.shim}}::h401abbe67897d450
[INFO] [stdout]                                at /rustc/0e09125c6c3c2fd70d7de961bcf0e51575235fad/library/core/src/ops/function.rs:250:5
[INFO] [stdout]   42:     0x564eae309895 - <alloc::boxed::Box<F,A> as core::ops::function::FnOnce<Args>>::call_once::h5d7c8f150ab9c84c
[INFO] [stdout]                                at /rustc/0e09125c6c3c2fd70d7de961bcf0e51575235fad/library/alloc/src/boxed.rs:2015:9
[INFO] [stdout]   43:     0x564eae309895 - <alloc::boxed::Box<F,A> as core::ops::function::FnOnce<Args>>::call_once::h570d5b005c242c15
[INFO] [stdout]                                at /rustc/0e09125c6c3c2fd70d7de961bcf0e51575235fad/library/alloc/src/boxed.rs:2015:9
[INFO] [stdout]   44:     0x564eae309895 - std::sys::unix::thread::Thread::new::thread_start::h36b0a20c0b2361ad
[INFO] [stdout]                                at /rustc/0e09125c6c3c2fd70d7de961bcf0e51575235fad/library/std/src/sys/unix/thread.rs:108:17
[INFO] [stdout]   45:     0x7fb8defd1ac3 - <unknown>
[INFO] [stdout]   46:     0x7fb8df062bf4 - __clone
[INFO] [stdout]   47:                0x0 - <unknown>
[INFO] [stdout] 
[INFO] [stdout] 
[INFO] [stdout] failures:
[INFO] [stdout]     pwgraster::tests::encode_image
[INFO] [stdout] 
[INFO] [stdout] test result: FAILED. 4 passed; 1 failed; 0 ignored; 0 measured; 0 filtered out; finished in 0.05s
[INFO] [stdout] 
[INFO] [stderr] error: test failed, to rerun pass `--bin ipp-print`
[INFO] running `Command { std: "docker" "inspect" "808721054c0cf1606c64dc631cc9bbc62f31ee2f6abb4a6e646e062b8dc8cf11", kill_on_drop: false }`
[INFO] running `Command { std: "docker" "rm" "-f" "808721054c0cf1606c64dc631cc9bbc62f31ee2f6abb4a6e646e062b8dc8cf11", kill_on_drop: false }`
[INFO] [stdout] 808721054c0cf1606c64dc631cc9bbc62f31ee2f6abb4a6e646e062b8dc8cf11
