[INFO] cloning repository https://github.com/koa/triangles
[INFO] running `Command { std: "git" "-c" "credential.helper=" "-c" "credential.helper=/workspace/cargo-home/bin/git-credential-null" "clone" "--bare" "https://github.com/koa/triangles" "/workspace/cache/git-repos/https%3A%2F%2Fgithub.com%2Fkoa%2Ftriangles", kill_on_drop: false }`
[INFO] [stderr] Cloning into bare repository '/workspace/cache/git-repos/https%3A%2F%2Fgithub.com%2Fkoa%2Ftriangles'...
[INFO] running `Command { std: "git" "rev-parse" "HEAD", kill_on_drop: false }`
[INFO] [stdout] 307df4aa81f7ec0b4ce46cf1d8d2a423989af9c1
[INFO] testing koa/triangles against 1.75.0 for beta-1.76-1
[INFO] running `Command { std: "git" "clone" "/workspace/cache/git-repos/https%3A%2F%2Fgithub.com%2Fkoa%2Ftriangles" "/workspace/builds/worker-4-tc1/source", kill_on_drop: false }`
[INFO] [stderr] Cloning into '/workspace/builds/worker-4-tc1/source'...
[INFO] [stderr] done.
[INFO] validating manifest of git repo https://github.com/koa/triangles on toolchain 1.75.0
[INFO] running `Command { std: CARGO_HOME="/workspace/cargo-home" RUSTUP_HOME="/workspace/rustup-home" "/workspace/cargo-home/bin/cargo" "+1.75.0" "metadata" "--manifest-path" "Cargo.toml" "--no-deps", kill_on_drop: false }`
[INFO] started tweaking git repo https://github.com/koa/triangles
[INFO] finished tweaking git repo https://github.com/koa/triangles
[INFO] tweaked toml for git repo https://github.com/koa/triangles written to /workspace/builds/worker-4-tc1/source/Cargo.toml
[INFO] crate git repo https://github.com/koa/triangles already has a lockfile, it will not be regenerated
[INFO] running `Command { std: CARGO_HOME="/workspace/cargo-home" RUSTUP_HOME="/workspace/rustup-home" "/workspace/cargo-home/bin/cargo" "+1.75.0" "fetch" "--manifest-path" "Cargo.toml", kill_on_drop: false }`
[INFO] [stderr]     Updating crates.io index
[INFO] [stderr]  Downloading crates ...
[INFO] [stderr]   Downloaded vek v0.16.1
[INFO] [stderr]   Downloaded stl_io v0.7.0
[INFO] [stderr]   Downloaded zot v0.1.0
[INFO] [stderr]   Downloaded triangulate v0.2.0
[INFO] running `Command { std: "docker" "create" "-v" "/var/lib/crater-agent-workspace/builds/worker-4-tc1/target:/opt/rustwide/target:rw,Z" "-v" "/var/lib/crater-agent-workspace/builds/worker-4-tc1/source:/opt/rustwide/workdir:ro,Z" "-v" "/var/lib/crater-agent-workspace/cargo-home:/opt/rustwide/cargo-home:ro,Z" "-v" "/var/lib/crater-agent-workspace/rustup-home:/opt/rustwide/rustup-home:ro,Z" "-e" "SOURCE_DIR=/opt/rustwide/workdir" "-e" "CARGO_TARGET_DIR=/opt/rustwide/target" "-e" "CARGO_HOME=/opt/rustwide/cargo-home" "-e" "RUSTUP_HOME=/opt/rustwide/rustup-home" "-w" "/opt/rustwide/workdir" "-m" "1610612736" "--user" "0:0" "--network" "none" "ghcr.io/rust-lang/crates-build-env/linux@sha256:2788e3201cd34a07e3172128adcd8b3090168a8e3bcc40d7c032b9dda1df7d1c" "/opt/rustwide/cargo-home/bin/cargo" "+1.75.0" "metadata" "--no-deps" "--format-version=1", kill_on_drop: false }`
[INFO] [stdout] 45914a0fbbbd67e720e97c768a39568717aa3233f43600259b71456ce298576a
[INFO] running `Command { std: "docker" "start" "-a" "45914a0fbbbd67e720e97c768a39568717aa3233f43600259b71456ce298576a", kill_on_drop: false }`
[INFO] running `Command { std: "docker" "inspect" "45914a0fbbbd67e720e97c768a39568717aa3233f43600259b71456ce298576a", kill_on_drop: false }`
[INFO] running `Command { std: "docker" "rm" "-f" "45914a0fbbbd67e720e97c768a39568717aa3233f43600259b71456ce298576a", kill_on_drop: false }`
[INFO] [stdout] 45914a0fbbbd67e720e97c768a39568717aa3233f43600259b71456ce298576a
[INFO] running `Command { std: "docker" "create" "-v" "/var/lib/crater-agent-workspace/builds/worker-4-tc1/target:/opt/rustwide/target:rw,Z" "-v" "/var/lib/crater-agent-workspace/builds/worker-4-tc1/source:/opt/rustwide/workdir:ro,Z" "-v" "/var/lib/crater-agent-workspace/cargo-home:/opt/rustwide/cargo-home:ro,Z" "-v" "/var/lib/crater-agent-workspace/rustup-home:/opt/rustwide/rustup-home:ro,Z" "-e" "SOURCE_DIR=/opt/rustwide/workdir" "-e" "CARGO_TARGET_DIR=/opt/rustwide/target" "-e" "CARGO_INCREMENTAL=0" "-e" "RUST_BACKTRACE=full" "-e" "RUSTFLAGS=--cap-lints=warn" "-e" "RUSTDOCFLAGS=--cap-lints=warn" "-e" "CARGO_HOME=/opt/rustwide/cargo-home" "-e" "RUSTUP_HOME=/opt/rustwide/rustup-home" "-w" "/opt/rustwide/workdir" "-m" "1610612736" "--user" "0:0" "--network" "none" "ghcr.io/rust-lang/crates-build-env/linux@sha256:2788e3201cd34a07e3172128adcd8b3090168a8e3bcc40d7c032b9dda1df7d1c" "/opt/rustwide/cargo-home/bin/cargo" "+1.75.0" "build" "--frozen" "--message-format=json", kill_on_drop: false }`
[INFO] [stdout] 0d3dcb02493ac2e2a0d5b73741255fbc42c8a6f75819774124953c4cad06b61f
[INFO] running `Command { std: "docker" "start" "-a" "0d3dcb02493ac2e2a0d5b73741255fbc42c8a6f75819774124953c4cad06b61f", kill_on_drop: false }`
[INFO] [stderr]    Compiling autocfg v1.1.0
[INFO] [stderr]    Compiling libc v0.2.144
[INFO] [stderr]    Compiling semver v1.0.18
[INFO] [stderr]    Compiling cfg-if v1.0.0
[INFO] [stderr]    Compiling proc-macro2 v1.0.66
[INFO] [stderr]    Compiling quote v1.0.28
[INFO] [stderr]    Compiling unicode-ident v1.0.9
[INFO] [stderr]    Compiling memchr v2.5.0
[INFO] [stderr]    Compiling cc v1.0.79
[INFO] [stderr]    Compiling ppv-lite86 v0.2.17
[INFO] [stderr]    Compiling gimli v0.27.2
[INFO] [stderr]    Compiling num-traits v0.2.15
[INFO] [stderr]    Compiling num-integer v0.1.45
[INFO] [stderr]    Compiling rustc_version v0.4.0
[INFO] [stderr]    Compiling adler v1.0.2
[INFO] [stderr]    Compiling serde v1.0.174
[INFO] [stderr]    Compiling vek v0.16.1
[INFO] [stderr]    Compiling miniz_oxide v0.6.2
[INFO] [stderr]    Compiling syn v2.0.27
[INFO] [stderr]    Compiling getrandom v0.2.9
[INFO] [stderr]    Compiling backtrace v0.3.67
[INFO] [stderr]    Compiling object v0.30.3
[INFO] [stderr]    Compiling log v0.4.18
[INFO] [stderr]    Compiling rand_core v0.6.4
[INFO] [stderr]    Compiling serde_derive v1.0.174
[INFO] [stderr]    Compiling rustc-demangle v0.1.23
[INFO] [stderr]    Compiling thiserror v1.0.40
[INFO] [stderr]    Compiling rand_chacha v0.3.1
[INFO] [stderr]    Compiling rand v0.8.5
[INFO] [stderr]    Compiling approx v0.5.1
[INFO] [stderr]    Compiling ordered-float v2.10.0
[INFO] [stderr]    Compiling float-cmp v0.9.0
[INFO] [stderr]    Compiling smallvec v1.10.0
[INFO] [stderr]    Compiling zot v0.1.0
[INFO] [stderr]    Compiling either v1.8.1
[INFO] [stderr]    Compiling byteorder v1.4.3
[INFO] [stderr]    Compiling itertools v0.11.0
[INFO] [stderr]    Compiling addr2line v0.19.0
[INFO] [stderr]    Compiling stl_io v0.7.0
[INFO] [stderr]    Compiling ordered-float v3.7.0
[INFO] [stderr]    Compiling thiserror-impl v1.0.40
[INFO] [stderr]    Compiling triangulate v0.2.0
[INFO] [stderr]    Compiling triangles v0.1.0 (/opt/rustwide/workdir)
[INFO] [stdout] warning: unused import: `crate::geometry2d::polygon::AnyPolygonPointIter::StaticTrianglePolygon`
[INFO] [stdout]  --> src/geometry2d/polygon/mod.rs:7:5
[INFO] [stdout]   |
[INFO] [stdout] 7 | use crate::geometry2d::polygon::AnyPolygonPointIter::StaticTrianglePolygon;
[INFO] [stdout]   |     ^^^^^^^^^^^^^^^^^^^^^^^^^^^^^^^^^^^^^^^^^^^^^^^^^^^^^^^^^^^^^^^^^^^^^^
[INFO] [stdout]   |
[INFO] [stdout]   = note: `#[warn(unused_imports)]` on by default
[INFO] [stdout] 
[INFO] [stdout] 
[INFO] [stdout] warning: unused import: `Triangle2d`
[INFO] [stdout]   --> src/geometry2d/polygon/mod.rs:10:46
[INFO] [stdout]    |
[INFO] [stdout] 10 | use crate::prelude::{BoundingBox2d, Point2d, Triangle2d};
[INFO] [stdout]    |                                              ^^^^^^^^^^
[INFO] [stdout] 
[INFO] [stdout] 
[INFO] [stdout] warning: unused import: `crate::geometry3d::triangles::indexed_point::IndexedPoint`
[INFO] [stdout]  --> src/geometry3d/line/referenced_line.rs:4:5
[INFO] [stdout]   |
[INFO] [stdout] 4 | use crate::geometry3d::triangles::indexed_point::IndexedPoint;
[INFO] [stdout]   |     ^^^^^^^^^^^^^^^^^^^^^^^^^^^^^^^^^^^^^^^^^^^^^^^^^^^^^^^^^
[INFO] [stdout] 
[INFO] [stdout] 
[INFO] [stdout] warning: unused import: `log::info`
[INFO] [stdout]  --> src/geometry3d/plane/projection.rs:3:5
[INFO] [stdout]   |
[INFO] [stdout] 3 | use log::info;
[INFO] [stdout]   |     ^^^^^^^^^
[INFO] [stdout] 
[INFO] [stdout] 
[INFO] [stdout] warning: unnecessary parentheses around assigned value
[INFO] [stdout]   --> src/geometry3d/plane/mod.rs:37:24
[INFO] [stdout]    |
[INFO] [stdout] 37 |         let distance = (normal.dot(v1));
[INFO] [stdout]    |                        ^              ^
[INFO] [stdout]    |
[INFO] [stdout]    = note: `#[warn(unused_parens)]` on by default
[INFO] [stdout] help: remove these parentheses
[INFO] [stdout]    |
[INFO] [stdout] 37 -         let distance = (normal.dot(v1));
[INFO] [stdout] 37 +         let distance = normal.dot(v1);
[INFO] [stdout]    |
[INFO] [stdout] 
[INFO] [stdout] 
[INFO] [stdout] warning: unused variable: `z`
[INFO] [stdout]   --> src/geometry3d/plane/projection.rs:50:26
[INFO] [stdout]    |
[INFO] [stdout] 50 |         let Vec4 { x, y, z, w } = q.map(|v| v.0) * Into::<Vec4<f64>>::into(v4);
[INFO] [stdout]    |                          ^ help: try ignoring the field: `z: _`
[INFO] [stdout]    |
[INFO] [stdout]    = note: `#[warn(unused_variables)]` on by default
[INFO] [stdout] 
[INFO] [stdout] 
[INFO] [stdout] warning: unused variable: `w`
[INFO] [stdout]   --> src/geometry3d/plane/projection.rs:50:29
[INFO] [stdout]    |
[INFO] [stdout] 50 |         let Vec4 { x, y, z, w } = q.map(|v| v.0) * Into::<Vec4<f64>>::into(v4);
[INFO] [stdout]    |                             ^ help: try ignoring the field: `w: _`
[INFO] [stdout] 
[INFO] [stdout] 
[INFO] [stdout] warning: unused variable: `data`
[INFO] [stdout]   --> src/geometry3d/triangles/topology/mod.rs:81:13
[INFO] [stdout]    |
[INFO] [stdout] 81 |         let data = Box::new(PlanesAndTriangles {
[INFO] [stdout]    |             ^^^^ help: if this is intentional, prefix it with an underscore: `_data`
[INFO] [stdout] 
[INFO] [stdout] 
[INFO] [stdout] warning: unused variable: `idx`
[INFO] [stdout]   --> src/geometry3d/triangles/topology/mod.rs:95:14
[INFO] [stdout]    |
[INFO] [stdout] 95 |         for (idx, triangle) in triangles.iter().enumerate() {
[INFO] [stdout]    |              ^^^ help: if this is intentional, prefix it with an underscore: `_idx`
[INFO] [stdout] 
[INFO] [stdout] 
[INFO] [stdout] warning: methods `min_x`, `min_y`, `max_x`, `max_y`, `width`, and `height` are never used
[INFO] [stdout]   --> src/geometry3d/point/bounding_box.rs:25:12
[INFO] [stdout]    |
[INFO] [stdout] 24 | impl BoundingBox3dValues {
[INFO] [stdout]    | ------------------------ methods in this implementation
[INFO] [stdout] 25 |     pub fn min_x(&self) -> Number {
[INFO] [stdout]    |            ^^^^^
[INFO] [stdout] ...
[INFO] [stdout] 28 |     pub fn min_y(&self) -> Number {
[INFO] [stdout]    |            ^^^^^
[INFO] [stdout] ...
[INFO] [stdout] 31 |     pub fn max_x(&self) -> Number {
[INFO] [stdout]    |            ^^^^^
[INFO] [stdout] ...
[INFO] [stdout] 34 |     pub fn max_y(&self) -> Number {
[INFO] [stdout]    |            ^^^^^
[INFO] [stdout] ...
[INFO] [stdout] 37 |     pub fn width(&self) -> Number {
[INFO] [stdout]    |            ^^^^^
[INFO] [stdout] ...
[INFO] [stdout] 40 |     pub fn height(&self) -> Number {
[INFO] [stdout]    |            ^^^^^^
[INFO] [stdout]    |
[INFO] [stdout]    = note: `#[warn(dead_code)]` on by default
[INFO] [stdout] 
[INFO] [stdout] 
[INFO] [stdout] warning: methods `get_point`, `points`, `get_side`, and `sides` are never used
[INFO] [stdout]    --> src/geometry3d/triangles/mod.rs:104:8
[INFO] [stdout]     |
[INFO] [stdout] 102 | impl IndexedTriangleEntry {
[INFO] [stdout]     | ------------------------- methods in this implementation
[INFO] [stdout] 103 |     #[inline]
[INFO] [stdout] 104 |     fn get_point(&self, p: TriangleCornerPoint) -> usize {
[INFO] [stdout]     |        ^^^^^^^^^
[INFO] [stdout] ...
[INFO] [stdout] 112 |     fn points(&self) -> [usize; 3] {
[INFO] [stdout]     |        ^^^^^^
[INFO] [stdout] ...
[INFO] [stdout] 115 |     fn get_side(&self, side: TriangleSide) -> (usize, usize) {
[INFO] [stdout]     |        ^^^^^^^^
[INFO] [stdout] ...
[INFO] [stdout] 121 |     fn sides(&self) -> [[usize; 2]; 3] {
[INFO] [stdout]     |        ^^^^^
[INFO] [stdout] 
[INFO] [stdout] 
[INFO] [stdout] warning: fields `triangles` and `planes` are never read
[INFO] [stdout]   --> src/geometry3d/triangles/topology/mod.rs:26:5
[INFO] [stdout]    |
[INFO] [stdout] 25 | struct PlanesAndTriangles<'a, P: Point3d> {
[INFO] [stdout]    |        ------------------ fields in this struct
[INFO] [stdout] 26 |     triangles: &'a IndexedTriangleList<P>,
[INFO] [stdout]    |     ^^^^^^^^^
[INFO] [stdout] 27 |     planes: Vec<Plane3d>,
[INFO] [stdout]    |     ^^^^^^
[INFO] [stdout]    |
[INFO] [stdout]    = note: `PlanesAndTriangles` has a derived impl for the trait `Debug`, but this is intentionally ignored during dead code analysis
[INFO] [stdout] 
[INFO] [stdout] 
[INFO] [stdout] warning: struct `DerivedData` is never constructed
[INFO] [stdout]   --> src/geometry3d/triangles/topology/mod.rs:29:8
[INFO] [stdout]    |
[INFO] [stdout] 29 | struct DerivedData<'a, P: Point3d> {
[INFO] [stdout]    |        ^^^^^^^^^^^
[INFO] [stdout] 
[INFO] [stdout] 
[INFO] [stdout] warning: field `surfaces` is never read
[INFO] [stdout]   --> src/geometry3d/triangles/topology/mod.rs:39:5
[INFO] [stdout]    |
[INFO] [stdout] 34 | pub struct TriangleTopology<'a, P: Point3d> {
[INFO] [stdout]    |            ---------------- field in this struct
[INFO] [stdout] ...
[INFO] [stdout] 39 |     surfaces: OnceCell<Vec<TriangleGroup<'a, P>>>,
[INFO] [stdout]    |     ^^^^^^^^
[INFO] [stdout] 
[INFO] [stdout] 
[INFO] [stdout] warning: function `group_planes_vec` is never used
[INFO] [stdout]    --> src/geometry3d/triangles/topology/mod.rs:251:4
[INFO] [stdout]     |
[INFO] [stdout] 251 | fn group_planes_vec<P: Point3d>(triangles: &Vec<Plane3d>) -> HashMap<&Plane3d, Vec<&Plane3d>> {
[INFO] [stdout]     |    ^^^^^^^^^^^^^^^^
[INFO] [stdout] 
[INFO] [stdout] 
[INFO] [stdout] warning: 15 warnings emitted
[INFO] [stdout] 
[INFO] [stdout] 
[INFO] [stderr]     Finished dev [unoptimized + debuginfo] target(s) in 25.35s
[INFO] running `Command { std: "docker" "inspect" "0d3dcb02493ac2e2a0d5b73741255fbc42c8a6f75819774124953c4cad06b61f", kill_on_drop: false }`
[INFO] running `Command { std: "docker" "rm" "-f" "0d3dcb02493ac2e2a0d5b73741255fbc42c8a6f75819774124953c4cad06b61f", kill_on_drop: false }`
[INFO] [stdout] 0d3dcb02493ac2e2a0d5b73741255fbc42c8a6f75819774124953c4cad06b61f
[INFO] running `Command { std: "docker" "create" "-v" "/var/lib/crater-agent-workspace/builds/worker-4-tc1/target:/opt/rustwide/target:rw,Z" "-v" "/var/lib/crater-agent-workspace/builds/worker-4-tc1/source:/opt/rustwide/workdir:ro,Z" "-v" "/var/lib/crater-agent-workspace/cargo-home:/opt/rustwide/cargo-home:ro,Z" "-v" "/var/lib/crater-agent-workspace/rustup-home:/opt/rustwide/rustup-home:ro,Z" "-e" "SOURCE_DIR=/opt/rustwide/workdir" "-e" "CARGO_TARGET_DIR=/opt/rustwide/target" "-e" "CARGO_INCREMENTAL=0" "-e" "RUST_BACKTRACE=full" "-e" "RUSTFLAGS=--cap-lints=warn" "-e" "RUSTDOCFLAGS=--cap-lints=warn" "-e" "CARGO_HOME=/opt/rustwide/cargo-home" "-e" "RUSTUP_HOME=/opt/rustwide/rustup-home" "-w" "/opt/rustwide/workdir" "-m" "1610612736" "--user" "0:0" "--network" "none" "ghcr.io/rust-lang/crates-build-env/linux@sha256:2788e3201cd34a07e3172128adcd8b3090168a8e3bcc40d7c032b9dda1df7d1c" "/opt/rustwide/cargo-home/bin/cargo" "+1.75.0" "test" "--frozen" "--no-run" "--message-format=json", kill_on_drop: false }`
[INFO] [stdout] 052260b54fedde8b944d7a204f378978f3ad0e0f462992d3b3eb52dfcd2da8ef
[INFO] running `Command { std: "docker" "start" "-a" "052260b54fedde8b944d7a204f378978f3ad0e0f462992d3b3eb52dfcd2da8ef", kill_on_drop: false }`
[INFO] [stderr]    Compiling libc v0.2.144
[INFO] [stderr]    Compiling crossbeam-utils v0.8.16
[INFO] [stderr]    Compiling serde v1.0.174
[INFO] [stderr]    Compiling memoffset v0.9.0
[INFO] [stderr]    Compiling crossbeam-epoch v0.9.15
[INFO] [stderr]    Compiling scopeguard v1.1.0
[INFO] [stderr]    Compiling io-lifetimes v1.0.11
[INFO] [stderr]    Compiling bitflags v1.3.2
[INFO] [stderr]    Compiling serde_json v1.0.97
[INFO] [stderr]    Compiling rayon-core v1.11.0
[INFO] [stderr]    Compiling rustix v0.37.20
[INFO] [stderr]    Compiling linux-raw-sys v0.3.8
[INFO] [stderr]    Compiling itoa v1.0.6
[INFO] [stderr]    Compiling plotters-backend v0.3.5
[INFO] [stderr]    Compiling half v1.8.2
[INFO] [stderr]    Compiling anstyle v1.0.0
[INFO] [stderr]    Compiling ryu v1.0.13
[INFO] [stderr]    Compiling clap_lex v0.5.0
[INFO] [stderr]    Compiling crossbeam-channel v0.5.8
[INFO] [stderr]    Compiling ciborium-io v0.2.1
[INFO] [stderr]    Compiling ciborium-ll v0.2.1
[INFO] [stderr]    Compiling clap_builder v4.3.4
[INFO] [stderr]    Compiling crossbeam-deque v0.8.3
[INFO] [stderr]    Compiling plotters-svg v0.3.5
[INFO] [stderr]    Compiling itertools v0.10.5
[INFO] [stderr]    Compiling approx v0.5.1
[INFO] [stderr]    Compiling regex-syntax v0.7.2
[INFO] [stderr]    Compiling same-file v1.0.6
[INFO] [stderr]    Compiling cast v0.3.0
[INFO] [stderr]    Compiling walkdir v2.3.3
[INFO] [stderr]    Compiling plotters v0.3.5
[INFO] [stderr]    Compiling anes v0.1.6
[INFO] [stderr]    Compiling once_cell v1.18.0
[INFO] [stderr]    Compiling oorandom v11.1.3
[INFO] [stderr]    Compiling getrandom v0.2.9
[INFO] [stderr]    Compiling num_cpus v1.15.0
[INFO] [stderr]    Compiling rand_core v0.6.4
[INFO] [stderr]    Compiling rand_chacha v0.3.1
[INFO] [stderr]    Compiling rand v0.8.5
[INFO] [stderr]    Compiling backtrace v0.3.67
[INFO] [stderr]    Compiling clap v4.3.4
[INFO] [stderr]    Compiling regex v1.8.4
[INFO] [stderr]    Compiling criterion-plot v0.5.0
[INFO] [stderr]    Compiling triangulate v0.2.0
[INFO] [stderr]    Compiling vek v0.16.1
[INFO] [stderr]    Compiling ciborium v0.2.1
[INFO] [stderr]    Compiling is-terminal v0.4.7
[INFO] [stderr]    Compiling rayon v1.7.0
[INFO] [stderr]    Compiling svg v0.13.1
[INFO] [stderr]    Compiling tinytemplate v1.2.1
[INFO] [stderr]    Compiling criterion v0.5.1
[INFO] [stderr]    Compiling triangles v0.1.0 (/opt/rustwide/workdir)
[INFO] [stdout] warning: unused import: `crate::geometry2d::polygon::AnyPolygonPointIter::StaticTrianglePolygon`
[INFO] [stdout]  --> src/geometry2d/polygon/mod.rs:7:5
[INFO] [stdout]   |
[INFO] [stdout] 7 | use crate::geometry2d::polygon::AnyPolygonPointIter::StaticTrianglePolygon;
[INFO] [stdout]   |     ^^^^^^^^^^^^^^^^^^^^^^^^^^^^^^^^^^^^^^^^^^^^^^^^^^^^^^^^^^^^^^^^^^^^^^
[INFO] [stdout]   |
[INFO] [stdout]   = note: `#[warn(unused_imports)]` on by default
[INFO] [stdout] 
[INFO] [stdout] 
[INFO] [stdout] warning: unused import: `Triangle2d`
[INFO] [stdout]   --> src/geometry2d/polygon/mod.rs:10:46
[INFO] [stdout]    |
[INFO] [stdout] 10 | use crate::prelude::{BoundingBox2d, Point2d, Triangle2d};
[INFO] [stdout]    |                                              ^^^^^^^^^^
[INFO] [stdout] 
[INFO] [stdout] 
[INFO] [stdout] warning: unused import: `crate::geometry3d::triangles::indexed_point::IndexedPoint`
[INFO] [stdout]  --> src/geometry3d/line/referenced_line.rs:4:5
[INFO] [stdout]   |
[INFO] [stdout] 4 | use crate::geometry3d::triangles::indexed_point::IndexedPoint;
[INFO] [stdout]   |     ^^^^^^^^^^^^^^^^^^^^^^^^^^^^^^^^^^^^^^^^^^^^^^^^^^^^^^^^^
[INFO] [stdout] 
[INFO] [stdout] 
[INFO] [stdout] warning: unused import: `log::info`
[INFO] [stdout]  --> src/geometry3d/plane/projection.rs:3:5
[INFO] [stdout]   |
[INFO] [stdout] 3 | use log::info;
[INFO] [stdout]   |     ^^^^^^^^^
[INFO] [stdout] 
[INFO] [stdout] 
[INFO] [stdout] warning: unnecessary parentheses around assigned value
[INFO] [stdout]   --> src/geometry3d/plane/mod.rs:37:24
[INFO] [stdout]    |
[INFO] [stdout] 37 |         let distance = (normal.dot(v1));
[INFO] [stdout]    |                        ^              ^
[INFO] [stdout]    |
[INFO] [stdout]    = note: `#[warn(unused_parens)]` on by default
[INFO] [stdout] help: remove these parentheses
[INFO] [stdout]    |
[INFO] [stdout] 37 -         let distance = (normal.dot(v1));
[INFO] [stdout] 37 +         let distance = normal.dot(v1);
[INFO] [stdout]    |
[INFO] [stdout] 
[INFO] [stdout] 
[INFO] [stdout] warning: unused variable: `z`
[INFO] [stdout]   --> src/geometry3d/plane/projection.rs:50:26
[INFO] [stdout]    |
[INFO] [stdout] 50 |         let Vec4 { x, y, z, w } = q.map(|v| v.0) * Into::<Vec4<f64>>::into(v4);
[INFO] [stdout]    |                          ^ help: try ignoring the field: `z: _`
[INFO] [stdout]    |
[INFO] [stdout]    = note: `#[warn(unused_variables)]` on by default
[INFO] [stdout] 
[INFO] [stdout] 
[INFO] [stdout] warning: unused variable: `w`
[INFO] [stdout]   --> src/geometry3d/plane/projection.rs:50:29
[INFO] [stdout]    |
[INFO] [stdout] 50 |         let Vec4 { x, y, z, w } = q.map(|v| v.0) * Into::<Vec4<f64>>::into(v4);
[INFO] [stdout]    |                             ^ help: try ignoring the field: `w: _`
[INFO] [stdout] 
[INFO] [stdout] 
[INFO] [stdout] warning: unused variable: `data`
[INFO] [stdout]   --> src/geometry3d/triangles/topology/mod.rs:81:13
[INFO] [stdout]    |
[INFO] [stdout] 81 |         let data = Box::new(PlanesAndTriangles {
[INFO] [stdout]    |             ^^^^ help: if this is intentional, prefix it with an underscore: `_data`
[INFO] [stdout] 
[INFO] [stdout] 
[INFO] [stdout] warning: unused variable: `idx`
[INFO] [stdout]   --> src/geometry3d/triangles/topology/mod.rs:95:14
[INFO] [stdout]    |
[INFO] [stdout] 95 |         for (idx, triangle) in triangles.iter().enumerate() {
[INFO] [stdout]    |              ^^^ help: if this is intentional, prefix it with an underscore: `_idx`
[INFO] [stdout] 
[INFO] [stdout] 
[INFO] [stdout] warning: methods `min_x`, `min_y`, `max_x`, `max_y`, `width`, and `height` are never used
[INFO] [stdout]   --> src/geometry3d/point/bounding_box.rs:25:12
[INFO] [stdout]    |
[INFO] [stdout] 24 | impl BoundingBox3dValues {
[INFO] [stdout]    | ------------------------ methods in this implementation
[INFO] [stdout] 25 |     pub fn min_x(&self) -> Number {
[INFO] [stdout]    |            ^^^^^
[INFO] [stdout] ...
[INFO] [stdout] 28 |     pub fn min_y(&self) -> Number {
[INFO] [stdout]    |            ^^^^^
[INFO] [stdout] ...
[INFO] [stdout] 31 |     pub fn max_x(&self) -> Number {
[INFO] [stdout]    |            ^^^^^
[INFO] [stdout] ...
[INFO] [stdout] 34 |     pub fn max_y(&self) -> Number {
[INFO] [stdout]    |            ^^^^^
[INFO] [stdout] ...
[INFO] [stdout] 37 |     pub fn width(&self) -> Number {
[INFO] [stdout]    |            ^^^^^
[INFO] [stdout] ...
[INFO] [stdout] 40 |     pub fn height(&self) -> Number {
[INFO] [stdout]    |            ^^^^^^
[INFO] [stdout]    |
[INFO] [stdout]    = note: `#[warn(dead_code)]` on by default
[INFO] [stdout] 
[INFO] [stdout] 
[INFO] [stdout] warning: methods `get_point`, `points`, `get_side`, and `sides` are never used
[INFO] [stdout]    --> src/geometry3d/triangles/mod.rs:104:8
[INFO] [stdout]     |
[INFO] [stdout] 102 | impl IndexedTriangleEntry {
[INFO] [stdout]     | ------------------------- methods in this implementation
[INFO] [stdout] 103 |     #[inline]
[INFO] [stdout] 104 |     fn get_point(&self, p: TriangleCornerPoint) -> usize {
[INFO] [stdout]     |        ^^^^^^^^^
[INFO] [stdout] ...
[INFO] [stdout] 112 |     fn points(&self) -> [usize; 3] {
[INFO] [stdout]     |        ^^^^^^
[INFO] [stdout] ...
[INFO] [stdout] 115 |     fn get_side(&self, side: TriangleSide) -> (usize, usize) {
[INFO] [stdout]     |        ^^^^^^^^
[INFO] [stdout] ...
[INFO] [stdout] 121 |     fn sides(&self) -> [[usize; 2]; 3] {
[INFO] [stdout]     |        ^^^^^
[INFO] [stdout] 
[INFO] [stdout] 
[INFO] [stdout] warning: fields `triangles` and `planes` are never read
[INFO] [stdout]   --> src/geometry3d/triangles/topology/mod.rs:26:5
[INFO] [stdout]    |
[INFO] [stdout] 25 | struct PlanesAndTriangles<'a, P: Point3d> {
[INFO] [stdout]    |        ------------------ fields in this struct
[INFO] [stdout] 26 |     triangles: &'a IndexedTriangleList<P>,
[INFO] [stdout]    |     ^^^^^^^^^
[INFO] [stdout] 27 |     planes: Vec<Plane3d>,
[INFO] [stdout]    |     ^^^^^^
[INFO] [stdout]    |
[INFO] [stdout]    = note: `PlanesAndTriangles` has a derived impl for the trait `Debug`, but this is intentionally ignored during dead code analysis
[INFO] [stdout] 
[INFO] [stdout] 
[INFO] [stdout] warning: struct `DerivedData` is never constructed
[INFO] [stdout]   --> src/geometry3d/triangles/topology/mod.rs:29:8
[INFO] [stdout]    |
[INFO] [stdout] 29 | struct DerivedData<'a, P: Point3d> {
[INFO] [stdout]    |        ^^^^^^^^^^^
[INFO] [stdout] 
[INFO] [stdout] 
[INFO] [stdout] warning: field `surfaces` is never read
[INFO] [stdout]   --> src/geometry3d/triangles/topology/mod.rs:39:5
[INFO] [stdout]    |
[INFO] [stdout] 34 | pub struct TriangleTopology<'a, P: Point3d> {
[INFO] [stdout]    |            ---------------- field in this struct
[INFO] [stdout] ...
[INFO] [stdout] 39 |     surfaces: OnceCell<Vec<TriangleGroup<'a, P>>>,
[INFO] [stdout]    |     ^^^^^^^^
[INFO] [stdout] 
[INFO] [stdout] 
[INFO] [stdout] warning: function `group_planes_vec` is never used
[INFO] [stdout]    --> src/geometry3d/triangles/topology/mod.rs:251:4
[INFO] [stdout]     |
[INFO] [stdout] 251 | fn group_planes_vec<P: Point3d>(triangles: &Vec<Plane3d>) -> HashMap<&Plane3d, Vec<&Plane3d>> {
[INFO] [stdout]     |    ^^^^^^^^^^^^^^^^
[INFO] [stdout] 
[INFO] [stdout] 
[INFO] [stdout] warning: 15 warnings emitted
[INFO] [stdout] 
[INFO] [stdout] 
[INFO] [stdout] warning: unused import: `crate::geometry2d::polygon::AnyPolygonPointIter::StaticTrianglePolygon`
[INFO] [stdout]  --> src/geometry2d/polygon/mod.rs:7:5
[INFO] [stdout]   |
[INFO] [stdout] 7 | use crate::geometry2d::polygon::AnyPolygonPointIter::StaticTrianglePolygon;
[INFO] [stdout]   |     ^^^^^^^^^^^^^^^^^^^^^^^^^^^^^^^^^^^^^^^^^^^^^^^^^^^^^^^^^^^^^^^^^^^^^^
[INFO] [stdout]   |
[INFO] [stdout]   = note: `#[warn(unused_imports)]` on by default
[INFO] [stdout] 
[INFO] [stdout] 
[INFO] [stdout] warning: unused import: `Triangle2d`
[INFO] [stdout]   --> src/geometry2d/polygon/mod.rs:10:46
[INFO] [stdout]    |
[INFO] [stdout] 10 | use crate::prelude::{BoundingBox2d, Point2d, Triangle2d};
[INFO] [stdout]    |                                              ^^^^^^^^^^
[INFO] [stdout] 
[INFO] [stdout] 
[INFO] [stdout] warning: unused import: `crate::geometry3d::triangles::indexed_point::IndexedPoint`
[INFO] [stdout]  --> src/geometry3d/line/referenced_line.rs:4:5
[INFO] [stdout]   |
[INFO] [stdout] 4 | use crate::geometry3d::triangles::indexed_point::IndexedPoint;
[INFO] [stdout]   |     ^^^^^^^^^^^^^^^^^^^^^^^^^^^^^^^^^^^^^^^^^^^^^^^^^^^^^^^^^
[INFO] [stdout] 
[INFO] [stdout] 
[INFO] [stdout] warning: unused import: `log::info`
[INFO] [stdout]  --> src/geometry3d/plane/projection.rs:3:5
[INFO] [stdout]   |
[INFO] [stdout] 3 | use log::info;
[INFO] [stdout]   |     ^^^^^^^^^
[INFO] [stdout] 
[INFO] [stdout] 
[INFO] [stdout] warning: unnecessary parentheses around assigned value
[INFO] [stdout]   --> src/geometry3d/plane/mod.rs:37:24
[INFO] [stdout]    |
[INFO] [stdout] 37 |         let distance = (normal.dot(v1));
[INFO] [stdout]    |                        ^              ^
[INFO] [stdout]    |
[INFO] [stdout]    = note: `#[warn(unused_parens)]` on by default
[INFO] [stdout] help: remove these parentheses
[INFO] [stdout]    |
[INFO] [stdout] 37 -         let distance = (normal.dot(v1));
[INFO] [stdout] 37 +         let distance = normal.dot(v1);
[INFO] [stdout]    |
[INFO] [stdout] 
[INFO] [stdout] 
[INFO] [stdout] warning: unused import: `vek::approx::relative_eq`
[INFO] [stdout]    --> src/geometry3d/plane/mod.rs:123:9
[INFO] [stdout]     |
[INFO] [stdout] 123 |     use vek::approx::relative_eq;
[INFO] [stdout]     |         ^^^^^^^^^^^^^^^^^^^^^^^^
[INFO] [stdout] 
[INFO] [stdout] 
[INFO] [stdout] warning: unused import: `crate::prelude::AnyPolygon::StaticTrianglePolygon`
[INFO] [stdout]    --> src/geometry3d/plane/mod.rs:129:9
[INFO] [stdout]     |
[INFO] [stdout] 129 |     use crate::prelude::AnyPolygon::StaticTrianglePolygon;
[INFO] [stdout]     |         ^^^^^^^^^^^^^^^^^^^^^^^^^^^^^^^^^^^^^^^^^^^^^^^^^
[INFO] [stdout] 
[INFO] [stdout] 
[INFO] [stdout] warning: unused variable: `small_triangle`
[INFO] [stdout]    --> src/geometry2d/test.rs:365:9
[INFO] [stdout]     |
[INFO] [stdout] 365 |     let small_triangle = StaticTriangle2d::<StaticPoint2d>::new(
[INFO] [stdout]     |         ^^^^^^^^^^^^^^ help: if this is intentional, prefix it with an underscore: `_small_triangle`
[INFO] [stdout]     |
[INFO] [stdout]     = note: `#[warn(unused_variables)]` on by default
[INFO] [stdout] 
[INFO] [stdout] 
[INFO] [stdout] warning: unused variable: `z`
[INFO] [stdout]   --> src/geometry3d/plane/projection.rs:50:26
[INFO] [stdout]    |
[INFO] [stdout] 50 |         let Vec4 { x, y, z, w } = q.map(|v| v.0) * Into::<Vec4<f64>>::into(v4);
[INFO] [stdout]    |                          ^ help: try ignoring the field: `z: _`
[INFO] [stdout] 
[INFO] [stdout] 
[INFO] [stdout] warning: unused variable: `w`
[INFO] [stdout]   --> src/geometry3d/plane/projection.rs:50:29
[INFO] [stdout]    |
[INFO] [stdout] 50 |         let Vec4 { x, y, z, w } = q.map(|v| v.0) * Into::<Vec4<f64>>::into(v4);
[INFO] [stdout]    |                             ^ help: try ignoring the field: `w: _`
[INFO] [stdout] 
[INFO] [stdout] 
[INFO] [stdout] warning: unused variable: `data`
[INFO] [stdout]   --> src/geometry3d/triangles/topology/mod.rs:81:13
[INFO] [stdout]    |
[INFO] [stdout] 81 |         let data = Box::new(PlanesAndTriangles {
[INFO] [stdout]    |             ^^^^ help: if this is intentional, prefix it with an underscore: `_data`
[INFO] [stdout] 
[INFO] [stdout] 
[INFO] [stdout] warning: unused variable: `idx`
[INFO] [stdout]   --> src/geometry3d/triangles/topology/mod.rs:95:14
[INFO] [stdout]    |
[INFO] [stdout] 95 |         for (idx, triangle) in triangles.iter().enumerate() {
[INFO] [stdout]    |              ^^^ help: if this is intentional, prefix it with an underscore: `_idx`
[INFO] [stdout] 
[INFO] [stdout] 
[INFO] [stdout] warning: methods `min_x`, `min_y`, `max_x`, `max_y`, `width`, and `height` are never used
[INFO] [stdout]   --> src/geometry3d/point/bounding_box.rs:25:12
[INFO] [stdout]    |
[INFO] [stdout] 24 | impl BoundingBox3dValues {
[INFO] [stdout]    | ------------------------ methods in this implementation
[INFO] [stdout] 25 |     pub fn min_x(&self) -> Number {
[INFO] [stdout]    |            ^^^^^
[INFO] [stdout] ...
[INFO] [stdout] 28 |     pub fn min_y(&self) -> Number {
[INFO] [stdout]    |            ^^^^^
[INFO] [stdout] ...
[INFO] [stdout] 31 |     pub fn max_x(&self) -> Number {
[INFO] [stdout]    |            ^^^^^
[INFO] [stdout] ...
[INFO] [stdout] 34 |     pub fn max_y(&self) -> Number {
[INFO] [stdout]    |            ^^^^^
[INFO] [stdout] ...
[INFO] [stdout] 37 |     pub fn width(&self) -> Number {
[INFO] [stdout]    |            ^^^^^
[INFO] [stdout] ...
[INFO] [stdout] 40 |     pub fn height(&self) -> Number {
[INFO] [stdout]    |            ^^^^^^
[INFO] [stdout]    |
[INFO] [stdout]    = note: `#[warn(dead_code)]` on by default
[INFO] [stdout] 
[INFO] [stdout] 
[INFO] [stdout] warning: methods `get_point`, `points`, `get_side`, and `sides` are never used
[INFO] [stdout]    --> src/geometry3d/triangles/mod.rs:104:8
[INFO] [stdout]     |
[INFO] [stdout] 102 | impl IndexedTriangleEntry {
[INFO] [stdout]     | ------------------------- methods in this implementation
[INFO] [stdout] 103 |     #[inline]
[INFO] [stdout] 104 |     fn get_point(&self, p: TriangleCornerPoint) -> usize {
[INFO] [stdout]     |        ^^^^^^^^^
[INFO] [stdout] ...
[INFO] [stdout] 112 |     fn points(&self) -> [usize; 3] {
[INFO] [stdout]     |        ^^^^^^
[INFO] [stdout] ...
[INFO] [stdout] 115 |     fn get_side(&self, side: TriangleSide) -> (usize, usize) {
[INFO] [stdout]     |        ^^^^^^^^
[INFO] [stdout] ...
[INFO] [stdout] 121 |     fn sides(&self) -> [[usize; 2]; 3] {
[INFO] [stdout]     |        ^^^^^
[INFO] [stdout] 
[INFO] [stdout] 
[INFO] [stdout] warning: fields `triangles` and `planes` are never read
[INFO] [stdout]   --> src/geometry3d/triangles/topology/mod.rs:26:5
[INFO] [stdout]    |
[INFO] [stdout] 25 | struct PlanesAndTriangles<'a, P: Point3d> {
[INFO] [stdout]    |        ------------------ fields in this struct
[INFO] [stdout] 26 |     triangles: &'a IndexedTriangleList<P>,
[INFO] [stdout]    |     ^^^^^^^^^
[INFO] [stdout] 27 |     planes: Vec<Plane3d>,
[INFO] [stdout]    |     ^^^^^^
[INFO] [stdout]    |
[INFO] [stdout]    = note: `PlanesAndTriangles` has a derived impl for the trait `Debug`, but this is intentionally ignored during dead code analysis
[INFO] [stdout] 
[INFO] [stdout] 
[INFO] [stdout] warning: struct `DerivedData` is never constructed
[INFO] [stdout]   --> src/geometry3d/triangles/topology/mod.rs:29:8
[INFO] [stdout]    |
[INFO] [stdout] 29 | struct DerivedData<'a, P: Point3d> {
[INFO] [stdout]    |        ^^^^^^^^^^^
[INFO] [stdout] 
[INFO] [stdout] 
[INFO] [stdout] warning: field `surfaces` is never read
[INFO] [stdout]   --> src/geometry3d/triangles/topology/mod.rs:39:5
[INFO] [stdout]    |
[INFO] [stdout] 34 | pub struct TriangleTopology<'a, P: Point3d> {
[INFO] [stdout]    |            ---------------- field in this struct
[INFO] [stdout] ...
[INFO] [stdout] 39 |     surfaces: OnceCell<Vec<TriangleGroup<'a, P>>>,
[INFO] [stdout]    |     ^^^^^^^^
[INFO] [stdout] 
[INFO] [stdout] 
[INFO] [stdout] warning: function `group_planes_vec` is never used
[INFO] [stdout]    --> src/geometry3d/triangles/topology/mod.rs:251:4
[INFO] [stdout]     |
[INFO] [stdout] 251 | fn group_planes_vec<P: Point3d>(triangles: &Vec<Plane3d>) -> HashMap<&Plane3d, Vec<&Plane3d>> {
[INFO] [stdout]     |    ^^^^^^^^^^^^^^^^
[INFO] [stdout] 
[INFO] [stdout] 
[INFO] [stdout] warning: function `group_planes` is never used
[INFO] [stdout]   --> src/geometry3d/triangles/topology/test.rs:26:4
[INFO] [stdout]    |
[INFO] [stdout] 26 | fn group_planes<'a>(
[INFO] [stdout]    |    ^^^^^^^^^^^^
[INFO] [stdout] 
[INFO] [stdout] 
[INFO] [stdout] warning: 19 warnings emitted
[INFO] [stdout] 
[INFO] [stdout] 
[INFO] [stderr]     Finished test [unoptimized + debuginfo] target(s) in 36.66s
[INFO] running `Command { std: "docker" "inspect" "052260b54fedde8b944d7a204f378978f3ad0e0f462992d3b3eb52dfcd2da8ef", kill_on_drop: false }`
[INFO] running `Command { std: "docker" "rm" "-f" "052260b54fedde8b944d7a204f378978f3ad0e0f462992d3b3eb52dfcd2da8ef", kill_on_drop: false }`
[INFO] [stdout] 052260b54fedde8b944d7a204f378978f3ad0e0f462992d3b3eb52dfcd2da8ef
[INFO] running `Command { std: "docker" "create" "-v" "/var/lib/crater-agent-workspace/builds/worker-4-tc1/target:/opt/rustwide/target:rw,Z" "-v" "/var/lib/crater-agent-workspace/builds/worker-4-tc1/source:/opt/rustwide/workdir:ro,Z" "-v" "/var/lib/crater-agent-workspace/cargo-home:/opt/rustwide/cargo-home:ro,Z" "-v" "/var/lib/crater-agent-workspace/rustup-home:/opt/rustwide/rustup-home:ro,Z" "-e" "SOURCE_DIR=/opt/rustwide/workdir" "-e" "CARGO_TARGET_DIR=/opt/rustwide/target" "-e" "CARGO_INCREMENTAL=0" "-e" "RUST_BACKTRACE=full" "-e" "RUSTFLAGS=--cap-lints=warn" "-e" "RUSTDOCFLAGS=--cap-lints=warn" "-e" "CARGO_HOME=/opt/rustwide/cargo-home" "-e" "RUSTUP_HOME=/opt/rustwide/rustup-home" "-w" "/opt/rustwide/workdir" "-m" "1610612736" "--user" "0:0" "--network" "none" "ghcr.io/rust-lang/crates-build-env/linux@sha256:2788e3201cd34a07e3172128adcd8b3090168a8e3bcc40d7c032b9dda1df7d1c" "/opt/rustwide/cargo-home/bin/cargo" "+1.75.0" "test" "--frozen", kill_on_drop: false }`
[INFO] [stdout] acfc9ddc58b1a31fcf38844f4d4124b4aec660124977818ef39493bbed7a397c
[INFO] running `Command { std: "docker" "start" "-a" "acfc9ddc58b1a31fcf38844f4d4124b4aec660124977818ef39493bbed7a397c", kill_on_drop: false }`
[INFO] [stderr] warning: unused import: `crate::geometry2d::polygon::AnyPolygonPointIter::StaticTrianglePolygon`
[INFO] [stderr]  --> src/geometry2d/polygon/mod.rs:7:5
[INFO] [stderr]   |
[INFO] [stderr] 7 | use crate::geometry2d::polygon::AnyPolygonPointIter::StaticTrianglePolygon;
[INFO] [stderr]   |     ^^^^^^^^^^^^^^^^^^^^^^^^^^^^^^^^^^^^^^^^^^^^^^^^^^^^^^^^^^^^^^^^^^^^^^
[INFO] [stderr]   |
[INFO] [stderr]   = note: `#[warn(unused_imports)]` on by default
[INFO] [stderr] 
[INFO] [stderr] warning: unused import: `Triangle2d`
[INFO] [stderr]   --> src/geometry2d/polygon/mod.rs:10:46
[INFO] [stderr]    |
[INFO] [stderr] 10 | use crate::prelude::{BoundingBox2d, Point2d, Triangle2d};
[INFO] [stderr]    |                                              ^^^^^^^^^^
[INFO] [stderr] 
[INFO] [stderr] warning: unused import: `crate::geometry3d::triangles::indexed_point::IndexedPoint`
[INFO] [stderr]  --> src/geometry3d/line/referenced_line.rs:4:5
[INFO] [stderr]   |
[INFO] [stderr] 4 | use crate::geometry3d::triangles::indexed_point::IndexedPoint;
[INFO] [stderr]   |     ^^^^^^^^^^^^^^^^^^^^^^^^^^^^^^^^^^^^^^^^^^^^^^^^^^^^^^^^^
[INFO] [stderr] 
[INFO] [stderr] warning: unused import: `log::info`
[INFO] [stderr]  --> src/geometry3d/plane/projection.rs:3:5
[INFO] [stderr]   |
[INFO] [stderr] 3 | use log::info;
[INFO] [stderr]   |     ^^^^^^^^^
[INFO] [stderr] 
[INFO] [stderr] warning: unnecessary parentheses around assigned value
[INFO] [stderr]   --> src/geometry3d/plane/mod.rs:37:24
[INFO] [stderr]    |
[INFO] [stderr] 37 |         let distance = (normal.dot(v1));
[INFO] [stderr]    |                        ^              ^
[INFO] [stderr]    |
[INFO] [stderr]    = note: `#[warn(unused_parens)]` on by default
[INFO] [stderr] help: remove these parentheses
[INFO] [stderr]    |
[INFO] [stderr] 37 -         let distance = (normal.dot(v1));
[INFO] [stderr] 37 +         let distance = normal.dot(v1);
[INFO] [stderr]    |
[INFO] [stderr] 
[INFO] [stderr] warning: unused variable: `z`
[INFO] [stderr]   --> src/geometry3d/plane/projection.rs:50:26
[INFO] [stderr]    |
[INFO] [stderr] 50 |         let Vec4 { x, y, z, w } = q.map(|v| v.0) * Into::<Vec4<f64>>::into(v4);
[INFO] [stderr]    |                          ^ help: try ignoring the field: `z: _`
[INFO] [stderr]    |
[INFO] [stderr]    = note: `#[warn(unused_variables)]` on by default
[INFO] [stderr] 
[INFO] [stderr] warning: unused variable: `w`
[INFO] [stderr]   --> src/geometry3d/plane/projection.rs:50:29
[INFO] [stderr]    |
[INFO] [stderr] 50 |         let Vec4 { x, y, z, w } = q.map(|v| v.0) * Into::<Vec4<f64>>::into(v4);
[INFO] [stderr]    |                             ^ help: try ignoring the field: `w: _`
[INFO] [stderr] 
[INFO] [stderr] warning: unused variable: `data`
[INFO] [stderr]   --> src/geometry3d/triangles/topology/mod.rs:81:13
[INFO] [stderr]    |
[INFO] [stderr] 81 |         let data = Box::new(PlanesAndTriangles {
[INFO] [stderr]    |             ^^^^ help: if this is intentional, prefix it with an underscore: `_data`
[INFO] [stderr] 
[INFO] [stderr] warning: unused variable: `idx`
[INFO] [stderr]   --> src/geometry3d/triangles/topology/mod.rs:95:14
[INFO] [stderr]    |
[INFO] [stderr] 95 |         for (idx, triangle) in triangles.iter().enumerate() {
[INFO] [stderr]    |              ^^^ help: if this is intentional, prefix it with an underscore: `_idx`
[INFO] [stderr] 
[INFO] [stderr] warning: methods `min_x`, `min_y`, `max_x`, `max_y`, `width`, and `height` are never used
[INFO] [stderr]   --> src/geometry3d/point/bounding_box.rs:25:12
[INFO] [stderr]    |
[INFO] [stderr] 24 | impl BoundingBox3dValues {
[INFO] [stderr]    | ------------------------ methods in this implementation
[INFO] [stderr] 25 |     pub fn min_x(&self) -> Number {
[INFO] [stderr]    |            ^^^^^
[INFO] [stderr] ...
[INFO] [stderr] 28 |     pub fn min_y(&self) -> Number {
[INFO] [stderr]    |            ^^^^^
[INFO] [stderr] ...
[INFO] [stderr] 31 |     pub fn max_x(&self) -> Number {
[INFO] [stderr]    |            ^^^^^
[INFO] [stderr] ...
[INFO] [stderr] 34 |     pub fn max_y(&self) -> Number {
[INFO] [stderr]    |            ^^^^^
[INFO] [stderr] ...
[INFO] [stderr] 37 |     pub fn width(&self) -> Number {
[INFO] [stderr]    |            ^^^^^
[INFO] [stderr] ...
[INFO] [stderr] 40 |     pub fn height(&self) -> Number {
[INFO] [stderr]    |            ^^^^^^
[INFO] [stderr]    |
[INFO] [stderr]    = note: `#[warn(dead_code)]` on by default
[INFO] [stderr] 
[INFO] [stderr] warning: methods `get_point`, `points`, `get_side`, and `sides` are never used
[INFO] [stderr]    --> src/geometry3d/triangles/mod.rs:104:8
[INFO] [stderr]     |
[INFO] [stderr] 102 | impl IndexedTriangleEntry {
[INFO] [stderr]     | ------------------------- methods in this implementation
[INFO] [stderr] 103 |     #[inline]
[INFO] [stderr] 104 |     fn get_point(&self, p: TriangleCornerPoint) -> usize {
[INFO] [stderr]     |        ^^^^^^^^^
[INFO] [stderr] ...
[INFO] [stderr] 112 |     fn points(&self) -> [usize; 3] {
[INFO] [stderr]     |        ^^^^^^
[INFO] [stderr] ...
[INFO] [stderr] 115 |     fn get_side(&self, side: TriangleSide) -> (usize, usize) {
[INFO] [stderr]     |        ^^^^^^^^
[INFO] [stderr] ...
[INFO] [stderr] 121 |     fn sides(&self) -> [[usize; 2]; 3] {
[INFO] [stderr]     |        ^^^^^
[INFO] [stderr] 
[INFO] [stderr] warning: fields `triangles` and `planes` are never read
[INFO] [stderr]   --> src/geometry3d/triangles/topology/mod.rs:26:5
[INFO] [stderr]    |
[INFO] [stderr] 25 | struct PlanesAndTriangles<'a, P: Point3d> {
[INFO] [stderr]    |        ------------------ fields in this struct
[INFO] [stderr] 26 |     triangles: &'a IndexedTriangleList<P>,
[INFO] [stderr]    |     ^^^^^^^^^
[INFO] [stderr] 27 |     planes: Vec<Plane3d>,
[INFO] [stderr]    |     ^^^^^^
[INFO] [stderr]    |
[INFO] [stderr]    = note: `PlanesAndTriangles` has a derived impl for the trait `Debug`, but this is intentionally ignored during dead code analysis
[INFO] [stderr] 
[INFO] [stderr] warning: struct `DerivedData` is never constructed
[INFO] [stderr]   --> src/geometry3d/triangles/topology/mod.rs:29:8
[INFO] [stderr]    |
[INFO] [stderr] 29 | struct DerivedData<'a, P: Point3d> {
[INFO] [stderr]    |        ^^^^^^^^^^^
[INFO] [stderr] 
[INFO] [stderr] warning: field `surfaces` is never read
[INFO] [stderr]   --> src/geometry3d/triangles/topology/mod.rs:39:5
[INFO] [stderr]    |
[INFO] [stderr] 34 | pub struct TriangleTopology<'a, P: Point3d> {
[INFO] [stderr]    |            ---------------- field in this struct
[INFO] [stderr] ...
[INFO] [stderr] 39 |     surfaces: OnceCell<Vec<TriangleGroup<'a, P>>>,
[INFO] [stderr]    |     ^^^^^^^^
[INFO] [stderr] 
[INFO] [stderr] warning: function `group_planes_vec` is never used
[INFO] [stderr]    --> src/geometry3d/triangles/topology/mod.rs:251:4
[INFO] [stderr]     |
[INFO] [stderr] 251 | fn group_planes_vec<P: Point3d>(triangles: &Vec<Plane3d>) -> HashMap<&Plane3d, Vec<&Plane3d>> {
[INFO] [stderr]     |    ^^^^^^^^^^^^^^^^
[INFO] [stderr] 
[INFO] [stderr] warning: `triangles` (lib) generated 15 warnings (run `cargo fix --lib -p triangles` to apply 9 suggestions)
[INFO] [stderr] warning: unused import: `vek::approx::relative_eq`
[INFO] [stderr]    --> src/geometry3d/plane/mod.rs:123:9
[INFO] [stderr]     |
[INFO] [stderr] 123 |     use vek::approx::relative_eq;
[INFO] [stderr]     |         ^^^^^^^^^^^^^^^^^^^^^^^^
[INFO] [stderr] 
[INFO] [stderr] warning: unused import: `crate::prelude::AnyPolygon::StaticTrianglePolygon`
[INFO] [stderr]    --> src/geometry3d/plane/mod.rs:129:9
[INFO] [stderr]     |
[INFO] [stderr] 129 |     use crate::prelude::AnyPolygon::StaticTrianglePolygon;
[INFO] [stderr]     |         ^^^^^^^^^^^^^^^^^^^^^^^^^^^^^^^^^^^^^^^^^^^^^^^^^
[INFO] [stderr] 
[INFO] [stderr] warning: unused variable: `small_triangle`
[INFO] [stderr]    --> src/geometry2d/test.rs:365:9
[INFO] [stderr]     |
[INFO] [stderr] 365 |     let small_triangle = StaticTriangle2d::<StaticPoint2d>::new(
[INFO] [stderr]     |         ^^^^^^^^^^^^^^ help: if this is intentional, prefix it with an underscore: `_small_triangle`
[INFO] [stderr]     |
[INFO] [stderr]     = note: `#[warn(unused_variables)]` on by default
[INFO] [stderr] 
[INFO] [stderr] warning: unused variable: `z`
[INFO] [stderr]   --> src/geometry3d/plane/projection.rs:50:26
[INFO] [stderr]    |
[INFO] [stderr] 50 |         let Vec4 { x, y, z, w } = q.map(|v| v.0) * Into::<Vec4<f64>>::into(v4);
[INFO] [stderr]    |                          ^ help: try ignoring the field: `z: _`
[INFO] [stderr] 
[INFO] [stderr] warning: function `group_planes` is never used
[INFO] [stderr]   --> src/geometry3d/triangles/topology/test.rs:26:4
[INFO] [stderr]    |
[INFO] [stderr] 26 | fn group_planes<'a>(
[INFO] [stderr]    |    ^^^^^^^^^^^^
[INFO] [stderr] 
[INFO] [stderr] warning: `triangles` (lib test) generated 19 warnings (14 duplicates) (run `cargo fix --lib -p triangles --tests` to apply 4 suggestions)
[INFO] [stderr]     Finished test [unoptimized + debuginfo] target(s) in 0.13s
[INFO] [stderr]      Running unittests src/lib.rs (/opt/rustwide/target/debug/deps/triangles-73386888576629dd)
[INFO] [stdout] 
[INFO] [stdout] running 23 tests
[INFO] [stdout] test geometry2d::line::test::test_point_line_horizontal ... ok
[INFO] [stdout] test geometry2d::line::test::test_point_line_vertical ... ok
[INFO] [stdout] test geometry2d::line::test::test_point_line_positive ... ok
[INFO] [stdout] test geometry2d::polygon::test::test_point_range_reverse ... ok
[INFO] [stdout] test geometry2d::polygon::test::test_polygon_point ... ok
[INFO] [stdout] test geometry2d::test::test_area ... ok
[INFO] [stdout] test geometry2d::test::test_side_of_line ... ok
[INFO] [stdout] test geometry2d::test::test_triangle_point_iterator ... ok
[INFO] [stdout] test geometry2d::test::test_triangle_error ... ok
[INFO] [stdout] test geometry2d::test::test_triangle_line_iterator ... ok
[INFO] [stdout] test geometry3d::plane::test::test_invalid_plane ... ok
[INFO] [stdout] test geometry3d::plane::test::test_create_plane ... ok
[INFO] [stdout] test geometry3d::plane::test::test_rotate_normal ... ok
[INFO] [stdout] test geometry3d::plane::test::test_plane_intersect ... ok
[INFO] [stdout] test geometry3d::plane::test::test_plane_line_intersect ... ok
[INFO] [stdout] test geometry2d::polygon::cut::test_point_range ... ok
[INFO] [stdout] test geometry2d::polygon::test::test_point_range ... ok
[INFO] [stdout] test geometry2d::line::test::test_point_line_negative ... ok
[INFO] [stdout] test geometry2d::test::test_triangulate ... ok
[INFO] [stdout] test geometry2d::test::test_polygon_intersection ... FAILED
[INFO] [stdout] test geometry3d::triangles::topology::triangle_group::test::test_create_triangle_groups ... FAILED
[INFO] [stdout] test geometry3d::triangles::topology::test::test_intersect ... FAILED
[INFO] [stdout] test geometry3d::triangles::test::test_load_and_store ... FAILED
[INFO] [stdout] 
[INFO] [stdout] failures:
[INFO] [stdout] 
[INFO] [stdout] ---- geometry2d::test::test_polygon_intersection stdout ----
[INFO] [stdout] Path: CutSegments([CutSegment { copy_points: WarpAround { first_idx: 1, last_idx: 1, point_count: 3 }, start_cut: LineCutIdx { start_pt_idx: 0, triangle_line_idx: S3, polygon_pos: OrderedFloat(0.0), triangle_pos: OrderedFloat(0.0) }, end_cut: LineCutIdx { start_pt_idx: 1, triangle_line_idx: S3, polygon_pos: OrderedFloat(0.3333333333333333), triangle_pos: OrderedFloat(0.16666666666666666) } }])
[INFO] [stdout] thread 'geometry2d::test::test_polygon_intersection' panicked at src/geometry2d/test.rs:420:38:
[INFO] [stdout] called `Result::unwrap()` on an `Err` value: Os { code: 2, kind: NotFound, message: "No such file or directory" }
[INFO] [stdout] stack backtrace:
[INFO] [stdout]    0:     0x55f66f09ce0c - std::backtrace_rs::backtrace::libunwind::trace::ha637c64ce894333a
[INFO] [stdout]                                at /rustc/82e1608dfa6e0b5569232559e3d385fea5a93112/library/std/src/../../backtrace/src/backtrace/libunwind.rs:104:5
[INFO] [stdout]    1:     0x55f66f09ce0c - std::backtrace_rs::backtrace::trace_unsynchronized::h47f62dea28e0c88d
[INFO] [stdout]                                at /rustc/82e1608dfa6e0b5569232559e3d385fea5a93112/library/std/src/../../backtrace/src/backtrace/mod.rs:66:5
[INFO] [stdout]    2:     0x55f66f09ce0c - std::sys_common::backtrace::_print_fmt::h9eef0abe20ede486
[INFO] [stdout]                                at /rustc/82e1608dfa6e0b5569232559e3d385fea5a93112/library/std/src/sys_common/backtrace.rs:67:5
[INFO] [stdout]    3:     0x55f66f09ce0c - <std::sys_common::backtrace::_print::DisplayBacktrace as core::fmt::Display>::fmt::hed7f999df88cc644
[INFO] [stdout]                                at /rustc/82e1608dfa6e0b5569232559e3d385fea5a93112/library/std/src/sys_common/backtrace.rs:44:22
[INFO] [stdout]    4:     0x55f66f0c88a0 - core::fmt::rt::Argument::fmt::h1539a9308b8d058d
[INFO] [stdout]                                at /rustc/82e1608dfa6e0b5569232559e3d385fea5a93112/library/core/src/fmt/rt.rs:142:9
[INFO] [stdout]    5:     0x55f66f0c88a0 - core::fmt::write::h3a39390d8560d9c9
[INFO] [stdout]                                at /rustc/82e1608dfa6e0b5569232559e3d385fea5a93112/library/core/src/fmt/mod.rs:1120:17
[INFO] [stdout]    6:     0x55f66f09a79f - std::io::Write::write_fmt::h040b369f3a0f9cbc
[INFO] [stdout]                                at /rustc/82e1608dfa6e0b5569232559e3d385fea5a93112/library/std/src/io/mod.rs:1762:15
[INFO] [stdout]    7:     0x55f66f09cbf4 - std::sys_common::backtrace::_print::h894006fb5c6f3d45
[INFO] [stdout]                                at /rustc/82e1608dfa6e0b5569232559e3d385fea5a93112/library/std/src/sys_common/backtrace.rs:47:5
[INFO] [stdout]    8:     0x55f66f09cbf4 - std::sys_common::backtrace::print::h23a2d212c6fff936
[INFO] [stdout]                                at /rustc/82e1608dfa6e0b5569232559e3d385fea5a93112/library/std/src/sys_common/backtrace.rs:34:9
[INFO] [stdout]    9:     0x55f66f09e8b7 - std::panicking::default_hook::{{closure}}::h8a1d2ee00185001a
[INFO] [stdout]   10:     0x55f66f09e5a3 - std::panicking::default_hook::h6038f2eba384e475
[INFO] [stdout]                                at /rustc/82e1608dfa6e0b5569232559e3d385fea5a93112/library/std/src/panicking.rs:289:9
[INFO] [stdout]   11:     0x55f66efd08b7 - <alloc::boxed::Box<F,A> as core::ops::function::Fn<Args>>::call::h0ad024c9bdc6d768
[INFO] [stdout]                                at /rustc/82e1608dfa6e0b5569232559e3d385fea5a93112/library/alloc/src/boxed.rs:2021:9
[INFO] [stdout]   12:     0x55f66efd08b7 - test::test_main::{{closure}}::h7500b54257359db6
[INFO] [stdout]                                at /rustc/82e1608dfa6e0b5569232559e3d385fea5a93112/library/test/src/lib.rs:138:21
[INFO] [stdout]   13:     0x55f66f09eec8 - <alloc::boxed::Box<F,A> as core::ops::function::Fn<Args>>::call::h1f8f335eaa9cfaee
[INFO] [stdout]                                at /rustc/82e1608dfa6e0b5569232559e3d385fea5a93112/library/alloc/src/boxed.rs:2021:9
[INFO] [stdout]   14:     0x55f66f09eec8 - std::panicking::rust_panic_with_hook::h2b5517d590cab22e
[INFO] [stdout]                                at /rustc/82e1608dfa6e0b5569232559e3d385fea5a93112/library/std/src/panicking.rs:783:13
[INFO] [stdout]   15:     0x55f66f09ec1e - std::panicking::begin_panic_handler::{{closure}}::h233112c06e0ef43e
[INFO] [stdout]                                at /rustc/82e1608dfa6e0b5569232559e3d385fea5a93112/library/std/src/panicking.rs:657:13
[INFO] [stdout]   16:     0x55f66f09d2d6 - std::sys_common::backtrace::__rust_end_short_backtrace::h6e893f24d7ebbff8
[INFO] [stdout]                                at /rustc/82e1608dfa6e0b5569232559e3d385fea5a93112/library/std/src/sys_common/backtrace.rs:170:18
[INFO] [stdout]   17:     0x55f66f09e982 - rust_begin_unwind
[INFO] [stdout]                                at /rustc/82e1608dfa6e0b5569232559e3d385fea5a93112/library/std/src/panicking.rs:645:5
[INFO] [stdout]   18:     0x55f66ee81155 - core::panicking::panic_fmt::hbf0e066aabfa482c
[INFO] [stdout]                                at /rustc/82e1608dfa6e0b5569232559e3d385fea5a93112/library/core/src/panicking.rs:72:14
[INFO] [stdout]   19:     0x55f66ee81723 - core::result::unwrap_failed::hddb4fea594200c52
[INFO] [stdout]                                at /rustc/82e1608dfa6e0b5569232559e3d385fea5a93112/library/core/src/result.rs:1653:5
[INFO] [stdout]   20:     0x55f66ef0b53d - core::result::Result<T,E>::unwrap::h38cf58ff7cb878f4
[INFO] [stdout]                                at /rustc/82e1608dfa6e0b5569232559e3d385fea5a93112/library/core/src/result.rs:1077:23
[INFO] [stdout]   21:     0x55f66ef6f467 - triangles::geometry2d::test::test_polygon_intersection::hedebdb0fcd898db0
[INFO] [stdout]                                at /opt/rustwide/workdir/src/geometry2d/test.rs:420:5
[INFO] [stdout]   22:     0x55f66ef6e837 - triangles::geometry2d::test::test_polygon_intersection::{{closure}}::hcf7df84835de5149
[INFO] [stdout]                                at /opt/rustwide/workdir/src/geometry2d/test.rs:359:31
[INFO] [stdout]   23:     0x55f66ef600a6 - core::ops::function::FnOnce::call_once::h26f957fb696e75d3
[INFO] [stdout]                                at /rustc/82e1608dfa6e0b5569232559e3d385fea5a93112/library/core/src/ops/function.rs:250:5
[INFO] [stdout]   24:     0x55f66efd5f0f - core::ops::function::FnOnce::call_once::h2b5d431d5046312d
[INFO] [stdout]                                at /rustc/82e1608dfa6e0b5569232559e3d385fea5a93112/library/core/src/ops/function.rs:250:5
[INFO] [stdout]   25:     0x55f66efd5f0f - test::__rust_begin_short_backtrace::h7714669af176e207
[INFO] [stdout]                                at /rustc/82e1608dfa6e0b5569232559e3d385fea5a93112/library/test/src/lib.rs:628:18
[INFO] [stdout]   26:     0x55f66efd4f25 - test::run_test_in_process::{{closure}}::h85218797dcbcec12
[INFO] [stdout]                                at /rustc/82e1608dfa6e0b5569232559e3d385fea5a93112/library/test/src/lib.rs:651:60
[INFO] [stdout]   27:     0x55f66efd4f25 - <core::panic::unwind_safe::AssertUnwindSafe<F> as core::ops::function::FnOnce<()>>::call_once::h76c106ea31c14d7b
[INFO] [stdout]                                at /rustc/82e1608dfa6e0b5569232559e3d385fea5a93112/library/core/src/panic/unwind_safe.rs:272:9
[INFO] [stdout]   28:     0x55f66efd4f25 - std::panicking::try::do_call::h3bd5d0f6620ee946
[INFO] [stdout]                                at /rustc/82e1608dfa6e0b5569232559e3d385fea5a93112/library/std/src/panicking.rs:552:40
[INFO] [stdout]   29:     0x55f66efd4f25 - std::panicking::try::h232e535e4744fe31
[INFO] [stdout]                                at /rustc/82e1608dfa6e0b5569232559e3d385fea5a93112/library/std/src/panicking.rs:516:19
[INFO] [stdout]   30:     0x55f66efd4f25 - std::panic::catch_unwind::h3ce3bd6ca8dbac68
[INFO] [stdout]                                at /rustc/82e1608dfa6e0b5569232559e3d385fea5a93112/library/std/src/panic.rs:142:14
[INFO] [stdout]   31:     0x55f66efd4f25 - test::run_test_in_process::hc97b257c9621286a
[INFO] [stdout]                                at /rustc/82e1608dfa6e0b5569232559e3d385fea5a93112/library/test/src/lib.rs:651:27
[INFO] [stdout]   32:     0x55f66efd4f25 - test::run_test::{{closure}}::h2aa798823a438d38
[INFO] [stdout]                                at /rustc/82e1608dfa6e0b5569232559e3d385fea5a93112/library/test/src/lib.rs:574:43
[INFO] [stdout]   33:     0x55f66ef9d1e6 - test::run_test::{{closure}}::h87d231c78fb59832
[INFO] [stdout]                                at /rustc/82e1608dfa6e0b5569232559e3d385fea5a93112/library/test/src/lib.rs:602:41
[INFO] [stdout]   34:     0x55f66ef9d1e6 - std::sys_common::backtrace::__rust_begin_short_backtrace::he6df152596625789
[INFO] [stdout]                                at /rustc/82e1608dfa6e0b5569232559e3d385fea5a93112/library/std/src/sys_common/backtrace.rs:154:18
[INFO] [stdout]   35:     0x55f66efa2297 - std::thread::Builder::spawn_unchecked_::{{closure}}::{{closure}}::ha94be15d1e0acf36
[INFO] [stdout]                                at /rustc/82e1608dfa6e0b5569232559e3d385fea5a93112/library/std/src/thread/mod.rs:529:17
[INFO] [stdout]   36:     0x55f66efa2297 - <core::panic::unwind_safe::AssertUnwindSafe<F> as core::ops::function::FnOnce<()>>::call_once::h9dc6bd6372f16606
[INFO] [stdout]                                at /rustc/82e1608dfa6e0b5569232559e3d385fea5a93112/library/core/src/panic/unwind_safe.rs:272:9
[INFO] [stdout]   37:     0x55f66efa2297 - std::panicking::try::do_call::h9057517f80303cd4
[INFO] [stdout]                                at /rustc/82e1608dfa6e0b5569232559e3d385fea5a93112/library/std/src/panicking.rs:552:40
[INFO] [stdout]   38:     0x55f66efa2297 - std::panicking::try::he3a30b11ee45340c
[INFO] [stdout]                                at /rustc/82e1608dfa6e0b5569232559e3d385fea5a93112/library/std/src/panicking.rs:516:19
[INFO] [stdout]   39:     0x55f66efa2297 - std::panic::catch_unwind::h410458cfd3528b8b
[INFO] [stdout]                                at /rustc/82e1608dfa6e0b5569232559e3d385fea5a93112/library/std/src/panic.rs:142:14
[INFO] [stdout]   40:     0x55f66efa2297 - std::thread::Builder::spawn_unchecked_::{{closure}}::h72ac3bdb567b737b
[INFO] [stdout]                                at /rustc/82e1608dfa6e0b5569232559e3d385fea5a93112/library/std/src/thread/mod.rs:528:30
[INFO] [stdout]   41:     0x55f66efa2297 - core::ops::function::FnOnce::call_once{{vtable.shim}}::h38f34da3654a8344
[INFO] [stdout]                                at /rustc/82e1608dfa6e0b5569232559e3d385fea5a93112/library/core/src/ops/function.rs:250:5
[INFO] [stdout]   42:     0x55f66f0a3985 - <alloc::boxed::Box<F,A> as core::ops::function::FnOnce<Args>>::call_once::hc7eafaff61e32df9
[INFO] [stdout]                                at /rustc/82e1608dfa6e0b5569232559e3d385fea5a93112/library/alloc/src/boxed.rs:2007:9
[INFO] [stdout]   43:     0x55f66f0a3985 - <alloc::boxed::Box<F,A> as core::ops::function::FnOnce<Args>>::call_once::h6ba4a5de48dd2304
[INFO] [stdout]                                at /rustc/82e1608dfa6e0b5569232559e3d385fea5a93112/library/alloc/src/boxed.rs:2007:9
[INFO] [stdout]   44:     0x55f66f0a3985 - std::sys::unix::thread::Thread::new::thread_start::he469335aef763e45
[INFO] [stdout]                                at /rustc/82e1608dfa6e0b5569232559e3d385fea5a93112/library/std/src/sys/unix/thread.rs:108:17
[INFO] [stdout]   45:     0x7fd6b38e9ac3 - <unknown>
[INFO] [stdout]   46:     0x7fd6b397abf4 - __clone
[INFO] [stdout]   47:                0x0 - <unknown>
[INFO] [stdout] 
[INFO] [stdout] ---- geometry3d::triangles::topology::triangle_group::test::test_create_triangle_groups stdout ----
[INFO] [stdout] thread 'geometry3d::triangles::topology::triangle_group::test::test_create_triangle_groups' panicked at src/geometry3d/triangles/topology/mod.rs:173:5:
[INFO] [stdout] not yet implemented
[INFO] [stdout] stack backtrace:
[INFO] [stdout]    0:     0x55f66f09ce0c - std::backtrace_rs::backtrace::libunwind::trace::ha637c64ce894333a
[INFO] [stdout]                                at /rustc/82e1608dfa6e0b5569232559e3d385fea5a93112/library/std/src/../../backtrace/src/backtrace/libunwind.rs:104:5
[INFO] [stdout]    1:     0x55f66f09ce0c - std::backtrace_rs::backtrace::trace_unsynchronized::h47f62dea28e0c88d
[INFO] [stdout]                                at /rustc/82e1608dfa6e0b5569232559e3d385fea5a93112/library/std/src/../../backtrace/src/backtrace/mod.rs:66:5
[INFO] [stdout]    2:     0x55f66f09ce0c - std::sys_common::backtrace::_print_fmt::h9eef0abe20ede486
[INFO] [stdout]                                at /rustc/82e1608dfa6e0b5569232559e3d385fea5a93112/library/std/src/sys_common/backtrace.rs:67:5
[INFO] [stdout]    3:     0x55f66f09ce0c - <std::sys_common::backtrace::_print::DisplayBacktrace as core::fmt::Display>::fmt::hed7f999df88cc644
[INFO] [stdout]                                at /rustc/82e1608dfa6e0b5569232559e3d385fea5a93112/library/std/src/sys_common/backtrace.rs:44:22
[INFO] [stdout]    4:     0x55f66f0c88a0 - core::fmt::rt::Argument::fmt::h1539a9308b8d058d
[INFO] [stdout]                                at /rustc/82e1608dfa6e0b5569232559e3d385fea5a93112/library/core/src/fmt/rt.rs:142:9
[INFO] [stdout]    5:     0x55f66f0c88a0 - core::fmt::write::h3a39390d8560d9c9
[INFO] [stdout]                                at /rustc/82e1608dfa6e0b5569232559e3d385fea5a93112/library/core/src/fmt/mod.rs:1120:17
[INFO] [stdout]    6:     0x55f66f09a79f - std::io::Write::write_fmt::h040b369f3a0f9cbc
[INFO] [stdout]                                at /rustc/82e1608dfa6e0b5569232559e3d385fea5a93112/library/std/src/io/mod.rs:1762:15
[INFO] [stdout]    7:     0x55f66f09cbf4 - std::sys_common::backtrace::_print::h894006fb5c6f3d45
[INFO] [stdout]                                at /rustc/82e1608dfa6e0b5569232559e3d385fea5a93112/library/std/src/sys_common/backtrace.rs:47:5
[INFO] [stdout]    8:     0x55f66f09cbf4 - std::sys_common::backtrace::print::h23a2d212c6fff936
[INFO] [stdout]                                at /rustc/82e1608dfa6e0b5569232559e3d385fea5a93112/library/std/src/sys_common/backtrace.rs:34:9
[INFO] [stdout]    9:     0x55f66f09e8b7 - std::panicking::default_hook::{{closure}}::h8a1d2ee00185001a
[INFO] [stdout]   10:     0x55f66f09e5a3 - std::panicking::default_hook::h6038f2eba384e475
[INFO] [stdout]                                at /rustc/82e1608dfa6e0b5569232559e3d385fea5a93112/library/std/src/panicking.rs:289:9
[INFO] [stdout]   11:     0x55f66efd08b7 - <alloc::boxed::Box<F,A> as core::ops::function::Fn<Args>>::call::h0ad024c9bdc6d768
[INFO] [stdout]                                at /rustc/82e1608dfa6e0b5569232559e3d385fea5a93112/library/alloc/src/boxed.rs:2021:9
[INFO] [stdout]   12:     0x55f66efd08b7 - test::test_main::{{closure}}::h7500b54257359db6
[INFO] [stdout]                                at /rustc/82e1608dfa6e0b5569232559e3d385fea5a93112/library/test/src/lib.rs:138:21
[INFO] [stdout]   13:     0x55f66f09eec8 - <alloc::boxed::Box<F,A> as core::ops::function::Fn<Args>>::call::h1f8f335eaa9cfaee
[INFO] [stdout]                                at /rustc/82e1608dfa6e0b5569232559e3d385fea5a93112/library/alloc/src/boxed.rs:2021:9
[INFO] [stdout]   14:     0x55f66f09eec8 - std::panicking::rust_panic_with_hook::h2b5517d590cab22e
[INFO] [stdout]                                at /rustc/82e1608dfa6e0b5569232559e3d385fea5a93112/library/std/src/panicking.rs:783:13
[INFO] [stdout]   15:     0x55f66f09ebe9 - std::panicking::begin_panic_handler::{{closure}}::h233112c06e0ef43e
[INFO] [stdout]                                at /rustc/82e1608dfa6e0b5569232559e3d385fea5a93112/library/std/src/panicking.rs:649:13
[INFO] [stdout]   16:     0x55f66f09d2d6 - std::sys_common::backtrace::__rust_end_short_backtrace::h6e893f24d7ebbff8
[INFO] [stdout]                                at /rustc/82e1608dfa6e0b5569232559e3d385fea5a93112/library/std/src/sys_common/backtrace.rs:170:18
[INFO] [stdout]   17:     0x55f66f09e982 - rust_begin_unwind
[INFO] [stdout]                                at /rustc/82e1608dfa6e0b5569232559e3d385fea5a93112/library/std/src/panicking.rs:645:5
[INFO] [stdout]   18:     0x55f66ee81155 - core::panicking::panic_fmt::hbf0e066aabfa482c
[INFO] [stdout]                                at /rustc/82e1608dfa6e0b5569232559e3d385fea5a93112/library/core/src/panicking.rs:72:14
[INFO] [stdout]   19:     0x55f66ee811f3 - core::panicking::panic::h195fc2a96298d4c3
[INFO] [stdout]                                at /rustc/82e1608dfa6e0b5569232559e3d385fea5a93112/library/core/src/panicking.rs:127:5
[INFO] [stdout]   20:     0x55f66ef4f19b - triangles::geometry3d::triangles::topology::walk_neighbors::h1b18a2964cc0a792
[INFO] [stdout]                                at /opt/rustwide/workdir/src/geometry3d/triangles/topology/mod.rs:173:5
[INFO] [stdout]   21:     0x55f66ef4f270 - triangles::geometry3d::triangles::topology::walk_neighbors::h1b18a2964cc0a792
[INFO] [stdout]                                at /opt/rustwide/workdir/src/geometry3d/triangles/topology/mod.rs:170:13
[INFO] [stdout]   22:     0x55f66ef4f270 - triangles::geometry3d::triangles::topology::walk_neighbors::h1b18a2964cc0a792
[INFO] [stdout]                                at /opt/rustwide/workdir/src/geometry3d/triangles/topology/mod.rs:170:13
[INFO] [stdout]   23:     0x55f66ef4f270 - triangles::geometry3d::triangles::topology::walk_neighbors::h1b18a2964cc0a792
[INFO] [stdout]                                at /opt/rustwide/workdir/src/geometry3d/triangles/topology/mod.rs:170:13
[INFO] [stdout]   24:     0x55f66ef4f270 - triangles::geometry3d::triangles::topology::walk_neighbors::h1b18a2964cc0a792
[INFO] [stdout]                                at /opt/rustwide/workdir/src/geometry3d/triangles/topology/mod.rs:170:13
[INFO] [stdout]   25:     0x55f66ef4f270 - triangles::geometry3d::triangles::topology::walk_neighbors::h1b18a2964cc0a792
[INFO] [stdout]                                at /opt/rustwide/workdir/src/geometry3d/triangles/topology/mod.rs:170:13
[INFO] [stdout]   26:     0x55f66ef4f270 - triangles::geometry3d::triangles::topology::walk_neighbors::h1b18a2964cc0a792
[INFO] [stdout]                                at /opt/rustwide/workdir/src/geometry3d/triangles/topology/mod.rs:170:13
[INFO] [stdout]   27:     0x55f66ef4f270 - triangles::geometry3d::triangles::topology::walk_neighbors::h1b18a2964cc0a792
[INFO] [stdout]                                at /opt/rustwide/workdir/src/geometry3d/triangles/topology/mod.rs:170:13
[INFO] [stdout]   28:     0x55f66ef4f270 - triangles::geometry3d::triangles::topology::walk_neighbors::h1b18a2964cc0a792
[INFO] [stdout]                                at /opt/rustwide/workdir/src/geometry3d/triangles/topology/mod.rs:170:13
[INFO] [stdout]   29:     0x55f66ef4f270 - triangles::geometry3d::triangles::topology::walk_neighbors::h1b18a2964cc0a792
[INFO] [stdout]                                at /opt/rustwide/workdir/src/geometry3d/triangles/topology/mod.rs:170:13
[INFO] [stdout]   30:     0x55f66ef4f270 - triangles::geometry3d::triangles::topology::walk_neighbors::h1b18a2964cc0a792
[INFO] [stdout]                                at /opt/rustwide/workdir/src/geometry3d/triangles/topology/mod.rs:170:13
[INFO] [stdout]   31:     0x55f66ef4f270 - triangles::geometry3d::triangles::topology::walk_neighbors::h1b18a2964cc0a792
[INFO] [stdout]                                at /opt/rustwide/workdir/src/geometry3d/triangles/topology/mod.rs:170:13
[INFO] [stdout]   32:     0x55f66ef4f270 - triangles::geometry3d::triangles::topology::walk_neighbors::h1b18a2964cc0a792
[INFO] [stdout]                                at /opt/rustwide/workdir/src/geometry3d/triangles/topology/mod.rs:170:13
[INFO] [stdout]   33:     0x55f66ef4f270 - triangles::geometry3d::triangles::topology::walk_neighbors::h1b18a2964cc0a792
[INFO] [stdout]                                at /opt/rustwide/workdir/src/geometry3d/triangles/topology/mod.rs:170:13
[INFO] [stdout]   34:     0x55f66ef4f270 - triangles::geometry3d::triangles::topology::walk_neighbors::h1b18a2964cc0a792
[INFO] [stdout]                                at /opt/rustwide/workdir/src/geometry3d/triangles/topology/mod.rs:170:13
[INFO] [stdout]   35:     0x55f66ef4f270 - triangles::geometry3d::triangles::topology::walk_neighbors::h1b18a2964cc0a792
[INFO] [stdout]                                at /opt/rustwide/workdir/src/geometry3d/triangles/topology/mod.rs:170:13
[INFO] [stdout]   36:     0x55f66ef4f270 - triangles::geometry3d::triangles::topology::walk_neighbors::h1b18a2964cc0a792
[INFO] [stdout]                                at /opt/rustwide/workdir/src/geometry3d/triangles/topology/mod.rs:170:13
[INFO] [stdout]   37:     0x55f66ef4f270 - triangles::geometry3d::triangles::topology::walk_neighbors::h1b18a2964cc0a792
[INFO] [stdout]                                at /opt/rustwide/workdir/src/geometry3d/triangles/topology/mod.rs:170:13
[INFO] [stdout]   38:     0x55f66ef4f270 - triangles::geometry3d::triangles::topology::walk_neighbors::h1b18a2964cc0a792
[INFO] [stdout]                                at /opt/rustwide/workdir/src/geometry3d/triangles/topology/mod.rs:170:13
[INFO] [stdout]   39:     0x55f66ef4f270 - triangles::geometry3d::triangles::topology::walk_neighbors::h1b18a2964cc0a792
[INFO] [stdout]                                at /opt/rustwide/workdir/src/geometry3d/triangles/topology/mod.rs:170:13
[INFO] [stdout]   40:     0x55f66ef4f270 - triangles::geometry3d::triangles::topology::walk_neighbors::h1b18a2964cc0a792
[INFO] [stdout]                                at /opt/rustwide/workdir/src/geometry3d/triangles/topology/mod.rs:170:13
[INFO] [stdout]   41:     0x55f66ef4f270 - triangles::geometry3d::triangles::topology::walk_neighbors::h1b18a2964cc0a792
[INFO] [stdout]                                at /opt/rustwide/workdir/src/geometry3d/triangles/topology/mod.rs:170:13
[INFO] [stdout]   42:     0x55f66ef4f270 - triangles::geometry3d::triangles::topology::walk_neighbors::h1b18a2964cc0a792
[INFO] [stdout]                                at /opt/rustwide/workdir/src/geometry3d/triangles/topology/mod.rs:170:13
[INFO] [stdout]   43:     0x55f66ef4f270 - triangles::geometry3d::triangles::topology::walk_neighbors::h1b18a2964cc0a792
[INFO] [stdout]                                at /opt/rustwide/workdir/src/geometry3d/triangles/topology/mod.rs:170:13
[INFO] [stdout]   44:     0x55f66ef4f270 - triangles::geometry3d::triangles::topology::walk_neighbors::h1b18a2964cc0a792
[INFO] [stdout]                                at /opt/rustwide/workdir/src/geometry3d/triangles/topology/mod.rs:170:13
[INFO] [stdout]   45:     0x55f66ef4f270 - triangles::geometry3d::triangles::topology::walk_neighbors::h1b18a2964cc0a792
[INFO] [stdout]                                at /opt/rustwide/workdir/src/geometry3d/triangles/topology/mod.rs:170:13
[INFO] [stdout]   46:     0x55f66ef4f270 - triangles::geometry3d::triangles::topology::walk_neighbors::h1b18a2964cc0a792
[INFO] [stdout]                                at /opt/rustwide/workdir/src/geometry3d/triangles/topology/mod.rs:170:13
[INFO] [stdout]   47:     0x55f66ef4f270 - triangles::geometry3d::triangles::topology::walk_neighbors::h1b18a2964cc0a792
[INFO] [stdout]                                at /opt/rustwide/workdir/src/geometry3d/triangles/topology/mod.rs:170:13
[INFO] [stdout]   48:     0x55f66ef4f270 - triangles::geometry3d::triangles::topology::walk_neighbors::h1b18a2964cc0a792
[INFO] [stdout]                                at /opt/rustwide/workdir/src/geometry3d/triangles/topology/mod.rs:170:13
[INFO] [stdout]   49:     0x55f66ef4f270 - triangles::geometry3d::triangles::topology::walk_neighbors::h1b18a2964cc0a792
[INFO] [stdout]                                at /opt/rustwide/workdir/src/geometry3d/triangles/topology/mod.rs:170:13
[INFO] [stdout]   50:     0x55f66ef4f270 - triangles::geometry3d::triangles::topology::walk_neighbors::h1b18a2964cc0a792
[INFO] [stdout]                                at /opt/rustwide/workdir/src/geometry3d/triangles/topology/mod.rs:170:13
[INFO] [stdout]   51:     0x55f66ef4f270 - triangles::geometry3d::triangles::topology::walk_neighbors::h1b18a2964cc0a792
[INFO] [stdout]                                at /opt/rustwide/workdir/src/geometry3d/triangles/topology/mod.rs:170:13
[INFO] [stdout]   52:     0x55f66ef4f270 - triangles::geometry3d::triangles::topology::walk_neighbors::h1b18a2964cc0a792
[INFO] [stdout]                                at /opt/rustwide/workdir/src/geometry3d/triangles/topology/mod.rs:170:13
[INFO] [stdout]   53:     0x55f66ef4f270 - triangles::geometry3d::triangles::topology::walk_neighbors::h1b18a2964cc0a792
[INFO] [stdout]                                at /opt/rustwide/workdir/src/geometry3d/triangles/topology/mod.rs:170:13
[INFO] [stdout]   54:     0x55f66ef4f270 - triangles::geometry3d::triangles::topology::walk_neighbors::h1b18a2964cc0a792
[INFO] [stdout]                                at /opt/rustwide/workdir/src/geometry3d/triangles/topology/mod.rs:170:13
[INFO] [stdout]   55:     0x55f66ef4f270 - triangles::geometry3d::triangles::topology::walk_neighbors::h1b18a2964cc0a792
[INFO] [stdout]                                at /opt/rustwide/workdir/src/geometry3d/triangles/topology/mod.rs:170:13
[INFO] [stdout]   56:     0x55f66ef4f270 - triangles::geometry3d::triangles::topology::walk_neighbors::h1b18a2964cc0a792
[INFO] [stdout]                                at /opt/rustwide/workdir/src/geometry3d/triangles/topology/mod.rs:170:13
[INFO] [stdout]   57:     0x55f66ef4f270 - triangles::geometry3d::triangles::topology::walk_neighbors::h1b18a2964cc0a792
[INFO] [stdout]                                at /opt/rustwide/workdir/src/geometry3d/triangles/topology/mod.rs:170:13
[INFO] [stdout]   58:     0x55f66ef4f270 - triangles::geometry3d::triangles::topology::walk_neighbors::h1b18a2964cc0a792
[INFO] [stdout]                                at /opt/rustwide/workdir/src/geometry3d/triangles/topology/mod.rs:170:13
[INFO] [stdout]   59:     0x55f66ef4de96 - triangles::geometry3d::triangles::topology::TriangleTopology<P>::new::h401038a4d183018d
[INFO] [stdout]                                at /opt/rustwide/workdir/src/geometry3d/triangles/topology/mod.rs:96:13
[INFO] [stdout]   60:     0x55f66ef51739 - triangles::geometry3d::triangles::topology::triangle_group::test::test_create_triangle_groups::h1e0d6349dcca1699
[INFO] [stdout]                                at /opt/rustwide/workdir/src/geometry3d/triangles/topology/triangle_group.rs:65:24
[INFO] [stdout]   61:     0x55f66ef516e7 - triangles::geometry3d::triangles::topology::triangle_group::test::test_create_triangle_groups::{{closure}}::h5cdb4d8fbf7b2c83
[INFO] [stdout]                                at /opt/rustwide/workdir/src/geometry3d/triangles/topology/triangle_group.rs:63:37
[INFO] [stdout]   62:     0x55f66ef60a86 - core::ops::function::FnOnce::call_once::hd5dc7040c072525d
[INFO] [stdout]                                at /rustc/82e1608dfa6e0b5569232559e3d385fea5a93112/library/core/src/ops/function.rs:250:5
[INFO] [stdout]   63:     0x55f66efd5f0f - core::ops::function::FnOnce::call_once::h2b5d431d5046312d
[INFO] [stdout]                                at /rustc/82e1608dfa6e0b5569232559e3d385fea5a93112/library/core/src/ops/function.rs:250:5
[INFO] [stdout]   64:     0x55f66efd5f0f - test::__rust_begin_short_backtrace::h7714669af176e207
[INFO] [stdout]                                at /rustc/82e1608dfa6e0b5569232559e3d385fea5a93112/library/test/src/lib.rs:628:18
[INFO] [stdout]   65:     0x55f66efd4f25 - test::run_test_in_process::{{closure}}::h85218797dcbcec12
[INFO] [stdout]                                at /rustc/82e1608dfa6e0b5569232559e3d385fea5a93112/library/test/src/lib.rs:651:60
[INFO] [stdout]   66:     0x55f66efd4f25 - <core::panic::unwind_safe::AssertUnwindSafe<F> as core::ops::function::FnOnce<()>>::call_once::h76c106ea31c14d7b
[INFO] [stdout]                                at /rustc/82e1608dfa6e0b5569232559e3d385fea5a93112/library/core/src/panic/unwind_safe.rs:272:9
[INFO] [stdout]   67:     0x55f66efd4f25 - std::panicking::try::do_call::h3bd5d0f6620ee946
[INFO] [stdout]                                at /rustc/82e1608dfa6e0b5569232559e3d385fea5a93112/library/std/src/panicking.rs:552:40
[INFO] [stdout]   68:     0x55f66efd4f25 - std::panicking::try::h232e535e4744fe31
[INFO] [stdout]                                at /rustc/82e1608dfa6e0b5569232559e3d385fea5a93112/library/std/src/panicking.rs:516:19
[INFO] [stdout]   69:     0x55f66efd4f25 - std::panic::catch_unwind::h3ce3bd6ca8dbac68
[INFO] [stdout]                                at /rustc/82e1608dfa6e0b5569232559e3d385fea5a93112/library/std/src/panic.rs:142:14
[INFO] [stdout]   70:     0x55f66efd4f25 - test::run_test_in_process::hc97b257c9621286a
[INFO] [stdout]                                at /rustc/82e1608dfa6e0b5569232559e3d385fea5a93112/library/test/src/lib.rs:651:27
[INFO] [stdout]   71:     0x55f66efd4f25 - test::run_test::{{closure}}::h2aa798823a438d38
[INFO] [stdout]                                at /rustc/82e1608dfa6e0b5569232559e3d385fea5a93112/library/test/src/lib.rs:574:43
[INFO] [stdout]   72:     0x55f66ef9d1e6 - test::run_test::{{closure}}::h87d231c78fb59832
[INFO] [stdout]                                at /rustc/82e1608dfa6e0b5569232559e3d385fea5a93112/library/test/src/lib.rs:602:41
[INFO] [stdout]   73:     0x55f66ef9d1e6 - std::sys_common::backtrace::__rust_begin_short_backtrace::he6df152596625789
[INFO] [stdout]                                at /rustc/82e1608dfa6e0b5569232559e3d385fea5a93112/library/std/src/sys_common/backtrace.rs:154:18
[INFO] [stdout]   74:     0x55f66efa2297 - std::thread::Builder::spawn_unchecked_::{{closure}}::{{closure}}::ha94be15d1e0acf36
[INFO] [stdout]                                at /rustc/82e1608dfa6e0b5569232559e3d385fea5a93112/library/std/src/thread/mod.rs:529:17
[INFO] [stdout]   75:     0x55f66efa2297 - <core::panic::unwind_safe::AssertUnwindSafe<F> as core::ops::function::FnOnce<()>>::call_once::h9dc6bd6372f16606
[INFO] [stdout]                                at /rustc/82e1608dfa6e0b5569232559e3d385fea5a93112/library/core/src/panic/unwind_safe.rs:272:9
[INFO] [stdout]   76:     0x55f66efa2297 - std::panicking::try::do_call::h9057517f80303cd4
[INFO] [stdout]                                at /rustc/82e1608dfa6e0b5569232559e3d385fea5a93112/library/std/src/panicking.rs:552:40
[INFO] [stdout]   77:     0x55f66efa2297 - std::panicking::try::he3a30b11ee45340c
[INFO] [stdout]                                at /rustc/82e1608dfa6e0b5569232559e3d385fea5a93112/library/std/src/panicking.rs:516:19
[INFO] [stdout]   78:     0x55f66efa2297 - std::panic::catch_unwind::h410458cfd3528b8b
[INFO] [stdout]                                at /rustc/82e1608dfa6e0b5569232559e3d385fea5a93112/library/std/src/panic.rs:142:14
[INFO] [stdout]   79:     0x55f66efa2297 - std::thread::Builder::spawn_unchecked_::{{closure}}::h72ac3bdb567b737b
[INFO] [stdout]                                at /rustc/82e1608dfa6e0b5569232559e3d385fea5a93112/library/std/src/thread/mod.rs:528:30
[INFO] [stdout]   80:     0x55f66efa2297 - core::ops::function::FnOnce::call_once{{vtable.shim}}::h38f34da3654a8344
[INFO] [stdout]                                at /rustc/82e1608dfa6e0b5569232559e3d385fea5a93112/library/core/src/ops/function.rs:250:5
[INFO] [stdout]   81:     0x55f66f0a3985 - <alloc::boxed::Box<F,A> as core::ops::function::FnOnce<Args>>::call_once::hc7eafaff61e32df9
[INFO] [stdout]                                at /rustc/82e1608dfa6e0b5569232559e3d385fea5a93112/library/alloc/src/boxed.rs:2007:9
[INFO] [stdout]   82:     0x55f66f0a3985 - <alloc::boxed::Box<F,A> as core::ops::function::FnOnce<Args>>::call_once::h6ba4a5de48dd2304
[INFO] [stdout]                                at /rustc/82e1608dfa6e0b5569232559e3d385fea5a93112/library/alloc/src/boxed.rs:2007:9
[INFO] [stdout]   83:     0x55f66f0a3985 - std::sys::unix::thread::Thread::new::thread_start::he469335aef763e45
[INFO] [stdout]                                at /rustc/82e1608dfa6e0b5569232559e3d385fea5a93112/library/std/src/sys/unix/thread.rs:108:17
[INFO] [stdout]   84:     0x7fd6b38e9ac3 - <unknown>
[INFO] [stdout]   85:     0x7fd6b397abf4 - __clone
[INFO] [stdout]   86:                0x0 - <unknown>
[INFO] [stdout] 
[INFO] [stdout] ---- geometry3d::triangles::topology::test::test_intersect stdout ----
[INFO] [stdout] thread 'geometry3d::triangles::topology::test::test_intersect' panicked at src/geometry3d/triangles/topology/mod.rs:173:5:
[INFO] [stdout] not yet implemented
[INFO] [stdout] stack backtrace:
[INFO] [stdout]    0:     0x55f66f09ce0c - std::backtrace_rs::backtrace::libunwind::trace::ha637c64ce894333a
[INFO] [stdout]                                at /rustc/82e1608dfa6e0b5569232559e3d385fea5a93112/library/std/src/../../backtrace/src/backtrace/libunwind.rs:104:5
[INFO] [stdout]    1:     0x55f66f09ce0c - std::backtrace_rs::backtrace::trace_unsynchronized::h47f62dea28e0c88d
[INFO] [stdout]                                at /rustc/82e1608dfa6e0b5569232559e3d385fea5a93112/library/std/src/../../backtrace/src/backtrace/mod.rs:66:5
[INFO] [stdout]    2:     0x55f66f09ce0c - std::sys_common::backtrace::_print_fmt::h9eef0abe20ede486
[INFO] [stdout]                                at /rustc/82e1608dfa6e0b5569232559e3d385fea5a93112/library/std/src/sys_common/backtrace.rs:67:5
[INFO] [stdout]    3:     0x55f66f09ce0c - <std::sys_common::backtrace::_print::DisplayBacktrace as core::fmt::Display>::fmt::hed7f999df88cc644
[INFO] [stdout]                                at /rustc/82e1608dfa6e0b5569232559e3d385fea5a93112/library/std/src/sys_common/backtrace.rs:44:22
[INFO] [stdout]    4:     0x55f66f0c88a0 - core::fmt::rt::Argument::fmt::h1539a9308b8d058d
[INFO] [stdout]                                at /rustc/82e1608dfa6e0b5569232559e3d385fea5a93112/library/core/src/fmt/rt.rs:142:9
[INFO] [stdout]    5:     0x55f66f0c88a0 - core::fmt::write::h3a39390d8560d9c9
[INFO] [stdout]                                at /rustc/82e1608dfa6e0b5569232559e3d385fea5a93112/library/core/src/fmt/mod.rs:1120:17
[INFO] [stdout]    6:     0x55f66f09a79f - std::io::Write::write_fmt::h040b369f3a0f9cbc
[INFO] [stdout]                                at /rustc/82e1608dfa6e0b5569232559e3d385fea5a93112/library/std/src/io/mod.rs:1762:15
[INFO] [stdout]    7:     0x55f66f09cbf4 - std::sys_common::backtrace::_print::h894006fb5c6f3d45
[INFO] [stdout]                                at /rustc/82e1608dfa6e0b5569232559e3d385fea5a93112/library/std/src/sys_common/backtrace.rs:47:5
[INFO] [stdout]    8:     0x55f66f09cbf4 - std::sys_common::backtrace::print::h23a2d212c6fff936
[INFO] [stdout]                                at /rustc/82e1608dfa6e0b5569232559e3d385fea5a93112/library/std/src/sys_common/backtrace.rs:34:9
[INFO] [stdout]    9:     0x55f66f09e8b7 - std::panicking::default_hook::{{closure}}::h8a1d2ee00185001a
[INFO] [stdout]   10:     0x55f66f09e5a3 - std::panicking::default_hook::h6038f2eba384e475
[INFO] [stdout]                                at /rustc/82e1608dfa6e0b5569232559e3d385fea5a93112/library/std/src/panicking.rs:289:9
[INFO] [stdout]   11:     0x55f66efd08b7 - <alloc::boxed::Box<F,A> as core::ops::function::Fn<Args>>::call::h0ad024c9bdc6d768
[INFO] [stdout]                                at /rustc/82e1608dfa6e0b5569232559e3d385fea5a93112/library/alloc/src/boxed.rs:2021:9
[INFO] [stdout]   12:     0x55f66efd08b7 - test::test_main::{{closure}}::h7500b54257359db6
[INFO] [stdout]                                at /rustc/82e1608dfa6e0b5569232559e3d385fea5a93112/library/test/src/lib.rs:138:21
[INFO] [stdout]   13:     0x55f66f09eec8 - <alloc::boxed::Box<F,A> as core::ops::function::Fn<Args>>::call::h1f8f335eaa9cfaee
[INFO] [stdout]                                at /rustc/82e1608dfa6e0b5569232559e3d385fea5a93112/library/alloc/src/boxed.rs:2021:9
[INFO] [stdout]   14:     0x55f66f09eec8 - std::panicking::rust_panic_with_hook::h2b5517d590cab22e
[INFO] [stdout]                                at /rustc/82e1608dfa6e0b5569232559e3d385fea5a93112/library/std/src/panicking.rs:783:13
[INFO] [stdout]   15:     0x55f66f09ebe9 - std::panicking::begin_panic_handler::{{closure}}::h233112c06e0ef43e
[INFO] [stdout]                                at /rustc/82e1608dfa6e0b5569232559e3d385fea5a93112/library/std/src/panicking.rs:649:13
[INFO] [stdout]   16:     0x55f66f09d2d6 - std::sys_common::backtrace::__rust_end_short_backtrace::h6e893f24d7ebbff8
[INFO] [stdout]                                at /rustc/82e1608dfa6e0b5569232559e3d385fea5a93112/library/std/src/sys_common/backtrace.rs:170:18
[INFO] [stdout]   17:     0x55f66f09e982 - rust_begin_unwind
[INFO] [stdout]                                at /rustc/82e1608dfa6e0b5569232559e3d385fea5a93112/library/std/src/panicking.rs:645:5
[INFO] [stdout]   18:     0x55f66ee81155 - core::panicking::panic_fmt::hbf0e066aabfa482c
[INFO] [stdout]                                at /rustc/82e1608dfa6e0b5569232559e3d385fea5a93112/library/core/src/panicking.rs:72:14
[INFO] [stdout]   19:     0x55f66ee811f3 - core::panicking::panic::h195fc2a96298d4c3
[INFO] [stdout]                                at /rustc/82e1608dfa6e0b5569232559e3d385fea5a93112/library/core/src/panicking.rs:127:5
[INFO] [stdout]   20:     0x55f66ef4f19b - triangles::geometry3d::triangles::topology::walk_neighbors::h1b18a2964cc0a792
[INFO] [stdout]                                at /opt/rustwide/workdir/src/geometry3d/triangles/topology/mod.rs:173:5
[INFO] [stdout]   21:     0x55f66ef4f270 - triangles::geometry3d::triangles::topology::walk_neighbors::h1b18a2964cc0a792
[INFO] [stdout]                                at /opt/rustwide/workdir/src/geometry3d/triangles/topology/mod.rs:170:13
[INFO] [stdout]   22:     0x55f66ef4f270 - triangles::geometry3d::triangles::topology::walk_neighbors::h1b18a2964cc0a792
[INFO] [stdout]                                at /opt/rustwide/workdir/src/geometry3d/triangles/topology/mod.rs:170:13
[INFO] [stdout]   23:     0x55f66ef4f270 - triangles::geometry3d::triangles::topology::walk_neighbors::h1b18a2964cc0a792
[INFO] [stdout]                                at /opt/rustwide/workdir/src/geometry3d/triangles/topology/mod.rs:170:13
[INFO] [stdout]   24:     0x55f66ef4f270 - triangles::geometry3d::triangles::topology::walk_neighbors::h1b18a2964cc0a792
[INFO] [stdout]                                at /opt/rustwide/workdir/src/geometry3d/triangles/topology/mod.rs:170:13
[INFO] [stdout]   25:     0x55f66ef4f270 - triangles::geometry3d::triangles::topology::walk_neighbors::h1b18a2964cc0a792
[INFO] [stdout]                                at /opt/rustwide/workdir/src/geometry3d/triangles/topology/mod.rs:170:13
[INFO] [stdout]   26:     0x55f66ef4f270 - triangles::geometry3d::triangles::topology::walk_neighbors::h1b18a2964cc0a792
[INFO] [stdout]                                at /opt/rustwide/workdir/src/geometry3d/triangles/topology/mod.rs:170:13
[INFO] [stdout]   27:     0x55f66ef4f270 - triangles::geometry3d::triangles::topology::walk_neighbors::h1b18a2964cc0a792
[INFO] [stdout]                                at /opt/rustwide/workdir/src/geometry3d/triangles/topology/mod.rs:170:13
[INFO] [stdout]   28:     0x55f66ef4f270 - triangles::geometry3d::triangles::topology::walk_neighbors::h1b18a2964cc0a792
[INFO] [stdout]                                at /opt/rustwide/workdir/src/geometry3d/triangles/topology/mod.rs:170:13
[INFO] [stdout]   29:     0x55f66ef4f270 - triangles::geometry3d::triangles::topology::walk_neighbors::h1b18a2964cc0a792
[INFO] [stdout]                                at /opt/rustwide/workdir/src/geometry3d/triangles/topology/mod.rs:170:13
[INFO] [stdout]   30:     0x55f66ef4f270 - triangles::geometry3d::triangles::topology::walk_neighbors::h1b18a2964cc0a792
[INFO] [stdout]                                at /opt/rustwide/workdir/src/geometry3d/triangles/topology/mod.rs:170:13
[INFO] [stdout]   31:     0x55f66ef4f270 - triangles::geometry3d::triangles::topology::walk_neighbors::h1b18a2964cc0a792
[INFO] [stdout]                                at /opt/rustwide/workdir/src/geometry3d/triangles/topology/mod.rs:170:13
[INFO] [stdout]   32:     0x55f66ef4f270 - triangles::geometry3d::triangles::topology::walk_neighbors::h1b18a2964cc0a792
[INFO] [stdout]                                at /opt/rustwide/workdir/src/geometry3d/triangles/topology/mod.rs:170:13
[INFO] [stdout]   33:     0x55f66ef4f270 - triangles::geometry3d::triangles::topology::walk_neighbors::h1b18a2964cc0a792
[INFO] [stdout]                                at /opt/rustwide/workdir/src/geometry3d/triangles/topology/mod.rs:170:13
[INFO] [stdout]   34:     0x55f66ef4f270 - triangles::geometry3d::triangles::topology::walk_neighbors::h1b18a2964cc0a792
[INFO] [stdout]                                at /opt/rustwide/workdir/src/geometry3d/triangles/topology/mod.rs:170:13
[INFO] [stdout]   35:     0x55f66ef4f270 - triangles::geometry3d::triangles::topology::walk_neighbors::h1b18a2964cc0a792
[INFO] [stdout]                                at /opt/rustwide/workdir/src/geometry3d/triangles/topology/mod.rs:170:13
[INFO] [stdout]   36:     0x55f66ef4f270 - triangles::geometry3d::triangles::topology::walk_neighbors::h1b18a2964cc0a792
[INFO] [stdout]                                at /opt/rustwide/workdir/src/geometry3d/triangles/topology/mod.rs:170:13
[INFO] [stdout]   37:     0x55f66ef4f270 - triangles::geometry3d::triangles::topology::walk_neighbors::h1b18a2964cc0a792
[INFO] [stdout]                                at /opt/rustwide/workdir/src/geometry3d/triangles/topology/mod.rs:170:13
[INFO] [stdout]   38:     0x55f66ef4f270 - triangles::geometry3d::triangles::topology::walk_neighbors::h1b18a2964cc0a792
[INFO] [stdout]                                at /opt/rustwide/workdir/src/geometry3d/triangles/topology/mod.rs:170:13
[INFO] [stdout]   39:     0x55f66ef4f270 - triangles::geometry3d::triangles::topology::walk_neighbors::h1b18a2964cc0a792
[INFO] [stdout]                                at /opt/rustwide/workdir/src/geometry3d/triangles/topology/mod.rs:170:13
[INFO] [stdout]   40:     0x55f66ef4f270 - triangles::geometry3d::triangles::topology::walk_neighbors::h1b18a2964cc0a792
[INFO] [stdout]                                at /opt/rustwide/workdir/src/geometry3d/triangles/topology/mod.rs:170:13
[INFO] [stdout]   41:     0x55f66ef4f270 - triangles::geometry3d::triangles::topology::walk_neighbors::h1b18a2964cc0a792
[INFO] [stdout]                                at /opt/rustwide/workdir/src/geometry3d/triangles/topology/mod.rs:170:13
[INFO] [stdout]   42:     0x55f66ef4f270 - triangles::geometry3d::triangles::topology::walk_neighbors::h1b18a2964cc0a792
[INFO] [stdout]                                at /opt/rustwide/workdir/src/geometry3d/triangles/topology/mod.rs:170:13
[INFO] [stdout]   43:     0x55f66ef4f270 - triangles::geometry3d::triangles::topology::walk_neighbors::h1b18a2964cc0a792
[INFO] [stdout]                                at /opt/rustwide/workdir/src/geometry3d/triangles/topology/mod.rs:170:13
[INFO] [stdout]   44:     0x55f66ef4f270 - triangles::geometry3d::triangles::topology::walk_neighbors::h1b18a2964cc0a792
[INFO] [stdout]                                at /opt/rustwide/workdir/src/geometry3d/triangles/topology/mod.rs:170:13
[INFO] [stdout]   45:     0x55f66ef4f270 - triangles::geometry3d::triangles::topology::walk_neighbors::h1b18a2964cc0a792
[INFO] [stdout]                                at /opt/rustwide/workdir/src/geometry3d/triangles/topology/mod.rs:170:13
[INFO] [stdout]   46:     0x55f66ef4f270 - triangles::geometry3d::triangles::topology::walk_neighbors::h1b18a2964cc0a792
[INFO] [stdout]                                at /opt/rustwide/workdir/src/geometry3d/triangles/topology/mod.rs:170:13
[INFO] [stdout]   47:     0x55f66ef4f270 - triangles::geometry3d::triangles::topology::walk_neighbors::h1b18a2964cc0a792
[INFO] [stdout]                                at /opt/rustwide/workdir/src/geometry3d/triangles/topology/mod.rs:170:13
[INFO] [stdout]   48:     0x55f66ef4f270 - triangles::geometry3d::triangles::topology::walk_neighbors::h1b18a2964cc0a792
[INFO] [stdout]                                at /opt/rustwide/workdir/src/geometry3d/triangles/topology/mod.rs:170:13
[INFO] [stdout]   49:     0x55f66ef4f270 - triangles::geometry3d::triangles::topology::walk_neighbors::h1b18a2964cc0a792
[INFO] [stdout]                                at /opt/rustwide/workdir/src/geometry3d/triangles/topology/mod.rs:170:13
[INFO] [stdout]   50:     0x55f66ef4f270 - triangles::geometry3d::triangles::topology::walk_neighbors::h1b18a2964cc0a792
[INFO] [stdout]                                at /opt/rustwide/workdir/src/geometry3d/triangles/topology/mod.rs:170:13
[INFO] [stdout]   51:     0x55f66ef4f270 - triangles::geometry3d::triangles::topology::walk_neighbors::h1b18a2964cc0a792
[INFO] [stdout]                                at /opt/rustwide/workdir/src/geometry3d/triangles/topology/mod.rs:170:13
[INFO] [stdout]   52:     0x55f66ef4f270 - triangles::geometry3d::triangles::topology::walk_neighbors::h1b18a2964cc0a792
[INFO] [stdout]                                at /opt/rustwide/workdir/src/geometry3d/triangles/topology/mod.rs:170:13
[INFO] [stdout]   53:     0x55f66ef4f270 - triangles::geometry3d::triangles::topology::walk_neighbors::h1b18a2964cc0a792
[INFO] [stdout]                                at /opt/rustwide/workdir/src/geometry3d/triangles/topology/mod.rs:170:13
[INFO] [stdout]   54:     0x55f66ef4f270 - triangles::geometry3d::triangles::topology::walk_neighbors::h1b18a2964cc0a792
[INFO] [stdout]                                at /opt/rustwide/workdir/src/geometry3d/triangles/topology/mod.rs:170:13
[INFO] [stdout]   55:     0x55f66ef4f270 - triangles::geometry3d::triangles::topology::walk_neighbors::h1b18a2964cc0a792
[INFO] [stdout]                                at /opt/rustwide/workdir/src/geometry3d/triangles/topology/mod.rs:170:13
[INFO] [stdout]   56:     0x55f66ef4f270 - triangles::geometry3d::triangles::topology::walk_neighbors::h1b18a2964cc0a792
[INFO] [stdout]                                at /opt/rustwide/workdir/src/geometry3d/triangles/topology/mod.rs:170:13
[INFO] [stdout]   57:     0x55f66ef4f270 - triangles::geometry3d::triangles::topology::walk_neighbors::h1b18a2964cc0a792
[INFO] [stdout]                                at /opt/rustwide/workdir/src/geometry3d/triangles/topology/mod.rs:170:13
[INFO] [stdout]   58:     0x55f66ef4f270 - triangles::geometry3d::triangles::topology::walk_neighbors::h1b18a2964cc0a792
[INFO] [stdout]                                at /opt/rustwide/workdir/src/geometry3d/triangles/topology/mod.rs:170:13
[INFO] [stdout]   59:     0x55f66ef4de96 - triangles::geometry3d::triangles::topology::TriangleTopology<P>::new::h401038a4d183018d
[INFO] [stdout]                                at /opt/rustwide/workdir/src/geometry3d/triangles/topology/mod.rs:96:13
[INFO] [stdout]   60:     0x55f66ef43b68 - triangles::geometry3d::triangles::topology::test::test_intersect::hcd0a45549da6f1f4
[INFO] [stdout]                                at /opt/rustwide/workdir/src/geometry3d/triangles/topology/test.rs:14:19
[INFO] [stdout]   61:     0x55f66ef43b27 - triangles::geometry3d::triangles::topology::test::test_intersect::{{closure}}::hfc45af93aa671c9c
[INFO] [stdout]                                at /opt/rustwide/workdir/src/geometry3d/triangles/topology/test.rs:12:20
[INFO] [stdout]   62:     0x55f66ef60556 - core::ops::function::FnOnce::call_once::h5cb38118a851f3fa
[INFO] [stdout]                                at /rustc/82e1608dfa6e0b5569232559e3d385fea5a93112/library/core/src/ops/function.rs:250:5
[INFO] [stdout]   63:     0x55f66efd5f0f - core::ops::function::FnOnce::call_once::h2b5d431d5046312d
[INFO] [stdout]                                at /rustc/82e1608dfa6e0b5569232559e3d385fea5a93112/library/core/src/ops/function.rs:250:5
[INFO] [stdout]   64:     0x55f66efd5f0f - test::__rust_begin_short_backtrace::h7714669af176e207
[INFO] [stdout]                                at /rustc/82e1608dfa6e0b5569232559e3d385fea5a93112/library/test/src/lib.rs:628:18
[INFO] [stdout]   65:     0x55f66efd4f25 - test::run_test_in_process::{{closure}}::h85218797dcbcec12
[INFO] [stdout]                                at /rustc/82e1608dfa6e0b5569232559e3d385fea5a93112/library/test/src/lib.rs:651:60
[INFO] [stdout]   66:     0x55f66efd4f25 - <core::panic::unwind_safe::AssertUnwindSafe<F> as core::ops::function::FnOnce<()>>::call_once::h76c106ea31c14d7b
[INFO] [stdout]                                at /rustc/82e1608dfa6e0b5569232559e3d385fea5a93112/library/core/src/panic/unwind_safe.rs:272:9
[INFO] [stdout]   67:     0x55f66efd4f25 - std::panicking::try::do_call::h3bd5d0f6620ee946
[INFO] [stdout]                                at /rustc/82e1608dfa6e0b5569232559e3d385fea5a93112/library/std/src/panicking.rs:552:40
[INFO] [stdout]   68:     0x55f66efd4f25 - std::panicking::try::h232e535e4744fe31
[INFO] [stdout]                                at /rustc/82e1608dfa6e0b5569232559e3d385fea5a93112/library/std/src/panicking.rs:516:19
[INFO] [stdout]   69:     0x55f66efd4f25 - std::panic::catch_unwind::h3ce3bd6ca8dbac68
[INFO] [stdout]                                at /rustc/82e1608dfa6e0b5569232559e3d385fea5a93112/library/std/src/panic.rs:142:14
[INFO] [stdout]   70:     0x55f66efd4f25 - test::run_test_in_process::hc97b257c9621286a
[INFO] [stdout]                                at /rustc/82e1608dfa6e0b5569232559e3d385fea5a93112/library/test/src/lib.rs:651:27
[INFO] [stdout]   71:     0x55f66efd4f25 - test::run_test::{{closure}}::h2aa798823a438d38
[INFO] [stdout]                                at /rustc/82e1608dfa6e0b5569232559e3d385fea5a93112/library/test/src/lib.rs:574:43
[INFO] [stdout]   72:     0x55f66ef9d1e6 - test::run_test::{{closure}}::h87d231c78fb59832
[INFO] [stdout]                                at /rustc/82e1608dfa6e0b5569232559e3d385fea5a93112/library/test/src/lib.rs:602:41
[INFO] [stdout]   73:     0x55f66ef9d1e6 - std::sys_common::backtrace::__rust_begin_short_backtrace::he6df152596625789
[INFO] [stdout]                                at /rustc/82e1608dfa6e0b5569232559e3d385fea5a93112/library/std/src/sys_common/backtrace.rs:154:18
[INFO] [stdout]   74:     0x55f66efa2297 - std::thread::Builder::spawn_unchecked_::{{closure}}::{{closure}}::ha94be15d1e0acf36
[INFO] [stdout]                                at /rustc/82e1608dfa6e0b5569232559e3d385fea5a93112/library/std/src/thread/mod.rs:529:17
[INFO] [stdout]   75:     0x55f66efa2297 - <core::panic::unwind_safe::AssertUnwindSafe<F> as core::ops::function::FnOnce<()>>::call_once::h9dc6bd6372f16606
[INFO] [stdout]                                at /rustc/82e1608dfa6e0b5569232559e3d385fea5a93112/library/core/src/panic/unwind_safe.rs:272:9
[INFO] [stdout]   76:     0x55f66efa2297 - std::panicking::try::do_call::h9057517f80303cd4
[INFO] [stdout]                                at /rustc/82e1608dfa6e0b5569232559e3d385fea5a93112/library/std/src/panicking.rs:552:40
[INFO] [stdout]   77:     0x55f66efa2297 - std::panicking::try::he3a30b11ee45340c
[INFO] [stdout]                                at /rustc/82e1608dfa6e0b5569232559e3d385fea5a93112/library/std/src/panicking.rs:516:19
[INFO] [stdout]   78:     0x55f66efa2297 - std::panic::catch_unwind::h410458cfd3528b8b
[INFO] [stdout]                                at /rustc/82e1608dfa6e0b5569232559e3d385fea5a93112/library/std/src/panic.rs:142:14
[INFO] [stdout]   79:     0x55f66efa2297 - std::thread::Builder::spawn_unchecked_::{{closure}}::h72ac3bdb567b737b
[INFO] [stdout]                                at /rustc/82e1608dfa6e0b5569232559e3d385fea5a93112/library/std/src/thread/mod.rs:528:30
[INFO] [stdout]   80:     0x55f66efa2297 - core::ops::function::FnOnce::call_once{{vtable.shim}}::h38f34da3654a8344
[INFO] [stdout]                                at /rustc/82e1608dfa6e0b5569232559e3d385fea5a93112/library/core/src/ops/function.rs:250:5
[INFO] [stdout]   81:     0x55f66f0a3985 - <alloc::boxed::Box<F,A> as core::ops::function::FnOnce<Args>>::call_once::hc7eafaff61e32df9
[INFO] [stdout]                                at /rustc/82e1608dfa6e0b5569232559e3d385fea5a93112/library/alloc/src/boxed.rs:2007:9
[INFO] [stdout]   82:     0x55f66f0a3985 - <alloc::boxed::Box<F,A> as core::ops::function::FnOnce<Args>>::call_once::h6ba4a5de48dd2304
[INFO] [stdout]                                at /rustc/82e1608dfa6e0b5569232559e3d385fea5a93112/library/alloc/src/boxed.rs:2007:9
[INFO] [stdout]   83:     0x55f66f0a3985 - std::sys::unix::thread::Thread::new::thread_start::he469335aef763e45
[INFO] [stdout]                                at /rustc/82e1608dfa6e0b5569232559e3d385fea5a93112/library/std/src/sys/unix/thread.rs:108:17
[INFO] [stdout]   84:     0x7fd6b38e9ac3 - <unknown>
[INFO] [stdout]   85:     0x7fd6b397abf4 - __clone
[INFO] [stdout]   86:                0x0 - <unknown>
[INFO] [stdout] 
[INFO] [stdout] ---- geometry3d::triangles::test::test_load_and_store stdout ----
[INFO] [stdout] thread 'geometry3d::triangles::test::test_load_and_store' panicked at src/geometry3d/triangles/topology/mod.rs:173:5:
[INFO] [stdout] not yet implemented
[INFO] [stdout] stack backtrace:
[INFO] [stdout]    0:     0x55f66f09ce0c - std::backtrace_rs::backtrace::libunwind::trace::ha637c64ce894333a
[INFO] [stdout]                                at /rustc/82e1608dfa6e0b5569232559e3d385fea5a93112/library/std/src/../../backtrace/src/backtrace/libunwind.rs:104:5
[INFO] [stdout]    1:     0x55f66f09ce0c - std::backtrace_rs::backtrace::trace_unsynchronized::h47f62dea28e0c88d
[INFO] [stdout]                                at /rustc/82e1608dfa6e0b5569232559e3d385fea5a93112/library/std/src/../../backtrace/src/backtrace/mod.rs:66:5
[INFO] [stdout]    2:     0x55f66f09ce0c - std::sys_common::backtrace::_print_fmt::h9eef0abe20ede486
[INFO] [stdout]                                at /rustc/82e1608dfa6e0b5569232559e3d385fea5a93112/library/std/src/sys_common/backtrace.rs:67:5
[INFO] [stdout]    3:     0x55f66f09ce0c - <std::sys_common::backtrace::_print::DisplayBacktrace as core::fmt::Display>::fmt::hed7f999df88cc644
[INFO] [stdout]                                at /rustc/82e1608dfa6e0b5569232559e3d385fea5a93112/library/std/src/sys_common/backtrace.rs:44:22
[INFO] [stdout]    4:     0x55f66f0c88a0 - core::fmt::rt::Argument::fmt::h1539a9308b8d058d
[INFO] [stdout]                                at /rustc/82e1608dfa6e0b5569232559e3d385fea5a93112/library/core/src/fmt/rt.rs:142:9
[INFO] [stdout]    5:     0x55f66f0c88a0 - core::fmt::write::h3a39390d8560d9c9
[INFO] [stdout]                                at /rustc/82e1608dfa6e0b5569232559e3d385fea5a93112/library/core/src/fmt/mod.rs:1120:17
[INFO] [stdout]    6:     0x55f66f09a79f - std::io::Write::write_fmt::h040b369f3a0f9cbc
[INFO] [stdout]                                at /rustc/82e1608dfa6e0b5569232559e3d385fea5a93112/library/std/src/io/mod.rs:1762:15
[INFO] [stdout]    7:     0x55f66f09cbf4 - std::sys_common::backtrace::_print::h894006fb5c6f3d45
[INFO] [stdout]                                at /rustc/82e1608dfa6e0b5569232559e3d385fea5a93112/library/std/src/sys_common/backtrace.rs:47:5
[INFO] [stdout]    8:     0x55f66f09cbf4 - std::sys_common::backtrace::print::h23a2d212c6fff936
[INFO] [stdout]                                at /rustc/82e1608dfa6e0b5569232559e3d385fea5a93112/library/std/src/sys_common/backtrace.rs:34:9
[INFO] [stdout]    9:     0x55f66f09e8b7 - std::panicking::default_hook::{{closure}}::h8a1d2ee00185001a
[INFO] [stdout]   10:     0x55f66f09e5a3 - std::panicking::default_hook::h6038f2eba384e475
[INFO] [stdout]                                at /rustc/82e1608dfa6e0b5569232559e3d385fea5a93112/library/std/src/panicking.rs:289:9
[INFO] [stdout]   11:     0x55f66efd08b7 - <alloc::boxed::Box<F,A> as core::ops::function::Fn<Args>>::call::h0ad024c9bdc6d768
[INFO] [stdout]                                at /rustc/82e1608dfa6e0b5569232559e3d385fea5a93112/library/alloc/src/boxed.rs:2021:9
[INFO] [stdout]   12:     0x55f66efd08b7 - test::test_main::{{closure}}::h7500b54257359db6
[INFO] [stdout]                                at /rustc/82e1608dfa6e0b5569232559e3d385fea5a93112/library/test/src/lib.rs:138:21
[INFO] [stdout]   13:     0x55f66f09eec8 - <alloc::boxed::Box<F,A> as core::ops::function::Fn<Args>>::call::h1f8f335eaa9cfaee
[INFO] [stdout]                                at /rustc/82e1608dfa6e0b5569232559e3d385fea5a93112/library/alloc/src/boxed.rs:2021:9
[INFO] [stdout]   14:     0x55f66f09eec8 - std::panicking::rust_panic_with_hook::h2b5517d590cab22e
[INFO] [stdout]                                at /rustc/82e1608dfa6e0b5569232559e3d385fea5a93112/library/std/src/panicking.rs:783:13
[INFO] [stdout]   15:     0x55f66f09ebe9 - std::panicking::begin_panic_handler::{{closure}}::h233112c06e0ef43e
[INFO] [stdout]                                at /rustc/82e1608dfa6e0b5569232559e3d385fea5a93112/library/std/src/panicking.rs:649:13
[INFO] [stdout]   16:     0x55f66f09d2d6 - std::sys_common::backtrace::__rust_end_short_backtrace::h6e893f24d7ebbff8
[INFO] [stdout]                                at /rustc/82e1608dfa6e0b5569232559e3d385fea5a93112/library/std/src/sys_common/backtrace.rs:170:18
[INFO] [stdout]   17:     0x55f66f09e982 - rust_begin_unwind
[INFO] [stdout]                                at /rustc/82e1608dfa6e0b5569232559e3d385fea5a93112/library/std/src/panicking.rs:645:5
[INFO] [stdout]   18:     0x55f66ee81155 - core::panicking::panic_fmt::hbf0e066aabfa482c
[INFO] [stdout]                                at /rustc/82e1608dfa6e0b5569232559e3d385fea5a93112/library/core/src/panicking.rs:72:14
[INFO] [stdout]   19:     0x55f66ee811f3 - core::panicking::panic::h195fc2a96298d4c3
[INFO] [stdout]                                at /rustc/82e1608dfa6e0b5569232559e3d385fea5a93112/library/core/src/panicking.rs:127:5
[INFO] [stdout]   20:     0x55f66ef4f19b - triangles::geometry3d::triangles::topology::walk_neighbors::h1b18a2964cc0a792
[INFO] [stdout]                                at /opt/rustwide/workdir/src/geometry3d/triangles/topology/mod.rs:173:5
[INFO] [stdout]   21:     0x55f66ef4f270 - triangles::geometry3d::triangles::topology::walk_neighbors::h1b18a2964cc0a792
[INFO] [stdout]                                at /opt/rustwide/workdir/src/geometry3d/triangles/topology/mod.rs:170:13
[INFO] [stdout]   22:     0x55f66ef4f270 - triangles::geometry3d::triangles::topology::walk_neighbors::h1b18a2964cc0a792
[INFO] [stdout]                                at /opt/rustwide/workdir/src/geometry3d/triangles/topology/mod.rs:170:13
[INFO] [stdout]   23:     0x55f66ef4f270 - triangles::geometry3d::triangles::topology::walk_neighbors::h1b18a2964cc0a792
[INFO] [stdout]                                at /opt/rustwide/workdir/src/geometry3d/triangles/topology/mod.rs:170:13
[INFO] [stdout]   24:     0x55f66ef4f270 - triangles::geometry3d::triangles::topology::walk_neighbors::h1b18a2964cc0a792
[INFO] [stdout]                                at /opt/rustwide/workdir/src/geometry3d/triangles/topology/mod.rs:170:13
[INFO] [stdout]   25:     0x55f66ef4f270 - triangles::geometry3d::triangles::topology::walk_neighbors::h1b18a2964cc0a792
[INFO] [stdout]                                at /opt/rustwide/workdir/src/geometry3d/triangles/topology/mod.rs:170:13
[INFO] [stdout]   26:     0x55f66ef4f270 - triangles::geometry3d::triangles::topology::walk_neighbors::h1b18a2964cc0a792
[INFO] [stdout]                                at /opt/rustwide/workdir/src/geometry3d/triangles/topology/mod.rs:170:13
[INFO] [stdout]   27:     0x55f66ef4f270 - triangles::geometry3d::triangles::topology::walk_neighbors::h1b18a2964cc0a792
[INFO] [stdout]                                at /opt/rustwide/workdir/src/geometry3d/triangles/topology/mod.rs:170:13
[INFO] [stdout]   28:     0x55f66ef4f270 - triangles::geometry3d::triangles::topology::walk_neighbors::h1b18a2964cc0a792
[INFO] [stdout]                                at /opt/rustwide/workdir/src/geometry3d/triangles/topology/mod.rs:170:13
[INFO] [stdout]   29:     0x55f66ef4f270 - triangles::geometry3d::triangles::topology::walk_neighbors::h1b18a2964cc0a792
[INFO] [stdout]                                at /opt/rustwide/workdir/src/geometry3d/triangles/topology/mod.rs:170:13
[INFO] [stdout]   30:     0x55f66ef4f270 - triangles::geometry3d::triangles::topology::walk_neighbors::h1b18a2964cc0a792
[INFO] [stdout]                                at /opt/rustwide/workdir/src/geometry3d/triangles/topology/mod.rs:170:13
[INFO] [stdout]   31:     0x55f66ef4f270 - triangles::geometry3d::triangles::topology::walk_neighbors::h1b18a2964cc0a792
[INFO] [stdout]                                at /opt/rustwide/workdir/src/geometry3d/triangles/topology/mod.rs:170:13
[INFO] [stdout]   32:     0x55f66ef4f270 - triangles::geometry3d::triangles::topology::walk_neighbors::h1b18a2964cc0a792
[INFO] [stdout]                                at /opt/rustwide/workdir/src/geometry3d/triangles/topology/mod.rs:170:13
[INFO] [stdout]   33:     0x55f66ef4f270 - triangles::geometry3d::triangles::topology::walk_neighbors::h1b18a2964cc0a792
[INFO] [stdout]                                at /opt/rustwide/workdir/src/geometry3d/triangles/topology/mod.rs:170:13
[INFO] [stdout]   34:     0x55f66ef4f270 - triangles::geometry3d::triangles::topology::walk_neighbors::h1b18a2964cc0a792
[INFO] [stdout]                                at /opt/rustwide/workdir/src/geometry3d/triangles/topology/mod.rs:170:13
[INFO] [stdout]   35:     0x55f66ef4f270 - triangles::geometry3d::triangles::topology::walk_neighbors::h1b18a2964cc0a792
[INFO] [stdout]                                at /opt/rustwide/workdir/src/geometry3d/triangles/topology/mod.rs:170:13
[INFO] [stdout]   36:     0x55f66ef4f270 - triangles::geometry3d::triangles::topology::walk_neighbors::h1b18a2964cc0a792
[INFO] [stdout]                                at /opt/rustwide/workdir/src/geometry3d/triangles/topology/mod.rs:170:13
[INFO] [stdout]   37:     0x55f66ef4f270 - triangles::geometry3d::triangles::topology::walk_neighbors::h1b18a2964cc0a792
[INFO] [stdout]                                at /opt/rustwide/workdir/src/geometry3d/triangles/topology/mod.rs:170:13
[INFO] [stdout]   38:     0x55f66ef4f270 - triangles::geometry3d::triangles::topology::walk_neighbors::h1b18a2964cc0a792
[INFO] [stdout]                                at /opt/rustwide/workdir/src/geometry3d/triangles/topology/mod.rs:170:13
[INFO] [stdout]   39:     0x55f66ef4f270 - triangles::geometry3d::triangles::topology::walk_neighbors::h1b18a2964cc0a792
[INFO] [stdout]                                at /opt/rustwide/workdir/src/geometry3d/triangles/topology/mod.rs:170:13
[INFO] [stdout]   40:     0x55f66ef4f270 - triangles::geometry3d::triangles::topology::walk_neighbors::h1b18a2964cc0a792
[INFO] [stdout]                                at /opt/rustwide/workdir/src/geometry3d/triangles/topology/mod.rs:170:13
[INFO] [stdout]   41:     0x55f66ef4f270 - triangles::geometry3d::triangles::topology::walk_neighbors::h1b18a2964cc0a792
[INFO] [stdout]                                at /opt/rustwide/workdir/src/geometry3d/triangles/topology/mod.rs:170:13
[INFO] [stdout]   42:     0x55f66ef4f270 - triangles::geometry3d::triangles::topology::walk_neighbors::h1b18a2964cc0a792
[INFO] [stdout]                                at /opt/rustwide/workdir/src/geometry3d/triangles/topology/mod.rs:170:13
[INFO] [stdout]   43:     0x55f66ef4f270 - triangles::geometry3d::triangles::topology::walk_neighbors::h1b18a2964cc0a792
[INFO] [stdout]                                at /opt/rustwide/workdir/src/geometry3d/triangles/topology/mod.rs:170:13
[INFO] [stdout]   44:     0x55f66ef4f270 - triangles::geometry3d::triangles::topology::walk_neighbors::h1b18a2964cc0a792
[INFO] [stdout]                                at /opt/rustwide/workdir/src/geometry3d/triangles/topology/mod.rs:170:13
[INFO] [stdout]   45:     0x55f66ef4f270 - triangles::geometry3d::triangles::topology::walk_neighbors::h1b18a2964cc0a792
[INFO] [stdout]                                at /opt/rustwide/workdir/src/geometry3d/triangles/topology/mod.rs:170:13
[INFO] [stdout]   46:     0x55f66ef4f270 - triangles::geometry3d::triangles::topology::walk_neighbors::h1b18a2964cc0a792
[INFO] [stdout]                                at /opt/rustwide/workdir/src/geometry3d/triangles/topology/mod.rs:170:13
[INFO] [stdout]   47:     0x55f66ef4f270 - triangles::geometry3d::triangles::topology::walk_neighbors::h1b18a2964cc0a792
[INFO] [stdout]                                at /opt/rustwide/workdir/src/geometry3d/triangles/topology/mod.rs:170:13
[INFO] [stdout]   48:     0x55f66ef4f270 - triangles::geometry3d::triangles::topology::walk_neighbors::h1b18a2964cc0a792
[INFO] [stdout]                                at /opt/rustwide/workdir/src/geometry3d/triangles/topology/mod.rs:170:13
[INFO] [stdout]   49:     0x55f66ef4f270 - triangles::geometry3d::triangles::topology::walk_neighbors::h1b18a2964cc0a792
[INFO] [stdout]                                at /opt/rustwide/workdir/src/geometry3d/triangles/topology/mod.rs:170:13
[INFO] [stdout]   50:     0x55f66ef4f270 - triangles::geometry3d::triangles::topology::walk_neighbors::h1b18a2964cc0a792
[INFO] [stdout]                                at /opt/rustwide/workdir/src/geometry3d/triangles/topology/mod.rs:170:13
[INFO] [stdout]   51:     0x55f66ef4f270 - triangles::geometry3d::triangles::topology::walk_neighbors::h1b18a2964cc0a792
[INFO] [stdout]                                at /opt/rustwide/workdir/src/geometry3d/triangles/topology/mod.rs:170:13
[INFO] [stdout]   52:     0x55f66ef4f270 - triangles::geometry3d::triangles::topology::walk_neighbors::h1b18a2964cc0a792
[INFO] [stdout]                                at /opt/rustwide/workdir/src/geometry3d/triangles/topology/mod.rs:170:13
[INFO] [stdout]   53:     0x55f66ef4f270 - triangles::geometry3d::triangles::topology::walk_neighbors::h1b18a2964cc0a792
[INFO] [stdout]                                at /opt/rustwide/workdir/src/geometry3d/triangles/topology/mod.rs:170:13
[INFO] [stdout]   54:     0x55f66ef4f270 - triangles::geometry3d::triangles::topology::walk_neighbors::h1b18a2964cc0a792
[INFO] [stdout]                                at /opt/rustwide/workdir/src/geometry3d/triangles/topology/mod.rs:170:13
[INFO] [stdout]   55:     0x55f66ef4f270 - triangles::geometry3d::triangles::topology::walk_neighbors::h1b18a2964cc0a792
[INFO] [stdout]                                at /opt/rustwide/workdir/src/geometry3d/triangles/topology/mod.rs:170:13
[INFO] [stdout]   56:     0x55f66ef4f270 - triangles::geometry3d::triangles::topology::walk_neighbors::h1b18a2964cc0a792
[INFO] [stdout]                                at /opt/rustwide/workdir/src/geometry3d/triangles/topology/mod.rs:170:13
[INFO] [stdout]   57:     0x55f66ef4f270 - triangles::geometry3d::triangles::topology::walk_neighbors::h1b18a2964cc0a792
[INFO] [stdout]                                at /opt/rustwide/workdir/src/geometry3d/triangles/topology/mod.rs:170:13
[INFO] [stdout]   58:     0x55f66ef4f270 - triangles::geometry3d::triangles::topology::walk_neighbors::h1b18a2964cc0a792
[INFO] [stdout]                                at /opt/rustwide/workdir/src/geometry3d/triangles/topology/mod.rs:170:13
[INFO] [stdout]   59:     0x55f66ef4de96 - triangles::geometry3d::triangles::topology::TriangleTopology<P>::new::h401038a4d183018d
[INFO] [stdout]                                at /opt/rustwide/workdir/src/geometry3d/triangles/topology/mod.rs:96:13
[INFO] [stdout]   60:     0x55f66ef28500 - triangles::geometry3d::triangles::test::test_load_and_store::h4c27c4180d2bbca2
[INFO] [stdout]                                at /opt/rustwide/workdir/src/geometry3d/triangles/mod.rs:230:23
[INFO] [stdout]   61:     0x55f66ef28437 - triangles::geometry3d::triangles::test::test_load_and_store::{{closure}}::h89520446ff7110f6
[INFO] [stdout]                                at /opt/rustwide/workdir/src/geometry3d/triangles/mod.rs:227:29
[INFO] [stdout]   62:     0x55f66ef60926 - core::ops::function::FnOnce::call_once::hb9c5583ca7d83fc6
[INFO] [stdout]                                at /rustc/82e1608dfa6e0b5569232559e3d385fea5a93112/library/core/src/ops/function.rs:250:5
[INFO] [stdout]   63:     0x55f66efd5f0f - core::ops::function::FnOnce::call_once::h2b5d431d5046312d
[INFO] [stdout]                                at /rustc/82e1608dfa6e0b5569232559e3d385fea5a93112/library/core/src/ops/function.rs:250:5
[INFO] [stdout]   64:     0x55f66efd5f0f - test::__rust_begin_short_backtrace::h7714669af176e207
[INFO] [stdout]                                at /rustc/82e1608dfa6e0b5569232559e3d385fea5a93112/library/test/src/lib.rs:628:18
[INFO] [stdout]   65:     0x55f66efd4f25 - test::run_test_in_process::{{closure}}::h85218797dcbcec12
[INFO] [stdout]                                at /rustc/82e1608dfa6e0b5569232559e3d385fea5a93112/library/test/src/lib.rs:651:60
[INFO] [stdout]   66:     0x55f66efd4f25 - <core::panic::unwind_safe::AssertUnwindSafe<F> as core::ops::function::FnOnce<()>>::call_once::h76c106ea31c14d7b
[INFO] [stdout]                                at /rustc/82e1608dfa6e0b5569232559e3d385fea5a93112/library/core/src/panic/unwind_safe.rs:272:9
[INFO] [stdout]   67:     0x55f66efd4f25 - std::panicking::try::do_call::h3bd5d0f6620ee946
[INFO] [stdout]                                at /rustc/82e1608dfa6e0b5569232559e3d385fea5a93112/library/std/src/panicking.rs:552:40
[INFO] [stdout]   68:     0x55f66efd4f25 - std::panicking::try::h232e535e4744fe31
[INFO] [stdout]                                at /rustc/82e1608dfa6e0b5569232559e3d385fea5a93112/library/std/src/panicking.rs:516:19
[INFO] [stdout]   69:     0x55f66efd4f25 - std::panic::catch_unwind::h3ce3bd6ca8dbac68
[INFO] [stdout]                                at /rustc/82e1608dfa6e0b5569232559e3d385fea5a93112/library/std/src/panic.rs:142:14
[INFO] [stdout]   70:     0x55f66efd4f25 - test::run_test_in_process::hc97b257c9621286a
[INFO] [stdout]                                at /rustc/82e1608dfa6e0b5569232559e3d385fea5a93112/library/test/src/lib.rs:651:27
[INFO] [stdout]   71:     0x55f66efd4f25 - test::run_test::{{closure}}::h2aa798823a438d38
[INFO] [stdout]                                at /rustc/82e1608dfa6e0b5569232559e3d385fea5a93112/library/test/src/lib.rs:574:43
[INFO] [stdout]   72:     0x55f66ef9d1e6 - test::run_test::{{closure}}::h87d231c78fb59832
[INFO] [stdout]                                at /rustc/82e1608dfa6e0b5569232559e3d385fea5a93112/library/test/src/lib.rs:602:41
[INFO] [stdout]   73:     0x55f66ef9d1e6 - std::sys_common::backtrace::__rust_begin_short_backtrace::he6df152596625789
[INFO] [stdout]                                at /rustc/82e1608dfa6e0b5569232559e3d385fea5a93112/library/std/src/sys_common/backtrace.rs:154:18
[INFO] [stdout]   74:     0x55f66efa2297 - std::thread::Builder::spawn_unchecked_::{{closure}}::{{closure}}::ha94be15d1e0acf36
[INFO] [stdout]                                at /rustc/82e1608dfa6e0b5569232559e3d385fea5a93112/library/std/src/thread/mod.rs:529:17
[INFO] [stdout]   75:     0x55f66efa2297 - <core::panic::unwind_safe::AssertUnwindSafe<F> as core::ops::function::FnOnce<()>>::call_once::h9dc6bd6372f16606
[INFO] [stdout]                                at /rustc/82e1608dfa6e0b5569232559e3d385fea5a93112/library/core/src/panic/unwind_safe.rs:272:9
[INFO] [stdout]   76:     0x55f66efa2297 - std::panicking::try::do_call::h9057517f80303cd4
[INFO] [stdout]                                at /rustc/82e1608dfa6e0b5569232559e3d385fea5a93112/library/std/src/panicking.rs:552:40
[INFO] [stdout]   77:     0x55f66efa2297 - std::panicking::try::he3a30b11ee45340c
[INFO] [stdout]                                at /rustc/82e1608dfa6e0b5569232559e3d385fea5a93112/library/std/src/panicking.rs:516:19
[INFO] [stdout]   78:     0x55f66efa2297 - std::panic::catch_unwind::h410458cfd3528b8b
[INFO] [stdout]                                at /rustc/82e1608dfa6e0b5569232559e3d385fea5a93112/library/std/src/panic.rs:142:14
[INFO] [stdout]   79:     0x55f66efa2297 - std::thread::Builder::spawn_unchecked_::{{closure}}::h72ac3bdb567b737b
[INFO] [stdout]                                at /rustc/82e1608dfa6e0b5569232559e3d385fea5a93112/library/std/src/thread/mod.rs:528:30
[INFO] [stdout]   80:     0x55f66efa2297 - core::ops::function::FnOnce::call_once{{vtable.shim}}::h38f34da3654a8344
[INFO] [stdout]                                at /rustc/82e1608dfa6e0b5569232559e3d385fea5a93112/library/core/src/ops/function.rs:250:5
[INFO] [stdout]   81:     0x55f66f0a3985 - <alloc::boxed::Box<F,A> as core::ops::function::FnOnce<Args>>::call_once::hc7eafaff61e32df9
[INFO] [stdout]                                at /rustc/82e1608dfa6e0b5569232559e3d385fea5a93112/library/alloc/src/boxed.rs:2007:9
[INFO] [stdout]   82:     0x55f66f0a3985 - <alloc::boxed::Box<F,A> as core::ops::function::FnOnce<Args>>::call_once::h6ba4a5de48dd2304
[INFO] [stdout]                                at /rustc/82e1608dfa6e0b5569232559e3d385fea5a93112/library/alloc/src/boxed.rs:2007:9
[INFO] [stdout]   83:     0x55f66f0a3985 - std::sys::unix::thread::Thread::new::thread_start::he469335aef763e45
[INFO] [stdout]                                at /rustc/82e1608dfa6e0b5569232559e3d385fea5a93112/library/std/src/sys/unix/thread.rs:108:17
[INFO] [stdout]   84:     0x7fd6b38e9ac3 - <unknown>
[INFO] [stdout]   85:     0x7fd6b397abf4 - __clone
[INFO] [stdout]   86:                0x0 - <unknown>
[INFO] [stdout] 
[INFO] [stdout] 
[INFO] [stdout] failures:
[INFO] [stdout]     geometry2d::test::test_polygon_intersection
[INFO] [stdout]     geometry3d::triangles::test::test_load_and_store
[INFO] [stdout]     geometry3d::triangles::topology::test::test_intersect
[INFO] [stdout]     geometry3d::triangles::topology::triangle_group::test::test_create_triangle_groups
[INFO] [stdout] 
[INFO] [stdout] test result: FAILED. 19 passed; 4 failed; 0 ignored; 0 measured; 0 filtered out; finished in 0.09s
[INFO] [stdout] 
[INFO] [stderr] error: test failed, to rerun pass `--lib`
[INFO] running `Command { std: "docker" "inspect" "acfc9ddc58b1a31fcf38844f4d4124b4aec660124977818ef39493bbed7a397c", kill_on_drop: false }`
[INFO] running `Command { std: "docker" "rm" "-f" "acfc9ddc58b1a31fcf38844f4d4124b4aec660124977818ef39493bbed7a397c", kill_on_drop: false }`
[INFO] [stdout] acfc9ddc58b1a31fcf38844f4d4124b4aec660124977818ef39493bbed7a397c
