[INFO] cloning repository https://github.com/kloki/advent-of-code-2023
[INFO] running `Command { std: "git" "-c" "credential.helper=" "-c" "credential.helper=/workspace/cargo-home/bin/git-credential-null" "clone" "--bare" "https://github.com/kloki/advent-of-code-2023" "/workspace/cache/git-repos/https%3A%2F%2Fgithub.com%2Fkloki%2Fadvent-of-code-2023", kill_on_drop: false }`
[INFO] [stderr] Cloning into bare repository '/workspace/cache/git-repos/https%3A%2F%2Fgithub.com%2Fkloki%2Fadvent-of-code-2023'...
[INFO] running `Command { std: "git" "rev-parse" "HEAD", kill_on_drop: false }`
[INFO] [stdout] 497f17ed7b531d47da4d2fcb3920049cbd50ec7c
[INFO] testing kloki/advent-of-code-2023 against 1.75.0 for beta-1.76-1
[INFO] running `Command { std: "git" "clone" "/workspace/cache/git-repos/https%3A%2F%2Fgithub.com%2Fkloki%2Fadvent-of-code-2023" "/workspace/builds/worker-5-tc1/source", kill_on_drop: false }`
[INFO] [stderr] Cloning into '/workspace/builds/worker-5-tc1/source'...
[INFO] [stderr] done.
[INFO] validating manifest of git repo https://github.com/kloki/advent-of-code-2023 on toolchain 1.75.0
[INFO] running `Command { std: CARGO_HOME="/workspace/cargo-home" RUSTUP_HOME="/workspace/rustup-home" "/workspace/cargo-home/bin/cargo" "+1.75.0" "metadata" "--manifest-path" "Cargo.toml" "--no-deps", kill_on_drop: false }`
[INFO] started tweaking git repo https://github.com/kloki/advent-of-code-2023
[INFO] finished tweaking git repo https://github.com/kloki/advent-of-code-2023
[INFO] tweaked toml for git repo https://github.com/kloki/advent-of-code-2023 written to /workspace/builds/worker-5-tc1/source/Cargo.toml
[INFO] crate git repo https://github.com/kloki/advent-of-code-2023 already has a lockfile, it will not be regenerated
[INFO] running `Command { std: CARGO_HOME="/workspace/cargo-home" RUSTUP_HOME="/workspace/rustup-home" "/workspace/cargo-home/bin/cargo" "+1.75.0" "fetch" "--manifest-path" "Cargo.toml", kill_on_drop: false }`
[INFO] running `Command { std: "docker" "create" "-v" "/var/lib/crater-agent-workspace/builds/worker-5-tc1/target:/opt/rustwide/target:rw,Z" "-v" "/var/lib/crater-agent-workspace/builds/worker-5-tc1/source:/opt/rustwide/workdir:ro,Z" "-v" "/var/lib/crater-agent-workspace/cargo-home:/opt/rustwide/cargo-home:ro,Z" "-v" "/var/lib/crater-agent-workspace/rustup-home:/opt/rustwide/rustup-home:ro,Z" "-e" "SOURCE_DIR=/opt/rustwide/workdir" "-e" "CARGO_TARGET_DIR=/opt/rustwide/target" "-e" "CARGO_HOME=/opt/rustwide/cargo-home" "-e" "RUSTUP_HOME=/opt/rustwide/rustup-home" "-w" "/opt/rustwide/workdir" "-m" "1610612736" "--user" "0:0" "--network" "none" "ghcr.io/rust-lang/crates-build-env/linux@sha256:2788e3201cd34a07e3172128adcd8b3090168a8e3bcc40d7c032b9dda1df7d1c" "/opt/rustwide/cargo-home/bin/cargo" "+1.75.0" "metadata" "--no-deps" "--format-version=1", kill_on_drop: false }`
[INFO] [stdout] 4307fd31338323b11d9a94cc5d7f5b643b04b6cb3938d269cf191e4511e1f7aa
[INFO] running `Command { std: "docker" "start" "-a" "4307fd31338323b11d9a94cc5d7f5b643b04b6cb3938d269cf191e4511e1f7aa", kill_on_drop: false }`
[INFO] running `Command { std: "docker" "inspect" "4307fd31338323b11d9a94cc5d7f5b643b04b6cb3938d269cf191e4511e1f7aa", kill_on_drop: false }`
[INFO] running `Command { std: "docker" "rm" "-f" "4307fd31338323b11d9a94cc5d7f5b643b04b6cb3938d269cf191e4511e1f7aa", kill_on_drop: false }`
[INFO] [stdout] 4307fd31338323b11d9a94cc5d7f5b643b04b6cb3938d269cf191e4511e1f7aa
[INFO] running `Command { std: "docker" "create" "-v" "/var/lib/crater-agent-workspace/builds/worker-5-tc1/target:/opt/rustwide/target:rw,Z" "-v" "/var/lib/crater-agent-workspace/builds/worker-5-tc1/source:/opt/rustwide/workdir:ro,Z" "-v" "/var/lib/crater-agent-workspace/cargo-home:/opt/rustwide/cargo-home:ro,Z" "-v" "/var/lib/crater-agent-workspace/rustup-home:/opt/rustwide/rustup-home:ro,Z" "-e" "SOURCE_DIR=/opt/rustwide/workdir" "-e" "CARGO_TARGET_DIR=/opt/rustwide/target" "-e" "CARGO_INCREMENTAL=0" "-e" "RUST_BACKTRACE=full" "-e" "RUSTFLAGS=--cap-lints=warn" "-e" "RUSTDOCFLAGS=--cap-lints=warn" "-e" "CARGO_HOME=/opt/rustwide/cargo-home" "-e" "RUSTUP_HOME=/opt/rustwide/rustup-home" "-w" "/opt/rustwide/workdir" "-m" "1610612736" "--user" "0:0" "--network" "none" "ghcr.io/rust-lang/crates-build-env/linux@sha256:2788e3201cd34a07e3172128adcd8b3090168a8e3bcc40d7c032b9dda1df7d1c" "/opt/rustwide/cargo-home/bin/cargo" "+1.75.0" "build" "--frozen" "--message-format=json", kill_on_drop: false }`
[INFO] [stdout] 2c7b65243cc581a649eff31d005f726245b79cc73c87bf0985affdc7089e2ce7
[INFO] running `Command { std: "docker" "start" "-a" "2c7b65243cc581a649eff31d005f726245b79cc73c87bf0985affdc7089e2ce7", kill_on_drop: false }`
[INFO] [stderr]    Compiling toolkit v0.1.0 (/opt/rustwide/workdir/toolkit)
[INFO] [stderr]    Compiling day-2-cubes v0.1.0 (/opt/rustwide/workdir/day-2-cubes)
[INFO] [stderr]    Compiling day-6-boat-race v0.1.0 (/opt/rustwide/workdir/day-6-boat-race)
[INFO] [stderr]    Compiling day-5-seeds v0.1.0 (/opt/rustwide/workdir/day-5-seeds)
[INFO] [stderr]    Compiling day-1-trebuchet v0.1.0 (/opt/rustwide/workdir/day-1-trebuchet)
[INFO] [stderr]    Compiling day-7-camel-card v0.1.0 (/opt/rustwide/workdir/day-7-camel-card)
[INFO] [stderr]    Compiling day-4-scratch-cards v0.1.0 (/opt/rustwide/workdir/day-4-scratch-cards)
[INFO] [stderr]    Compiling day-3-gears v0.1.0 (/opt/rustwide/workdir/day-3-gears)
[INFO] [stderr]    Compiling day-15-lens v0.1.0 (/opt/rustwide/workdir/day-15-lens)
[INFO] [stderr]    Compiling day-11-galaxies v0.1.0 (/opt/rustwide/workdir/day-11-galaxies)
[INFO] [stderr]    Compiling day-8-nodes v0.1.0 (/opt/rustwide/workdir/day-8-nodes)
[INFO] [stderr]    Compiling day-0-cookie-cutter v0.1.0 (/opt/rustwide/workdir/day-0-cookie-cutter)
[INFO] [stderr]    Compiling day-10-pipes v0.1.0 (/opt/rustwide/workdir/day-10-pipes)
[INFO] [stderr]    Compiling day-9-oasis v0.1.0 (/opt/rustwide/workdir/day-9-oasis)
[INFO] [stderr]     Finished dev [unoptimized + debuginfo] target(s) in 2.07s
[INFO] running `Command { std: "docker" "inspect" "2c7b65243cc581a649eff31d005f726245b79cc73c87bf0985affdc7089e2ce7", kill_on_drop: false }`
[INFO] running `Command { std: "docker" "rm" "-f" "2c7b65243cc581a649eff31d005f726245b79cc73c87bf0985affdc7089e2ce7", kill_on_drop: false }`
[INFO] [stdout] 2c7b65243cc581a649eff31d005f726245b79cc73c87bf0985affdc7089e2ce7
[INFO] running `Command { std: "docker" "create" "-v" "/var/lib/crater-agent-workspace/builds/worker-5-tc1/target:/opt/rustwide/target:rw,Z" "-v" "/var/lib/crater-agent-workspace/builds/worker-5-tc1/source:/opt/rustwide/workdir:ro,Z" "-v" "/var/lib/crater-agent-workspace/cargo-home:/opt/rustwide/cargo-home:ro,Z" "-v" "/var/lib/crater-agent-workspace/rustup-home:/opt/rustwide/rustup-home:ro,Z" "-e" "SOURCE_DIR=/opt/rustwide/workdir" "-e" "CARGO_TARGET_DIR=/opt/rustwide/target" "-e" "CARGO_INCREMENTAL=0" "-e" "RUST_BACKTRACE=full" "-e" "RUSTFLAGS=--cap-lints=warn" "-e" "RUSTDOCFLAGS=--cap-lints=warn" "-e" "CARGO_HOME=/opt/rustwide/cargo-home" "-e" "RUSTUP_HOME=/opt/rustwide/rustup-home" "-w" "/opt/rustwide/workdir" "-m" "1610612736" "--user" "0:0" "--network" "none" "ghcr.io/rust-lang/crates-build-env/linux@sha256:2788e3201cd34a07e3172128adcd8b3090168a8e3bcc40d7c032b9dda1df7d1c" "/opt/rustwide/cargo-home/bin/cargo" "+1.75.0" "test" "--frozen" "--no-run" "--message-format=json", kill_on_drop: false }`
[INFO] [stdout] ddba4a2bfa1cd6b9de2aac129632fd3007b67959cb647611467e0a4159eedda2
[INFO] running `Command { std: "docker" "start" "-a" "ddba4a2bfa1cd6b9de2aac129632fd3007b67959cb647611467e0a4159eedda2", kill_on_drop: false }`
[INFO] [stderr]    Compiling day-4-scratch-cards v0.1.0 (/opt/rustwide/workdir/day-4-scratch-cards)
[INFO] [stderr]    Compiling day-9-oasis v0.1.0 (/opt/rustwide/workdir/day-9-oasis)
[INFO] [stderr]    Compiling day-1-trebuchet v0.1.0 (/opt/rustwide/workdir/day-1-trebuchet)
[INFO] [stderr]    Compiling day-0-cookie-cutter v0.1.0 (/opt/rustwide/workdir/day-0-cookie-cutter)
[INFO] [stderr]    Compiling day-2-cubes v0.1.0 (/opt/rustwide/workdir/day-2-cubes)
[INFO] [stderr]    Compiling day-6-boat-race v0.1.0 (/opt/rustwide/workdir/day-6-boat-race)
[INFO] [stderr]    Compiling day-10-pipes v0.1.0 (/opt/rustwide/workdir/day-10-pipes)
[INFO] [stderr]    Compiling day-15-lens v0.1.0 (/opt/rustwide/workdir/day-15-lens)
[INFO] [stderr]    Compiling day-5-seeds v0.1.0 (/opt/rustwide/workdir/day-5-seeds)
[INFO] [stderr]    Compiling day-8-nodes v0.1.0 (/opt/rustwide/workdir/day-8-nodes)
[INFO] [stderr]    Compiling day-11-galaxies v0.1.0 (/opt/rustwide/workdir/day-11-galaxies)
[INFO] [stderr]    Compiling day-3-gears v0.1.0 (/opt/rustwide/workdir/day-3-gears)
[INFO] [stderr]    Compiling day-7-camel-card v0.1.0 (/opt/rustwide/workdir/day-7-camel-card)
[INFO] [stderr]    Compiling toolkit v0.1.0 (/opt/rustwide/workdir/toolkit)
[INFO] [stderr]     Finished test [unoptimized + debuginfo] target(s) in 1.28s
[INFO] running `Command { std: "docker" "inspect" "ddba4a2bfa1cd6b9de2aac129632fd3007b67959cb647611467e0a4159eedda2", kill_on_drop: false }`
[INFO] running `Command { std: "docker" "rm" "-f" "ddba4a2bfa1cd6b9de2aac129632fd3007b67959cb647611467e0a4159eedda2", kill_on_drop: false }`
[INFO] [stdout] ddba4a2bfa1cd6b9de2aac129632fd3007b67959cb647611467e0a4159eedda2
[INFO] running `Command { std: "docker" "create" "-v" "/var/lib/crater-agent-workspace/builds/worker-5-tc1/target:/opt/rustwide/target:rw,Z" "-v" "/var/lib/crater-agent-workspace/builds/worker-5-tc1/source:/opt/rustwide/workdir:ro,Z" "-v" "/var/lib/crater-agent-workspace/cargo-home:/opt/rustwide/cargo-home:ro,Z" "-v" "/var/lib/crater-agent-workspace/rustup-home:/opt/rustwide/rustup-home:ro,Z" "-e" "SOURCE_DIR=/opt/rustwide/workdir" "-e" "CARGO_TARGET_DIR=/opt/rustwide/target" "-e" "CARGO_INCREMENTAL=0" "-e" "RUST_BACKTRACE=full" "-e" "RUSTFLAGS=--cap-lints=warn" "-e" "RUSTDOCFLAGS=--cap-lints=warn" "-e" "CARGO_HOME=/opt/rustwide/cargo-home" "-e" "RUSTUP_HOME=/opt/rustwide/rustup-home" "-w" "/opt/rustwide/workdir" "-m" "1610612736" "--user" "0:0" "--network" "none" "ghcr.io/rust-lang/crates-build-env/linux@sha256:2788e3201cd34a07e3172128adcd8b3090168a8e3bcc40d7c032b9dda1df7d1c" "/opt/rustwide/cargo-home/bin/cargo" "+1.75.0" "test" "--frozen", kill_on_drop: false }`
[INFO] [stdout] c17ee66a4240ed2f2b55644a31e8624826fff06965a148ceb63e10fde386eb66
[INFO] running `Command { std: "docker" "start" "-a" "c17ee66a4240ed2f2b55644a31e8624826fff06965a148ceb63e10fde386eb66", kill_on_drop: false }`
[INFO] [stderr]     Finished test [unoptimized + debuginfo] target(s) in 0.00s
[INFO] [stderr]      Running unittests src/main.rs (/opt/rustwide/target/debug/deps/day_0_cookie_cutter-a35f38242e6f8a81)
[INFO] [stdout] 
[INFO] [stdout] running 1 test
[INFO] [stdout] test tests::test_0_cookie_cutter ... ok
[INFO] [stdout] 
[INFO] [stdout] test result: ok. 1 passed; 0 failed; 0 ignored; 0 measured; 0 filtered out; finished in 0.00s
[INFO] [stdout] 
[INFO] [stderr]      Running unittests src/main.rs (/opt/rustwide/target/debug/deps/day_1_trebuchet-16f18d179185bc6f)
[INFO] [stdout] 
[INFO] [stdout] running 4 tests
[INFO] [stdout] test tests::test_1_trebuchet_run_1_simple ... ok
[INFO] [stdout] test tests::test_1_trebuchet_run_1_one_digit ... ok
[INFO] [stdout] test tests::test_1_trebuchet_run_2_one_overlap ... ok
[INFO] [stdout] test tests::test_1_trebuchet_run_2_one_written ... ok
[INFO] [stdout] 
[INFO] [stdout] test result: ok. 4 passed; 0 failed; 0 ignored; 0 measured; 0 filtered out; finished in 0.00s
[INFO] [stdout] 
[INFO] [stderr]      Running unittests src/main.rs (/opt/rustwide/target/debug/deps/day_10_pipes-ea48f797c9c8b19f)
[INFO] [stdout] 
[INFO] [stdout] running 3 tests
[INFO] [stdout] test tests::test_build_loop ... ok
[INFO] [stdout] test tests::test_enclosed_area ... ok
[INFO] [stdout] test tile::tests::test_parse ... ok
[INFO] [stdout] 
[INFO] [stdout] test result: ok. 3 passed; 0 failed; 0 ignored; 0 measured; 0 filtered out; finished in 0.00s
[INFO] [stdout] 
[INFO] [stderr]      Running unittests src/translate.rs (/opt/rustwide/target/debug/deps/translator-bf0c4d0356e9f6ff)
[INFO] [stdout] 
[INFO] [stdout] running 0 tests
[INFO] [stdout] 
[INFO] [stdout] test result: ok. 0 passed; 0 failed; 0 ignored; 0 measured; 0 filtered out; finished in 0.00s
[INFO] [stdout] 
[INFO] [stderr]      Running unittests src/main.rs (/opt/rustwide/target/debug/deps/day_11_galaxies-1dd0396a574f27ae)
[INFO] [stdout] 
[INFO] [stdout] running 4 tests
[INFO] [stdout] test galaxy::tests::test_build ... ok
[INFO] [stdout] test galaxy::tests::test_distances_run_1 ... ok
[INFO] [stdout] test galaxy::tests::test_distances_run_2 ... ok
[INFO] [stdout] test galaxy::tests::test_galaxies ... ok
[INFO] [stdout] 
[INFO] [stdout] test result: ok. 4 passed; 0 failed; 0 ignored; 0 measured; 0 filtered out; finished in 0.00s
[INFO] [stdout] 
[INFO] [stderr]      Running unittests src/main.rs (/opt/rustwide/target/debug/deps/day_15_lens-87baae91163f3e39)
[INFO] [stdout] 
[INFO] [stdout] running 1 test
[INFO] [stdout] test tests::test_hash_1 ... ok
[INFO] [stdout] 
[INFO] [stdout] test result: ok. 1 passed; 0 failed; 0 ignored; 0 measured; 0 filtered out; finished in 0.00s
[INFO] [stdout] 
[INFO] [stderr]      Running unittests src/main.rs (/opt/rustwide/target/debug/deps/day_2_cubes-e0c9a33c0a71b32a)
[INFO] [stdout] 
[INFO] [stdout] running 3 tests
[INFO] [stdout] test game::tests::test_2_game_parse ... ok
[INFO] [stdout] test game::tests::test_2_game_run_parse ... ok
[INFO] [stdout] test game::tests::test_2_min_pwor ... ok
[INFO] [stdout] 
[INFO] [stdout] test result: ok. 3 passed; 0 failed; 0 ignored; 0 measured; 0 filtered out; finished in 0.00s
[INFO] [stdout] 
[INFO] [stderr]      Running unittests src/main.rs (/opt/rustwide/target/debug/deps/day_3_gears-ff5e5b1f55c3c7b3)
[INFO] [stdout] 
[INFO] [stdout] running 3 tests
[INFO] [stdout] test machine::tests::test_3_gears_gear_ratios ... ok
[INFO] [stdout] test machine::tests::test_3_gears_parts ... ok
[INFO] [stdout] test machine::tests::test_3_gears_gear_ratios_twins ... ok
[INFO] [stdout] 
[INFO] [stdout] test result: ok. 3 passed; 0 failed; 0 ignored; 0 measured; 0 filtered out; finished in 0.00s
[INFO] [stdout] 
[INFO] [stderr]      Running unittests src/main.rs (/opt/rustwide/target/debug/deps/day_4_scratch_cards-fb72c2e43e425d81)
[INFO] [stdout] 
[INFO] [stdout] running 4 tests
[INFO] [stdout] test cards::tests::test_4_test_breaking ... ok
[INFO] [stdout] test cards::tests::test_4_scratch_card_parse ... ok
[INFO] [stdout] test cards::tests::test_4_test_score ... ok
[INFO] [stdout] test cards::tests::test_4_test_scratch_cards_copies ... ok
[INFO] [stdout] 
[INFO] [stdout] test result: ok. 4 passed; 0 failed; 0 ignored; 0 measured; 0 filtered out; finished in 0.00s
[INFO] [stdout] 
[INFO] [stderr]      Running unittests src/main.rs (/opt/rustwide/target/debug/deps/day_5_seeds-6d4f4b551a618288)
[INFO] [stdout] 
[INFO] [stdout] running 2 tests
[INFO] [stdout] test seeds::tests::test_parse ... ok
[INFO] [stdout] test seeds::tests::test_process_seed ... ok
[INFO] [stdout] 
[INFO] [stdout] test result: ok. 2 passed; 0 failed; 0 ignored; 0 measured; 0 filtered out; finished in 0.00s
[INFO] [stdout] 
[INFO] [stderr]      Running unittests src/main.rs (/opt/rustwide/target/debug/deps/day_6_boat_race-172763db9e61e371)
[INFO] [stdout] 
[INFO] [stdout] running 1 test
[INFO] [stdout] test tests::test_number_of_wins ... ok
[INFO] [stdout] 
[INFO] [stdout] test result: ok. 1 passed; 0 failed; 0 ignored; 0 measured; 0 filtered out; finished in 0.00s
[INFO] [stdout] 
[INFO] [stderr]      Running unittests src/main.rs (/opt/rustwide/target/debug/deps/day_7_camel_card-6ccd5423d7ff5185)
[INFO] [stdout] 
[INFO] [stdout] running 5 tests
[INFO] [stdout] test card::tests::test_parse_joker_sort ... ok
[INFO] [stdout] test card::tests::test_parse_joker ... ok
[INFO] [stdout] test card::tests::test_parse_joker_upgrade ... ok
[INFO] [stdout] test card::tests::test_parse ... ok
[INFO] [stdout] test card::tests::test_sorting ... ok
[INFO] [stdout] 
[INFO] [stdout] test result: ok. 5 passed; 0 failed; 0 ignored; 0 measured; 0 filtered out; finished in 0.00s
[INFO] [stdout] 
[INFO] [stderr]      Running unittests src/main.rs (/opt/rustwide/target/debug/deps/day_8_nodes-7dd15b63b623c6ff)
[INFO] [stdout] 
[INFO] [stdout] running 4 tests
[INFO] [stdout] test instructions::tests::test_iter ... ok
[INFO] [stdout] test instructions::tests::test_parse ... ok
[INFO] [stdout] test nodes::tests::test_parse ... ok
[INFO] [stdout] test nodes::tests::test_start ... ok
[INFO] [stdout] 
[INFO] [stdout] test result: ok. 4 passed; 0 failed; 0 ignored; 0 measured; 0 filtered out; finished in 0.00s
[INFO] [stdout] 
[INFO] [stderr]      Running unittests src/main.rs (/opt/rustwide/target/debug/deps/day_9_oasis-e720dbe4e1370dc6)
[INFO] [stdout] 
[INFO] [stdout] running 2 tests
[INFO] [stdout] test report::tests::test_future ... ok
[INFO] [stdout] test report::tests::test_past ... ok
[INFO] [stdout] 
[INFO] [stdout] test result: ok. 2 passed; 0 failed; 0 ignored; 0 measured; 0 filtered out; finished in 0.00s
[INFO] [stdout] 
[INFO] [stderr]      Running unittests src/lib.rs (/opt/rustwide/target/debug/deps/toolkit-32488182d8fc3607)
[INFO] [stdout] 
[INFO] [stdout] running 4 tests
[INFO] [stdout] test grid::tests::test_grid_get_neighbors ... ok
[INFO] [stdout] test grid::tests::test_grid_iter ... ok
[INFO] [stdout] test grid::tests::test_grid_get_surounding ... ok
[INFO] [stdout] test grid::tests::test_grid_get ... FAILED
[INFO] [stdout] 
[INFO] [stdout] failures:
[INFO] [stdout] 
[INFO] [stdout] ---- grid::tests::test_grid_get stdout ----
[INFO] [stdout] thread 'grid::tests::test_grid_get' panicked at toolkit/src/grid.rs:187:9:
[INFO] [stdout] assertion `left == right` failed
[INFO] [stdout]   left: 1
[INFO] [stdout]  right: 2
[INFO] [stdout] stack backtrace:
[INFO] [stdout]    0:     0x564506a91bbc - std::backtrace_rs::backtrace::libunwind::trace::ha637c64ce894333a
[INFO] [stdout]                                at /rustc/82e1608dfa6e0b5569232559e3d385fea5a93112/library/std/src/../../backtrace/src/backtrace/libunwind.rs:104:5
[INFO] [stdout]    1:     0x564506a91bbc - std::backtrace_rs::backtrace::trace_unsynchronized::h47f62dea28e0c88d
[INFO] [stdout]                                at /rustc/82e1608dfa6e0b5569232559e3d385fea5a93112/library/std/src/../../backtrace/src/backtrace/mod.rs:66:5
[INFO] [stdout]    2:     0x564506a91bbc - std::sys_common::backtrace::_print_fmt::h9eef0abe20ede486
[INFO] [stdout]                                at /rustc/82e1608dfa6e0b5569232559e3d385fea5a93112/library/std/src/sys_common/backtrace.rs:67:5
[INFO] [stdout]    3:     0x564506a91bbc - <std::sys_common::backtrace::_print::DisplayBacktrace as core::fmt::Display>::fmt::hed7f999df88cc644
[INFO] [stdout]                                at /rustc/82e1608dfa6e0b5569232559e3d385fea5a93112/library/std/src/sys_common/backtrace.rs:44:22
[INFO] [stdout]    4:     0x564506abb700 - core::fmt::rt::Argument::fmt::h1539a9308b8d058d
[INFO] [stdout]                                at /rustc/82e1608dfa6e0b5569232559e3d385fea5a93112/library/core/src/fmt/rt.rs:142:9
[INFO] [stdout]    5:     0x564506abb700 - core::fmt::write::h3a39390d8560d9c9
[INFO] [stdout]                                at /rustc/82e1608dfa6e0b5569232559e3d385fea5a93112/library/core/src/fmt/mod.rs:1120:17
[INFO] [stdout]    6:     0x564506a8f56f - std::io::Write::write_fmt::h040b369f3a0f9cbc
[INFO] [stdout]                                at /rustc/82e1608dfa6e0b5569232559e3d385fea5a93112/library/std/src/io/mod.rs:1762:15
[INFO] [stdout]    7:     0x564506a919a4 - std::sys_common::backtrace::_print::h894006fb5c6f3d45
[INFO] [stdout]                                at /rustc/82e1608dfa6e0b5569232559e3d385fea5a93112/library/std/src/sys_common/backtrace.rs:47:5
[INFO] [stdout]    8:     0x564506a919a4 - std::sys_common::backtrace::print::h23a2d212c6fff936
[INFO] [stdout]                                at /rustc/82e1608dfa6e0b5569232559e3d385fea5a93112/library/std/src/sys_common/backtrace.rs:34:9
[INFO] [stdout]    9:     0x564506a93667 - std::panicking::default_hook::{{closure}}::h8a1d2ee00185001a
[INFO] [stdout]   10:     0x564506a93353 - std::panicking::default_hook::h6038f2eba384e475
[INFO] [stdout]                                at /rustc/82e1608dfa6e0b5569232559e3d385fea5a93112/library/std/src/panicking.rs:289:9
[INFO] [stdout]   11:     0x564506a63d67 - <alloc::boxed::Box<F,A> as core::ops::function::Fn<Args>>::call::h0ad024c9bdc6d768
[INFO] [stdout]                                at /rustc/82e1608dfa6e0b5569232559e3d385fea5a93112/library/alloc/src/boxed.rs:2021:9
[INFO] [stdout]   12:     0x564506a63d67 - test::test_main::{{closure}}::h7500b54257359db6
[INFO] [stderr] error: test failed, to rerun pass `-p toolkit --lib`
[INFO] [stdout]                                at /rustc/82e1608dfa6e0b5569232559e3d385fea5a93112/library/test/src/lib.rs:138:21
[INFO] [stdout]   13:     0x564506a93c78 - <alloc::boxed::Box<F,A> as core::ops::function::Fn<Args>>::call::h1f8f335eaa9cfaee
[INFO] [stdout]                                at /rustc/82e1608dfa6e0b5569232559e3d385fea5a93112/library/alloc/src/boxed.rs:2021:9
[INFO] [stdout]   14:     0x564506a93c78 - std::panicking::rust_panic_with_hook::h2b5517d590cab22e
[INFO] [stdout]                                at /rustc/82e1608dfa6e0b5569232559e3d385fea5a93112/library/std/src/panicking.rs:783:13
[INFO] [stdout]   15:     0x564506a939ce - std::panicking::begin_panic_handler::{{closure}}::h233112c06e0ef43e
[INFO] [stdout]                                at /rustc/82e1608dfa6e0b5569232559e3d385fea5a93112/library/std/src/panicking.rs:657:13
[INFO] [stdout]   16:     0x564506a92086 - std::sys_common::backtrace::__rust_end_short_backtrace::h6e893f24d7ebbff8
[INFO] [stdout]                                at /rustc/82e1608dfa6e0b5569232559e3d385fea5a93112/library/std/src/sys_common/backtrace.rs:170:18
[INFO] [stdout]   17:     0x564506a93732 - rust_begin_unwind
[INFO] [stdout]                                at /rustc/82e1608dfa6e0b5569232559e3d385fea5a93112/library/std/src/panicking.rs:645:5
[INFO] [stdout]   18:     0x564506a24cf5 - core::panicking::panic_fmt::hbf0e066aabfa482c
[INFO] [stdout]                                at /rustc/82e1608dfa6e0b5569232559e3d385fea5a93112/library/core/src/panicking.rs:72:14
[INFO] [stdout]   19:     0x564506a2510b - core::panicking::assert_failed_inner::h0bba8b7c26ee4492
[INFO] [stdout]   20:     0x564506a2b19e - core::panicking::assert_failed::hbe8f8664d33a4ea8
[INFO] [stdout]                                at /rustc/82e1608dfa6e0b5569232559e3d385fea5a93112/library/core/src/panicking.rs:279:5
[INFO] [stdout]   21:     0x564506a2cfeb - toolkit::grid::tests::test_grid_get::hf390b121676fe220
[INFO] [stdout]                                at /opt/rustwide/workdir/toolkit/src/grid.rs:187:9
[INFO] [stdout]   22:     0x564506a2ccb7 - toolkit::grid::tests::test_grid_get::{{closure}}::he40d61f14db893d4
[INFO] [stdout]                                at /opt/rustwide/workdir/toolkit/src/grid.rs:183:23
[INFO] [stdout]   23:     0x564506a2a416 - core::ops::function::FnOnce::call_once::hff8bb0f656dc4499
[INFO] [stdout]                                at /rustc/82e1608dfa6e0b5569232559e3d385fea5a93112/library/core/src/ops/function.rs:250:5
[INFO] [stdout]   24:     0x564506a693bf - core::ops::function::FnOnce::call_once::h2b5d431d5046312d
[INFO] [stdout]                                at /rustc/82e1608dfa6e0b5569232559e3d385fea5a93112/library/core/src/ops/function.rs:250:5
[INFO] [stdout]   25:     0x564506a693bf - test::__rust_begin_short_backtrace::h7714669af176e207
[INFO] [stdout]                                at /rustc/82e1608dfa6e0b5569232559e3d385fea5a93112/library/test/src/lib.rs:628:18
[INFO] [stdout]   26:     0x564506a683d5 - test::run_test_in_process::{{closure}}::h85218797dcbcec12
[INFO] [stdout]                                at /rustc/82e1608dfa6e0b5569232559e3d385fea5a93112/library/test/src/lib.rs:651:60
[INFO] [stdout]   27:     0x564506a683d5 - <core::panic::unwind_safe::AssertUnwindSafe<F> as core::ops::function::FnOnce<()>>::call_once::h76c106ea31c14d7b
[INFO] [stdout]                                at /rustc/82e1608dfa6e0b5569232559e3d385fea5a93112/library/core/src/panic/unwind_safe.rs:272:9
[INFO] [stdout]   28:     0x564506a683d5 - std::panicking::try::do_call::h3bd5d0f6620ee946
[INFO] [stdout]                                at /rustc/82e1608dfa6e0b5569232559e3d385fea5a93112/library/std/src/panicking.rs:552:40
[INFO] [stdout]   29:     0x564506a683d5 - std::panicking::try::h232e535e4744fe31
[INFO] [stdout]                                at /rustc/82e1608dfa6e0b5569232559e3d385fea5a93112/library/std/src/panicking.rs:516:19
[INFO] [stdout]   30:     0x564506a683d5 - std::panic::catch_unwind::h3ce3bd6ca8dbac68
[INFO] [stdout]                                at /rustc/82e1608dfa6e0b5569232559e3d385fea5a93112/library/std/src/panic.rs:142:14
[INFO] [stdout]   31:     0x564506a683d5 - test::run_test_in_process::hc97b257c9621286a
[INFO] [stdout]                                at /rustc/82e1608dfa6e0b5569232559e3d385fea5a93112/library/test/src/lib.rs:651:27
[INFO] [stdout]   32:     0x564506a683d5 - test::run_test::{{closure}}::h2aa798823a438d38
[INFO] [stdout]                                at /rustc/82e1608dfa6e0b5569232559e3d385fea5a93112/library/test/src/lib.rs:574:43
[INFO] [stdout]   33:     0x564506a30696 - test::run_test::{{closure}}::h87d231c78fb59832
[INFO] [stdout]                                at /rustc/82e1608dfa6e0b5569232559e3d385fea5a93112/library/test/src/lib.rs:602:41
[INFO] [stdout]   34:     0x564506a30696 - std::sys_common::backtrace::__rust_begin_short_backtrace::he6df152596625789
[INFO] [stdout]                                at /rustc/82e1608dfa6e0b5569232559e3d385fea5a93112/library/std/src/sys_common/backtrace.rs:154:18
[INFO] [stdout]   35:     0x564506a35747 - std::thread::Builder::spawn_unchecked_::{{closure}}::{{closure}}::ha94be15d1e0acf36
[INFO] [stdout]                                at /rustc/82e1608dfa6e0b5569232559e3d385fea5a93112/library/std/src/thread/mod.rs:529:17
[INFO] [stdout]   36:     0x564506a35747 - <core::panic::unwind_safe::AssertUnwindSafe<F> as core::ops::function::FnOnce<()>>::call_once::h9dc6bd6372f16606
[INFO] [stdout]                                at /rustc/82e1608dfa6e0b5569232559e3d385fea5a93112/library/core/src/panic/unwind_safe.rs:272:9
[INFO] [stdout]   37:     0x564506a35747 - std::panicking::try::do_call::h9057517f80303cd4
[INFO] [stdout]                                at /rustc/82e1608dfa6e0b5569232559e3d385fea5a93112/library/std/src/panicking.rs:552:40
[INFO] [stdout]   38:     0x564506a35747 - std::panicking::try::he3a30b11ee45340c
[INFO] [stdout]                                at /rustc/82e1608dfa6e0b5569232559e3d385fea5a93112/library/std/src/panicking.rs:516:19
[INFO] [stdout]   39:     0x564506a35747 - std::panic::catch_unwind::h410458cfd3528b8b
[INFO] [stdout]                                at /rustc/82e1608dfa6e0b5569232559e3d385fea5a93112/library/std/src/panic.rs:142:14
[INFO] [stdout]   40:     0x564506a35747 - std::thread::Builder::spawn_unchecked_::{{closure}}::h72ac3bdb567b737b
[INFO] [stdout]                                at /rustc/82e1608dfa6e0b5569232559e3d385fea5a93112/library/std/src/thread/mod.rs:528:30
[INFO] [stdout]   41:     0x564506a35747 - core::ops::function::FnOnce::call_once{{vtable.shim}}::h38f34da3654a8344
[INFO] [stdout]                                at /rustc/82e1608dfa6e0b5569232559e3d385fea5a93112/library/core/src/ops/function.rs:250:5
[INFO] [stdout]   42:     0x564506a98705 - <alloc::boxed::Box<F,A> as core::ops::function::FnOnce<Args>>::call_once::hc7eafaff61e32df9
[INFO] [stdout]                                at /rustc/82e1608dfa6e0b5569232559e3d385fea5a93112/library/alloc/src/boxed.rs:2007:9
[INFO] [stdout]   43:     0x564506a98705 - <alloc::boxed::Box<F,A> as core::ops::function::FnOnce<Args>>::call_once::h6ba4a5de48dd2304
[INFO] [stdout]                                at /rustc/82e1608dfa6e0b5569232559e3d385fea5a93112/library/alloc/src/boxed.rs:2007:9
[INFO] [stdout]   44:     0x564506a98705 - std::sys::unix::thread::Thread::new::thread_start::he469335aef763e45
[INFO] [stdout]                                at /rustc/82e1608dfa6e0b5569232559e3d385fea5a93112/library/std/src/sys/unix/thread.rs:108:17
[INFO] [stdout]   45:     0x7f75285c3ac3 - <unknown>
[INFO] [stdout]   46:     0x7f7528654bf4 - __clone
[INFO] [stdout]   47:                0x0 - <unknown>
[INFO] [stdout] 
[INFO] [stdout] 
[INFO] [stdout] failures:
[INFO] [stdout]     grid::tests::test_grid_get
[INFO] [stdout] 
[INFO] [stdout] test result: FAILED. 3 passed; 1 failed; 0 ignored; 0 measured; 0 filtered out; finished in 0.01s
[INFO] [stdout] 
[INFO] running `Command { std: "docker" "inspect" "c17ee66a4240ed2f2b55644a31e8624826fff06965a148ceb63e10fde386eb66", kill_on_drop: false }`
[INFO] running `Command { std: "docker" "rm" "-f" "c17ee66a4240ed2f2b55644a31e8624826fff06965a148ceb63e10fde386eb66", kill_on_drop: false }`
[INFO] [stdout] c17ee66a4240ed2f2b55644a31e8624826fff06965a148ceb63e10fde386eb66
[INFO] testing kloki/advent-of-code-2023 against beta-2023-12-22 for beta-1.76-1
[INFO] running `Command { std: "git" "clone" "/workspace/cache/git-repos/https%3A%2F%2Fgithub.com%2Fkloki%2Fadvent-of-code-2023" "/workspace/builds/worker-5-tc2/source", kill_on_drop: false }`
[INFO] [stderr] Cloning into '/workspace/builds/worker-5-tc2/source'...
[INFO] [stderr] done.
[INFO] validating manifest of git repo https://github.com/kloki/advent-of-code-2023 on toolchain beta-2023-12-22
[INFO] running `Command { std: CARGO_HOME="/workspace/cargo-home" RUSTUP_HOME="/workspace/rustup-home" "/workspace/cargo-home/bin/cargo" "+beta-2023-12-22" "metadata" "--manifest-path" "Cargo.toml" "--no-deps", kill_on_drop: false }`
[INFO] started tweaking git repo https://github.com/kloki/advent-of-code-2023
[INFO] finished tweaking git repo https://github.com/kloki/advent-of-code-2023
[INFO] tweaked toml for git repo https://github.com/kloki/advent-of-code-2023 written to /workspace/builds/worker-5-tc2/source/Cargo.toml
[INFO] crate git repo https://github.com/kloki/advent-of-code-2023 already has a lockfile, it will not be regenerated
[INFO] running `Command { std: CARGO_HOME="/workspace/cargo-home" RUSTUP_HOME="/workspace/rustup-home" "/workspace/cargo-home/bin/cargo" "+beta-2023-12-22" "fetch" "--manifest-path" "Cargo.toml", kill_on_drop: false }`
[INFO] running `Command { std: "docker" "create" "-v" "/var/lib/crater-agent-workspace/builds/worker-5-tc2/target:/opt/rustwide/target:rw,Z" "-v" "/var/lib/crater-agent-workspace/builds/worker-5-tc2/source:/opt/rustwide/workdir:ro,Z" "-v" "/var/lib/crater-agent-workspace/cargo-home:/opt/rustwide/cargo-home:ro,Z" "-v" "/var/lib/crater-agent-workspace/rustup-home:/opt/rustwide/rustup-home:ro,Z" "-e" "SOURCE_DIR=/opt/rustwide/workdir" "-e" "CARGO_TARGET_DIR=/opt/rustwide/target" "-e" "CARGO_HOME=/opt/rustwide/cargo-home" "-e" "RUSTUP_HOME=/opt/rustwide/rustup-home" "-w" "/opt/rustwide/workdir" "-m" "1610612736" "--user" "0:0" "--network" "none" "ghcr.io/rust-lang/crates-build-env/linux@sha256:2788e3201cd34a07e3172128adcd8b3090168a8e3bcc40d7c032b9dda1df7d1c" "/opt/rustwide/cargo-home/bin/cargo" "+beta-2023-12-22" "metadata" "--no-deps" "--format-version=1", kill_on_drop: false }`
[INFO] [stdout] 3e1bd0cbb4c9bd0aaf9d8f20e4cfc6541c161b81ba534b3e4fe44078376aaaa5
[INFO] running `Command { std: "docker" "start" "-a" "3e1bd0cbb4c9bd0aaf9d8f20e4cfc6541c161b81ba534b3e4fe44078376aaaa5", kill_on_drop: false }`
[INFO] running `Command { std: "docker" "inspect" "3e1bd0cbb4c9bd0aaf9d8f20e4cfc6541c161b81ba534b3e4fe44078376aaaa5", kill_on_drop: false }`
[INFO] running `Command { std: "docker" "rm" "-f" "3e1bd0cbb4c9bd0aaf9d8f20e4cfc6541c161b81ba534b3e4fe44078376aaaa5", kill_on_drop: false }`
[INFO] [stdout] 3e1bd0cbb4c9bd0aaf9d8f20e4cfc6541c161b81ba534b3e4fe44078376aaaa5
[INFO] running `Command { std: "docker" "create" "-v" "/var/lib/crater-agent-workspace/builds/worker-5-tc2/target:/opt/rustwide/target:rw,Z" "-v" "/var/lib/crater-agent-workspace/builds/worker-5-tc2/source:/opt/rustwide/workdir:ro,Z" "-v" "/var/lib/crater-agent-workspace/cargo-home:/opt/rustwide/cargo-home:ro,Z" "-v" "/var/lib/crater-agent-workspace/rustup-home:/opt/rustwide/rustup-home:ro,Z" "-e" "SOURCE_DIR=/opt/rustwide/workdir" "-e" "CARGO_TARGET_DIR=/opt/rustwide/target" "-e" "CARGO_INCREMENTAL=0" "-e" "RUST_BACKTRACE=full" "-e" "RUSTFLAGS=--cap-lints=warn" "-e" "RUSTDOCFLAGS=--cap-lints=warn" "-e" "CARGO_HOME=/opt/rustwide/cargo-home" "-e" "RUSTUP_HOME=/opt/rustwide/rustup-home" "-w" "/opt/rustwide/workdir" "-m" "1610612736" "--user" "0:0" "--network" "none" "ghcr.io/rust-lang/crates-build-env/linux@sha256:2788e3201cd34a07e3172128adcd8b3090168a8e3bcc40d7c032b9dda1df7d1c" "/opt/rustwide/cargo-home/bin/cargo" "+beta-2023-12-22" "build" "--frozen" "--message-format=json", kill_on_drop: false }`
[INFO] [stdout] 5286c06cc102da4272153872a22550e2f643f1e12fe213437e9faa8daba21ae1
[INFO] running `Command { std: "docker" "start" "-a" "5286c06cc102da4272153872a22550e2f643f1e12fe213437e9faa8daba21ae1", kill_on_drop: false }`
[INFO] [stderr]    Compiling toolkit v0.1.0 (/opt/rustwide/workdir/toolkit)
[INFO] [stderr]    Compiling day-5-seeds v0.1.0 (/opt/rustwide/workdir/day-5-seeds)
[INFO] [stderr]    Compiling day-8-nodes v0.1.0 (/opt/rustwide/workdir/day-8-nodes)
[INFO] [stderr]    Compiling day-0-cookie-cutter v0.1.0 (/opt/rustwide/workdir/day-0-cookie-cutter)
[INFO] [stderr]    Compiling day-1-trebuchet v0.1.0 (/opt/rustwide/workdir/day-1-trebuchet)
[INFO] [stderr]    Compiling day-4-scratch-cards v0.1.0 (/opt/rustwide/workdir/day-4-scratch-cards)
[INFO] [stderr]    Compiling day-10-pipes v0.1.0 (/opt/rustwide/workdir/day-10-pipes)
[INFO] [stderr]    Compiling day-2-cubes v0.1.0 (/opt/rustwide/workdir/day-2-cubes)
[INFO] [stderr]    Compiling day-9-oasis v0.1.0 (/opt/rustwide/workdir/day-9-oasis)
[INFO] [stderr]    Compiling day-3-gears v0.1.0 (/opt/rustwide/workdir/day-3-gears)
[INFO] [stderr]    Compiling day-6-boat-race v0.1.0 (/opt/rustwide/workdir/day-6-boat-race)
[INFO] [stderr]    Compiling day-11-galaxies v0.1.0 (/opt/rustwide/workdir/day-11-galaxies)
[INFO] [stderr]    Compiling day-7-camel-card v0.1.0 (/opt/rustwide/workdir/day-7-camel-card)
[INFO] [stderr]    Compiling day-15-lens v0.1.0 (/opt/rustwide/workdir/day-15-lens)
[INFO] [stderr]     Finished dev [unoptimized + debuginfo] target(s) in 2.39s
[INFO] running `Command { std: "docker" "inspect" "5286c06cc102da4272153872a22550e2f643f1e12fe213437e9faa8daba21ae1", kill_on_drop: false }`
[INFO] running `Command { std: "docker" "rm" "-f" "5286c06cc102da4272153872a22550e2f643f1e12fe213437e9faa8daba21ae1", kill_on_drop: false }`
[INFO] [stdout] 5286c06cc102da4272153872a22550e2f643f1e12fe213437e9faa8daba21ae1
[INFO] running `Command { std: "docker" "create" "-v" "/var/lib/crater-agent-workspace/builds/worker-5-tc2/target:/opt/rustwide/target:rw,Z" "-v" "/var/lib/crater-agent-workspace/builds/worker-5-tc2/source:/opt/rustwide/workdir:ro,Z" "-v" "/var/lib/crater-agent-workspace/cargo-home:/opt/rustwide/cargo-home:ro,Z" "-v" "/var/lib/crater-agent-workspace/rustup-home:/opt/rustwide/rustup-home:ro,Z" "-e" "SOURCE_DIR=/opt/rustwide/workdir" "-e" "CARGO_TARGET_DIR=/opt/rustwide/target" "-e" "CARGO_INCREMENTAL=0" "-e" "RUST_BACKTRACE=full" "-e" "RUSTFLAGS=--cap-lints=warn" "-e" "RUSTDOCFLAGS=--cap-lints=warn" "-e" "CARGO_HOME=/opt/rustwide/cargo-home" "-e" "RUSTUP_HOME=/opt/rustwide/rustup-home" "-w" "/opt/rustwide/workdir" "-m" "1610612736" "--user" "0:0" "--network" "none" "ghcr.io/rust-lang/crates-build-env/linux@sha256:2788e3201cd34a07e3172128adcd8b3090168a8e3bcc40d7c032b9dda1df7d1c" "/opt/rustwide/cargo-home/bin/cargo" "+beta-2023-12-22" "test" "--frozen" "--no-run" "--message-format=json", kill_on_drop: false }`
[INFO] [stdout] 5a025bd68acbf3214fb48fb141379d08c4a27a0d79bc111e78c6be4263ee165e
[INFO] running `Command { std: "docker" "start" "-a" "5a025bd68acbf3214fb48fb141379d08c4a27a0d79bc111e78c6be4263ee165e", kill_on_drop: false }`
[INFO] [stderr]    Compiling day-11-galaxies v0.1.0 (/opt/rustwide/workdir/day-11-galaxies)
[INFO] [stderr]    Compiling day-15-lens v0.1.0 (/opt/rustwide/workdir/day-15-lens)
[INFO] [stderr]    Compiling day-3-gears v0.1.0 (/opt/rustwide/workdir/day-3-gears)
[INFO] [stderr]    Compiling day-7-camel-card v0.1.0 (/opt/rustwide/workdir/day-7-camel-card)
[INFO] [stderr]    Compiling day-8-nodes v0.1.0 (/opt/rustwide/workdir/day-8-nodes)
[INFO] [stderr]    Compiling day-10-pipes v0.1.0 (/opt/rustwide/workdir/day-10-pipes)
[INFO] [stderr]    Compiling day-5-seeds v0.1.0 (/opt/rustwide/workdir/day-5-seeds)
[INFO] [stderr]    Compiling day-9-oasis v0.1.0 (/opt/rustwide/workdir/day-9-oasis)
[INFO] [stderr]    Compiling day-0-cookie-cutter v0.1.0 (/opt/rustwide/workdir/day-0-cookie-cutter)
[INFO] [stderr]    Compiling day-2-cubes v0.1.0 (/opt/rustwide/workdir/day-2-cubes)
[INFO] [stderr]    Compiling day-1-trebuchet v0.1.0 (/opt/rustwide/workdir/day-1-trebuchet)
[INFO] [stderr]    Compiling day-4-scratch-cards v0.1.0 (/opt/rustwide/workdir/day-4-scratch-cards)
[INFO] [stderr]    Compiling day-6-boat-race v0.1.0 (/opt/rustwide/workdir/day-6-boat-race)
[INFO] [stderr]    Compiling toolkit v0.1.0 (/opt/rustwide/workdir/toolkit)
[INFO] [stderr]     Finished test [unoptimized + debuginfo] target(s) in 2.61s
[INFO] running `Command { std: "docker" "inspect" "5a025bd68acbf3214fb48fb141379d08c4a27a0d79bc111e78c6be4263ee165e", kill_on_drop: false }`
[INFO] running `Command { std: "docker" "rm" "-f" "5a025bd68acbf3214fb48fb141379d08c4a27a0d79bc111e78c6be4263ee165e", kill_on_drop: false }`
[INFO] [stdout] 5a025bd68acbf3214fb48fb141379d08c4a27a0d79bc111e78c6be4263ee165e
[INFO] running `Command { std: "docker" "create" "-v" "/var/lib/crater-agent-workspace/builds/worker-5-tc2/target:/opt/rustwide/target:rw,Z" "-v" "/var/lib/crater-agent-workspace/builds/worker-5-tc2/source:/opt/rustwide/workdir:ro,Z" "-v" "/var/lib/crater-agent-workspace/cargo-home:/opt/rustwide/cargo-home:ro,Z" "-v" "/var/lib/crater-agent-workspace/rustup-home:/opt/rustwide/rustup-home:ro,Z" "-e" "SOURCE_DIR=/opt/rustwide/workdir" "-e" "CARGO_TARGET_DIR=/opt/rustwide/target" "-e" "CARGO_INCREMENTAL=0" "-e" "RUST_BACKTRACE=full" "-e" "RUSTFLAGS=--cap-lints=warn" "-e" "RUSTDOCFLAGS=--cap-lints=warn" "-e" "CARGO_HOME=/opt/rustwide/cargo-home" "-e" "RUSTUP_HOME=/opt/rustwide/rustup-home" "-w" "/opt/rustwide/workdir" "-m" "1610612736" "--user" "0:0" "--network" "none" "ghcr.io/rust-lang/crates-build-env/linux@sha256:2788e3201cd34a07e3172128adcd8b3090168a8e3bcc40d7c032b9dda1df7d1c" "/opt/rustwide/cargo-home/bin/cargo" "+beta-2023-12-22" "test" "--frozen", kill_on_drop: false }`
[INFO] [stdout] 5bae243103f17eb13c7a4a2cad8f253ea6918928551944cd55f1d7a4dd6ed1e8
[INFO] running `Command { std: "docker" "start" "-a" "5bae243103f17eb13c7a4a2cad8f253ea6918928551944cd55f1d7a4dd6ed1e8", kill_on_drop: false }`
[INFO] [stderr]     Finished test [unoptimized + debuginfo] target(s) in 0.01s
[INFO] [stderr]      Running unittests src/main.rs (/opt/rustwide/target/debug/deps/day_0_cookie_cutter-539b0472d83c272e)
[INFO] [stdout] 
[INFO] [stdout] running 1 test
[INFO] [stdout] test tests::test_0_cookie_cutter ... ok
[INFO] [stdout] 
[INFO] [stdout] test result: ok. 1 passed; 0 failed; 0 ignored; 0 measured; 0 filtered out; finished in 0.00s
[INFO] [stdout] 
[INFO] [stderr]      Running unittests src/main.rs (/opt/rustwide/target/debug/deps/day_1_trebuchet-585d89a307c317a5)
[INFO] [stdout] 
[INFO] [stdout] running 4 tests
[INFO] [stdout] test tests::test_1_trebuchet_run_1_simple ... ok
[INFO] [stdout] test tests::test_1_trebuchet_run_1_one_digit ... ok
[INFO] [stdout] test tests::test_1_trebuchet_run_2_one_overlap ... ok
[INFO] [stdout] test tests::test_1_trebuchet_run_2_one_written ... ok
[INFO] [stdout] 
[INFO] [stdout] test result: ok. 4 passed; 0 failed; 0 ignored; 0 measured; 0 filtered out; finished in 0.00s
[INFO] [stdout] 
[INFO] [stderr]      Running unittests src/main.rs (/opt/rustwide/target/debug/deps/day_10_pipes-a5dbcc42041f0c78)
[INFO] [stdout] 
[INFO] [stdout] running 3 tests
[INFO] [stdout] test tests::test_build_loop ... ok
[INFO] [stdout] test tests::test_enclosed_area ... ok
[INFO] [stdout] test tile::tests::test_parse ... ok
[INFO] [stdout] 
[INFO] [stdout] test result: ok. 3 passed; 0 failed; 0 ignored; 0 measured; 0 filtered out; finished in 0.00s
[INFO] [stdout] 
[INFO] [stderr]      Running unittests src/translate.rs (/opt/rustwide/target/debug/deps/translator-0b920ef3fa5cdde6)
[INFO] [stdout] 
[INFO] [stdout] running 0 tests
[INFO] [stdout] 
[INFO] [stdout] test result: ok. 0 passed; 0 failed; 0 ignored; 0 measured; 0 filtered out; finished in 0.00s
[INFO] [stdout] 
[INFO] [stderr]      Running unittests src/main.rs (/opt/rustwide/target/debug/deps/day_11_galaxies-7c5a3268a9bb8c2b)
[INFO] [stdout] 
[INFO] [stdout] running 4 tests
[INFO] [stdout] test galaxy::tests::test_build ... ok
[INFO] [stdout] test galaxy::tests::test_galaxies ... ok
[INFO] [stdout] test galaxy::tests::test_distances_run_2 ... ok
[INFO] [stdout] test galaxy::tests::test_distances_run_1 ... ok
[INFO] [stdout] 
[INFO] [stdout] test result: ok. 4 passed; 0 failed; 0 ignored; 0 measured; 0 filtered out; finished in 0.00s
[INFO] [stdout] 
[INFO] [stderr]      Running unittests src/main.rs (/opt/rustwide/target/debug/deps/day_15_lens-e2d41ef2ebebdeca)
[INFO] [stdout] 
[INFO] [stdout] running 1 test
[INFO] [stdout] test tests::test_hash_1 ... ok
[INFO] [stdout] 
[INFO] [stdout] test result: ok. 1 passed; 0 failed; 0 ignored; 0 measured; 0 filtered out; finished in 0.00s
[INFO] [stdout] 
[INFO] [stderr]      Running unittests src/main.rs (/opt/rustwide/target/debug/deps/day_2_cubes-70702080d947910c)
[INFO] [stdout] 
[INFO] [stdout] running 3 tests
[INFO] [stdout] test game::tests::test_2_game_parse ... ok
[INFO] [stdout] test game::tests::test_2_game_run_parse ... ok
[INFO] [stdout] test game::tests::test_2_min_pwor ... ok
[INFO] [stdout] 
[INFO] [stdout] test result: ok. 3 passed; 0 failed; 0 ignored; 0 measured; 0 filtered out; finished in 0.00s
[INFO] [stdout] 
[INFO] [stderr]      Running unittests src/main.rs (/opt/rustwide/target/debug/deps/day_3_gears-76611f7f17b222dd)
[INFO] [stdout] 
[INFO] [stdout] running 3 tests
[INFO] [stdout] test machine::tests::test_3_gears_gear_ratios ... ok
[INFO] [stdout] test machine::tests::test_3_gears_parts ... ok
[INFO] [stdout] test machine::tests::test_3_gears_gear_ratios_twins ... ok
[INFO] [stdout] 
[INFO] [stdout] test result: ok. 3 passed; 0 failed; 0 ignored; 0 measured; 0 filtered out; finished in 0.00s
[INFO] [stdout] 
[INFO] [stderr]      Running unittests src/main.rs (/opt/rustwide/target/debug/deps/day_4_scratch_cards-23e7a9f1ce8220be)
[INFO] [stdout] 
[INFO] [stdout] running 4 tests
[INFO] [stdout] test cards::tests::test_4_test_breaking ... ok
[INFO] [stdout] test cards::tests::test_4_scratch_card_parse ... ok
[INFO] [stdout] test cards::tests::test_4_test_scratch_cards_copies ... ok
[INFO] [stdout] test cards::tests::test_4_test_score ... ok
[INFO] [stdout] 
[INFO] [stdout] test result: ok. 4 passed; 0 failed; 0 ignored; 0 measured; 0 filtered out; finished in 0.00s
[INFO] [stdout] 
[INFO] [stderr]      Running unittests src/main.rs (/opt/rustwide/target/debug/deps/day_5_seeds-abebbccb9239420c)
[INFO] [stdout] 
[INFO] [stdout] running 2 tests
[INFO] [stdout] test seeds::tests::test_process_seed ... ok
[INFO] [stdout] test seeds::tests::test_parse ... ok
[INFO] [stdout] 
[INFO] [stdout] test result: ok. 2 passed; 0 failed; 0 ignored; 0 measured; 0 filtered out; finished in 0.00s
[INFO] [stdout] 
[INFO] [stderr]      Running unittests src/main.rs (/opt/rustwide/target/debug/deps/day_6_boat_race-fecb81b0e8b2f70a)
[INFO] [stdout] 
[INFO] [stdout] running 1 test
[INFO] [stdout] test tests::test_number_of_wins ... ok
[INFO] [stdout] 
[INFO] [stdout] test result: ok. 1 passed; 0 failed; 0 ignored; 0 measured; 0 filtered out; finished in 0.00s
[INFO] [stdout] 
[INFO] [stderr]      Running unittests src/main.rs (/opt/rustwide/target/debug/deps/day_7_camel_card-cf5e3ad3d2190b67)
[INFO] [stdout] 
[INFO] [stdout] running 5 tests
[INFO] [stdout] test card::tests::test_parse_joker_sort ... ok
[INFO] [stdout] test card::tests::test_sorting ... ok
[INFO] [stdout] test card::tests::test_parse_joker ... ok
[INFO] [stdout] test card::tests::test_parse ... ok
[INFO] [stdout] test card::tests::test_parse_joker_upgrade ... ok
[INFO] [stdout] 
[INFO] [stdout] test result: ok. 5 passed; 0 failed; 0 ignored; 0 measured; 0 filtered out; finished in 0.00s
[INFO] [stdout] 
[INFO] [stderr]      Running unittests src/main.rs (/opt/rustwide/target/debug/deps/day_8_nodes-41f8933573caab58)
[INFO] [stdout] 
[INFO] [stdout] running 4 tests
[INFO] [stdout] test instructions::tests::test_parse ... ok
[INFO] [stdout] test nodes::tests::test_parse ... ok
[INFO] [stdout] test nodes::tests::test_start ... ok
[INFO] [stdout] test instructions::tests::test_iter ... ok
[INFO] [stdout] 
[INFO] [stdout] test result: ok. 4 passed; 0 failed; 0 ignored; 0 measured; 0 filtered out; finished in 0.00s
[INFO] [stdout] 
[INFO] [stderr]      Running unittests src/main.rs (/opt/rustwide/target/debug/deps/day_9_oasis-c8aa958fde397daf)
[INFO] [stdout] 
[INFO] [stdout] running 2 tests
[INFO] [stdout] test report::tests::test_future ... ok
[INFO] [stdout] test report::tests::test_past ... ok
[INFO] [stdout] 
[INFO] [stdout] test result: ok. 2 passed; 0 failed; 0 ignored; 0 measured; 0 filtered out; finished in 0.00s
[INFO] [stdout] 
[INFO] [stderr]      Running unittests src/lib.rs (/opt/rustwide/target/debug/deps/toolkit-80e1100a25a8640a)
[INFO] [stdout] 
[INFO] [stdout] running 4 tests
[INFO] [stdout] test grid::tests::test_grid_get_neighbors ... ok
[INFO] [stdout] test grid::tests::test_grid_iter ... ok
[INFO] [stdout] test grid::tests::test_grid_get_surounding ... ok
[INFO] [stdout] test grid::tests::test_grid_get ... FAILED
[INFO] [stdout] 
[INFO] [stdout] failures:
[INFO] [stdout] 
[INFO] [stdout] ---- grid::tests::test_grid_get stdout ----
[INFO] [stdout] thread 'grid::tests::test_grid_get' panicked at toolkit/src/grid.rs:187:9:
[INFO] [stdout] assertion `left == right` failed
[INFO] [stdout]   left: 1
[INFO] [stdout]  right: 2
[INFO] [stdout] stack backtrace:
[INFO] [stdout]    0:     0x5574865ee496 - std::backtrace_rs::backtrace::libunwind::trace::h261606ad26a499c1
[INFO] [stdout]                                at /rustc/0e09125c6c3c2fd70d7de961bcf0e51575235fad/library/std/src/../../backtrace/src/backtrace/libunwind.rs:104:5
[INFO] [stdout]    1:     0x5574865ee496 - std::backtrace_rs::backtrace::trace_unsynchronized::hd183f0625477fb28
[INFO] [stdout]                                at /rustc/0e09125c6c3c2fd70d7de961bcf0e51575235fad/library/std/src/../../backtrace/src/backtrace/mod.rs:66:5
[INFO] [stdout]    2:     0x5574865ee496 - std::sys_common::backtrace::_print_fmt::hd7f8fef21b4eda67
[INFO] [stdout]                                at /rustc/0e09125c6c3c2fd70d7de961bcf0e51575235fad/library/std/src/sys_common/backtrace.rs:68:5
[INFO] [stdout]    3:     0x5574865ee496 - <std::sys_common::backtrace::_print::DisplayBacktrace as core::fmt::Display>::fmt::h623d9b51f2f453f1
[INFO] [stdout]                                at /rustc/0e09125c6c3c2fd70d7de961bcf0e51575235fad/library/std/src/sys_common/backtrace.rs:44:22
[INFO] [stdout]    4:     0x5574866172e0 - core::fmt::rt::Argument::fmt::h9f417ac76a86f368
[INFO] [stdout]                                at /rustc/0e09125c6c3c2fd70d7de961bcf0e51575235fad/library/core/src/fmt/rt.rs:142:9
[INFO] [stdout]    5:     0x5574866172e0 - core::fmt::write::hc9b6faf4ac2aeff7
[INFO] [stdout]                                at /rustc/0e09125c6c3c2fd70d7de961bcf0e51575235fad/library/core/src/fmt/mod.rs:1120:17
[INFO] [stdout]    6:     0x5574865ebeff - std::io::Write::write_fmt::he04625a3a989fec3
[INFO] [stdout]                                at /rustc/0e09125c6c3c2fd70d7de961bcf0e51575235fad/library/std/src/io/mod.rs:1810:15
[INFO] [stdout]    7:     0x5574865ee274 - std::sys_common::backtrace::_print::hd5d66399c7df88a2
[INFO] [stdout]                                at /rustc/0e09125c6c3c2fd70d7de961bcf0e51575235fad/library/std/src/sys_common/backtrace.rs:47:5
[INFO] [stdout]    8:     0x5574865ee274 - std::sys_common::backtrace::print::he81ed2da642d37e5
[INFO] [stdout]                                at /rustc/0e09125c6c3c2fd70d7de961bcf0e51575235fad/library/std/src/sys_common/backtrace.rs:34:9
[INFO] [stdout]    9:     0x5574865effe7 - std::panicking::default_hook::{{closure}}::h85773f4fa117163d
[INFO] [stdout]   10:     0x5574865efccd - std::panicking::default_hook::h6a1694a91d09b278
[INFO] [stdout]                                at /rustc/0e09125c6c3c2fd70d7de961bcf0e51575235fad/library/std/src/panicking.rs:289:9
[INFO] [stdout]   11:     0x5574865bfea7 - <alloc::boxed::Box<F,A> as core::ops::function::Fn<Args>>::call::h616ac37fa3cd6c8f
[INFO] [stdout]                                at /rustc/0e09125c6c3c2fd70d7de961bcf0e51575235fad/library/alloc/src/boxed.rs:2029:9
[INFO] [stdout]   12:     0x5574865bfea7 - test::test_main::{{closure}}::h00d84697cefdcbb6
[INFO] [stdout]                                at /rustc/0e09125c6c3c2fd70d7de961bcf0e51575235fad/library/test/src/lib.rs:138:21
[INFO] [stdout]   13:     0x5574865f0606 - <alloc::boxed::Box<F,A> as core::ops::function::Fn<Args>>::call::hcb3fe3b9bb537ba8
[INFO] [stdout]                                at /rustc/0e09125c6c3c2fd70d7de961bcf0e51575235fad/library/alloc/src/boxed.rs:2029:9
[INFO] [stdout]   14:     0x5574865f0606 - std::panicking::rust_panic_with_hook::h0a7ad96e90f7145b
[INFO] [stdout]                                at /rustc/0e09125c6c3c2fd70d7de961bcf0e51575235fad/library/std/src/panicking.rs:783:13
[INFO] [stdout]   15:     0x5574865f0352 - std::panicking::begin_panic_handler::{{closure}}::h7919090525c6485e
[INFO] [stdout]                                at /rustc/0e09125c6c3c2fd70d7de961bcf0e51575235fad/library/std/src/panicking.rs:657:13
[INFO] [stdout]   16:     0x5574865ee996 - std::sys_common::backtrace::__rust_end_short_backtrace::hf3289479464f7dfe
[INFO] [stdout]                                at /rustc/0e09125c6c3c2fd70d7de961bcf0e51575235fad/library/std/src/sys_common/backtrace.rs:171:18
[INFO] [stdout]   17:     0x5574865f00b0 - rust_begin_unwind
[INFO] [stdout]                                at /rustc/0e09125c6c3c2fd70d7de961bcf0e51575235fad/library/std/src/panicking.rs:645:5
[INFO] [stdout]   18:     0x55748657fcd5 - core::panicking::panic_fmt::hcc9f77c5c132af55
[INFO] [stdout]                                at /rustc/0e09125c6c3c2fd70d7de961bcf0e51575235fad/library/core/src/panicking.rs:72:14
[INFO] [stdout]   19:     0x55748658010b - core::panicking::assert_failed_inner::h9f13e27dd63c3a08
[INFO] [stdout]                                at /rustc/0e09125c6c3c2fd70d7de961bcf0e51575235fad/library/core/src/panicking.rs:342:17
[INFO] [stdout]   20:     0x5574865861fe - core::panicking::assert_failed::h8d125b4546481de9
[INFO] [stdout]                                at /rustc/0e09125c6c3c2fd70d7de961bcf0e51575235fad/library/core/src/panicking.rs:297:5
[INFO] [stdout]   21:     0x557486588135 - toolkit::grid::tests::test_grid_get::hc177950d03afd0eb
[INFO] [stdout]                                at /opt/rustwide/workdir/toolkit/src/grid.rs:187:9
[INFO] [stdout]   22:     0x557486587e07 - toolkit::grid::tests::test_grid_get::{{closure}}::h9f1eb2e5ce14c5a8
[INFO] [stdout]                                at /opt/rustwide/workdir/toolkit/src/grid.rs:183:23
[INFO] [stdout]   23:     0x557486580b66 - core::ops::function::FnOnce::call_once::h7c09f8b8d5dc88dc
[INFO] [stdout]                                at /rustc/0e09125c6c3c2fd70d7de961bcf0e51575235fad/library/core/src/ops/function.rs:250:5
[INFO] [stdout]   24:     0x5574865c577f - core::ops::function::FnOnce::call_once::hd64d26f405258157
[INFO] [stdout]                                at /rustc/0e09125c6c3c2fd70d7de961bcf0e51575235fad/library/core/src/ops/function.rs:250:5
[INFO] [stdout]   25:     0x5574865c577f - test::__rust_begin_short_backtrace::he21b0b7a6d731bf9
[INFO] [stdout]                                at /rustc/0e09125c6c3c2fd70d7de961bcf0e51575235fad/library/test/src/lib.rs:627:18
[INFO] [stdout]   26:     0x5574865c4501 - test::run_test_in_process::{{closure}}::hf5c73986d7bdfde2
[INFO] [stdout]                                at /rustc/0e09125c6c3c2fd70d7de961bcf0e51575235fad/library/test/src/lib.rs:650:60
[INFO] [stdout]   27:     0x5574865c4501 - <core::panic::unwind_safe::AssertUnwindSafe<F> as core::ops::function::FnOnce<()>>::call_once::h330011ad032aadc0
[INFO] [stdout]                                at /rustc/0e09125c6c3c2fd70d7de961bcf0e51575235fad/library/core/src/panic/unwind_safe.rs:272:9
[INFO] [stdout]   28:     0x5574865c4501 - std::panicking::try::do_call::he61b0a958b795a41
[INFO] [stdout]                                at /rustc/0e09125c6c3c2fd70d7de961bcf0e51575235fad/library/std/src/panicking.rs:552:40
[INFO] [stdout]   29:     0x5574865c4501 - std::panicking::try::h7309da130f906eb7
[INFO] [stdout]                                at /rustc/0e09125c6c3c2fd70d7de961bcf0e51575235fad/library/std/src/panicking.rs:516:19
[INFO] [stdout]   30:     0x5574865c4501 - std::panic::catch_unwind::hc5c3a06fdaf0a92a
[INFO] [stdout]                                at /rustc/0e09125c6c3c2fd70d7de961bcf0e51575235fad/library/std/src/panic.rs:142:14
[INFO] [stdout]   31:     0x5574865c4501 - test::run_test_in_process::h7e7b7c71c3324e0f
[INFO] [stdout]                                at /rustc/0e09125c6c3c2fd70d7de961bcf0e51575235fad/library/test/src/lib.rs:650:27
[INFO] [stdout]   32:     0x5574865c4501 - test::run_test::{{closure}}::h1f509f28f5cf20b1
[INFO] [stdout]                                at /rustc/0e09125c6c3c2fd70d7de961bcf0e51575235fad/library/test/src/lib.rs:573:43
[INFO] [stdout]   33:     0x55748658b836 - test::run_test::{{closure}}::h1754218abf443f6d
[INFO] [stdout]                                at /rustc/0e09125c6c3c2fd70d7de961bcf0e51575235fad/library/test/src/lib.rs:601:41
[INFO] [stdout]   34:     0x55748658b836 - std::sys_common::backtrace::__rust_begin_short_backtrace::h2ee174b9d5954948
[INFO] [stdout]                                at /rustc/0e09125c6c3c2fd70d7de961bcf0e51575235fad/library/std/src/sys_common/backtrace.rs:155:18
[INFO] [stdout]   35:     0x557486590897 - std::thread::Builder::spawn_unchecked_::{{closure}}::{{closure}}::hf60bee9c1a17ef09
[INFO] [stdout]                                at /rustc/0e09125c6c3c2fd70d7de961bcf0e51575235fad/library/std/src/thread/mod.rs:529:17
[INFO] [stdout]   36:     0x557486590897 - <core::panic::unwind_safe::AssertUnwindSafe<F> as core::ops::function::FnOnce<()>>::call_once::h33d0dddec5216160
[INFO] [stdout]                                at /rustc/0e09125c6c3c2fd70d7de961bcf0e51575235fad/library/core/src/panic/unwind_safe.rs:272:9
[INFO] [stdout]   37:     0x557486590897 - std::panicking::try::do_call::h144b3048b546f835
[INFO] [stdout]                                at /rustc/0e09125c6c3c2fd70d7de961bcf0e51575235fad/library/std/src/panicking.rs:552:40
[INFO] [stdout]   38:     0x557486590897 - std::panicking::try::h978244d04646189f
[INFO] [stdout]                                at /rustc/0e09125c6c3c2fd70d7de961bcf0e51575235fad/library/std/src/panicking.rs:516:19
[INFO] [stdout]   39:     0x557486590897 - std::panic::catch_unwind::hdf436369d188fe86
[INFO] [stdout]                                at /rustc/0e09125c6c3c2fd70d7de961bcf0e51575235fad/library/std/src/panic.rs:142:14
[INFO] [stdout]   40:     0x557486590897 - std::thread::Builder::spawn_unchecked_::{{closure}}::h87329cbdd33c79ec
[INFO] [stdout]                                at /rustc/0e09125c6c3c2fd70d7de961bcf0e51575235fad/library/std/src/thread/mod.rs:528:30
[INFO] [stdout]   41:     0x557486590897 - core::ops::function::FnOnce::call_once{{vtable.shim}}::h401abbe67897d450
[INFO] [stdout]                                at /rustc/0e09125c6c3c2fd70d7de961bcf0e51575235fad/library/core/src/ops/function.rs:250:5
[INFO] [stdout]   42:     0x5574865f50b5 - <alloc::boxed::Box<F,A> as core::ops::function::FnOnce<Args>>::call_once::h5d7c8f150ab9c84c
[INFO] [stdout]                                at /rustc/0e09125c6c3c2fd70d7de961bcf0e51575235fad/library/alloc/src/boxed.rs:2015:9
[INFO] [stdout]   43:     0x5574865f50b5 - <alloc::boxed::Box<F,A> as core::ops::function::FnOnce<Args>>::call_once::h570d5b005c242c15
[INFO] [stdout]                                at /rustc/0e09125c6c3c2fd70d7de961bcf0e51575235fad/library/alloc/src/boxed.rs:2015:9
[INFO] [stdout]   44:     0x5574865f50b5 - std::sys::unix::thread::Thread::new::thread_start::h36b0a20c0b2361ad
[INFO] [stdout]                                at /rustc/0e09125c6c3c2fd70d7de961bcf0e51575235fad/library/std/src/sys/unix/thread.rs:108:17
[INFO] [stdout]   45:     0x7f0bd94edac3 - <unknown>
[INFO] [stdout]   46:     0x7f0bd957ebf4 - __clone
[INFO] [stdout]   47:                0x0 - <unknown>
[INFO] [stdout] 
[INFO] [stdout] 
[INFO] [stdout] failures:
[INFO] [stdout]     grid::tests::test_grid_get
[INFO] [stdout] 
[INFO] [stdout] test result: FAILED. 3 passed; 1 failed; 0 ignored; 0 measured; 0 filtered out; finished in 0.01s
[INFO] [stdout] 
[INFO] [stderr] error: test failed, to rerun pass `-p toolkit --lib`
[INFO] running `Command { std: "docker" "inspect" "5bae243103f17eb13c7a4a2cad8f253ea6918928551944cd55f1d7a4dd6ed1e8", kill_on_drop: false }`
[INFO] running `Command { std: "docker" "rm" "-f" "5bae243103f17eb13c7a4a2cad8f253ea6918928551944cd55f1d7a4dd6ed1e8", kill_on_drop: false }`
[INFO] [stdout] 5bae243103f17eb13c7a4a2cad8f253ea6918928551944cd55f1d7a4dd6ed1e8
