[INFO] cloning repository https://github.com/kkstas/axum-app
[INFO] running `Command { std: "git" "-c" "credential.helper=" "-c" "credential.helper=/workspace/cargo-home/bin/git-credential-null" "clone" "--bare" "https://github.com/kkstas/axum-app" "/workspace/cache/git-repos/https%3A%2F%2Fgithub.com%2Fkkstas%2Faxum-app", kill_on_drop: false }`
[INFO] [stderr] Cloning into bare repository '/workspace/cache/git-repos/https%3A%2F%2Fgithub.com%2Fkkstas%2Faxum-app'...
[INFO] running `Command { std: "git" "rev-parse" "HEAD", kill_on_drop: false }`
[INFO] [stdout] be00ddd2c15546bd44879974821b15fdd6117a65
[INFO] testing kkstas/axum-app against 1.75.0 for beta-1.76-1
[INFO] running `Command { std: "git" "clone" "/workspace/cache/git-repos/https%3A%2F%2Fgithub.com%2Fkkstas%2Faxum-app" "/workspace/builds/worker-3-tc1/source", kill_on_drop: false }`
[INFO] [stderr] Cloning into '/workspace/builds/worker-3-tc1/source'...
[INFO] [stderr] done.
[INFO] validating manifest of git repo https://github.com/kkstas/axum-app on toolchain 1.75.0
[INFO] running `Command { std: CARGO_HOME="/workspace/cargo-home" RUSTUP_HOME="/workspace/rustup-home" "/workspace/cargo-home/bin/cargo" "+1.75.0" "metadata" "--manifest-path" "Cargo.toml" "--no-deps", kill_on_drop: false }`
[INFO] started tweaking git repo https://github.com/kkstas/axum-app
[INFO] finished tweaking git repo https://github.com/kkstas/axum-app
[INFO] tweaked toml for git repo https://github.com/kkstas/axum-app written to /workspace/builds/worker-3-tc1/source/Cargo.toml
[INFO] crate git repo https://github.com/kkstas/axum-app already has a lockfile, it will not be regenerated
[INFO] running `Command { std: CARGO_HOME="/workspace/cargo-home" RUSTUP_HOME="/workspace/rustup-home" "/workspace/cargo-home/bin/cargo" "+1.75.0" "fetch" "--manifest-path" "Cargo.toml", kill_on_drop: false }`
[INFO] [stderr]  Downloading crates ...
[INFO] [stderr]   Downloaded http-range-header v0.4.0
[INFO] [stderr]   Downloaded tower-cookies v0.10.0
[INFO] [stderr]   Downloaded hyper-util v0.1.1
[INFO] running `Command { std: "docker" "create" "-v" "/var/lib/crater-agent-workspace/builds/worker-3-tc1/target:/opt/rustwide/target:rw,Z" "-v" "/var/lib/crater-agent-workspace/builds/worker-3-tc1/source:/opt/rustwide/workdir:ro,Z" "-v" "/var/lib/crater-agent-workspace/cargo-home:/opt/rustwide/cargo-home:ro,Z" "-v" "/var/lib/crater-agent-workspace/rustup-home:/opt/rustwide/rustup-home:ro,Z" "-e" "SOURCE_DIR=/opt/rustwide/workdir" "-e" "CARGO_TARGET_DIR=/opt/rustwide/target" "-e" "CARGO_HOME=/opt/rustwide/cargo-home" "-e" "RUSTUP_HOME=/opt/rustwide/rustup-home" "-w" "/opt/rustwide/workdir" "-m" "1610612736" "--user" "0:0" "--network" "none" "ghcr.io/rust-lang/crates-build-env/linux@sha256:2788e3201cd34a07e3172128adcd8b3090168a8e3bcc40d7c032b9dda1df7d1c" "/opt/rustwide/cargo-home/bin/cargo" "+1.75.0" "metadata" "--no-deps" "--format-version=1", kill_on_drop: false }`
[INFO] [stdout] 790c5947284dbee50f63e8093b0692029dbf34cee2d4c14e56ae30e4f1553f7b
[INFO] running `Command { std: "docker" "start" "-a" "790c5947284dbee50f63e8093b0692029dbf34cee2d4c14e56ae30e4f1553f7b", kill_on_drop: false }`
[INFO] running `Command { std: "docker" "inspect" "790c5947284dbee50f63e8093b0692029dbf34cee2d4c14e56ae30e4f1553f7b", kill_on_drop: false }`
[INFO] running `Command { std: "docker" "rm" "-f" "790c5947284dbee50f63e8093b0692029dbf34cee2d4c14e56ae30e4f1553f7b", kill_on_drop: false }`
[INFO] [stdout] 790c5947284dbee50f63e8093b0692029dbf34cee2d4c14e56ae30e4f1553f7b
[INFO] running `Command { std: "docker" "create" "-v" "/var/lib/crater-agent-workspace/builds/worker-3-tc1/target:/opt/rustwide/target:rw,Z" "-v" "/var/lib/crater-agent-workspace/builds/worker-3-tc1/source:/opt/rustwide/workdir:ro,Z" "-v" "/var/lib/crater-agent-workspace/cargo-home:/opt/rustwide/cargo-home:ro,Z" "-v" "/var/lib/crater-agent-workspace/rustup-home:/opt/rustwide/rustup-home:ro,Z" "-e" "SOURCE_DIR=/opt/rustwide/workdir" "-e" "CARGO_TARGET_DIR=/opt/rustwide/target" "-e" "CARGO_INCREMENTAL=0" "-e" "RUST_BACKTRACE=full" "-e" "RUSTFLAGS=--cap-lints=warn" "-e" "RUSTDOCFLAGS=--cap-lints=warn" "-e" "CARGO_HOME=/opt/rustwide/cargo-home" "-e" "RUSTUP_HOME=/opt/rustwide/rustup-home" "-w" "/opt/rustwide/workdir" "-m" "1610612736" "--user" "0:0" "--network" "none" "ghcr.io/rust-lang/crates-build-env/linux@sha256:2788e3201cd34a07e3172128adcd8b3090168a8e3bcc40d7c032b9dda1df7d1c" "/opt/rustwide/cargo-home/bin/cargo" "+1.75.0" "build" "--frozen" "--message-format=json", kill_on_drop: false }`
[INFO] [stdout] a1079fe8f5b66cd04fecbf5dc17d715c00c1293db9f3500cc9ae60bdabd486a0
[INFO] running `Command { std: "docker" "start" "-a" "a1079fe8f5b66cd04fecbf5dc17d715c00c1293db9f3500cc9ae60bdabd486a0", kill_on_drop: false }`
[INFO] [stderr]    Compiling proc-macro2 v1.0.67
[INFO] [stderr]    Compiling unicode-ident v1.0.12
[INFO] [stderr]    Compiling libc v0.2.148
[INFO] [stderr]    Compiling autocfg v1.1.0
[INFO] [stderr]    Compiling cfg-if v1.0.0
[INFO] [stderr]    Compiling itoa v1.0.9
[INFO] [stderr]    Compiling fnv v1.0.7
[INFO] [stderr]    Compiling futures-core v0.3.28
[INFO] [stderr]    Compiling pin-project-lite v0.2.13
[INFO] [stderr]    Compiling bytes v1.5.0
[INFO] [stderr]    Compiling parking_lot_core v0.9.8
[INFO] [stderr]    Compiling futures-task v0.3.28
[INFO] [stderr]    Compiling version_check v0.9.4
[INFO] [stderr]    Compiling scopeguard v1.2.0
[INFO] [stderr]    Compiling smallvec v1.11.1
[INFO] [stderr]    Compiling futures-util v0.3.28
[INFO] [stderr]    Compiling rustversion v1.0.14
[INFO] [stderr]    Compiling pin-utils v0.1.0
[INFO] [stderr]    Compiling once_cell v1.18.0
[INFO] [stderr]    Compiling log v0.4.20
[INFO] [stderr]    Compiling serde v1.0.188
[INFO] [stderr]    Compiling tower-service v0.3.2
[INFO] [stderr]    Compiling memchr v2.6.4
[INFO] [stderr]    Compiling percent-encoding v2.3.0
[INFO] [stderr]    Compiling tracing-core v0.1.31
[INFO] [stderr]    Compiling tower-layer v0.3.2
[INFO] [stderr]    Compiling futures-sink v0.3.28
[INFO] [stderr]    Compiling hashbrown v0.14.3
[INFO] [stderr]    Compiling strsim v0.10.0
[INFO] [stderr]    Compiling async-trait v0.1.73
[INFO] [stderr]    Compiling unicase v2.7.0
[INFO] [stderr]    Compiling slab v0.4.9
[INFO] [stderr]    Compiling lock_api v0.4.10
[INFO] [stderr]    Compiling ident_case v1.0.1
[INFO] [stderr]    Compiling mime v0.3.17
[INFO] [stderr]    Compiling futures-channel v0.3.28
[INFO] [stderr]    Compiling equivalent v1.0.1
[INFO] [stderr]    Compiling httparse v1.8.0
[INFO] [stderr]    Compiling httpdate v1.0.3
[INFO] [stderr]    Compiling http v1.0.0
[INFO] [stderr]    Compiling aho-corasick v1.1.1
[INFO] [stderr]    Compiling tracing v0.1.37
[INFO] [stderr]    Compiling time-core v0.1.2
[INFO] [stderr]    Compiling regex-syntax v0.7.5
[INFO] [stderr]    Compiling cookie v0.18.0
[INFO] [stderr]    Compiling quote v1.0.33
[INFO] [stderr]    Compiling mime_guess v2.0.4
[INFO] [stderr]    Compiling time-macros v0.2.15
[INFO] [stderr]    Compiling ppv-lite86 v0.2.17
[INFO] [stderr]    Compiling indexmap v2.1.0
[INFO] [stderr]    Compiling syn v2.0.37
[INFO] [stderr]    Compiling serde_json v1.0.107
[INFO] [stderr]    Compiling num_cpus v1.16.0
[INFO] [stderr]    Compiling mio v0.8.8
[INFO] [stderr]    Compiling signal-hook-registry v1.4.1
[INFO] [stderr]    Compiling socket2 v0.5.4
[INFO] [stderr]    Compiling getrandom v0.2.10
[INFO] [stderr]    Compiling ryu v1.0.15
[INFO] [stderr]    Compiling deranged v0.3.8
[INFO] [stderr]    Compiling axum-core v0.4.1
[INFO] [stderr]    Compiling parking_lot v0.12.1
[INFO] [stderr]    Compiling http-body v1.0.0
[INFO] [stderr]    Compiling rand_core v0.6.4
[INFO] [stderr]    Compiling sync_wrapper v0.1.2
[INFO] [stderr]    Compiling heck v0.4.1
[INFO] [stderr]    Compiling axum v0.7.2
[INFO] [stderr]    Compiling form_urlencoded v1.2.0
[INFO] [stderr]    Compiling rand_chacha v0.3.1
[INFO] [stderr]    Compiling bitflags v2.4.0
[INFO] [stderr]    Compiling http-range-header v0.4.0
[INFO] [stderr]    Compiling matchit v0.7.3
[INFO] [stderr]    Compiling rand v0.8.5
[INFO] [stderr]    Compiling time v0.3.29
[INFO] [stderr]    Compiling uuid v1.6.1
[INFO] [stderr]    Compiling regex-automata v0.3.9
[INFO] [stderr]    Compiling darling_core v0.20.3
[INFO] [stderr]    Compiling regex v1.9.6
[INFO] [stderr]    Compiling futures-macro v0.3.28
[INFO] [stderr]    Compiling tokio-macros v2.1.0
[INFO] [stderr]    Compiling serde_derive v1.0.188
[INFO] [stderr]    Compiling pin-project-internal v1.1.3
[INFO] [stderr]    Compiling axum-macros v0.4.0
[INFO] [stderr]    Compiling strum_macros v0.25.3
[INFO] [stderr]    Compiling lazy-regex-proc_macros v3.0.1
[INFO] [stderr]    Compiling tokio v1.32.0
[INFO] [stderr]    Compiling darling_macro v0.20.3
[INFO] [stderr]    Compiling pin-project v1.1.3
[INFO] [stderr]    Compiling darling v0.20.3
[INFO] [stderr]    Compiling serde_with_macros v3.4.0
[INFO] [stderr]    Compiling lazy-regex v3.0.2
[INFO] [stderr]    Compiling http-body-util v0.1.0
[INFO] [stderr]    Compiling tokio-util v0.7.9
[INFO] [stderr]    Compiling tower v0.4.13
[INFO] [stderr]    Compiling tower-cookies v0.10.0
[INFO] [stderr]    Compiling h2 v0.4.0
[INFO] [stderr]    Compiling tower-http v0.5.0
[INFO] [stderr]    Compiling serde_urlencoded v0.7.1
[INFO] [stderr]    Compiling serde_path_to_error v0.1.14
[INFO] [stderr]    Compiling serde_with v3.4.0
[INFO] [stderr]    Compiling hyper v1.0.1
[INFO] [stderr]    Compiling hyper-util v0.1.1
[INFO] [stderr]    Compiling axum-app v0.1.0 (/opt/rustwide/workdir)
[INFO] [stdout] warning: unreachable pattern
[INFO] [stdout]   --> src/error.rs:47:13
[INFO] [stdout]    |
[INFO] [stdout] 47 |             _ => (
[INFO] [stdout]    |             ^
[INFO] [stdout]    |
[INFO] [stdout]    = note: `#[warn(unreachable_patterns)]` on by default
[INFO] [stdout] 
[INFO] [stdout] 
[INFO] [stdout] warning: 1 warning emitted
[INFO] [stdout] 
[INFO] [stdout] 
[INFO] [stderr]     Finished dev [unoptimized + debuginfo] target(s) in 21.40s
[INFO] running `Command { std: "docker" "inspect" "a1079fe8f5b66cd04fecbf5dc17d715c00c1293db9f3500cc9ae60bdabd486a0", kill_on_drop: false }`
[INFO] running `Command { std: "docker" "rm" "-f" "a1079fe8f5b66cd04fecbf5dc17d715c00c1293db9f3500cc9ae60bdabd486a0", kill_on_drop: false }`
[INFO] [stdout] a1079fe8f5b66cd04fecbf5dc17d715c00c1293db9f3500cc9ae60bdabd486a0
[INFO] running `Command { std: "docker" "create" "-v" "/var/lib/crater-agent-workspace/builds/worker-3-tc1/target:/opt/rustwide/target:rw,Z" "-v" "/var/lib/crater-agent-workspace/builds/worker-3-tc1/source:/opt/rustwide/workdir:ro,Z" "-v" "/var/lib/crater-agent-workspace/cargo-home:/opt/rustwide/cargo-home:ro,Z" "-v" "/var/lib/crater-agent-workspace/rustup-home:/opt/rustwide/rustup-home:ro,Z" "-e" "SOURCE_DIR=/opt/rustwide/workdir" "-e" "CARGO_TARGET_DIR=/opt/rustwide/target" "-e" "CARGO_INCREMENTAL=0" "-e" "RUST_BACKTRACE=full" "-e" "RUSTFLAGS=--cap-lints=warn" "-e" "RUSTDOCFLAGS=--cap-lints=warn" "-e" "CARGO_HOME=/opt/rustwide/cargo-home" "-e" "RUSTUP_HOME=/opt/rustwide/rustup-home" "-w" "/opt/rustwide/workdir" "-m" "1610612736" "--user" "0:0" "--network" "none" "ghcr.io/rust-lang/crates-build-env/linux@sha256:2788e3201cd34a07e3172128adcd8b3090168a8e3bcc40d7c032b9dda1df7d1c" "/opt/rustwide/cargo-home/bin/cargo" "+1.75.0" "test" "--frozen" "--no-run" "--message-format=json", kill_on_drop: false }`
[INFO] [stdout] a16a6f8debf7c102e01997920a75eb9f31c47242c3eeda870f6d44231c8c62d2
[INFO] running `Command { std: "docker" "start" "-a" "a16a6f8debf7c102e01997920a75eb9f31c47242c3eeda870f6d44231c8c62d2", kill_on_drop: false }`
[INFO] [stderr]    Compiling libc v0.2.148
[INFO] [stderr]    Compiling pkg-config v0.3.27
[INFO] [stderr]    Compiling tinyvec_macros v0.1.1
[INFO] [stderr]    Compiling vcpkg v0.2.15
[INFO] [stderr]    Compiling unicode-bidi v0.3.13
[INFO] [stderr]    Compiling time v0.3.29
[INFO] [stderr]    Compiling indexmap v1.9.3
[INFO] [stderr]    Compiling foreign-types-shared v0.1.1
[INFO] [stderr]    Compiling openssl v0.10.57
[INFO] [stderr]    Compiling openssl-macros v0.1.1
[INFO] [stderr]    Compiling http v0.2.9
[INFO] [stderr]    Compiling cookie v0.16.2
[INFO] [stderr]    Compiling hashbrown v0.12.3
[INFO] [stderr]    Compiling tinyvec v1.6.0
[INFO] [stderr]    Compiling native-tls v0.2.11
[INFO] [stderr]    Compiling try-lock v0.2.4
[INFO] [stderr]    Compiling psl-types v2.0.11
[INFO] [stderr]    Compiling foreign-types v0.3.2
[INFO] [stderr]    Compiling openssl-probe v0.1.5
[INFO] [stderr]    Compiling want v0.3.1
[INFO] [stderr]    Compiling socket2 v0.4.9
[INFO] [stderr]    Compiling matches v0.1.10
[INFO] [stderr]    Compiling encoding_rs v0.8.33
[INFO] [stderr]    Compiling thiserror v1.0.49
[INFO] [stderr]    Compiling base64 v0.21.4
[INFO] [stderr]    Compiling ipnet v2.8.0
[INFO] [stderr]    Compiling thiserror-impl v1.0.49
[INFO] [stderr]    Compiling anyhow v1.0.75
[INFO] [stderr]    Compiling http-body v0.4.5
[INFO] [stderr]    Compiling unicode-normalization v0.1.22
[INFO] [stderr]    Compiling h2 v0.3.21
[INFO] [stderr]    Compiling cc v1.0.83
[INFO] [stderr]    Compiling idna v0.4.0
[INFO] [stderr]    Compiling idna v0.3.0
[INFO] [stderr]    Compiling idna v0.2.3
[INFO] [stderr]    Compiling cookie v0.18.0
[INFO] [stderr]    Compiling publicsuffix v2.2.3
[INFO] [stderr]    Compiling url v2.4.1
[INFO] [stderr]    Compiling tower-cookies v0.10.0
[INFO] [stderr]    Compiling openssl-sys v0.9.93
[INFO] [stderr]    Compiling axum-app v0.1.0 (/opt/rustwide/workdir)
[INFO] [stderr]    Compiling cookie_store v0.16.2
[INFO] [stderr]    Compiling cookie_store v0.19.1
[INFO] [stdout] warning: unreachable pattern
[INFO] [stdout]   --> src/error.rs:47:13
[INFO] [stdout]    |
[INFO] [stdout] 47 |             _ => (
[INFO] [stdout]    |             ^
[INFO] [stdout]    |
[INFO] [stdout]    = note: `#[warn(unreachable_patterns)]` on by default
[INFO] [stdout] 
[INFO] [stdout] 
[INFO] [stderr]    Compiling hyper v0.14.27
[INFO] [stderr]    Compiling tokio-native-tls v0.3.1
[INFO] [stdout] warning: 1 warning emitted
[INFO] [stdout] 
[INFO] [stdout] 
[INFO] [stderr]    Compiling hyper-tls v0.5.0
[INFO] [stderr]    Compiling reqwest v0.11.22
[INFO] [stderr]    Compiling reqwest_cookie_store v0.5.0
[INFO] [stderr]    Compiling httpc-test v0.1.5
[INFO] [stdout] warning: unreachable pattern
[INFO] [stdout]   --> src/error.rs:47:13
[INFO] [stdout]    |
[INFO] [stdout] 47 |             _ => (
[INFO] [stdout]    |             ^
[INFO] [stdout]    |
[INFO] [stdout]    = note: `#[warn(unreachable_patterns)]` on by default
[INFO] [stdout] 
[INFO] [stdout] 
[INFO] [stdout] warning: 1 warning emitted
[INFO] [stdout] 
[INFO] [stdout] 
[INFO] [stderr]     Finished test [unoptimized + debuginfo] target(s) in 13.00s
[INFO] running `Command { std: "docker" "inspect" "a16a6f8debf7c102e01997920a75eb9f31c47242c3eeda870f6d44231c8c62d2", kill_on_drop: false }`
[INFO] running `Command { std: "docker" "rm" "-f" "a16a6f8debf7c102e01997920a75eb9f31c47242c3eeda870f6d44231c8c62d2", kill_on_drop: false }`
[INFO] [stdout] a16a6f8debf7c102e01997920a75eb9f31c47242c3eeda870f6d44231c8c62d2
[INFO] running `Command { std: "docker" "create" "-v" "/var/lib/crater-agent-workspace/builds/worker-3-tc1/target:/opt/rustwide/target:rw,Z" "-v" "/var/lib/crater-agent-workspace/builds/worker-3-tc1/source:/opt/rustwide/workdir:ro,Z" "-v" "/var/lib/crater-agent-workspace/cargo-home:/opt/rustwide/cargo-home:ro,Z" "-v" "/var/lib/crater-agent-workspace/rustup-home:/opt/rustwide/rustup-home:ro,Z" "-e" "SOURCE_DIR=/opt/rustwide/workdir" "-e" "CARGO_TARGET_DIR=/opt/rustwide/target" "-e" "CARGO_INCREMENTAL=0" "-e" "RUST_BACKTRACE=full" "-e" "RUSTFLAGS=--cap-lints=warn" "-e" "RUSTDOCFLAGS=--cap-lints=warn" "-e" "CARGO_HOME=/opt/rustwide/cargo-home" "-e" "RUSTUP_HOME=/opt/rustwide/rustup-home" "-w" "/opt/rustwide/workdir" "-m" "1610612736" "--user" "0:0" "--network" "none" "ghcr.io/rust-lang/crates-build-env/linux@sha256:2788e3201cd34a07e3172128adcd8b3090168a8e3bcc40d7c032b9dda1df7d1c" "/opt/rustwide/cargo-home/bin/cargo" "+1.75.0" "test" "--frozen", kill_on_drop: false }`
[INFO] [stdout] 08274e06347f1a1ec80863ad07363a35c7cd13b6985a99d56f6912a14cdcb312
[INFO] running `Command { std: "docker" "start" "-a" "08274e06347f1a1ec80863ad07363a35c7cd13b6985a99d56f6912a14cdcb312", kill_on_drop: false }`
[INFO] [stderr] warning: unreachable pattern
[INFO] [stderr]   --> src/error.rs:47:13
[INFO] [stderr]    |
[INFO] [stderr] 47 |             _ => (
[INFO] [stderr]    |             ^
[INFO] [stderr]    |
[INFO] [stderr]    = note: `#[warn(unreachable_patterns)]` on by default
[INFO] [stderr] 
[INFO] [stderr] warning: `axum-app` (bin "axum-app") generated 1 warning
[INFO] [stderr] warning: `axum-app` (bin "axum-app" test) generated 1 warning (1 duplicate)
[INFO] [stderr]     Finished test [unoptimized + debuginfo] target(s) in 0.11s
[INFO] [stderr]      Running unittests src/main.rs (/opt/rustwide/target/debug/deps/axum_app-cc9972a80bdef941)
[INFO] [stdout] 
[INFO] [stdout] running 0 tests
[INFO] [stdout] 
[INFO] [stdout] test result: ok. 0 passed; 0 failed; 0 ignored; 0 measured; 0 filtered out; finished in 0.00s
[INFO] [stdout] 
[INFO] [stderr]      Running tests/http_tests.rs (/opt/rustwide/target/debug/deps/http_tests-8ae44197696acf3e)
[INFO] [stdout] 
[INFO] [stdout] running 1 test
[INFO] [stdout] test http_tests ... FAILED
[INFO] [stdout] 
[INFO] [stdout] failures:
[INFO] [stdout] 
[INFO] [stdout] ---- http_tests stdout ----
[INFO] [stdout] Error: error sending request for url (http://localhost:8080/): error trying to connect: tcp connect error: Cannot assign requested address (os error 99)
[INFO] [stdout] 
[INFO] [stdout] Caused by:
[INFO] [stdout]     0: error trying to connect: tcp connect error: Cannot assign requested address (os error 99)
[INFO] [stdout]     1: tcp connect error: Cannot assign requested address (os error 99)
[INFO] [stdout]     2: Cannot assign requested address (os error 99)
[INFO] [stdout] 
[INFO] [stdout] 
[INFO] [stdout] failures:
[INFO] [stdout]     http_tests
[INFO] [stdout] 
[INFO] [stdout] test result: FAILED. 0 passed; 1 failed; 0 ignored; 0 measured; 0 filtered out; finished in 0.05s
[INFO] [stdout] 
[INFO] [stderr] error: test failed, to rerun pass `--test http_tests`
[INFO] running `Command { std: "docker" "inspect" "08274e06347f1a1ec80863ad07363a35c7cd13b6985a99d56f6912a14cdcb312", kill_on_drop: false }`
[INFO] running `Command { std: "docker" "rm" "-f" "08274e06347f1a1ec80863ad07363a35c7cd13b6985a99d56f6912a14cdcb312", kill_on_drop: false }`
[INFO] [stdout] 08274e06347f1a1ec80863ad07363a35c7cd13b6985a99d56f6912a14cdcb312
