[INFO] cloning repository https://github.com/kjetijor/bt-gobble-rs
[INFO] running `Command { std: "git" "-c" "credential.helper=" "-c" "credential.helper=/workspace/cargo-home/bin/git-credential-null" "clone" "--bare" "https://github.com/kjetijor/bt-gobble-rs" "/workspace/cache/git-repos/https%3A%2F%2Fgithub.com%2Fkjetijor%2Fbt-gobble-rs", kill_on_drop: false }`
[INFO] [stderr] Cloning into bare repository '/workspace/cache/git-repos/https%3A%2F%2Fgithub.com%2Fkjetijor%2Fbt-gobble-rs'...
[INFO] running `Command { std: "git" "rev-parse" "HEAD", kill_on_drop: false }`
[INFO] [stdout] 7fae19a8a6b9d94247b38867ae96c34c1d6e23ab
[INFO] testing kjetijor/bt-gobble-rs against 1.75.0 for beta-1.76-1
[INFO] running `Command { std: "git" "clone" "/workspace/cache/git-repos/https%3A%2F%2Fgithub.com%2Fkjetijor%2Fbt-gobble-rs" "/workspace/builds/worker-1-tc1/source", kill_on_drop: false }`
[INFO] [stderr] Cloning into '/workspace/builds/worker-1-tc1/source'...
[INFO] [stderr] done.
[INFO] validating manifest of git repo https://github.com/kjetijor/bt-gobble-rs on toolchain 1.75.0
[INFO] running `Command { std: CARGO_HOME="/workspace/cargo-home" RUSTUP_HOME="/workspace/rustup-home" "/workspace/cargo-home/bin/cargo" "+1.75.0" "metadata" "--manifest-path" "Cargo.toml" "--no-deps", kill_on_drop: false }`
[INFO] started tweaking git repo https://github.com/kjetijor/bt-gobble-rs
[INFO] finished tweaking git repo https://github.com/kjetijor/bt-gobble-rs
[INFO] tweaked toml for git repo https://github.com/kjetijor/bt-gobble-rs written to /workspace/builds/worker-1-tc1/source/Cargo.toml
[INFO] crate git repo https://github.com/kjetijor/bt-gobble-rs already has a lockfile, it will not be regenerated
[INFO] running `Command { std: CARGO_HOME="/workspace/cargo-home" RUSTUP_HOME="/workspace/rustup-home" "/workspace/cargo-home/bin/cargo" "+1.75.0" "fetch" "--manifest-path" "Cargo.toml", kill_on_drop: false }`
[INFO] [stderr]     Updating git repository `https://github.com/bluez/bluer`
[INFO] [stderr]     Updating git submodule `https://github.com/NordicSemiconductor/bluetooth-numbers-database.git`
[INFO] [stderr]     Updating crates.io index
[INFO] [stderr]  Downloading crates ...
[INFO] [stderr]   Downloaded custom_debug v0.5.1
[INFO] [stderr]   Downloaded dbus-tokio v0.7.6
[INFO] [stderr]   Downloaded similar-asserts v1.4.2
[INFO] [stderr]   Downloaded custom_debug_derive v0.5.1
[INFO] [stderr]   Downloaded dbus-crossroads v0.5.2
[INFO] [stderr]   Downloaded prometheus-client v0.21.2
[INFO] running `Command { std: "docker" "create" "-v" "/var/lib/crater-agent-workspace/builds/worker-1-tc1/target:/opt/rustwide/target:rw,Z" "-v" "/var/lib/crater-agent-workspace/builds/worker-1-tc1/source:/opt/rustwide/workdir:ro,Z" "-v" "/var/lib/crater-agent-workspace/cargo-home:/opt/rustwide/cargo-home:ro,Z" "-v" "/var/lib/crater-agent-workspace/rustup-home:/opt/rustwide/rustup-home:ro,Z" "-e" "SOURCE_DIR=/opt/rustwide/workdir" "-e" "CARGO_TARGET_DIR=/opt/rustwide/target" "-e" "CARGO_HOME=/opt/rustwide/cargo-home" "-e" "RUSTUP_HOME=/opt/rustwide/rustup-home" "-w" "/opt/rustwide/workdir" "-m" "1610612736" "--user" "0:0" "--network" "none" "ghcr.io/rust-lang/crates-build-env/linux@sha256:2788e3201cd34a07e3172128adcd8b3090168a8e3bcc40d7c032b9dda1df7d1c" "/opt/rustwide/cargo-home/bin/cargo" "+1.75.0" "metadata" "--no-deps" "--format-version=1", kill_on_drop: false }`
[INFO] [stdout] 7c6c617f8639d8b3fe1a0e3afbc11f6367f9c2664efe380b578e146dffb37979
[INFO] running `Command { std: "docker" "start" "-a" "7c6c617f8639d8b3fe1a0e3afbc11f6367f9c2664efe380b578e146dffb37979", kill_on_drop: false }`
[INFO] running `Command { std: "docker" "inspect" "7c6c617f8639d8b3fe1a0e3afbc11f6367f9c2664efe380b578e146dffb37979", kill_on_drop: false }`
[INFO] running `Command { std: "docker" "rm" "-f" "7c6c617f8639d8b3fe1a0e3afbc11f6367f9c2664efe380b578e146dffb37979", kill_on_drop: false }`
[INFO] [stdout] 7c6c617f8639d8b3fe1a0e3afbc11f6367f9c2664efe380b578e146dffb37979
[INFO] running `Command { std: "docker" "create" "-v" "/var/lib/crater-agent-workspace/builds/worker-1-tc1/target:/opt/rustwide/target:rw,Z" "-v" "/var/lib/crater-agent-workspace/builds/worker-1-tc1/source:/opt/rustwide/workdir:ro,Z" "-v" "/var/lib/crater-agent-workspace/cargo-home:/opt/rustwide/cargo-home:ro,Z" "-v" "/var/lib/crater-agent-workspace/rustup-home:/opt/rustwide/rustup-home:ro,Z" "-e" "SOURCE_DIR=/opt/rustwide/workdir" "-e" "CARGO_TARGET_DIR=/opt/rustwide/target" "-e" "CARGO_INCREMENTAL=0" "-e" "RUST_BACKTRACE=full" "-e" "RUSTFLAGS=--cap-lints=warn" "-e" "RUSTDOCFLAGS=--cap-lints=warn" "-e" "CARGO_HOME=/opt/rustwide/cargo-home" "-e" "RUSTUP_HOME=/opt/rustwide/rustup-home" "-w" "/opt/rustwide/workdir" "-m" "1610612736" "--user" "0:0" "--network" "none" "ghcr.io/rust-lang/crates-build-env/linux@sha256:2788e3201cd34a07e3172128adcd8b3090168a8e3bcc40d7c032b9dda1df7d1c" "/opt/rustwide/cargo-home/bin/cargo" "+1.75.0" "build" "--frozen" "--message-format=json", kill_on_drop: false }`
[INFO] [stdout] 43749f993c47e2db74a13d4699b38529f8673c2df812669308fd21a1e04bcd86
[INFO] running `Command { std: "docker" "start" "-a" "43749f993c47e2db74a13d4699b38529f8673c2df812669308fd21a1e04bcd86", kill_on_drop: false }`
[INFO] [stderr]    Compiling proc-macro2 v1.0.66
[INFO] [stderr]    Compiling unicode-ident v1.0.11
[INFO] [stderr]    Compiling libc v0.2.147
[INFO] [stderr]    Compiling futures-core v0.3.28
[INFO] [stderr]    Compiling futures-channel v0.3.28
[INFO] [stderr]    Compiling slab v0.4.8
[INFO] [stderr]    Compiling pin-project-lite v0.2.12
[INFO] [stderr]    Compiling futures-task v0.3.28
[INFO] [stderr]    Compiling lock_api v0.4.10
[INFO] [stderr]    Compiling futures-sink v0.3.28
[INFO] [stderr]    Compiling futures-util v0.3.28
[INFO] [stderr]    Compiling parking_lot_core v0.9.8
[INFO] [stderr]    Compiling futures-io v0.3.28
[INFO] [stderr]    Compiling syn v1.0.109
[INFO] [stderr]    Compiling pin-utils v0.1.0
[INFO] [stderr]    Compiling pkg-config v0.3.27
[INFO] [stderr]    Compiling rustix v0.38.8
[INFO] [stderr]    Compiling smallvec v1.11.0
[INFO] [stderr]    Compiling serde v1.0.183
[INFO] [stderr]    Compiling scopeguard v1.2.0
[INFO] [stderr]    Compiling itoa v1.0.9
[INFO] [stderr]    Compiling serde_derive v1.0.183
[INFO] [stderr]    Compiling bitflags v2.4.0
[INFO] [stderr]    Compiling linux-raw-sys v0.4.5
[INFO] [stderr]    Compiling rustversion v1.0.14
[INFO] [stderr]    Compiling quote v1.0.33
[INFO] [stderr]    Compiling libdbus-sys v0.2.5
[INFO] [stderr]    Compiling ryu v1.0.15
[INFO] [stderr]    Compiling syn v2.0.29
[INFO] [stderr]    Compiling serde_json v1.0.105
[INFO] [stderr]    Compiling bytes v1.4.0
[INFO] [stderr]    Compiling utf8parse v0.2.1
[INFO] [stderr]    Compiling unicode-xid v0.2.4
[INFO] [stderr]    Compiling anstyle-parse v0.2.1
[INFO] [stderr]    Compiling num_cpus v1.16.0
[INFO] [stderr]    Compiling signal-hook-registry v1.4.1
[INFO] [stderr]    Compiling parking_lot v0.12.1
[INFO] [stderr]    Compiling is-terminal v0.4.9
[INFO] [stderr]    Compiling mio v0.8.8
[INFO] [stderr]    Compiling socket2 v0.5.3
[INFO] [stderr]    Compiling aho-corasick v1.0.4
[INFO] [stderr]    Compiling num-traits v0.2.16
[INFO] [stderr]    Compiling colorchoice v1.0.0
[INFO] [stderr]    Compiling heck v0.4.1
[INFO] [stderr]    Compiling uuid v1.4.1
[INFO] [stderr]    Compiling anstyle-query v1.0.0
[INFO] [stderr]    Compiling anstyle v1.0.1
[INFO] [stderr]    Compiling radium v0.7.0
[INFO] [stderr]    Compiling regex-syntax v0.7.4
[INFO] [stderr]    Compiling anstream v0.3.2
[INFO] [stderr]    Compiling getrandom v0.2.10
[INFO] [stderr]    Compiling tap v1.0.1
[INFO] [stderr]    Compiling log v0.4.20
[INFO] [stderr]    Compiling synstructure v0.12.6
[INFO] [stderr]    Compiling prometheus-client v0.21.2
[INFO] [stderr]    Compiling static_assertions v1.1.0
[INFO] [stderr]    Compiling hashbrown v0.14.0
[INFO] [stderr]    Compiling strsim v0.10.0
[INFO] [stderr]    Compiling equivalent v1.0.1
[INFO] [stderr]    Compiling clap_lex v0.5.0
[INFO] [stderr]    Compiling once_cell v1.18.0
[INFO] [stderr]    Compiling regex-automata v0.3.6
[INFO] [stderr]    Compiling clap_builder v4.3.23
[INFO] [stderr]    Compiling indexmap v2.0.0
[INFO] [stderr]    Compiling nix v0.26.2
[INFO] [stderr]    Compiling custom_debug_derive v0.5.1
[INFO] [stderr]    Compiling num-derive v0.3.3
[INFO] [stderr]    Compiling bluer v0.16.0-pre1 (https://github.com/bluez/bluer?rev=c271e92#c271e92b)
[INFO] [stderr]    Compiling custom_debug v0.5.1
[INFO] [stderr]    Compiling wyz v0.5.1
[INFO] [stderr]    Compiling dtoa v1.0.9
[INFO] [stderr]    Compiling hex v0.4.3
[INFO] [stderr]    Compiling termcolor v1.2.0
[INFO] [stderr]    Compiling macaddr v1.0.1
[INFO] [stderr]    Compiling bt-gobble-rs v0.1.1 (/opt/rustwide/workdir)
[INFO] [stderr]    Compiling funty v2.0.0
[INFO] [stderr]    Compiling humantime v2.1.0
[INFO] [stderr]    Compiling regex v1.9.3
[INFO] [stderr]    Compiling unsafe-libyaml v0.2.9
[INFO] [stderr]    Compiling clap v4.3.23
[INFO] [stderr]    Compiling env_logger v0.10.0
[INFO] [stderr]    Compiling bitvec v1.0.1
[INFO] [stderr]    Compiling futures-macro v0.3.28
[INFO] [stderr]    Compiling tokio-macros v2.1.0
[INFO] [stderr]    Compiling strum_macros v0.25.2
[INFO] [stderr]    Compiling pin-project-internal v1.1.2
[INFO] [stderr]    Compiling prometheus-client-derive-encode v0.4.2
[INFO] [stderr]    Compiling tokio v1.32.0
[INFO] [stderr]    Compiling displaydoc v0.2.4
[INFO] [stderr]    Compiling serde_yaml v0.9.25
[INFO] [stderr]    Compiling pin-project v1.1.2
[INFO] [stderr]    Compiling strum v0.25.0
[INFO] [stderr]    Compiling dbus v0.9.7
[INFO] [stderr]    Compiling futures-executor v0.3.28
[INFO] [stderr]    Compiling futures v0.3.28
[INFO] [stderr]    Compiling tokio-stream v0.1.14
[INFO] [stderr]    Compiling dbus-crossroads v0.5.2
[INFO] [stderr]    Compiling dbus-tokio v0.7.6
[INFO] [stderr]     Finished dev [unoptimized + debuginfo] target(s) in 1m 02s
[INFO] running `Command { std: "docker" "inspect" "43749f993c47e2db74a13d4699b38529f8673c2df812669308fd21a1e04bcd86", kill_on_drop: false }`
[INFO] running `Command { std: "docker" "rm" "-f" "43749f993c47e2db74a13d4699b38529f8673c2df812669308fd21a1e04bcd86", kill_on_drop: false }`
[INFO] [stdout] 43749f993c47e2db74a13d4699b38529f8673c2df812669308fd21a1e04bcd86
[INFO] running `Command { std: "docker" "create" "-v" "/var/lib/crater-agent-workspace/builds/worker-1-tc1/target:/opt/rustwide/target:rw,Z" "-v" "/var/lib/crater-agent-workspace/builds/worker-1-tc1/source:/opt/rustwide/workdir:ro,Z" "-v" "/var/lib/crater-agent-workspace/cargo-home:/opt/rustwide/cargo-home:ro,Z" "-v" "/var/lib/crater-agent-workspace/rustup-home:/opt/rustwide/rustup-home:ro,Z" "-e" "SOURCE_DIR=/opt/rustwide/workdir" "-e" "CARGO_TARGET_DIR=/opt/rustwide/target" "-e" "CARGO_INCREMENTAL=0" "-e" "RUST_BACKTRACE=full" "-e" "RUSTFLAGS=--cap-lints=warn" "-e" "RUSTDOCFLAGS=--cap-lints=warn" "-e" "CARGO_HOME=/opt/rustwide/cargo-home" "-e" "RUSTUP_HOME=/opt/rustwide/rustup-home" "-w" "/opt/rustwide/workdir" "-m" "1610612736" "--user" "0:0" "--network" "none" "ghcr.io/rust-lang/crates-build-env/linux@sha256:2788e3201cd34a07e3172128adcd8b3090168a8e3bcc40d7c032b9dda1df7d1c" "/opt/rustwide/cargo-home/bin/cargo" "+1.75.0" "test" "--frozen" "--no-run" "--message-format=json", kill_on_drop: false }`
[INFO] [stdout] 45e158d14f33c60123031de8f524d78f5ce0e52ef8a328d6598d91287831270a
[INFO] running `Command { std: "docker" "start" "-a" "45e158d14f33c60123031de8f524d78f5ce0e52ef8a328d6598d91287831270a", kill_on_drop: false }`
[INFO] [stderr]    Compiling regex-automata v0.1.10
[INFO] [stderr]    Compiling unicode-segmentation v1.10.1
[INFO] [stderr]    Compiling console v0.15.7
[INFO] [stderr]    Compiling bstr v0.2.17
[INFO] [stderr]    Compiling similar v2.2.1
[INFO] [stderr]    Compiling similar-asserts v1.4.2
[INFO] [stderr]    Compiling bt-gobble-rs v0.1.1 (/opt/rustwide/workdir)
[INFO] [stderr]     Finished test [unoptimized + debuginfo] target(s) in 6.39s
[INFO] running `Command { std: "docker" "inspect" "45e158d14f33c60123031de8f524d78f5ce0e52ef8a328d6598d91287831270a", kill_on_drop: false }`
[INFO] running `Command { std: "docker" "rm" "-f" "45e158d14f33c60123031de8f524d78f5ce0e52ef8a328d6598d91287831270a", kill_on_drop: false }`
[INFO] [stdout] 45e158d14f33c60123031de8f524d78f5ce0e52ef8a328d6598d91287831270a
[INFO] running `Command { std: "docker" "create" "-v" "/var/lib/crater-agent-workspace/builds/worker-1-tc1/target:/opt/rustwide/target:rw,Z" "-v" "/var/lib/crater-agent-workspace/builds/worker-1-tc1/source:/opt/rustwide/workdir:ro,Z" "-v" "/var/lib/crater-agent-workspace/cargo-home:/opt/rustwide/cargo-home:ro,Z" "-v" "/var/lib/crater-agent-workspace/rustup-home:/opt/rustwide/rustup-home:ro,Z" "-e" "SOURCE_DIR=/opt/rustwide/workdir" "-e" "CARGO_TARGET_DIR=/opt/rustwide/target" "-e" "CARGO_INCREMENTAL=0" "-e" "RUST_BACKTRACE=full" "-e" "RUSTFLAGS=--cap-lints=warn" "-e" "RUSTDOCFLAGS=--cap-lints=warn" "-e" "CARGO_HOME=/opt/rustwide/cargo-home" "-e" "RUSTUP_HOME=/opt/rustwide/rustup-home" "-w" "/opt/rustwide/workdir" "-m" "1610612736" "--user" "0:0" "--network" "none" "ghcr.io/rust-lang/crates-build-env/linux@sha256:2788e3201cd34a07e3172128adcd8b3090168a8e3bcc40d7c032b9dda1df7d1c" "/opt/rustwide/cargo-home/bin/cargo" "+1.75.0" "test" "--frozen", kill_on_drop: false }`
[INFO] [stdout] b5db415ca84f2064c68ef52ab36512934dfff6cb564271b558d1863ad4f605c9
[INFO] running `Command { std: "docker" "start" "-a" "b5db415ca84f2064c68ef52ab36512934dfff6cb564271b558d1863ad4f605c9", kill_on_drop: false }`
[INFO] [stderr]     Finished test [unoptimized + debuginfo] target(s) in 0.14s
[INFO] [stderr]      Running unittests src/main.rs (/opt/rustwide/target/debug/deps/bt_gobble_rs-9dac25b5332f70ff)
[INFO] [stdout] 
[INFO] [stdout] running 5 tests
[INFO] [stdout] test sensor::test::test_bad_water ... ok
[INFO] [stdout] test sensor::test::test_failures ... ok
[INFO] [stdout] test sensor::test::test_good_water ... ok
[INFO] [stdout] test sensor::test::test_ruuvi_good_data ... ok
[INFO] [stdout] test sensor::test::test_encode_ruuvi ... FAILED
[INFO] [stdout] 
[INFO] [stdout] failures:
[INFO] [stdout] 
[INFO] [stdout] ---- sensor::test::test_encode_ruuvi stdout ----
[INFO] [stdout] thread 'sensor::test::test_encode_ruuvi' panicked at src/sensor.rs:348:9:
[INFO] [stdout] assertion failed: `(left == right)`'
[INFO] [stdout]   left: `"[\"# HELP temperature_C Temperature.\", \"# TYPE temperature_C gauge\", \"temperature_C{name=\\\"testdevice\\\",device_type=\\\"ruuvi\\\",hwaddr=\\\"01:02:03:04:05:06\\\"} 20.0\", \"# HELP relative_humidity_pct Relative humidity.\", \"# TYPE relative_humidity_pct gauge\", \"relative_humidity_pct{name=\\\"testdevice\\\",device_type=\\\"ruuvi\\\",hwaddr=\\\"01:02:03:04:05:06\\\"} 50.0\", \"# HELP battery_voltage_V Battery voltage.\", \"# TYPE battery_voltage_V gauge\", \"battery_voltage_V{name=\\\"testdevice\\\",device_type=\\\"ruuvi\\\",hwaddr=\\\"01:02:03:04:05:06\\\"} 3.4\", \"# HELP pressure_Pa Air pressure.\", \"# TYPE pressure_Pa gauge\", \"pressure_Pa{name=\\\"testdevice\\\",device_type=\\\"ruuvi\\\",hwaddr=\\\"01:02:03:04:05:06\\\"} 10000.0\", \"# HELP acc accelrometer.\", \"# TYPE acc gauge\", \"# HELP sequence sequence number.\", \"# TYPE sequence gauge\", \"sequence{name=\\\"testdevice\\\",device_type=\\\"ruuvi\\\",hwaddr=\\\"01:02:03:04:05:06\\\"} 1024.0\", \"# HELP move_count number of move events.\", \"# TYPE move_count gauge\", \"move_count{name=\\\"testdevice\\\",device_type=\\\"ruuvi\\\",hwaddr=\\\"01:02:03:04:05:06\\\"} 10.0\", \"# EOF\", \"\"]"`
[INFO] [stdout]  right: `"[\"# HELP temperature_C Temperature.\", \"# TYPE temperature_C gauge\", \"temperature_C{name=\\\"testdevice\\\",device_type=\\\"ruuvi\\\",hwaddr=\\\"01:02:03:04:05:06\\\"} 20.0\", \"# HELP relative_humidity_pct Relative humidity.\", \"# TYPE relative_humidity_pct gauge\", \"relative_humidity_pct{name=\\\"testdevice\\\",device_type=\\\"ruuvi\\\",hwaddr=\\\"01:02:03:04:05:06\\\"} 50.0\", \"# HELP battery_voltage_V Battery voltage.\", \"# TYPE battery_voltage_V gauge\", \"battery_voltage_V{name=\\\"testdevice\\\",device_type=\\\"ruuvi\\\",hwaddr=\\\"01:02:03:04:05:06\\\"} 3.4\", \"# HELP pressure_Pa Air pressure.\", \"# TYPE pressure_Pa gauge\", \"pressure_Pa{name=\\\"testdevice\\\",device_type=\\\"ruuvi\\\",hwaddr=\\\"01:02:03:04:05:06\\\"} 10000.0\", \"# HELP acc accelrometer.\", \"# TYPE acc gauge\", \"# HELP sequence Sequence number.\", \"# TYPE sequence gauge\", \"sequence{name=\\\"testdevice\\\",device_type=\\\"ruuvi\\\",hwaddr=\\\"01:02:03:04:05:06\\\"} 1024.0\", \"# HELP move_count number of move events.\", \"# TYPE move_count gauge\", \"move_count{name=\\\"testdevice\\\",device_type=\\\"ruuvi\\\",hwaddr=\\\"01:02:03:04:05:06\\\"} 10.0\", \"# EOF\", \"\"]"`
[INFO] [stdout] 
[INFO] [stdout] Differences (-left|+right):
[INFO] [stdout]      "# TYPE pressure_Pa gauge",
[INFO] [stdout]      "pressure_Pa{name=\"testdevice\",device_type=\"ruuvi\",hwaddr=\"01:02:03:04:05:06\"} 10000.0",
[INFO] [stdout]      "# HELP acc accelrometer.",
[INFO] [stdout]      "# TYPE acc gauge",
[INFO] [stdout] -    "# HELP sequence sequence number.",
[INFO] [stdout] +    "# HELP sequence Sequence number.",
[INFO] [stdout]      "# TYPE sequence gauge",
[INFO] [stdout]      "sequence{name=\"testdevice\",device_type=\"ruuvi\",hwaddr=\"01:02:03:04:05:06\"} 1024.0",
[INFO] [stdout]      "# HELP move_count number of move events.",
[INFO] [stdout]      "# TYPE move_count gauge",
[INFO] [stdout] 
[INFO] [stdout] 
[INFO] [stdout] stack backtrace:
[INFO] [stdout]    0:     0x55ec2277601c - std::backtrace_rs::backtrace::libunwind::trace::ha637c64ce894333a
[INFO] [stdout]                                at /rustc/82e1608dfa6e0b5569232559e3d385fea5a93112/library/std/src/../../backtrace/src/backtrace/libunwind.rs:104:5
[INFO] [stdout]    1:     0x55ec2277601c - std::backtrace_rs::backtrace::trace_unsynchronized::h47f62dea28e0c88d
[INFO] [stdout]                                at /rustc/82e1608dfa6e0b5569232559e3d385fea5a93112/library/std/src/../../backtrace/src/backtrace/mod.rs:66:5
[INFO] [stdout]    2:     0x55ec2277601c - std::sys_common::backtrace::_print_fmt::h9eef0abe20ede486
[INFO] [stdout]                                at /rustc/82e1608dfa6e0b5569232559e3d385fea5a93112/library/std/src/sys_common/backtrace.rs:67:5
[INFO] [stdout]    3:     0x55ec2277601c - <std::sys_common::backtrace::_print::DisplayBacktrace as core::fmt::Display>::fmt::hed7f999df88cc644
[INFO] [stdout]                                at /rustc/82e1608dfa6e0b5569232559e3d385fea5a93112/library/std/src/sys_common/backtrace.rs:44:22
[INFO] [stdout]    4:     0x55ec227a03f0 - core::fmt::rt::Argument::fmt::h1539a9308b8d058d
[INFO] [stdout]                                at /rustc/82e1608dfa6e0b5569232559e3d385fea5a93112/library/core/src/fmt/rt.rs:142:9
[INFO] [stdout]    5:     0x55ec227a03f0 - core::fmt::write::h3a39390d8560d9c9
[INFO] [stdout]                                at /rustc/82e1608dfa6e0b5569232559e3d385fea5a93112/library/core/src/fmt/mod.rs:1120:17
[INFO] [stdout]    6:     0x55ec227739cf - std::io::Write::write_fmt::h040b369f3a0f9cbc
[INFO] [stdout]                                at /rustc/82e1608dfa6e0b5569232559e3d385fea5a93112/library/std/src/io/mod.rs:1762:15
[INFO] [stdout]    7:     0x55ec22775e04 - std::sys_common::backtrace::_print::h894006fb5c6f3d45
[INFO] [stdout]                                at /rustc/82e1608dfa6e0b5569232559e3d385fea5a93112/library/std/src/sys_common/backtrace.rs:47:5
[INFO] [stdout]    8:     0x55ec22775e04 - std::sys_common::backtrace::print::h23a2d212c6fff936
[INFO] [stdout]                                at /rustc/82e1608dfa6e0b5569232559e3d385fea5a93112/library/std/src/sys_common/backtrace.rs:34:9
[INFO] [stdout]    9:     0x55ec22777ac7 - std::panicking::default_hook::{{closure}}::h8a1d2ee00185001a
[INFO] [stdout]   10:     0x55ec227777b3 - std::panicking::default_hook::h6038f2eba384e475
[INFO] [stdout]                                at /rustc/82e1608dfa6e0b5569232559e3d385fea5a93112/library/std/src/panicking.rs:289:9
[INFO] [stdout]   11:     0x55ec226863e7 - <alloc::boxed::Box<F,A> as core::ops::function::Fn<Args>>::call::h0ad024c9bdc6d768
[INFO] [stdout]                                at /rustc/82e1608dfa6e0b5569232559e3d385fea5a93112/library/alloc/src/boxed.rs:2021:9
[INFO] [stdout]   12:     0x55ec226863e7 - test::test_main::{{closure}}::h7500b54257359db6
[INFO] [stdout]                                at /rustc/82e1608dfa6e0b5569232559e3d385fea5a93112/library/test/src/lib.rs:138:21
[INFO] [stdout]   13:     0x55ec227780d8 - <alloc::boxed::Box<F,A> as core::ops::function::Fn<Args>>::call::h1f8f335eaa9cfaee
[INFO] [stdout]                                at /rustc/82e1608dfa6e0b5569232559e3d385fea5a93112/library/alloc/src/boxed.rs:2021:9
[INFO] [stdout]   14:     0x55ec227780d8 - std::panicking::rust_panic_with_hook::h2b5517d590cab22e
[INFO] [stdout]                                at /rustc/82e1608dfa6e0b5569232559e3d385fea5a93112/library/std/src/panicking.rs:783:13
[INFO] [stdout]   15:     0x55ec22777e2e - std::panicking::begin_panic_handler::{{closure}}::h233112c06e0ef43e
[INFO] [stdout]                                at /rustc/82e1608dfa6e0b5569232559e3d385fea5a93112/library/std/src/panicking.rs:657:13
[INFO] [stdout]   16:     0x55ec227764e6 - std::sys_common::backtrace::__rust_end_short_backtrace::h6e893f24d7ebbff8
[INFO] [stdout]                                at /rustc/82e1608dfa6e0b5569232559e3d385fea5a93112/library/std/src/sys_common/backtrace.rs:170:18
[INFO] [stdout]   17:     0x55ec22777b92 - rust_begin_unwind
[INFO] [stdout]                                at /rustc/82e1608dfa6e0b5569232559e3d385fea5a93112/library/std/src/panicking.rs:645:5
[INFO] [stdout]   18:     0x55ec2262bd75 - core::panicking::panic_fmt::hbf0e066aabfa482c
[INFO] [stdout]                                at /rustc/82e1608dfa6e0b5569232559e3d385fea5a93112/library/core/src/panicking.rs:72:14
[INFO] [stdout]   19:     0x55ec22635e0b - bt_gobble_rs::sensor::test::test_encode_ruuvi::hb2bf202e7677fdb2
[INFO] [stdout]                                at /opt/rustwide/workdir/src/sensor.rs:348:9
[INFO] [stdout]   20:     0x55ec226344d7 - bt_gobble_rs::sensor::test::test_encode_ruuvi::{{closure}}::h7d69b558fde51e76
[INFO] [stdout]                                at /opt/rustwide/workdir/src/sensor.rs:294:27
[INFO] [stdout]   21:     0x55ec2263d7d6 - core::ops::function::FnOnce::call_once::h6b72a1ebc0708c60
[INFO] [stdout]                                at /rustc/82e1608dfa6e0b5569232559e3d385fea5a93112/library/core/src/ops/function.rs:250:5
[INFO] [stdout]   22:     0x55ec2268ba3f - core::ops::function::FnOnce::call_once::h2b5d431d5046312d
[INFO] [stdout]                                at /rustc/82e1608dfa6e0b5569232559e3d385fea5a93112/library/core/src/ops/function.rs:250:5
[INFO] [stdout]   23:     0x55ec2268ba3f - test::__rust_begin_short_backtrace::h7714669af176e207
[INFO] [stdout]                                at /rustc/82e1608dfa6e0b5569232559e3d385fea5a93112/library/test/src/lib.rs:628:18
[INFO] [stdout]   24:     0x55ec2268aa55 - test::run_test_in_process::{{closure}}::h85218797dcbcec12
[INFO] [stdout]                                at /rustc/82e1608dfa6e0b5569232559e3d385fea5a93112/library/test/src/lib.rs:651:60
[INFO] [stdout]   25:     0x55ec2268aa55 - <core::panic::unwind_safe::AssertUnwindSafe<F> as core::ops::function::FnOnce<()>>::call_once::h76c106ea31c14d7b
[INFO] [stdout]                                at /rustc/82e1608dfa6e0b5569232559e3d385fea5a93112/library/core/src/panic/unwind_safe.rs:272:9
[INFO] [stdout]   26:     0x55ec2268aa55 - std::panicking::try::do_call::h3bd5d0f6620ee946
[INFO] [stdout]                                at /rustc/82e1608dfa6e0b5569232559e3d385fea5a93112/library/std/src/panicking.rs:552:40
[INFO] [stdout]   27:     0x55ec2268aa55 - std::panicking::try::h232e535e4744fe31
[INFO] [stdout]                                at /rustc/82e1608dfa6e0b5569232559e3d385fea5a93112/library/std/src/panicking.rs:516:19
[INFO] [stdout]   28:     0x55ec2268aa55 - std::panic::catch_unwind::h3ce3bd6ca8dbac68
[INFO] [stdout]                                at /rustc/82e1608dfa6e0b5569232559e3d385fea5a93112/library/std/src/panic.rs:142:14
[INFO] [stdout]   29:     0x55ec2268aa55 - test::run_test_in_process::hc97b257c9621286a
[INFO] [stdout]                                at /rustc/82e1608dfa6e0b5569232559e3d385fea5a93112/library/test/src/lib.rs:651:27
[INFO] [stdout]   30:     0x55ec2268aa55 - test::run_test::{{closure}}::h2aa798823a438d38
[INFO] [stdout]                                at /rustc/82e1608dfa6e0b5569232559e3d385fea5a93112/library/test/src/lib.rs:574:43
[INFO] [stdout]   31:     0x55ec22652d16 - test::run_test::{{closure}}::h87d231c78fb59832
[INFO] [stdout]                                at /rustc/82e1608dfa6e0b5569232559e3d385fea5a93112/library/test/src/lib.rs:602:41
[INFO] [stdout]   32:     0x55ec22652d16 - std::sys_common::backtrace::__rust_begin_short_backtrace::he6df152596625789
[INFO] [stdout]                                at /rustc/82e1608dfa6e0b5569232559e3d385fea5a93112/library/std/src/sys_common/backtrace.rs:154:18
[INFO] [stdout]   33:     0x55ec22657dc7 - std::thread::Builder::spawn_unchecked_::{{closure}}::{{closure}}::ha94be15d1e0acf36
[INFO] [stdout]                                at /rustc/82e1608dfa6e0b5569232559e3d385fea5a93112/library/std/src/thread/mod.rs:529:17
[INFO] [stdout]   34:     0x55ec22657dc7 - <core::panic::unwind_safe::AssertUnwindSafe<F> as core::ops::function::FnOnce<()>>::call_once::h9dc6bd6372f16606
[INFO] [stdout]                                at /rustc/82e1608dfa6e0b5569232559e3d385fea5a93112/library/core/src/panic/unwind_safe.rs:272:9
[INFO] [stdout]   35:     0x55ec22657dc7 - std::panicking::try::do_call::h9057517f80303cd4
[INFO] [stdout]                                at /rustc/82e1608dfa6e0b5569232559e3d385fea5a93112/library/std/src/panicking.rs:552:40
[INFO] [stdout]   36:     0x55ec22657dc7 - std::panicking::try::he3a30b11ee45340c
[INFO] [stdout]                                at /rustc/82e1608dfa6e0b5569232559e3d385fea5a93112/library/std/src/panicking.rs:516:19
[INFO] [stdout]   37:     0x55ec22657dc7 - std::panic::catch_unwind::h410458cfd3528b8b
[INFO] [stdout]                                at /rustc/82e1608dfa6e0b5569232559e3d385fea5a93112/library/std/src/panic.rs:142:14
[INFO] [stdout]   38:     0x55ec22657dc7 - std::thread::Builder::spawn_unchecked_::{{closure}}::h72ac3bdb567b737b
[INFO] [stdout]                                at /rustc/82e1608dfa6e0b5569232559e3d385fea5a93112/library/std/src/thread/mod.rs:528:30
[INFO] [stdout]   39:     0x55ec22657dc7 - core::ops::function::FnOnce::call_once{{vtable.shim}}::h38f34da3654a8344
[INFO] [stdout]                                at /rustc/82e1608dfa6e0b5569232559e3d385fea5a93112/library/core/src/ops/function.rs:250:5
[INFO] [stdout]   40:     0x55ec2277cb65 - <alloc::boxed::Box<F,A> as core::ops::function::FnOnce<Args>>::call_once::hc7eafaff61e32df9
[INFO] [stdout]                                at /rustc/82e1608dfa6e0b5569232559e3d385fea5a93112/library/alloc/src/boxed.rs:2007:9
[INFO] [stdout]   41:     0x55ec2277cb65 - <alloc::boxed::Box<F,A> as core::ops::function::FnOnce<Args>>::call_once::h6ba4a5de48dd2304
[INFO] [stdout]                                at /rustc/82e1608dfa6e0b5569232559e3d385fea5a93112/library/alloc/src/boxed.rs:2007:9
[INFO] [stdout]   42:     0x55ec2277cb65 - std::sys::unix::thread::Thread::new::thread_start::he469335aef763e45
[INFO] [stdout]                                at /rustc/82e1608dfa6e0b5569232559e3d385fea5a93112/library/std/src/sys/unix/thread.rs:108:17
[INFO] [stdout]   43:     0x7f1aa8bcfac3 - <unknown>
[INFO] [stdout]   44:     0x7f1aa8c60bf4 - __clone
[INFO] [stdout]   45:                0x0 - <unknown>
[INFO] [stdout] 
[INFO] [stdout] 
[INFO] [stdout] failures:
[INFO] [stdout]     sensor::test::test_encode_ruuvi
[INFO] [stdout] 
[INFO] [stdout] test result: FAILED. 4 passed; 1 failed; 0 ignored; 0 measured; 0 filtered out; finished in 0.13s
[INFO] [stdout] 
[INFO] [stderr] error: test failed, to rerun pass `--bin bt-gobble-rs`
[INFO] running `Command { std: "docker" "inspect" "b5db415ca84f2064c68ef52ab36512934dfff6cb564271b558d1863ad4f605c9", kill_on_drop: false }`
[INFO] running `Command { std: "docker" "rm" "-f" "b5db415ca84f2064c68ef52ab36512934dfff6cb564271b558d1863ad4f605c9", kill_on_drop: false }`
[INFO] [stdout] b5db415ca84f2064c68ef52ab36512934dfff6cb564271b558d1863ad4f605c9
