[INFO] cloning repository https://github.com/kitswd1103/en_ja_dictionary
[INFO] running `Command { std: "git" "-c" "credential.helper=" "-c" "credential.helper=/workspace/cargo-home/bin/git-credential-null" "clone" "--bare" "https://github.com/kitswd1103/en_ja_dictionary" "/workspace/cache/git-repos/https%3A%2F%2Fgithub.com%2Fkitswd1103%2Fen_ja_dictionary", kill_on_drop: false }`
[INFO] [stderr] Cloning into bare repository '/workspace/cache/git-repos/https%3A%2F%2Fgithub.com%2Fkitswd1103%2Fen_ja_dictionary'...
[INFO] running `Command { std: "git" "rev-parse" "HEAD", kill_on_drop: false }`
[INFO] [stdout] 7f3d3e9c16c517fed1b1409ef17a20fa6b99c825
[INFO] testing kitswd1103/en_ja_dictionary against 1.75.0 for beta-1.76-1
[INFO] running `Command { std: "git" "clone" "/workspace/cache/git-repos/https%3A%2F%2Fgithub.com%2Fkitswd1103%2Fen_ja_dictionary" "/workspace/builds/worker-1-tc1/source", kill_on_drop: false }`
[INFO] [stderr] Cloning into '/workspace/builds/worker-1-tc1/source'...
[INFO] [stderr] done.
[INFO] validating manifest of git repo https://github.com/kitswd1103/en_ja_dictionary on toolchain 1.75.0
[INFO] running `Command { std: CARGO_HOME="/workspace/cargo-home" RUSTUP_HOME="/workspace/rustup-home" "/workspace/cargo-home/bin/cargo" "+1.75.0" "metadata" "--manifest-path" "Cargo.toml" "--no-deps", kill_on_drop: false }`
[INFO] started tweaking git repo https://github.com/kitswd1103/en_ja_dictionary
[INFO] finished tweaking git repo https://github.com/kitswd1103/en_ja_dictionary
[INFO] tweaked toml for git repo https://github.com/kitswd1103/en_ja_dictionary written to /workspace/builds/worker-1-tc1/source/Cargo.toml
[INFO] crate git repo https://github.com/kitswd1103/en_ja_dictionary already has a lockfile, it will not be regenerated
[INFO] running `Command { std: CARGO_HOME="/workspace/cargo-home" RUSTUP_HOME="/workspace/rustup-home" "/workspace/cargo-home/bin/cargo" "+1.75.0" "fetch" "--manifest-path" "Cargo.toml", kill_on_drop: false }`
[INFO] running `Command { std: "docker" "create" "-v" "/var/lib/crater-agent-workspace/builds/worker-1-tc1/target:/opt/rustwide/target:rw,Z" "-v" "/var/lib/crater-agent-workspace/builds/worker-1-tc1/source:/opt/rustwide/workdir:ro,Z" "-v" "/var/lib/crater-agent-workspace/cargo-home:/opt/rustwide/cargo-home:ro,Z" "-v" "/var/lib/crater-agent-workspace/rustup-home:/opt/rustwide/rustup-home:ro,Z" "-e" "SOURCE_DIR=/opt/rustwide/workdir" "-e" "CARGO_TARGET_DIR=/opt/rustwide/target" "-e" "CARGO_HOME=/opt/rustwide/cargo-home" "-e" "RUSTUP_HOME=/opt/rustwide/rustup-home" "-w" "/opt/rustwide/workdir" "-m" "1610612736" "--user" "0:0" "--network" "none" "ghcr.io/rust-lang/crates-build-env/linux@sha256:2788e3201cd34a07e3172128adcd8b3090168a8e3bcc40d7c032b9dda1df7d1c" "/opt/rustwide/cargo-home/bin/cargo" "+1.75.0" "metadata" "--no-deps" "--format-version=1", kill_on_drop: false }`
[INFO] [stdout] 8b69514d7161c24913acdaf4835abb55beb344c275e633162fd6fa3ee6080d0c
[INFO] running `Command { std: "docker" "start" "-a" "8b69514d7161c24913acdaf4835abb55beb344c275e633162fd6fa3ee6080d0c", kill_on_drop: false }`
[INFO] running `Command { std: "docker" "inspect" "8b69514d7161c24913acdaf4835abb55beb344c275e633162fd6fa3ee6080d0c", kill_on_drop: false }`
[INFO] running `Command { std: "docker" "rm" "-f" "8b69514d7161c24913acdaf4835abb55beb344c275e633162fd6fa3ee6080d0c", kill_on_drop: false }`
[INFO] [stdout] 8b69514d7161c24913acdaf4835abb55beb344c275e633162fd6fa3ee6080d0c
[INFO] running `Command { std: "docker" "create" "-v" "/var/lib/crater-agent-workspace/builds/worker-1-tc1/target:/opt/rustwide/target:rw,Z" "-v" "/var/lib/crater-agent-workspace/builds/worker-1-tc1/source:/opt/rustwide/workdir:ro,Z" "-v" "/var/lib/crater-agent-workspace/cargo-home:/opt/rustwide/cargo-home:ro,Z" "-v" "/var/lib/crater-agent-workspace/rustup-home:/opt/rustwide/rustup-home:ro,Z" "-e" "SOURCE_DIR=/opt/rustwide/workdir" "-e" "CARGO_TARGET_DIR=/opt/rustwide/target" "-e" "CARGO_INCREMENTAL=0" "-e" "RUST_BACKTRACE=full" "-e" "RUSTFLAGS=--cap-lints=warn" "-e" "RUSTDOCFLAGS=--cap-lints=warn" "-e" "CARGO_HOME=/opt/rustwide/cargo-home" "-e" "RUSTUP_HOME=/opt/rustwide/rustup-home" "-w" "/opt/rustwide/workdir" "-m" "1610612736" "--user" "0:0" "--network" "none" "ghcr.io/rust-lang/crates-build-env/linux@sha256:2788e3201cd34a07e3172128adcd8b3090168a8e3bcc40d7c032b9dda1df7d1c" "/opt/rustwide/cargo-home/bin/cargo" "+1.75.0" "build" "--frozen" "--message-format=json", kill_on_drop: false }`
[INFO] [stdout] d45a667a4ee88703f79ac6496d671254d9799f6810390e4677e556e0440bd351
[INFO] running `Command { std: "docker" "start" "-a" "d45a667a4ee88703f79ac6496d671254d9799f6810390e4677e556e0440bd351", kill_on_drop: false }`
[INFO] [stderr]    Compiling libc v0.2.150
[INFO] [stderr]    Compiling pkg-config v0.3.27
[INFO] [stderr]    Compiling vcpkg v0.2.15
[INFO] [stderr]    Compiling zerocopy v0.7.25
[INFO] [stderr]    Compiling once_cell v1.18.0
[INFO] [stderr]    Compiling allocator-api2 v0.2.16
[INFO] [stderr]    Compiling ahash v0.8.6
[INFO] [stderr]    Compiling fallible-iterator v0.2.0
[INFO] [stderr]    Compiling smallvec v1.11.2
[INFO] [stderr]    Compiling bitflags v2.4.1
[INFO] [stderr]    Compiling fallible-streaming-iterator v0.1.9
[INFO] [stderr]    Compiling hashbrown v0.14.2
[INFO] [stderr]    Compiling cc v1.0.83
[INFO] [stderr]    Compiling hashlink v0.8.4
[INFO] [stderr]    Compiling libsqlite3-sys v0.26.0
[INFO] [stderr]    Compiling rusqlite v0.29.0
[INFO] [stderr]    Compiling en_ja_dictionary v0.1.0 (/opt/rustwide/workdir)
[INFO] [stdout] warning: `&` without an explicit lifetime name cannot be used here
[INFO] [stdout]   --> src/ej_dict.rs:11:32
[INFO] [stdout]    |
[INFO] [stdout] 11 |     const QUERY_SEARCH_FORMAT: &str = r"SELECT word, MAX(mean), level, MAX(user_mean)
[INFO] [stdout]    |                                ^
[INFO] [stdout]    |
[INFO] [stdout]    = warning: this was previously accepted by the compiler but is being phased out; it will become a hard error in a future release!
[INFO] [stdout]    = note: for more information, see issue #115010 <https://github.com/rust-lang/rust/issues/115010>
[INFO] [stdout]    = note: `#[warn(elided_lifetimes_in_associated_constant)]` on by default
[INFO] [stdout] help: use the `'static` lifetime
[INFO] [stdout]    |
[INFO] [stdout] 11 |     const QUERY_SEARCH_FORMAT: &'static str = r"SELECT word, MAX(mean), level, MAX(user_mean)
[INFO] [stdout]    |                                 +++++++
[INFO] [stdout] 
[INFO] [stdout] 
[INFO] [stdout] warning: `&` without an explicit lifetime name cannot be used here
[INFO] [stdout]   --> src/ej_dict.rs:19:37
[INFO] [stdout]    |
[INFO] [stdout] 19 |     const QUERY_SEACH_REPLACE_WORD: &str = "__SEARCH_WORD__";
[INFO] [stdout]    |                                     ^
[INFO] [stdout]    |
[INFO] [stdout]    = warning: this was previously accepted by the compiler but is being phased out; it will become a hard error in a future release!
[INFO] [stdout]    = note: for more information, see issue #115010 <https://github.com/rust-lang/rust/issues/115010>
[INFO] [stdout] help: use the `'static` lifetime
[INFO] [stdout]    |
[INFO] [stdout] 19 |     const QUERY_SEACH_REPLACE_WORD: &'static str = "__SEARCH_WORD__";
[INFO] [stdout]    |                                      +++++++
[INFO] [stdout] 
[INFO] [stdout] 
[INFO] [stdout] warning: 2 warnings emitted
[INFO] [stdout] 
[INFO] [stdout] 
[INFO] [stderr]     Finished dev [unoptimized + debuginfo] target(s) in 7.31s
[INFO] running `Command { std: "docker" "inspect" "d45a667a4ee88703f79ac6496d671254d9799f6810390e4677e556e0440bd351", kill_on_drop: false }`
[INFO] running `Command { std: "docker" "rm" "-f" "d45a667a4ee88703f79ac6496d671254d9799f6810390e4677e556e0440bd351", kill_on_drop: false }`
[INFO] [stdout] d45a667a4ee88703f79ac6496d671254d9799f6810390e4677e556e0440bd351
[INFO] running `Command { std: "docker" "create" "-v" "/var/lib/crater-agent-workspace/builds/worker-1-tc1/target:/opt/rustwide/target:rw,Z" "-v" "/var/lib/crater-agent-workspace/builds/worker-1-tc1/source:/opt/rustwide/workdir:ro,Z" "-v" "/var/lib/crater-agent-workspace/cargo-home:/opt/rustwide/cargo-home:ro,Z" "-v" "/var/lib/crater-agent-workspace/rustup-home:/opt/rustwide/rustup-home:ro,Z" "-e" "SOURCE_DIR=/opt/rustwide/workdir" "-e" "CARGO_TARGET_DIR=/opt/rustwide/target" "-e" "CARGO_INCREMENTAL=0" "-e" "RUST_BACKTRACE=full" "-e" "RUSTFLAGS=--cap-lints=warn" "-e" "RUSTDOCFLAGS=--cap-lints=warn" "-e" "CARGO_HOME=/opt/rustwide/cargo-home" "-e" "RUSTUP_HOME=/opt/rustwide/rustup-home" "-w" "/opt/rustwide/workdir" "-m" "1610612736" "--user" "0:0" "--network" "none" "ghcr.io/rust-lang/crates-build-env/linux@sha256:2788e3201cd34a07e3172128adcd8b3090168a8e3bcc40d7c032b9dda1df7d1c" "/opt/rustwide/cargo-home/bin/cargo" "+1.75.0" "test" "--frozen" "--no-run" "--message-format=json", kill_on_drop: false }`
[INFO] [stdout] 9610e3c41fc59ae40fd9f821faccabe53f0ed191083ee9779a66ef328bb57329
[INFO] running `Command { std: "docker" "start" "-a" "9610e3c41fc59ae40fd9f821faccabe53f0ed191083ee9779a66ef328bb57329", kill_on_drop: false }`
[INFO] [stdout] warning: `&` without an explicit lifetime name cannot be used here
[INFO] [stdout]   --> src/ej_dict.rs:11:32
[INFO] [stdout]    |
[INFO] [stdout] 11 |     const QUERY_SEARCH_FORMAT: &str = r"SELECT word, MAX(mean), level, MAX(user_mean)
[INFO] [stdout]    |                                ^
[INFO] [stdout]    |
[INFO] [stdout]    = warning: this was previously accepted by the compiler but is being phased out; it will become a hard error in a future release!
[INFO] [stdout]    = note: for more information, see issue #115010 <https://github.com/rust-lang/rust/issues/115010>
[INFO] [stdout]    = note: `#[warn(elided_lifetimes_in_associated_constant)]` on by default
[INFO] [stdout] help: use the `'static` lifetime
[INFO] [stdout]    |
[INFO] [stdout] 11 |     const QUERY_SEARCH_FORMAT: &'static str = r"SELECT word, MAX(mean), level, MAX(user_mean)
[INFO] [stdout]    |                                 +++++++
[INFO] [stdout] 
[INFO] [stdout] 
[INFO] [stdout] warning: `&` without an explicit lifetime name cannot be used here
[INFO] [stdout]   --> src/ej_dict.rs:19:37
[INFO] [stdout]    |
[INFO] [stdout] 19 |     const QUERY_SEACH_REPLACE_WORD: &str = "__SEARCH_WORD__";
[INFO] [stdout]    |                                     ^
[INFO] [stdout]    |
[INFO] [stdout]    = warning: this was previously accepted by the compiler but is being phased out; it will become a hard error in a future release!
[INFO] [stdout]    = note: for more information, see issue #115010 <https://github.com/rust-lang/rust/issues/115010>
[INFO] [stdout] help: use the `'static` lifetime
[INFO] [stdout]    |
[INFO] [stdout] 19 |     const QUERY_SEACH_REPLACE_WORD: &'static str = "__SEARCH_WORD__";
[INFO] [stdout]    |                                      +++++++
[INFO] [stdout] 
[INFO] [stdout] 
[INFO] [stderr]    Compiling en_ja_dictionary v0.1.0 (/opt/rustwide/workdir)
[INFO] [stdout] warning: 2 warnings emitted
[INFO] [stdout] 
[INFO] [stdout] 
[INFO] [stdout] warning: `&` without an explicit lifetime name cannot be used here
[INFO] [stdout]   --> src/ej_dict.rs:11:32
[INFO] [stdout]    |
[INFO] [stdout] 11 |     const QUERY_SEARCH_FORMAT: &str = r"SELECT word, MAX(mean), level, MAX(user_mean)
[INFO] [stdout]    |                                ^
[INFO] [stdout]    |
[INFO] [stdout]    = warning: this was previously accepted by the compiler but is being phased out; it will become a hard error in a future release!
[INFO] [stdout]    = note: for more information, see issue #115010 <https://github.com/rust-lang/rust/issues/115010>
[INFO] [stdout]    = note: `#[warn(elided_lifetimes_in_associated_constant)]` on by default
[INFO] [stdout] help: use the `'static` lifetime
[INFO] [stdout]    |
[INFO] [stdout] 11 |     const QUERY_SEARCH_FORMAT: &'static str = r"SELECT word, MAX(mean), level, MAX(user_mean)
[INFO] [stdout]    |                                 +++++++
[INFO] [stdout] 
[INFO] [stdout] 
[INFO] [stdout] warning: `&` without an explicit lifetime name cannot be used here
[INFO] [stdout]   --> src/ej_dict.rs:19:37
[INFO] [stdout]    |
[INFO] [stdout] 19 |     const QUERY_SEACH_REPLACE_WORD: &str = "__SEARCH_WORD__";
[INFO] [stdout]    |                                     ^
[INFO] [stdout]    |
[INFO] [stdout]    = warning: this was previously accepted by the compiler but is being phased out; it will become a hard error in a future release!
[INFO] [stdout]    = note: for more information, see issue #115010 <https://github.com/rust-lang/rust/issues/115010>
[INFO] [stdout] help: use the `'static` lifetime
[INFO] [stdout]    |
[INFO] [stdout] 19 |     const QUERY_SEACH_REPLACE_WORD: &'static str = "__SEARCH_WORD__";
[INFO] [stdout]    |                                      +++++++
[INFO] [stdout] 
[INFO] [stdout] 
[INFO] [stdout] warning: 2 warnings emitted
[INFO] [stdout] 
[INFO] [stdout] 
[INFO] [stderr]     Finished test [unoptimized + debuginfo] target(s) in 0.43s
[INFO] running `Command { std: "docker" "inspect" "9610e3c41fc59ae40fd9f821faccabe53f0ed191083ee9779a66ef328bb57329", kill_on_drop: false }`
[INFO] running `Command { std: "docker" "rm" "-f" "9610e3c41fc59ae40fd9f821faccabe53f0ed191083ee9779a66ef328bb57329", kill_on_drop: false }`
[INFO] [stdout] 9610e3c41fc59ae40fd9f821faccabe53f0ed191083ee9779a66ef328bb57329
[INFO] running `Command { std: "docker" "create" "-v" "/var/lib/crater-agent-workspace/builds/worker-1-tc1/target:/opt/rustwide/target:rw,Z" "-v" "/var/lib/crater-agent-workspace/builds/worker-1-tc1/source:/opt/rustwide/workdir:ro,Z" "-v" "/var/lib/crater-agent-workspace/cargo-home:/opt/rustwide/cargo-home:ro,Z" "-v" "/var/lib/crater-agent-workspace/rustup-home:/opt/rustwide/rustup-home:ro,Z" "-e" "SOURCE_DIR=/opt/rustwide/workdir" "-e" "CARGO_TARGET_DIR=/opt/rustwide/target" "-e" "CARGO_INCREMENTAL=0" "-e" "RUST_BACKTRACE=full" "-e" "RUSTFLAGS=--cap-lints=warn" "-e" "RUSTDOCFLAGS=--cap-lints=warn" "-e" "CARGO_HOME=/opt/rustwide/cargo-home" "-e" "RUSTUP_HOME=/opt/rustwide/rustup-home" "-w" "/opt/rustwide/workdir" "-m" "1610612736" "--user" "0:0" "--network" "none" "ghcr.io/rust-lang/crates-build-env/linux@sha256:2788e3201cd34a07e3172128adcd8b3090168a8e3bcc40d7c032b9dda1df7d1c" "/opt/rustwide/cargo-home/bin/cargo" "+1.75.0" "test" "--frozen", kill_on_drop: false }`
[INFO] [stdout] 2d383abe0578745f6670dfa3a70887d7f93eef783972e7ce37a52802530f1142
[INFO] running `Command { std: "docker" "start" "-a" "2d383abe0578745f6670dfa3a70887d7f93eef783972e7ce37a52802530f1142", kill_on_drop: false }`
[INFO] [stderr] warning: `&` without an explicit lifetime name cannot be used here
[INFO] [stderr]   --> src/ej_dict.rs:11:32
[INFO] [stderr]    |
[INFO] [stderr] 11 |     const QUERY_SEARCH_FORMAT: &str = r"SELECT word, MAX(mean), level, MAX(user_mean)
[INFO] [stderr]    |                                ^
[INFO] [stderr]    |
[INFO] [stderr]    = warning: this was previously accepted by the compiler but is being phased out; it will become a hard error in a future release!
[INFO] [stderr]    = note: for more information, see issue #115010 <https://github.com/rust-lang/rust/issues/115010>
[INFO] [stderr]    = note: `#[warn(elided_lifetimes_in_associated_constant)]` on by default
[INFO] [stderr] help: use the `'static` lifetime
[INFO] [stderr]    |
[INFO] [stderr] 11 |     const QUERY_SEARCH_FORMAT: &'static str = r"SELECT word, MAX(mean), level, MAX(user_mean)
[INFO] [stderr]    |                                 +++++++
[INFO] [stderr] 
[INFO] [stderr] warning: `&` without an explicit lifetime name cannot be used here
[INFO] [stderr]   --> src/ej_dict.rs:19:37
[INFO] [stderr]    |
[INFO] [stderr] 19 |     const QUERY_SEACH_REPLACE_WORD: &str = "__SEARCH_WORD__";
[INFO] [stderr]    |                                     ^
[INFO] [stderr]    |
[INFO] [stderr]    = warning: this was previously accepted by the compiler but is being phased out; it will become a hard error in a future release!
[INFO] [stderr]    = note: for more information, see issue #115010 <https://github.com/rust-lang/rust/issues/115010>
[INFO] [stderr] help: use the `'static` lifetime
[INFO] [stderr]    |
[INFO] [stderr] 19 |     const QUERY_SEACH_REPLACE_WORD: &'static str = "__SEARCH_WORD__";
[INFO] [stderr]    |                                      +++++++
[INFO] [stderr] 
[INFO] [stderr] warning: `en_ja_dictionary` (lib) generated 2 warnings (run `cargo fix --lib -p en_ja_dictionary` to apply 2 suggestions)
[INFO] [stderr] warning: `en_ja_dictionary` (lib test) generated 2 warnings (2 duplicates)
[INFO] [stderr]     Finished test [unoptimized + debuginfo] target(s) in 0.06s
[INFO] [stderr]      Running unittests src/lib.rs (/opt/rustwide/target/debug/deps/en_ja_dictionary-3bcf458b3fda9836)
[INFO] [stdout] 
[INFO] [stdout] running 2 tests
[INFO] [stdout] test test::test_text_split ... ok
[INFO] [stdout] test ej_dict::test::test_upsert_delete ... FAILED
[INFO] [stdout] 
[INFO] [stdout] failures:
[INFO] [stdout] 
[INFO] [stdout] ---- ej_dict::test::test_upsert_delete stdout ----
[INFO] [stdout] thread 'ej_dict::test::test_upsert_delete' panicked at src/ej_dict.rs:115:44:
[INFO] [stdout] データベースの読み込み失敗: SqliteFailure(Error { code: CannotOpen, extended_code: 14 }, Some("unable to open database file: ./db/ejdict.sqlite3"))
[INFO] [stdout] stack backtrace:
[INFO] [stdout]    0:     0x56509673ffdc - std::backtrace_rs::backtrace::libunwind::trace::ha637c64ce894333a
[INFO] [stdout]                                at /rustc/82e1608dfa6e0b5569232559e3d385fea5a93112/library/std/src/../../backtrace/src/backtrace/libunwind.rs:104:5
[INFO] [stdout]    1:     0x56509673ffdc - std::backtrace_rs::backtrace::trace_unsynchronized::h47f62dea28e0c88d
[INFO] [stdout]                                at /rustc/82e1608dfa6e0b5569232559e3d385fea5a93112/library/std/src/../../backtrace/src/backtrace/mod.rs:66:5
[INFO] [stdout]    2:     0x56509673ffdc - std::sys_common::backtrace::_print_fmt::h9eef0abe20ede486
[INFO] [stdout]                                at /rustc/82e1608dfa6e0b5569232559e3d385fea5a93112/library/std/src/sys_common/backtrace.rs:67:5
[INFO] [stdout]    3:     0x56509673ffdc - <std::sys_common::backtrace::_print::DisplayBacktrace as core::fmt::Display>::fmt::hed7f999df88cc644
[INFO] [stdout]                                at /rustc/82e1608dfa6e0b5569232559e3d385fea5a93112/library/std/src/sys_common/backtrace.rs:44:22
[INFO] [stdout]    4:     0x565096769b90 - core::fmt::rt::Argument::fmt::h1539a9308b8d058d
[INFO] [stdout]                                at /rustc/82e1608dfa6e0b5569232559e3d385fea5a93112/library/core/src/fmt/rt.rs:142:9
[INFO] [stdout]    5:     0x565096769b90 - core::fmt::write::h3a39390d8560d9c9
[INFO] [stdout]                                at /rustc/82e1608dfa6e0b5569232559e3d385fea5a93112/library/core/src/fmt/mod.rs:1120:17
[INFO] [stdout]    6:     0x56509673d98f - std::io::Write::write_fmt::h040b369f3a0f9cbc
[INFO] [stdout]                                at /rustc/82e1608dfa6e0b5569232559e3d385fea5a93112/library/std/src/io/mod.rs:1762:15
[INFO] [stdout]    7:     0x56509673fdc4 - std::sys_common::backtrace::_print::h894006fb5c6f3d45
[INFO] [stdout]                                at /rustc/82e1608dfa6e0b5569232559e3d385fea5a93112/library/std/src/sys_common/backtrace.rs:47:5
[INFO] [stdout]    8:     0x56509673fdc4 - std::sys_common::backtrace::print::h23a2d212c6fff936
[INFO] [stdout]                                at /rustc/82e1608dfa6e0b5569232559e3d385fea5a93112/library/std/src/sys_common/backtrace.rs:34:9
[INFO] [stdout]    9:     0x565096741a87 - std::panicking::default_hook::{{closure}}::h8a1d2ee00185001a
[INFO] [stdout]   10:     0x565096741773 - std::panicking::default_hook::h6038f2eba384e475
[INFO] [stdout]                                at /rustc/82e1608dfa6e0b5569232559e3d385fea5a93112/library/std/src/panicking.rs:289:9
[INFO] [stdout]   11:     0x5650965c9f17 - <alloc::boxed::Box<F,A> as core::ops::function::Fn<Args>>::call::h0ad024c9bdc6d768
[INFO] [stdout]                                at /rustc/82e1608dfa6e0b5569232559e3d385fea5a93112/library/alloc/src/boxed.rs:2021:9
[INFO] [stdout]   12:     0x5650965c9f17 - test::test_main::{{closure}}::h7500b54257359db6
[INFO] [stdout]                                at /rustc/82e1608dfa6e0b5569232559e3d385fea5a93112/library/test/src/lib.rs:138:21
[INFO] [stdout]   13:     0x565096742098 - <alloc::boxed::Box<F,A> as core::ops::function::Fn<Args>>::call::h1f8f335eaa9cfaee
[INFO] [stdout]                                at /rustc/82e1608dfa6e0b5569232559e3d385fea5a93112/library/alloc/src/boxed.rs:2021:9
[INFO] [stdout]   14:     0x565096742098 - std::panicking::rust_panic_with_hook::h2b5517d590cab22e
[INFO] [stdout]                                at /rustc/82e1608dfa6e0b5569232559e3d385fea5a93112/library/std/src/panicking.rs:783:13
[INFO] [stdout]   15:     0x565096741dee - std::panicking::begin_panic_handler::{{closure}}::h233112c06e0ef43e
[INFO] [stdout]                                at /rustc/82e1608dfa6e0b5569232559e3d385fea5a93112/library/std/src/panicking.rs:657:13
[INFO] [stdout]   16:     0x5650967404a6 - std::sys_common::backtrace::__rust_end_short_backtrace::h6e893f24d7ebbff8
[INFO] [stdout]                                at /rustc/82e1608dfa6e0b5569232559e3d385fea5a93112/library/std/src/sys_common/backtrace.rs:170:18
[INFO] [stdout]   17:     0x565096741b52 - rust_begin_unwind
[INFO] [stdout]                                at /rustc/82e1608dfa6e0b5569232559e3d385fea5a93112/library/std/src/panicking.rs:645:5
[INFO] [stdout]   18:     0x565096584f45 - core::panicking::panic_fmt::hbf0e066aabfa482c
[INFO] [stdout]                                at /rustc/82e1608dfa6e0b5569232559e3d385fea5a93112/library/core/src/panicking.rs:72:14
[INFO] [stdout]   19:     0x5650965853e3 - core::result::unwrap_failed::hddb4fea594200c52
[INFO] [stdout]                                at /rustc/82e1608dfa6e0b5569232559e3d385fea5a93112/library/core/src/result.rs:1653:5
[INFO] [stdout]   20:     0x56509658ad18 - core::result::Result<T,E>::expect::hc4940474be4bf02c
[INFO] [stdout]                                at /rustc/82e1608dfa6e0b5569232559e3d385fea5a93112/library/core/src/result.rs:1034:23
[INFO] [stdout]   21:     0x565096595b8e - en_ja_dictionary::ej_dict::test::test_upsert_delete::h88821572c01e7e74
[INFO] [stdout]                                at /opt/rustwide/workdir/src/ej_dict.rs:115:18
[INFO] [stdout]   22:     0x565096595b17 - en_ja_dictionary::ej_dict::test::test_upsert_delete::{{closure}}::hd98eceba6b6bbd30
[INFO] [stdout]                                at /opt/rustwide/workdir/src/ej_dict.rs:114:28
[INFO] [stdout]   23:     0x56509658e4b6 - core::ops::function::FnOnce::call_once::h64825ccefc796e54
[INFO] [stdout]                                at /rustc/82e1608dfa6e0b5569232559e3d385fea5a93112/library/core/src/ops/function.rs:250:5
[INFO] [stdout]   24:     0x5650965cf56f - core::ops::function::FnOnce::call_once::h2b5d431d5046312d
[INFO] [stdout]                                at /rustc/82e1608dfa6e0b5569232559e3d385fea5a93112/library/core/src/ops/function.rs:250:5
[INFO] [stdout]   25:     0x5650965cf56f - test::__rust_begin_short_backtrace::h7714669af176e207
[INFO] [stdout]                                at /rustc/82e1608dfa6e0b5569232559e3d385fea5a93112/library/test/src/lib.rs:628:18
[INFO] [stdout]   26:     0x5650965ce585 - test::run_test_in_process::{{closure}}::h85218797dcbcec12
[INFO] [stdout]                                at /rustc/82e1608dfa6e0b5569232559e3d385fea5a93112/library/test/src/lib.rs:651:60
[INFO] [stdout]   27:     0x5650965ce585 - <core::panic::unwind_safe::AssertUnwindSafe<F> as core::ops::function::FnOnce<()>>::call_once::h76c106ea31c14d7b
[INFO] [stdout]                                at /rustc/82e1608dfa6e0b5569232559e3d385fea5a93112/library/core/src/panic/unwind_safe.rs:272:9
[INFO] [stdout]   28:     0x5650965ce585 - std::panicking::try::do_call::h3bd5d0f6620ee946
[INFO] [stdout]                                at /rustc/82e1608dfa6e0b5569232559e3d385fea5a93112/library/std/src/panicking.rs:552:40
[INFO] [stdout]   29:     0x5650965ce585 - std::panicking::try::h232e535e4744fe31
[INFO] [stdout]                                at /rustc/82e1608dfa6e0b5569232559e3d385fea5a93112/library/std/src/panicking.rs:516:19
[INFO] [stdout]   30:     0x5650965ce585 - std::panic::catch_unwind::h3ce3bd6ca8dbac68
[INFO] [stdout]                                at /rustc/82e1608dfa6e0b5569232559e3d385fea5a93112/library/std/src/panic.rs:142:14
[INFO] [stdout]   31:     0x5650965ce585 - test::run_test_in_process::hc97b257c9621286a
[INFO] [stdout]                                at /rustc/82e1608dfa6e0b5569232559e3d385fea5a93112/library/test/src/lib.rs:651:27
[INFO] [stdout]   32:     0x5650965ce585 - test::run_test::{{closure}}::h2aa798823a438d38
[INFO] [stdout]                                at /rustc/82e1608dfa6e0b5569232559e3d385fea5a93112/library/test/src/lib.rs:574:43
[INFO] [stdout]   33:     0x565096596846 - test::run_test::{{closure}}::h87d231c78fb59832
[INFO] [stdout]                                at /rustc/82e1608dfa6e0b5569232559e3d385fea5a93112/library/test/src/lib.rs:602:41
[INFO] [stdout]   34:     0x565096596846 - std::sys_common::backtrace::__rust_begin_short_backtrace::he6df152596625789
[INFO] [stdout]                                at /rustc/82e1608dfa6e0b5569232559e3d385fea5a93112/library/std/src/sys_common/backtrace.rs:154:18
[INFO] [stdout]   35:     0x56509659b8f7 - std::thread::Builder::spawn_unchecked_::{{closure}}::{{closure}}::ha94be15d1e0acf36
[INFO] [stdout]                                at /rustc/82e1608dfa6e0b5569232559e3d385fea5a93112/library/std/src/thread/mod.rs:529:17
[INFO] [stdout]   36:     0x56509659b8f7 - <core::panic::unwind_safe::AssertUnwindSafe<F> as core::ops::function::FnOnce<()>>::call_once::h9dc6bd6372f16606
[INFO] [stdout]                                at /rustc/82e1608dfa6e0b5569232559e3d385fea5a93112/library/core/src/panic/unwind_safe.rs:272:9
[INFO] [stdout]   37:     0x56509659b8f7 - std::panicking::try::do_call::h9057517f80303cd4
[INFO] [stdout]                                at /rustc/82e1608dfa6e0b5569232559e3d385fea5a93112/library/std/src/panicking.rs:552:40
[INFO] [stdout]   38:     0x56509659b8f7 - std::panicking::try::he3a30b11ee45340c
[INFO] [stdout]                                at /rustc/82e1608dfa6e0b5569232559e3d385fea5a93112/library/std/src/panicking.rs:516:19
[INFO] [stdout]   39:     0x56509659b8f7 - std::panic::catch_unwind::h410458cfd3528b8b
[INFO] [stdout]                                at /rustc/82e1608dfa6e0b5569232559e3d385fea5a93112/library/std/src/panic.rs:142:14
[INFO] [stdout]   40:     0x56509659b8f7 - std::thread::Builder::spawn_unchecked_::{{closure}}::h72ac3bdb567b737b
[INFO] [stdout]                                at /rustc/82e1608dfa6e0b5569232559e3d385fea5a93112/library/std/src/thread/mod.rs:528:30
[INFO] [stdout]   41:     0x56509659b8f7 - core::ops::function::FnOnce::call_once{{vtable.shim}}::h38f34da3654a8344
[INFO] [stdout]                                at /rustc/82e1608dfa6e0b5569232559e3d385fea5a93112/library/core/src/ops/function.rs:250:5
[INFO] [stdout]   42:     0x565096746b25 - <alloc::boxed::Box<F,A> as core::ops::function::FnOnce<Args>>::call_once::hc7eafaff61e32df9
[INFO] [stdout]                                at /rustc/82e1608dfa6e0b5569232559e3d385fea5a93112/library/alloc/src/boxed.rs:2007:9
[INFO] [stdout]   43:     0x565096746b25 - <alloc::boxed::Box<F,A> as core::ops::function::FnOnce<Args>>::call_once::h6ba4a5de48dd2304
[INFO] [stdout]                                at /rustc/82e1608dfa6e0b5569232559e3d385fea5a93112/library/alloc/src/boxed.rs:2007:9
[INFO] [stdout]   44:     0x565096746b25 - std::sys::unix::thread::Thread::new::thread_start::he469335aef763e45
[INFO] [stdout]                                at /rustc/82e1608dfa6e0b5569232559e3d385fea5a93112/library/std/src/sys/unix/thread.rs:108:17
[INFO] [stdout]   45:     0x7ffafd4e9ac3 - <unknown>
[INFO] [stdout]   46:     0x7ffafd57abf4 - __clone
[INFO] [stdout]   47:                0x0 - <unknown>
[INFO] [stdout] 
[INFO] [stdout] 
[INFO] [stdout] failures:
[INFO] [stdout]     ej_dict::test::test_upsert_delete
[INFO] [stdout] 
[INFO] [stdout] test result: FAILED. 1 passed; 1 failed; 0 ignored; 0 measured; 0 filtered out; finished in 0.01s
[INFO] [stdout] 
[INFO] [stderr] error: test failed, to rerun pass `--lib`
[INFO] running `Command { std: "docker" "inspect" "2d383abe0578745f6670dfa3a70887d7f93eef783972e7ce37a52802530f1142", kill_on_drop: false }`
[INFO] running `Command { std: "docker" "rm" "-f" "2d383abe0578745f6670dfa3a70887d7f93eef783972e7ce37a52802530f1142", kill_on_drop: false }`
[INFO] [stdout] 2d383abe0578745f6670dfa3a70887d7f93eef783972e7ce37a52802530f1142
[INFO] testing kitswd1103/en_ja_dictionary against beta-2023-12-22 for beta-1.76-1
[INFO] running `Command { std: "git" "clone" "/workspace/cache/git-repos/https%3A%2F%2Fgithub.com%2Fkitswd1103%2Fen_ja_dictionary" "/workspace/builds/worker-1-tc2/source", kill_on_drop: false }`
[INFO] [stderr] Cloning into '/workspace/builds/worker-1-tc2/source'...
[INFO] [stderr] done.
[INFO] validating manifest of git repo https://github.com/kitswd1103/en_ja_dictionary on toolchain beta-2023-12-22
[INFO] running `Command { std: CARGO_HOME="/workspace/cargo-home" RUSTUP_HOME="/workspace/rustup-home" "/workspace/cargo-home/bin/cargo" "+beta-2023-12-22" "metadata" "--manifest-path" "Cargo.toml" "--no-deps", kill_on_drop: false }`
[INFO] started tweaking git repo https://github.com/kitswd1103/en_ja_dictionary
[INFO] finished tweaking git repo https://github.com/kitswd1103/en_ja_dictionary
[INFO] tweaked toml for git repo https://github.com/kitswd1103/en_ja_dictionary written to /workspace/builds/worker-1-tc2/source/Cargo.toml
[INFO] crate git repo https://github.com/kitswd1103/en_ja_dictionary already has a lockfile, it will not be regenerated
[INFO] running `Command { std: CARGO_HOME="/workspace/cargo-home" RUSTUP_HOME="/workspace/rustup-home" "/workspace/cargo-home/bin/cargo" "+beta-2023-12-22" "fetch" "--manifest-path" "Cargo.toml", kill_on_drop: false }`
[INFO] running `Command { std: "docker" "create" "-v" "/var/lib/crater-agent-workspace/builds/worker-1-tc2/target:/opt/rustwide/target:rw,Z" "-v" "/var/lib/crater-agent-workspace/builds/worker-1-tc2/source:/opt/rustwide/workdir:ro,Z" "-v" "/var/lib/crater-agent-workspace/cargo-home:/opt/rustwide/cargo-home:ro,Z" "-v" "/var/lib/crater-agent-workspace/rustup-home:/opt/rustwide/rustup-home:ro,Z" "-e" "SOURCE_DIR=/opt/rustwide/workdir" "-e" "CARGO_TARGET_DIR=/opt/rustwide/target" "-e" "CARGO_HOME=/opt/rustwide/cargo-home" "-e" "RUSTUP_HOME=/opt/rustwide/rustup-home" "-w" "/opt/rustwide/workdir" "-m" "1610612736" "--user" "0:0" "--network" "none" "ghcr.io/rust-lang/crates-build-env/linux@sha256:2788e3201cd34a07e3172128adcd8b3090168a8e3bcc40d7c032b9dda1df7d1c" "/opt/rustwide/cargo-home/bin/cargo" "+beta-2023-12-22" "metadata" "--no-deps" "--format-version=1", kill_on_drop: false }`
[INFO] [stdout] 9b98193d3ca0146dae868e750ec3f40639b4a6890af4855a36065ca17ef9294c
[INFO] running `Command { std: "docker" "start" "-a" "9b98193d3ca0146dae868e750ec3f40639b4a6890af4855a36065ca17ef9294c", kill_on_drop: false }`
[INFO] running `Command { std: "docker" "inspect" "9b98193d3ca0146dae868e750ec3f40639b4a6890af4855a36065ca17ef9294c", kill_on_drop: false }`
[INFO] running `Command { std: "docker" "rm" "-f" "9b98193d3ca0146dae868e750ec3f40639b4a6890af4855a36065ca17ef9294c", kill_on_drop: false }`
[INFO] [stdout] 9b98193d3ca0146dae868e750ec3f40639b4a6890af4855a36065ca17ef9294c
[INFO] running `Command { std: "docker" "create" "-v" "/var/lib/crater-agent-workspace/builds/worker-1-tc2/target:/opt/rustwide/target:rw,Z" "-v" "/var/lib/crater-agent-workspace/builds/worker-1-tc2/source:/opt/rustwide/workdir:ro,Z" "-v" "/var/lib/crater-agent-workspace/cargo-home:/opt/rustwide/cargo-home:ro,Z" "-v" "/var/lib/crater-agent-workspace/rustup-home:/opt/rustwide/rustup-home:ro,Z" "-e" "SOURCE_DIR=/opt/rustwide/workdir" "-e" "CARGO_TARGET_DIR=/opt/rustwide/target" "-e" "CARGO_INCREMENTAL=0" "-e" "RUST_BACKTRACE=full" "-e" "RUSTFLAGS=--cap-lints=warn" "-e" "RUSTDOCFLAGS=--cap-lints=warn" "-e" "CARGO_HOME=/opt/rustwide/cargo-home" "-e" "RUSTUP_HOME=/opt/rustwide/rustup-home" "-w" "/opt/rustwide/workdir" "-m" "1610612736" "--user" "0:0" "--network" "none" "ghcr.io/rust-lang/crates-build-env/linux@sha256:2788e3201cd34a07e3172128adcd8b3090168a8e3bcc40d7c032b9dda1df7d1c" "/opt/rustwide/cargo-home/bin/cargo" "+beta-2023-12-22" "build" "--frozen" "--message-format=json", kill_on_drop: false }`
[INFO] [stdout] 18d4fa542a9b474ebb5febba38d6398409fb4cfb599e16265cbc83da36583eb7
[INFO] running `Command { std: "docker" "start" "-a" "18d4fa542a9b474ebb5febba38d6398409fb4cfb599e16265cbc83da36583eb7", kill_on_drop: false }`
[INFO] [stderr]    Compiling libc v0.2.150
[INFO] [stderr]    Compiling zerocopy v0.7.25
[INFO] [stderr]    Compiling vcpkg v0.2.15
[INFO] [stderr]    Compiling pkg-config v0.3.27
[INFO] [stderr]    Compiling once_cell v1.18.0
[INFO] [stderr]    Compiling allocator-api2 v0.2.16
[INFO] [stderr]    Compiling ahash v0.8.6
[INFO] [stderr]    Compiling fallible-streaming-iterator v0.1.9
[INFO] [stderr]    Compiling smallvec v1.11.2
[INFO] [stderr]    Compiling bitflags v2.4.1
[INFO] [stderr]    Compiling fallible-iterator v0.2.0
[INFO] [stderr]    Compiling hashbrown v0.14.2
[INFO] [stderr]    Compiling cc v1.0.83
[INFO] [stderr]    Compiling hashlink v0.8.4
[INFO] [stderr]    Compiling libsqlite3-sys v0.26.0
[INFO] [stderr]    Compiling rusqlite v0.29.0
[INFO] [stderr]    Compiling en_ja_dictionary v0.1.0 (/opt/rustwide/workdir)
[INFO] [stdout] warning: `&` without an explicit lifetime name cannot be used here
[INFO] [stdout]   --> src/ej_dict.rs:11:32
[INFO] [stdout]    |
[INFO] [stdout] 11 |     const QUERY_SEARCH_FORMAT: &str = r"SELECT word, MAX(mean), level, MAX(user_mean)
[INFO] [stdout]    |                                ^
[INFO] [stdout]    |
[INFO] [stdout]    = warning: this was previously accepted by the compiler but is being phased out; it will become a hard error in a future release!
[INFO] [stdout]    = note: for more information, see issue #115010 <https://github.com/rust-lang/rust/issues/115010>
[INFO] [stdout]    = note: `#[warn(elided_lifetimes_in_associated_constant)]` on by default
[INFO] [stdout] help: use the `'static` lifetime
[INFO] [stdout]    |
[INFO] [stdout] 11 |     const QUERY_SEARCH_FORMAT: &'static str = r"SELECT word, MAX(mean), level, MAX(user_mean)
[INFO] [stdout]    |                                 +++++++
[INFO] [stdout] 
[INFO] [stdout] 
[INFO] [stdout] warning: `&` without an explicit lifetime name cannot be used here
[INFO] [stdout]   --> src/ej_dict.rs:19:37
[INFO] [stdout]    |
[INFO] [stdout] 19 |     const QUERY_SEACH_REPLACE_WORD: &str = "__SEARCH_WORD__";
[INFO] [stdout]    |                                     ^
[INFO] [stdout]    |
[INFO] [stdout]    = warning: this was previously accepted by the compiler but is being phased out; it will become a hard error in a future release!
[INFO] [stdout]    = note: for more information, see issue #115010 <https://github.com/rust-lang/rust/issues/115010>
[INFO] [stdout] help: use the `'static` lifetime
[INFO] [stdout]    |
[INFO] [stdout] 19 |     const QUERY_SEACH_REPLACE_WORD: &'static str = "__SEARCH_WORD__";
[INFO] [stdout]    |                                      +++++++
[INFO] [stdout] 
[INFO] [stdout] 
[INFO] [stdout] warning: 2 warnings emitted
[INFO] [stdout] 
[INFO] [stdout] 
[INFO] [stderr]     Finished dev [unoptimized + debuginfo] target(s) in 7.65s
[INFO] running `Command { std: "docker" "inspect" "18d4fa542a9b474ebb5febba38d6398409fb4cfb599e16265cbc83da36583eb7", kill_on_drop: false }`
[INFO] running `Command { std: "docker" "rm" "-f" "18d4fa542a9b474ebb5febba38d6398409fb4cfb599e16265cbc83da36583eb7", kill_on_drop: false }`
[INFO] [stdout] 18d4fa542a9b474ebb5febba38d6398409fb4cfb599e16265cbc83da36583eb7
[INFO] running `Command { std: "docker" "create" "-v" "/var/lib/crater-agent-workspace/builds/worker-1-tc2/target:/opt/rustwide/target:rw,Z" "-v" "/var/lib/crater-agent-workspace/builds/worker-1-tc2/source:/opt/rustwide/workdir:ro,Z" "-v" "/var/lib/crater-agent-workspace/cargo-home:/opt/rustwide/cargo-home:ro,Z" "-v" "/var/lib/crater-agent-workspace/rustup-home:/opt/rustwide/rustup-home:ro,Z" "-e" "SOURCE_DIR=/opt/rustwide/workdir" "-e" "CARGO_TARGET_DIR=/opt/rustwide/target" "-e" "CARGO_INCREMENTAL=0" "-e" "RUST_BACKTRACE=full" "-e" "RUSTFLAGS=--cap-lints=warn" "-e" "RUSTDOCFLAGS=--cap-lints=warn" "-e" "CARGO_HOME=/opt/rustwide/cargo-home" "-e" "RUSTUP_HOME=/opt/rustwide/rustup-home" "-w" "/opt/rustwide/workdir" "-m" "1610612736" "--user" "0:0" "--network" "none" "ghcr.io/rust-lang/crates-build-env/linux@sha256:2788e3201cd34a07e3172128adcd8b3090168a8e3bcc40d7c032b9dda1df7d1c" "/opt/rustwide/cargo-home/bin/cargo" "+beta-2023-12-22" "test" "--frozen" "--no-run" "--message-format=json", kill_on_drop: false }`
[INFO] [stdout] b4bd1c90316f8b34567a50071d613cbfe7750d155288b5c6837828288d843754
[INFO] running `Command { std: "docker" "start" "-a" "b4bd1c90316f8b34567a50071d613cbfe7750d155288b5c6837828288d843754", kill_on_drop: false }`
[INFO] [stdout] warning: `&` without an explicit lifetime name cannot be used here
[INFO] [stdout]   --> src/ej_dict.rs:11:32
[INFO] [stdout]    |
[INFO] [stdout] 11 |     const QUERY_SEARCH_FORMAT: &str = r"SELECT word, MAX(mean), level, MAX(user_mean)
[INFO] [stdout]    |                                ^
[INFO] [stdout]    |
[INFO] [stdout]    = warning: this was previously accepted by the compiler but is being phased out; it will become a hard error in a future release!
[INFO] [stdout]    = note: for more information, see issue #115010 <https://github.com/rust-lang/rust/issues/115010>
[INFO] [stdout]    = note: `#[warn(elided_lifetimes_in_associated_constant)]` on by default
[INFO] [stdout] help: use the `'static` lifetime
[INFO] [stdout]    |
[INFO] [stdout] 11 |     const QUERY_SEARCH_FORMAT: &'static str = r"SELECT word, MAX(mean), level, MAX(user_mean)
[INFO] [stdout]    |                                 +++++++
[INFO] [stdout] 
[INFO] [stdout] 
[INFO] [stdout] warning: `&` without an explicit lifetime name cannot be used here
[INFO] [stdout]   --> src/ej_dict.rs:19:37
[INFO] [stdout]    |
[INFO] [stdout] 19 |     const QUERY_SEACH_REPLACE_WORD: &str = "__SEARCH_WORD__";
[INFO] [stdout]    |                                     ^
[INFO] [stdout]    |
[INFO] [stdout]    = warning: this was previously accepted by the compiler but is being phased out; it will become a hard error in a future release!
[INFO] [stdout]    = note: for more information, see issue #115010 <https://github.com/rust-lang/rust/issues/115010>
[INFO] [stdout] help: use the `'static` lifetime
[INFO] [stdout]    |
[INFO] [stdout] 19 |     const QUERY_SEACH_REPLACE_WORD: &'static str = "__SEARCH_WORD__";
[INFO] [stdout]    |                                      +++++++
[INFO] [stdout] 
[INFO] [stdout] 
[INFO] [stderr]    Compiling en_ja_dictionary v0.1.0 (/opt/rustwide/workdir)
[INFO] [stdout] warning: 2 warnings emitted
[INFO] [stdout] 
[INFO] [stdout] 
[INFO] [stdout] warning: `&` without an explicit lifetime name cannot be used here
[INFO] [stdout]   --> src/ej_dict.rs:11:32
[INFO] [stdout]    |
[INFO] [stdout] 11 |     const QUERY_SEARCH_FORMAT: &str = r"SELECT word, MAX(mean), level, MAX(user_mean)
[INFO] [stdout]    |                                ^
[INFO] [stdout]    |
[INFO] [stdout]    = warning: this was previously accepted by the compiler but is being phased out; it will become a hard error in a future release!
[INFO] [stdout]    = note: for more information, see issue #115010 <https://github.com/rust-lang/rust/issues/115010>
[INFO] [stdout]    = note: `#[warn(elided_lifetimes_in_associated_constant)]` on by default
[INFO] [stdout] help: use the `'static` lifetime
[INFO] [stdout]    |
[INFO] [stdout] 11 |     const QUERY_SEARCH_FORMAT: &'static str = r"SELECT word, MAX(mean), level, MAX(user_mean)
[INFO] [stdout]    |                                 +++++++
[INFO] [stdout] 
[INFO] [stdout] 
[INFO] [stdout] warning: `&` without an explicit lifetime name cannot be used here
[INFO] [stdout]   --> src/ej_dict.rs:19:37
[INFO] [stdout]    |
[INFO] [stdout] 19 |     const QUERY_SEACH_REPLACE_WORD: &str = "__SEARCH_WORD__";
[INFO] [stdout]    |                                     ^
[INFO] [stdout]    |
[INFO] [stdout]    = warning: this was previously accepted by the compiler but is being phased out; it will become a hard error in a future release!
[INFO] [stdout]    = note: for more information, see issue #115010 <https://github.com/rust-lang/rust/issues/115010>
[INFO] [stdout] help: use the `'static` lifetime
[INFO] [stdout]    |
[INFO] [stdout] 19 |     const QUERY_SEACH_REPLACE_WORD: &'static str = "__SEARCH_WORD__";
[INFO] [stdout]    |                                      +++++++
[INFO] [stdout] 
[INFO] [stdout] 
[INFO] [stdout] warning: 2 warnings emitted
[INFO] [stdout] 
[INFO] [stdout] 
[INFO] [stderr]     Finished test [unoptimized + debuginfo] target(s) in 0.42s
[INFO] running `Command { std: "docker" "inspect" "b4bd1c90316f8b34567a50071d613cbfe7750d155288b5c6837828288d843754", kill_on_drop: false }`
[INFO] running `Command { std: "docker" "rm" "-f" "b4bd1c90316f8b34567a50071d613cbfe7750d155288b5c6837828288d843754", kill_on_drop: false }`
[INFO] [stdout] b4bd1c90316f8b34567a50071d613cbfe7750d155288b5c6837828288d843754
[INFO] running `Command { std: "docker" "create" "-v" "/var/lib/crater-agent-workspace/builds/worker-1-tc2/target:/opt/rustwide/target:rw,Z" "-v" "/var/lib/crater-agent-workspace/builds/worker-1-tc2/source:/opt/rustwide/workdir:ro,Z" "-v" "/var/lib/crater-agent-workspace/cargo-home:/opt/rustwide/cargo-home:ro,Z" "-v" "/var/lib/crater-agent-workspace/rustup-home:/opt/rustwide/rustup-home:ro,Z" "-e" "SOURCE_DIR=/opt/rustwide/workdir" "-e" "CARGO_TARGET_DIR=/opt/rustwide/target" "-e" "CARGO_INCREMENTAL=0" "-e" "RUST_BACKTRACE=full" "-e" "RUSTFLAGS=--cap-lints=warn" "-e" "RUSTDOCFLAGS=--cap-lints=warn" "-e" "CARGO_HOME=/opt/rustwide/cargo-home" "-e" "RUSTUP_HOME=/opt/rustwide/rustup-home" "-w" "/opt/rustwide/workdir" "-m" "1610612736" "--user" "0:0" "--network" "none" "ghcr.io/rust-lang/crates-build-env/linux@sha256:2788e3201cd34a07e3172128adcd8b3090168a8e3bcc40d7c032b9dda1df7d1c" "/opt/rustwide/cargo-home/bin/cargo" "+beta-2023-12-22" "test" "--frozen", kill_on_drop: false }`
[INFO] [stdout] 9c78a989edaf74e877ccdb51511ed5c361173f93dee6af22d60b7fd26c2d80f0
[INFO] running `Command { std: "docker" "start" "-a" "9c78a989edaf74e877ccdb51511ed5c361173f93dee6af22d60b7fd26c2d80f0", kill_on_drop: false }`
[INFO] [stderr] warning: `&` without an explicit lifetime name cannot be used here
[INFO] [stderr]   --> src/ej_dict.rs:11:32
[INFO] [stderr]    |
[INFO] [stderr] 11 |     const QUERY_SEARCH_FORMAT: &str = r"SELECT word, MAX(mean), level, MAX(user_mean)
[INFO] [stderr]    |                                ^
[INFO] [stderr]    |
[INFO] [stderr]    = warning: this was previously accepted by the compiler but is being phased out; it will become a hard error in a future release!
[INFO] [stderr]    = note: for more information, see issue #115010 <https://github.com/rust-lang/rust/issues/115010>
[INFO] [stderr]    = note: `#[warn(elided_lifetimes_in_associated_constant)]` on by default
[INFO] [stderr] help: use the `'static` lifetime
[INFO] [stderr]    |
[INFO] [stderr] 11 |     const QUERY_SEARCH_FORMAT: &'static str = r"SELECT word, MAX(mean), level, MAX(user_mean)
[INFO] [stderr]    |                                 +++++++
[INFO] [stderr] 
[INFO] [stderr] warning: `&` without an explicit lifetime name cannot be used here
[INFO] [stderr]   --> src/ej_dict.rs:19:37
[INFO] [stderr]    |
[INFO] [stderr] 19 |     const QUERY_SEACH_REPLACE_WORD: &str = "__SEARCH_WORD__";
[INFO] [stderr]    |                                     ^
[INFO] [stderr]    |
[INFO] [stderr]    = warning: this was previously accepted by the compiler but is being phased out; it will become a hard error in a future release!
[INFO] [stderr]    = note: for more information, see issue #115010 <https://github.com/rust-lang/rust/issues/115010>
[INFO] [stderr] help: use the `'static` lifetime
[INFO] [stderr]    |
[INFO] [stderr] 19 |     const QUERY_SEACH_REPLACE_WORD: &'static str = "__SEARCH_WORD__";
[INFO] [stderr]    |                                      +++++++
[INFO] [stderr] 
[INFO] [stderr] warning: `en_ja_dictionary` (lib) generated 2 warnings (run `cargo fix --lib -p en_ja_dictionary` to apply 2 suggestions)
[INFO] [stderr] warning: `en_ja_dictionary` (lib test) generated 2 warnings (2 duplicates)
[INFO] [stderr]     Finished test [unoptimized + debuginfo] target(s) in 0.06s
[INFO] [stderr]      Running unittests src/lib.rs (/opt/rustwide/target/debug/deps/en_ja_dictionary-c17cfecf9ac0816a)
[INFO] [stdout] 
[INFO] [stdout] running 2 tests
[INFO] [stdout] test test::test_text_split ... ok
[INFO] [stdout] test ej_dict::test::test_upsert_delete ... FAILED
[INFO] [stdout] 
[INFO] [stdout] failures:
[INFO] [stdout] 
[INFO] [stdout] ---- ej_dict::test::test_upsert_delete stdout ----
[INFO] [stdout] thread 'ej_dict::test::test_upsert_delete' panicked at src/ej_dict.rs:115:44:
[INFO] [stdout] データベースの読み込み失敗: SqliteFailure(Error { code: CannotOpen, extended_code: 14 }, Some("unable to open database file: ./db/ejdict.sqlite3"))
[INFO] [stdout] stack backtrace:
[INFO] [stdout]    0:     0x558c898d1676 - std::backtrace_rs::backtrace::libunwind::trace::h261606ad26a499c1
[INFO] [stdout]                                at /rustc/0e09125c6c3c2fd70d7de961bcf0e51575235fad/library/std/src/../../backtrace/src/backtrace/libunwind.rs:104:5
[INFO] [stdout]    1:     0x558c898d1676 - std::backtrace_rs::backtrace::trace_unsynchronized::hd183f0625477fb28
[INFO] [stdout]                                at /rustc/0e09125c6c3c2fd70d7de961bcf0e51575235fad/library/std/src/../../backtrace/src/backtrace/mod.rs:66:5
[INFO] [stdout]    2:     0x558c898d1676 - std::sys_common::backtrace::_print_fmt::hd7f8fef21b4eda67
[INFO] [stdout]                                at /rustc/0e09125c6c3c2fd70d7de961bcf0e51575235fad/library/std/src/sys_common/backtrace.rs:68:5
[INFO] [stdout]    3:     0x558c898d1676 - <std::sys_common::backtrace::_print::DisplayBacktrace as core::fmt::Display>::fmt::h623d9b51f2f453f1
[INFO] [stdout]                                at /rustc/0e09125c6c3c2fd70d7de961bcf0e51575235fad/library/std/src/sys_common/backtrace.rs:44:22
[INFO] [stdout]    4:     0x558c898fa530 - core::fmt::rt::Argument::fmt::h9f417ac76a86f368
[INFO] [stdout]                                at /rustc/0e09125c6c3c2fd70d7de961bcf0e51575235fad/library/core/src/fmt/rt.rs:142:9
[INFO] [stdout]    5:     0x558c898fa530 - core::fmt::write::hc9b6faf4ac2aeff7
[INFO] [stdout]                                at /rustc/0e09125c6c3c2fd70d7de961bcf0e51575235fad/library/core/src/fmt/mod.rs:1120:17
[INFO] [stdout]    6:     0x558c898cf0df - std::io::Write::write_fmt::he04625a3a989fec3
[INFO] [stdout]                                at /rustc/0e09125c6c3c2fd70d7de961bcf0e51575235fad/library/std/src/io/mod.rs:1810:15
[INFO] [stdout]    7:     0x558c898d1454 - std::sys_common::backtrace::_print::hd5d66399c7df88a2
[INFO] [stdout]                                at /rustc/0e09125c6c3c2fd70d7de961bcf0e51575235fad/library/std/src/sys_common/backtrace.rs:47:5
[INFO] [stdout]    8:     0x558c898d1454 - std::sys_common::backtrace::print::he81ed2da642d37e5
[INFO] [stdout]                                at /rustc/0e09125c6c3c2fd70d7de961bcf0e51575235fad/library/std/src/sys_common/backtrace.rs:34:9
[INFO] [stdout]    9:     0x558c898d31c7 - std::panicking::default_hook::{{closure}}::h85773f4fa117163d
[INFO] [stdout]   10:     0x558c898d2ead - std::panicking::default_hook::h6a1694a91d09b278
[INFO] [stdout]                                at /rustc/0e09125c6c3c2fd70d7de961bcf0e51575235fad/library/std/src/panicking.rs:289:9
[INFO] [stdout]   11:     0x558c8975aed7 - <alloc::boxed::Box<F,A> as core::ops::function::Fn<Args>>::call::h616ac37fa3cd6c8f
[INFO] [stdout]                                at /rustc/0e09125c6c3c2fd70d7de961bcf0e51575235fad/library/alloc/src/boxed.rs:2029:9
[INFO] [stdout]   12:     0x558c8975aed7 - test::test_main::{{closure}}::h00d84697cefdcbb6
[INFO] [stdout]                                at /rustc/0e09125c6c3c2fd70d7de961bcf0e51575235fad/library/test/src/lib.rs:138:21
[INFO] [stdout]   13:     0x558c898d37e6 - <alloc::boxed::Box<F,A> as core::ops::function::Fn<Args>>::call::hcb3fe3b9bb537ba8
[INFO] [stdout]                                at /rustc/0e09125c6c3c2fd70d7de961bcf0e51575235fad/library/alloc/src/boxed.rs:2029:9
[INFO] [stdout]   14:     0x558c898d37e6 - std::panicking::rust_panic_with_hook::h0a7ad96e90f7145b
[INFO] [stdout]                                at /rustc/0e09125c6c3c2fd70d7de961bcf0e51575235fad/library/std/src/panicking.rs:783:13
[INFO] [stdout]   15:     0x558c898d3532 - std::panicking::begin_panic_handler::{{closure}}::h7919090525c6485e
[INFO] [stdout]                                at /rustc/0e09125c6c3c2fd70d7de961bcf0e51575235fad/library/std/src/panicking.rs:657:13
[INFO] [stdout]   16:     0x558c898d1b76 - std::sys_common::backtrace::__rust_end_short_backtrace::hf3289479464f7dfe
[INFO] [stdout]                                at /rustc/0e09125c6c3c2fd70d7de961bcf0e51575235fad/library/std/src/sys_common/backtrace.rs:171:18
[INFO] [stdout]   17:     0x558c898d3290 - rust_begin_unwind
[INFO] [stdout]                                at /rustc/0e09125c6c3c2fd70d7de961bcf0e51575235fad/library/std/src/panicking.rs:645:5
[INFO] [stdout]   18:     0x558c89714f25 - core::panicking::panic_fmt::hcc9f77c5c132af55
[INFO] [stdout]                                at /rustc/0e09125c6c3c2fd70d7de961bcf0e51575235fad/library/core/src/panicking.rs:72:14
[INFO] [stdout]   19:     0x558c897153d3 - core::result::unwrap_failed::hbe14f498be1452f9
[INFO] [stdout]                                at /rustc/0e09125c6c3c2fd70d7de961bcf0e51575235fad/library/core/src/result.rs:1649:5
[INFO] [stdout]   20:     0x558c8971acf8 - core::result::Result<T,E>::expect::h43dd091ef8728360
[INFO] [stdout]                                at /rustc/0e09125c6c3c2fd70d7de961bcf0e51575235fad/library/core/src/result.rs:1030:23
[INFO] [stdout]   21:     0x558c897203be - en_ja_dictionary::ej_dict::test::test_upsert_delete::hd2d9e20fa41f4086
[INFO] [stdout]                                at /opt/rustwide/workdir/src/ej_dict.rs:115:18
[INFO] [stdout]   22:     0x558c89720347 - en_ja_dictionary::ej_dict::test::test_upsert_delete::{{closure}}::h08d4f9e7a9b20e1b
[INFO] [stdout]                                at /opt/rustwide/workdir/src/ej_dict.rs:114:28
[INFO] [stdout]   23:     0x558c8971a046 - core::ops::function::FnOnce::call_once::h337099cf070e5618
[INFO] [stdout]                                at /rustc/0e09125c6c3c2fd70d7de961bcf0e51575235fad/library/core/src/ops/function.rs:250:5
[INFO] [stdout]   24:     0x558c897607af - core::ops::function::FnOnce::call_once::hd64d26f405258157
[INFO] [stdout]                                at /rustc/0e09125c6c3c2fd70d7de961bcf0e51575235fad/library/core/src/ops/function.rs:250:5
[INFO] [stdout]   25:     0x558c897607af - test::__rust_begin_short_backtrace::he21b0b7a6d731bf9
[INFO] [stdout]                                at /rustc/0e09125c6c3c2fd70d7de961bcf0e51575235fad/library/test/src/lib.rs:627:18
[INFO] [stdout]   26:     0x558c8975f531 - test::run_test_in_process::{{closure}}::hf5c73986d7bdfde2
[INFO] [stdout]                                at /rustc/0e09125c6c3c2fd70d7de961bcf0e51575235fad/library/test/src/lib.rs:650:60
[INFO] [stdout]   27:     0x558c8975f531 - <core::panic::unwind_safe::AssertUnwindSafe<F> as core::ops::function::FnOnce<()>>::call_once::h330011ad032aadc0
[INFO] [stdout]                                at /rustc/0e09125c6c3c2fd70d7de961bcf0e51575235fad/library/core/src/panic/unwind_safe.rs:272:9
[INFO] [stdout]   28:     0x558c8975f531 - std::panicking::try::do_call::he61b0a958b795a41
[INFO] [stdout]                                at /rustc/0e09125c6c3c2fd70d7de961bcf0e51575235fad/library/std/src/panicking.rs:552:40
[INFO] [stdout]   29:     0x558c8975f531 - std::panicking::try::h7309da130f906eb7
[INFO] [stdout]                                at /rustc/0e09125c6c3c2fd70d7de961bcf0e51575235fad/library/std/src/panicking.rs:516:19
[INFO] [stdout]   30:     0x558c8975f531 - std::panic::catch_unwind::hc5c3a06fdaf0a92a
[INFO] [stdout]                                at /rustc/0e09125c6c3c2fd70d7de961bcf0e51575235fad/library/std/src/panic.rs:142:14
[INFO] [stdout]   31:     0x558c8975f531 - test::run_test_in_process::h7e7b7c71c3324e0f
[INFO] [stdout]                                at /rustc/0e09125c6c3c2fd70d7de961bcf0e51575235fad/library/test/src/lib.rs:650:27
[INFO] [stdout]   32:     0x558c8975f531 - test::run_test::{{closure}}::h1f509f28f5cf20b1
[INFO] [stdout]                                at /rustc/0e09125c6c3c2fd70d7de961bcf0e51575235fad/library/test/src/lib.rs:573:43
[INFO] [stdout]   33:     0x558c89726866 - test::run_test::{{closure}}::h1754218abf443f6d
[INFO] [stdout]                                at /rustc/0e09125c6c3c2fd70d7de961bcf0e51575235fad/library/test/src/lib.rs:601:41
[INFO] [stdout]   34:     0x558c89726866 - std::sys_common::backtrace::__rust_begin_short_backtrace::h2ee174b9d5954948
[INFO] [stdout]                                at /rustc/0e09125c6c3c2fd70d7de961bcf0e51575235fad/library/std/src/sys_common/backtrace.rs:155:18
[INFO] [stdout]   35:     0x558c8972b8c7 - std::thread::Builder::spawn_unchecked_::{{closure}}::{{closure}}::hf60bee9c1a17ef09
[INFO] [stdout]                                at /rustc/0e09125c6c3c2fd70d7de961bcf0e51575235fad/library/std/src/thread/mod.rs:529:17
[INFO] [stdout]   36:     0x558c8972b8c7 - <core::panic::unwind_safe::AssertUnwindSafe<F> as core::ops::function::FnOnce<()>>::call_once::h33d0dddec5216160
[INFO] [stdout]                                at /rustc/0e09125c6c3c2fd70d7de961bcf0e51575235fad/library/core/src/panic/unwind_safe.rs:272:9
[INFO] [stdout]   37:     0x558c8972b8c7 - std::panicking::try::do_call::h144b3048b546f835
[INFO] [stdout]                                at /rustc/0e09125c6c3c2fd70d7de961bcf0e51575235fad/library/std/src/panicking.rs:552:40
[INFO] [stdout]   38:     0x558c8972b8c7 - std::panicking::try::h978244d04646189f
[INFO] [stdout]                                at /rustc/0e09125c6c3c2fd70d7de961bcf0e51575235fad/library/std/src/panicking.rs:516:19
[INFO] [stdout]   39:     0x558c8972b8c7 - std::panic::catch_unwind::hdf436369d188fe86
[INFO] [stdout]                                at /rustc/0e09125c6c3c2fd70d7de961bcf0e51575235fad/library/std/src/panic.rs:142:14
[INFO] [stdout]   40:     0x558c8972b8c7 - std::thread::Builder::spawn_unchecked_::{{closure}}::h87329cbdd33c79ec
[INFO] [stdout]                                at /rustc/0e09125c6c3c2fd70d7de961bcf0e51575235fad/library/std/src/thread/mod.rs:528:30
[INFO] [stdout]   41:     0x558c8972b8c7 - core::ops::function::FnOnce::call_once{{vtable.shim}}::h401abbe67897d450
[INFO] [stdout]                                at /rustc/0e09125c6c3c2fd70d7de961bcf0e51575235fad/library/core/src/ops/function.rs:250:5
[INFO] [stdout]   42:     0x558c898d8295 - <alloc::boxed::Box<F,A> as core::ops::function::FnOnce<Args>>::call_once::h5d7c8f150ab9c84c
[INFO] [stdout]                                at /rustc/0e09125c6c3c2fd70d7de961bcf0e51575235fad/library/alloc/src/boxed.rs:2015:9
[INFO] [stdout]   43:     0x558c898d8295 - <alloc::boxed::Box<F,A> as core::ops::function::FnOnce<Args>>::call_once::h570d5b005c242c15
[INFO] [stdout]                                at /rustc/0e09125c6c3c2fd70d7de961bcf0e51575235fad/library/alloc/src/boxed.rs:2015:9
[INFO] [stdout]   44:     0x558c898d8295 - std::sys::unix::thread::Thread::new::thread_start::h36b0a20c0b2361ad
[INFO] [stdout]                                at /rustc/0e09125c6c3c2fd70d7de961bcf0e51575235fad/library/std/src/sys/unix/thread.rs:108:17
[INFO] [stdout]   45:     0x7f2ef8831ac3 - <unknown>
[INFO] [stdout]   46:     0x7f2ef88c2bf4 - __clone
[INFO] [stdout]   47:                0x0 - <unknown>
[INFO] [stdout] 
[INFO] [stdout] 
[INFO] [stdout] failures:
[INFO] [stdout]     ej_dict::test::test_upsert_delete
[INFO] [stdout] 
[INFO] [stdout] test result: FAILED. 1 passed; 1 failed; 0 ignored; 0 measured; 0 filtered out; finished in 0.01s
[INFO] [stdout] 
[INFO] [stderr] error: test failed, to rerun pass `--lib`
[INFO] running `Command { std: "docker" "inspect" "9c78a989edaf74e877ccdb51511ed5c361173f93dee6af22d60b7fd26c2d80f0", kill_on_drop: false }`
[INFO] running `Command { std: "docker" "rm" "-f" "9c78a989edaf74e877ccdb51511ed5c361173f93dee6af22d60b7fd26c2d80f0", kill_on_drop: false }`
[INFO] [stdout] 9c78a989edaf74e877ccdb51511ed5c361173f93dee6af22d60b7fd26c2d80f0
