[INFO] cloning repository https://github.com/kildevaeld/stuff-rs
[INFO] running `Command { std: "git" "-c" "credential.helper=" "-c" "credential.helper=/workspace/cargo-home/bin/git-credential-null" "clone" "--bare" "https://github.com/kildevaeld/stuff-rs" "/workspace/cache/git-repos/https%3A%2F%2Fgithub.com%2Fkildevaeld%2Fstuff-rs", kill_on_drop: false }`
[INFO] [stderr] Cloning into bare repository '/workspace/cache/git-repos/https%3A%2F%2Fgithub.com%2Fkildevaeld%2Fstuff-rs'...
[INFO] running `Command { std: "git" "rev-parse" "HEAD", kill_on_drop: false }`
[INFO] [stdout] 6e550e6251f2495b9afc995f463eed3fe14aef7c
[INFO] testing kildevaeld/stuff-rs against 1.75.0 for beta-1.76-1
[INFO] running `Command { std: "git" "clone" "/workspace/cache/git-repos/https%3A%2F%2Fgithub.com%2Fkildevaeld%2Fstuff-rs" "/workspace/builds/worker-4-tc1/source", kill_on_drop: false }`
[INFO] [stderr] Cloning into '/workspace/builds/worker-4-tc1/source'...
[INFO] [stderr] done.
[INFO] validating manifest of git repo https://github.com/kildevaeld/stuff-rs on toolchain 1.75.0
[INFO] running `Command { std: CARGO_HOME="/workspace/cargo-home" RUSTUP_HOME="/workspace/rustup-home" "/workspace/cargo-home/bin/cargo" "+1.75.0" "metadata" "--manifest-path" "Cargo.toml" "--no-deps", kill_on_drop: false }`
[INFO] started tweaking git repo https://github.com/kildevaeld/stuff-rs
[INFO] finished tweaking git repo https://github.com/kildevaeld/stuff-rs
[INFO] tweaked toml for git repo https://github.com/kildevaeld/stuff-rs written to /workspace/builds/worker-4-tc1/source/Cargo.toml
[INFO] crate git repo https://github.com/kildevaeld/stuff-rs already has a lockfile, it will not be regenerated
[INFO] running `Command { std: CARGO_HOME="/workspace/cargo-home" RUSTUP_HOME="/workspace/rustup-home" "/workspace/cargo-home/bin/cargo" "+1.75.0" "fetch" "--manifest-path" "Cargo.toml", kill_on_drop: false }`
[INFO] [stderr] warning: virtual workspace defaulting to `resolver = "1"` despite one or more workspace members being on edition 2021 which implies `resolver = "2"`
[INFO] [stderr] note: to keep the current resolver, specify `workspace.resolver = "1"` in the workspace root's manifest
[INFO] [stderr] note: to use the edition 2021 resolver, specify `workspace.resolver = "2"` in the workspace root's manifest
[INFO] [stderr] note: for more details see https://doc.rust-lang.org/cargo/reference/resolver.html#resolver-versions
[INFO] [stderr]     Updating git repository `https://github.com/kildevaeld/value-rs`
[INFO] running `Command { std: "docker" "create" "-v" "/var/lib/crater-agent-workspace/builds/worker-4-tc1/target:/opt/rustwide/target:rw,Z" "-v" "/var/lib/crater-agent-workspace/builds/worker-4-tc1/source:/opt/rustwide/workdir:ro,Z" "-v" "/var/lib/crater-agent-workspace/cargo-home:/opt/rustwide/cargo-home:ro,Z" "-v" "/var/lib/crater-agent-workspace/rustup-home:/opt/rustwide/rustup-home:ro,Z" "-e" "SOURCE_DIR=/opt/rustwide/workdir" "-e" "CARGO_TARGET_DIR=/opt/rustwide/target" "-e" "CARGO_HOME=/opt/rustwide/cargo-home" "-e" "RUSTUP_HOME=/opt/rustwide/rustup-home" "-w" "/opt/rustwide/workdir" "-m" "1610612736" "--user" "0:0" "--network" "none" "ghcr.io/rust-lang/crates-build-env/linux@sha256:2788e3201cd34a07e3172128adcd8b3090168a8e3bcc40d7c032b9dda1df7d1c" "/opt/rustwide/cargo-home/bin/cargo" "+1.75.0" "metadata" "--no-deps" "--format-version=1", kill_on_drop: false }`
[INFO] [stdout] 1340761905e4b339d47a96825746087e2eda415d165e9b1bb108f249cabf0271
[INFO] running `Command { std: "docker" "start" "-a" "1340761905e4b339d47a96825746087e2eda415d165e9b1bb108f249cabf0271", kill_on_drop: false }`
[INFO] running `Command { std: "docker" "inspect" "1340761905e4b339d47a96825746087e2eda415d165e9b1bb108f249cabf0271", kill_on_drop: false }`
[INFO] running `Command { std: "docker" "rm" "-f" "1340761905e4b339d47a96825746087e2eda415d165e9b1bb108f249cabf0271", kill_on_drop: false }`
[INFO] [stdout] 1340761905e4b339d47a96825746087e2eda415d165e9b1bb108f249cabf0271
[INFO] running `Command { std: "docker" "create" "-v" "/var/lib/crater-agent-workspace/builds/worker-4-tc1/target:/opt/rustwide/target:rw,Z" "-v" "/var/lib/crater-agent-workspace/builds/worker-4-tc1/source:/opt/rustwide/workdir:ro,Z" "-v" "/var/lib/crater-agent-workspace/cargo-home:/opt/rustwide/cargo-home:ro,Z" "-v" "/var/lib/crater-agent-workspace/rustup-home:/opt/rustwide/rustup-home:ro,Z" "-e" "SOURCE_DIR=/opt/rustwide/workdir" "-e" "CARGO_TARGET_DIR=/opt/rustwide/target" "-e" "CARGO_INCREMENTAL=0" "-e" "RUST_BACKTRACE=full" "-e" "RUSTFLAGS=--cap-lints=warn" "-e" "RUSTDOCFLAGS=--cap-lints=warn" "-e" "CARGO_HOME=/opt/rustwide/cargo-home" "-e" "RUSTUP_HOME=/opt/rustwide/rustup-home" "-w" "/opt/rustwide/workdir" "-m" "1610612736" "--user" "0:0" "--network" "none" "ghcr.io/rust-lang/crates-build-env/linux@sha256:2788e3201cd34a07e3172128adcd8b3090168a8e3bcc40d7c032b9dda1df7d1c" "/opt/rustwide/cargo-home/bin/cargo" "+1.75.0" "build" "--frozen" "--message-format=json", kill_on_drop: false }`
[INFO] [stdout] 84002b8ddcd4341064b7f6906374bedc8ec5b853592a21ef26e4a6e83c67f0e5
[INFO] running `Command { std: "docker" "start" "-a" "84002b8ddcd4341064b7f6906374bedc8ec5b853592a21ef26e4a6e83c67f0e5", kill_on_drop: false }`
[INFO] [stderr] warning: virtual workspace defaulting to `resolver = "1"` despite one or more workspace members being on edition 2021 which implies `resolver = "2"`
[INFO] [stderr] note: to keep the current resolver, specify `workspace.resolver = "1"` in the workspace root's manifest
[INFO] [stderr] note: to use the edition 2021 resolver, specify `workspace.resolver = "2"` in the workspace root's manifest
[INFO] [stderr] note: for more details see https://doc.rust-lang.org/cargo/reference/resolver.html#resolver-versions
[INFO] [stderr]    Compiling proc-macro2 v1.0.43
[INFO] [stderr]    Compiling unicode-ident v1.0.4
[INFO] [stderr]    Compiling quote v1.0.21
[INFO] [stderr]    Compiling autocfg v1.1.0
[INFO] [stderr]    Compiling syn v1.0.100
[INFO] [stderr]    Compiling futures-core v0.3.24
[INFO] [stderr]    Compiling pin-project-lite v0.2.9
[INFO] [stderr]    Compiling libc v0.2.133
[INFO] [stderr]    Compiling cfg-if v1.0.0
[INFO] [stderr]    Compiling log v0.4.17
[INFO] [stderr]    Compiling event-listener v2.5.3
[INFO] [stderr]    Compiling futures-task v0.3.24
[INFO] [stderr]    Compiling futures-channel v0.3.24
[INFO] [stderr]    Compiling async-trait v0.1.57
[INFO] [stderr]    Compiling memchr v2.5.0
[INFO] [stderr]    Compiling parking_lot_core v0.9.3
[INFO] [stderr]    Compiling signal-hook v0.3.14
[INFO] [stderr]    Compiling futures-sink v0.3.24
[INFO] [stderr]    Compiling fnv v1.0.7
[INFO] [stderr]    Compiling bytes v1.2.1
[INFO] [stderr]    Compiling itoa v1.0.3
[INFO] [stderr]    Compiling futures-util v0.3.24
[INFO] [stderr]    Compiling async-lock v2.5.0
[INFO] [stderr]    Compiling scopeguard v1.1.0
[INFO] [stderr]    Compiling smallvec v1.9.0
[INFO] [stderr]    Compiling futures-io v0.3.24
[INFO] [stderr]    Compiling pin-utils v0.1.0
[INFO] [stderr]    Compiling slab v0.4.7
[INFO] [stderr]    Compiling lock_api v0.4.9
[INFO] [stderr]    Compiling spin v0.9.4
[INFO] [stderr]    Compiling once_cell v1.15.0
[INFO] [stderr]    Compiling cache-padded v1.2.0
[INFO] [stderr]    Compiling either v1.8.0
[INFO] [stderr]    Compiling concurrent-queue v1.2.4
[INFO] [stderr]    Compiling futures-micro v0.5.0
[INFO] [stderr]    Compiling bitflags v1.3.2
[INFO] [stderr]    Compiling cfg-if v0.1.10
[INFO] [stderr]    Compiling http v0.2.8
[INFO] [stderr]    Compiling value v0.1.0 (https://github.com/kildevaeld/value-rs#fa7421b5)
[INFO] [stderr]    Compiling generational-arena v0.2.8
[INFO] [stderr]    Compiling mime v0.3.16
[INFO] [stderr]    Compiling tracing-core v0.1.30
[INFO] [stderr]    Compiling async-oneshot v0.5.0
[INFO] [stderr]    Compiling async-channel v1.7.1
[INFO] [stderr]    Compiling fetcher v0.1.0 (/opt/rustwide/workdir/fetcher)
[INFO] [stdout] warning: unused import: `PathBuf`
[INFO] [stdout]  --> fetcher/src/types.rs:1:23
[INFO] [stdout]   |
[INFO] [stdout] 1 | use std::path::{Path, PathBuf};
[INFO] [stdout]   |                       ^^^^^^^
[INFO] [stdout]   |
[INFO] [stdout]   = note: `#[warn(unused_imports)]` on by default
[INFO] [stdout] 
[INFO] [stdout] 
[INFO] [stdout] warning: 1 warning emitted
[INFO] [stdout] 
[INFO] [stdout] 
[INFO] [stderr]    Compiling tracing v0.1.36
[INFO] [stderr]    Compiling signal-hook-registry v1.4.0
[INFO] [stderr]    Compiling mio v0.8.4
[INFO] [stderr]    Compiling parking_lot v0.12.1
[INFO] [stderr]    Compiling dale v0.1.0 (/opt/rustwide/workdir/dale)
[INFO] [stderr]    Compiling http-body v0.4.5
[INFO] [stderr]    Compiling signal-hook-mio v0.2.3
[INFO] [stderr]    Compiling crossterm v0.25.0
[INFO] [stderr]    Compiling dale-http v0.1.0 (/opt/rustwide/workdir/dale-http)
[INFO] [stderr]    Compiling listr v0.1.0 (/opt/rustwide/workdir/listr)
[INFO] [stdout] warning: unused import: `std::iter::Skip`
[INFO] [stdout]  --> listr/src/lib.rs:1:5
[INFO] [stdout]   |
[INFO] [stdout] 1 | use std::iter::Skip;
[INFO] [stdout]   |     ^^^^^^^^^^^^^^^
[INFO] [stdout]   |
[INFO] [stdout]   = note: `#[warn(unused_imports)]` on by default
[INFO] [stdout] 
[INFO] [stdout] 
[INFO] [stdout] warning: unused variable: `ret`
[INFO] [stdout]   --> listr/src/lib.rs:66:13
[INFO] [stdout]    |
[INFO] [stdout] 66 |         let ret = match task.task.call(self.ctx.clone()).await {
[INFO] [stdout]    |             ^^^ help: if this is intentional, prefix it with an underscore: `_ret`
[INFO] [stdout]    |
[INFO] [stdout]    = note: `#[warn(unused_variables)]` on by default
[INFO] [stdout] 
[INFO] [stdout] 
[INFO] [stdout] warning: unused variable: `err`
[INFO] [stdout]   --> listr/src/lib.rs:67:30
[INFO] [stdout]    |
[INFO] [stdout] 67 |             Outcome::Failure(err) => {
[INFO] [stdout]    |                              ^^^ help: if this is intentional, prefix it with an underscore: `_err`
[INFO] [stdout] 
[INFO] [stdout] 
[INFO] [stdout] warning: unused import: `str::ParseBoolError`
[INFO] [stdout]  --> dale-http/src/common/to_string.rs:9:11
[INFO] [stdout]   |
[INFO] [stdout] 9 | use std::{str::ParseBoolError, task::Poll};
[INFO] [stdout]   |           ^^^^^^^^^^^^^^^^^^^
[INFO] [stdout]   |
[INFO] [stdout]   = note: `#[warn(unused_imports)]` on by default
[INFO] [stdout] 
[INFO] [stdout] 
[INFO] [stdout] warning: field `title` is never read
[INFO] [stdout]   --> listr/src/lib.rs:40:5
[INFO] [stdout]    |
[INFO] [stdout] 39 | pub struct WorkDesc<C> {
[INFO] [stdout]    |            -------- field in this struct
[INFO] [stdout] 40 |     title: String,
[INFO] [stdout]    |     ^^^^^
[INFO] [stdout]    |
[INFO] [stdout]    = note: `#[warn(dead_code)]` on by default
[INFO] [stdout] 
[INFO] [stdout] 
[INFO] [stdout] warning: unused `Result` that must be used
[INFO] [stdout]   --> listr/src/lib.rs:82:13
[INFO] [stdout]    |
[INFO] [stdout] 82 |             self.run_task(work).await;
[INFO] [stdout]    |             ^^^^^^^^^^^^^^^^^^^^^^^^^
[INFO] [stdout]    |
[INFO] [stdout]    = note: this `Result` may be an `Err` variant, which should be handled
[INFO] [stdout]    = note: `#[warn(unused_must_use)]` on by default
[INFO] [stdout] help: use `let _ = ...` to ignore the resulting value
[INFO] [stdout]    |
[INFO] [stdout] 82 |             let _ = self.run_task(work).await;
[INFO] [stdout]    |             +++++++
[INFO] [stdout] 
[INFO] [stdout] 
[INFO] [stdout] warning: 5 warnings emitted
[INFO] [stdout] 
[INFO] [stdout] 
[INFO] [stdout] warning: 1 warning emitted
[INFO] [stdout] 
[INFO] [stdout] 
[INFO] [stderr]    Compiling futures-macro v0.3.24
[INFO] [stderr]    Compiling locking v0.1.0 (/opt/rustwide/workdir/locking)
[INFO] [stderr]    Compiling state v0.1.0 (/opt/rustwide/workdir/state)
[INFO] [stderr]    Compiling cliupdate v0.1.0 (/opt/rustwide/workdir/cliupdate)
[INFO] [stderr]    Compiling emitter v0.1.0 (/opt/rustwide/workdir/emitter)
[INFO] [stdout] warning: comparison is useless due to type limits
[INFO] [stdout]   --> cliupdate/src/spinner.rs:24:24
[INFO] [stdout]    |
[INFO] [stdout] 24 |                     if frame < $count {
[INFO] [stdout]    |                        ^^^^^
[INFO] [stdout] ...
[INFO] [stdout] 37 | array!(0 1 2 3 4 5 6 7 8 9 10 11 12 13 14 15 16);
[INFO] [stdout]    | ------------------------------------------------ in this macro invocation
[INFO] [stdout]    |
[INFO] [stdout]    = note: `#[warn(unused_comparisons)]` on by default
[INFO] [stdout]    = note: this warning originates in the macro `array` (in Nightly builds, run with -Z macro-backtrace for more info)
[INFO] [stdout] 
[INFO] [stdout] 
[INFO] [stdout] warning: 1 warning emitted
[INFO] [stdout] 
[INFO] [stdout] 
[INFO] [stderr]    Compiling futures-executor v0.3.24
[INFO] [stderr]    Compiling futures v0.3.24
[INFO] [stderr]    Compiling driver v0.1.0 (/opt/rustwide/workdir/driver)
[INFO] [stderr]     Finished dev [unoptimized + debuginfo] target(s) in 5.54s
[INFO] running `Command { std: "docker" "inspect" "84002b8ddcd4341064b7f6906374bedc8ec5b853592a21ef26e4a6e83c67f0e5", kill_on_drop: false }`
[INFO] running `Command { std: "docker" "rm" "-f" "84002b8ddcd4341064b7f6906374bedc8ec5b853592a21ef26e4a6e83c67f0e5", kill_on_drop: false }`
[INFO] [stdout] 84002b8ddcd4341064b7f6906374bedc8ec5b853592a21ef26e4a6e83c67f0e5
[INFO] running `Command { std: "docker" "create" "-v" "/var/lib/crater-agent-workspace/builds/worker-4-tc1/target:/opt/rustwide/target:rw,Z" "-v" "/var/lib/crater-agent-workspace/builds/worker-4-tc1/source:/opt/rustwide/workdir:ro,Z" "-v" "/var/lib/crater-agent-workspace/cargo-home:/opt/rustwide/cargo-home:ro,Z" "-v" "/var/lib/crater-agent-workspace/rustup-home:/opt/rustwide/rustup-home:ro,Z" "-e" "SOURCE_DIR=/opt/rustwide/workdir" "-e" "CARGO_TARGET_DIR=/opt/rustwide/target" "-e" "CARGO_INCREMENTAL=0" "-e" "RUST_BACKTRACE=full" "-e" "RUSTFLAGS=--cap-lints=warn" "-e" "RUSTDOCFLAGS=--cap-lints=warn" "-e" "CARGO_HOME=/opt/rustwide/cargo-home" "-e" "RUSTUP_HOME=/opt/rustwide/rustup-home" "-w" "/opt/rustwide/workdir" "-m" "1610612736" "--user" "0:0" "--network" "none" "ghcr.io/rust-lang/crates-build-env/linux@sha256:2788e3201cd34a07e3172128adcd8b3090168a8e3bcc40d7c032b9dda1df7d1c" "/opt/rustwide/cargo-home/bin/cargo" "+1.75.0" "test" "--frozen" "--no-run" "--message-format=json", kill_on_drop: false }`
[INFO] [stdout] 064f13351241240a596339382b21a1e381a4d37cde167df34c392c1c22d8ad87
[INFO] running `Command { std: "docker" "start" "-a" "064f13351241240a596339382b21a1e381a4d37cde167df34c392c1c22d8ad87", kill_on_drop: false }`
[INFO] [stderr] warning: virtual workspace defaulting to `resolver = "1"` despite one or more workspace members being on edition 2021 which implies `resolver = "2"`
[INFO] [stderr] note: to keep the current resolver, specify `workspace.resolver = "1"` in the workspace root's manifest
[INFO] [stderr] note: to use the edition 2021 resolver, specify `workspace.resolver = "2"` in the workspace root's manifest
[INFO] [stderr] note: for more details see https://doc.rust-lang.org/cargo/reference/resolver.html#resolver-versions
[INFO] [stderr]    Compiling tokio v1.21.1
[INFO] [stderr]    Compiling num_cpus v1.13.1
[INFO] [stderr]    Compiling socket2 v0.4.7
[INFO] [stderr]    Compiling tokio-macros v1.8.0
[INFO] [stderr]    Compiling httparse v1.8.0
[INFO] [stderr]    Compiling try-lock v0.2.3
[INFO] [stderr]    Compiling tower-service v0.3.2
[INFO] [stderr]    Compiling httpdate v1.0.2
[INFO] [stdout] warning: unused import: `std::iter::Skip`
[INFO] [stdout]  --> listr/src/lib.rs:1:5
[INFO] [stdout]   |
[INFO] [stdout] 1 | use std::iter::Skip;
[INFO] [stdout]   |     ^^^^^^^^^^^^^^^
[INFO] [stdout]   |
[INFO] [stdout]   = note: `#[warn(unused_imports)]` on by default
[INFO] [stdout] 
[INFO] [stdout] 
[INFO] [stdout] warning: unused variable: `ret`
[INFO] [stdout]   --> listr/src/lib.rs:66:13
[INFO] [stdout]    |
[INFO] [stdout] 66 |         let ret = match task.task.call(self.ctx.clone()).await {
[INFO] [stdout]    |             ^^^ help: if this is intentional, prefix it with an underscore: `_ret`
[INFO] [stdout]    |
[INFO] [stdout]    = note: `#[warn(unused_variables)]` on by default
[INFO] [stdout] 
[INFO] [stdout] 
[INFO] [stdout] warning: unused variable: `err`
[INFO] [stdout]   --> listr/src/lib.rs:67:30
[INFO] [stdout]    |
[INFO] [stdout] 67 |             Outcome::Failure(err) => {
[INFO] [stdout]    |                              ^^^ help: if this is intentional, prefix it with an underscore: `_err`
[INFO] [stdout] 
[INFO] [stdout] 
[INFO] [stdout] warning: field `title` is never read
[INFO] [stdout]   --> listr/src/lib.rs:40:5
[INFO] [stdout]    |
[INFO] [stdout] 39 | pub struct WorkDesc<C> {
[INFO] [stdout]    |            -------- field in this struct
[INFO] [stdout] 40 |     title: String,
[INFO] [stdout]    |     ^^^^^
[INFO] [stdout]    |
[INFO] [stdout]    = note: `#[warn(dead_code)]` on by default
[INFO] [stdout] 
[INFO] [stdout] 
[INFO] [stdout] warning: unused `Result` that must be used
[INFO] [stdout]   --> listr/src/lib.rs:82:13
[INFO] [stdout]    |
[INFO] [stdout] 82 |             self.run_task(work).await;
[INFO] [stdout]    |             ^^^^^^^^^^^^^^^^^^^^^^^^^
[INFO] [stdout]    |
[INFO] [stdout]    = note: this `Result` may be an `Err` variant, which should be handled
[INFO] [stdout]    = note: `#[warn(unused_must_use)]` on by default
[INFO] [stdout] help: use `let _ = ...` to ignore the resulting value
[INFO] [stdout]    |
[INFO] [stdout] 82 |             let _ = self.run_task(work).await;
[INFO] [stdout]    |             +++++++
[INFO] [stdout] 
[INFO] [stdout] 
[INFO] [stdout] warning: 5 warnings emitted
[INFO] [stdout] 
[INFO] [stdout] 
[INFO] [stdout] warning: unused import: `str::ParseBoolError`
[INFO] [stdout]  --> dale-http/src/common/to_string.rs:9:11
[INFO] [stdout]   |
[INFO] [stdout] 9 | use std::{str::ParseBoolError, task::Poll};
[INFO] [stdout]   |           ^^^^^^^^^^^^^^^^^^^
[INFO] [stdout]   |
[INFO] [stdout]   = note: `#[warn(unused_imports)]` on by default
[INFO] [stdout] 
[INFO] [stdout] 
[INFO] [stdout] warning: 1 warning emitted
[INFO] [stdout] 
[INFO] [stdout] 
[INFO] [stderr]    Compiling dale v0.1.0 (/opt/rustwide/workdir/dale)
[INFO] [stdout] warning: unused import: `PathBuf`
[INFO] [stdout]  --> fetcher/src/types.rs:1:23
[INFO] [stdout]   |
[INFO] [stdout] 1 | use std::path::{Path, PathBuf};
[INFO] [stdout]   |                       ^^^^^^^
[INFO] [stdout]   |
[INFO] [stdout]   = note: `#[warn(unused_imports)]` on by default
[INFO] [stdout] 
[INFO] [stdout] 
[INFO] [stdout] warning: 1 warning emitted
[INFO] [stdout] 
[INFO] [stdout] 
[INFO] [stdout] warning: comparison is useless due to type limits
[INFO] [stdout]   --> cliupdate/src/spinner.rs:24:24
[INFO] [stdout]    |
[INFO] [stdout] 24 |                     if frame < $count {
[INFO] [stdout]    |                        ^^^^^
[INFO] [stdout] ...
[INFO] [stdout] 37 | array!(0 1 2 3 4 5 6 7 8 9 10 11 12 13 14 15 16);
[INFO] [stdout]    | ------------------------------------------------ in this macro invocation
[INFO] [stdout]    |
[INFO] [stdout]    = note: `#[warn(unused_comparisons)]` on by default
[INFO] [stdout]    = note: this warning originates in the macro `array` (in Nightly builds, run with -Z macro-backtrace for more info)
[INFO] [stdout] 
[INFO] [stdout] 
[INFO] [stdout] warning: 1 warning emitted
[INFO] [stdout] 
[INFO] [stdout] 
[INFO] [stderr]    Compiling cliupdate v0.1.0 (/opt/rustwide/workdir/cliupdate)
[INFO] [stderr]    Compiling emitter v0.1.0 (/opt/rustwide/workdir/emitter)
[INFO] [stderr]    Compiling listr v0.1.0 (/opt/rustwide/workdir/listr)
[INFO] [stderr]    Compiling state v0.1.0 (/opt/rustwide/workdir/state)
[INFO] [stderr]    Compiling locking v0.1.0 (/opt/rustwide/workdir/locking)
[INFO] [stderr]    Compiling fetcher v0.1.0 (/opt/rustwide/workdir/fetcher)
[INFO] [stdout] warning: unused import: `std::iter::Skip`
[INFO] [stdout]  --> listr/src/lib.rs:1:5
[INFO] [stdout]   |
[INFO] [stdout] 1 | use std::iter::Skip;
[INFO] [stdout]   |     ^^^^^^^^^^^^^^^
[INFO] [stdout]   |
[INFO] [stdout]   = note: `#[warn(unused_imports)]` on by default
[INFO] [stdout] 
[INFO] [stdout] 
[INFO] [stderr]    Compiling want v0.3.0
[INFO] [stdout] warning: unused variable: `ret`
[INFO] [stdout]   --> listr/src/lib.rs:66:13
[INFO] [stdout]    |
[INFO] [stdout] 66 |         let ret = match task.task.call(self.ctx.clone()).await {
[INFO] [stdout]    |             ^^^ help: if this is intentional, prefix it with an underscore: `_ret`
[INFO] [stdout]    |
[INFO] [stdout]    = note: `#[warn(unused_variables)]` on by default
[INFO] [stdout] 
[INFO] [stdout] 
[INFO] [stdout] warning: unused variable: `err`
[INFO] [stdout]   --> listr/src/lib.rs:67:30
[INFO] [stdout]    |
[INFO] [stdout] 67 |             Outcome::Failure(err) => {
[INFO] [stdout]    |                              ^^^ help: if this is intentional, prefix it with an underscore: `_err`
[INFO] [stdout] 
[INFO] [stdout] 
[INFO] [stdout] warning: unused import: `PathBuf`
[INFO] [stdout]  --> fetcher/src/types.rs:1:23
[INFO] [stdout]   |
[INFO] [stdout] 1 | use std::path::{Path, PathBuf};
[INFO] [stdout]   |                       ^^^^^^^
[INFO] [stdout]   |
[INFO] [stdout]   = note: `#[warn(unused_imports)]` on by default
[INFO] [stdout] 
[INFO] [stdout] 
[INFO] [stdout] warning: field `title` is never read
[INFO] [stdout]   --> listr/src/lib.rs:40:5
[INFO] [stdout]    |
[INFO] [stdout] 39 | pub struct WorkDesc<C> {
[INFO] [stdout]    |            -------- field in this struct
[INFO] [stdout] 40 |     title: String,
[INFO] [stdout]    |     ^^^^^
[INFO] [stdout]    |
[INFO] [stdout]    = note: `#[warn(dead_code)]` on by default
[INFO] [stdout] 
[INFO] [stdout] 
[INFO] [stdout] warning: unused `Result` that must be used
[INFO] [stdout]   --> listr/src/lib.rs:82:13
[INFO] [stdout]    |
[INFO] [stdout] 82 |             self.run_task(work).await;
[INFO] [stdout]    |             ^^^^^^^^^^^^^^^^^^^^^^^^^
[INFO] [stdout]    |
[INFO] [stdout]    = note: this `Result` may be an `Err` variant, which should be handled
[INFO] [stdout]    = note: `#[warn(unused_must_use)]` on by default
[INFO] [stdout] help: use `let _ = ...` to ignore the resulting value
[INFO] [stdout]    |
[INFO] [stdout] 82 |             let _ = self.run_task(work).await;
[INFO] [stdout]    |             +++++++
[INFO] [stdout] 
[INFO] [stdout] 
[INFO] [stdout] warning: 1 warning emitted
[INFO] [stdout] 
[INFO] [stdout] 
[INFO] [stdout] warning: 5 warnings emitted
[INFO] [stdout] 
[INFO] [stdout] 
[INFO] [stdout] warning: comparison is useless due to type limits
[INFO] [stdout]   --> cliupdate/src/spinner.rs:24:24
[INFO] [stdout]    |
[INFO] [stdout] 24 |                     if frame < $count {
[INFO] [stdout]    |                        ^^^^^
[INFO] [stdout] ...
[INFO] [stdout] 37 | array!(0 1 2 3 4 5 6 7 8 9 10 11 12 13 14 15 16);
[INFO] [stdout]    | ------------------------------------------------ in this macro invocation
[INFO] [stdout]    |
[INFO] [stdout]    = note: `#[warn(unused_comparisons)]` on by default
[INFO] [stdout]    = note: this warning originates in the macro `array` (in Nightly builds, run with -Z macro-backtrace for more info)
[INFO] [stdout] 
[INFO] [stdout] 
[INFO] [stdout] warning: 1 warning emitted
[INFO] [stdout] 
[INFO] [stdout] 
[INFO] [stderr]    Compiling hyper v0.14.20
[INFO] [stderr]    Compiling driver v0.1.0 (/opt/rustwide/workdir/driver)
[INFO] [stderr]    Compiling dale-http v0.1.0 (/opt/rustwide/workdir/dale-http)
[INFO] [stdout] warning: unused import: `str::ParseBoolError`
[INFO] [stdout]  --> dale-http/src/common/to_string.rs:9:11
[INFO] [stdout]   |
[INFO] [stdout] 9 | use std::{str::ParseBoolError, task::Poll};
[INFO] [stdout]   |           ^^^^^^^^^^^^^^^^^^^
[INFO] [stdout]   |
[INFO] [stdout]   = note: `#[warn(unused_imports)]` on by default
[INFO] [stdout] 
[INFO] [stdout] 
[INFO] [stdout] warning: 1 warning emitted
[INFO] [stdout] 
[INFO] [stdout] 
[INFO] [stderr]     Finished test [unoptimized + debuginfo] target(s) in 5.29s
[INFO] running `Command { std: "docker" "inspect" "064f13351241240a596339382b21a1e381a4d37cde167df34c392c1c22d8ad87", kill_on_drop: false }`
[INFO] running `Command { std: "docker" "rm" "-f" "064f13351241240a596339382b21a1e381a4d37cde167df34c392c1c22d8ad87", kill_on_drop: false }`
[INFO] [stdout] 064f13351241240a596339382b21a1e381a4d37cde167df34c392c1c22d8ad87
[INFO] running `Command { std: "docker" "create" "-v" "/var/lib/crater-agent-workspace/builds/worker-4-tc1/target:/opt/rustwide/target:rw,Z" "-v" "/var/lib/crater-agent-workspace/builds/worker-4-tc1/source:/opt/rustwide/workdir:ro,Z" "-v" "/var/lib/crater-agent-workspace/cargo-home:/opt/rustwide/cargo-home:ro,Z" "-v" "/var/lib/crater-agent-workspace/rustup-home:/opt/rustwide/rustup-home:ro,Z" "-e" "SOURCE_DIR=/opt/rustwide/workdir" "-e" "CARGO_TARGET_DIR=/opt/rustwide/target" "-e" "CARGO_INCREMENTAL=0" "-e" "RUST_BACKTRACE=full" "-e" "RUSTFLAGS=--cap-lints=warn" "-e" "RUSTDOCFLAGS=--cap-lints=warn" "-e" "CARGO_HOME=/opt/rustwide/cargo-home" "-e" "RUSTUP_HOME=/opt/rustwide/rustup-home" "-w" "/opt/rustwide/workdir" "-m" "1610612736" "--user" "0:0" "--network" "none" "ghcr.io/rust-lang/crates-build-env/linux@sha256:2788e3201cd34a07e3172128adcd8b3090168a8e3bcc40d7c032b9dda1df7d1c" "/opt/rustwide/cargo-home/bin/cargo" "+1.75.0" "test" "--frozen", kill_on_drop: false }`
[INFO] [stdout] 924c23ad4332d446301fc93d73773b0053c2bc885aa35566acc7513c6a53a80c
[INFO] running `Command { std: "docker" "start" "-a" "924c23ad4332d446301fc93d73773b0053c2bc885aa35566acc7513c6a53a80c", kill_on_drop: false }`
[INFO] [stderr] warning: virtual workspace defaulting to `resolver = "1"` despite one or more workspace members being on edition 2021 which implies `resolver = "2"`
[INFO] [stderr] note: to keep the current resolver, specify `workspace.resolver = "1"` in the workspace root's manifest
[INFO] [stderr] note: to use the edition 2021 resolver, specify `workspace.resolver = "2"` in the workspace root's manifest
[INFO] [stderr] note: for more details see https://doc.rust-lang.org/cargo/reference/resolver.html#resolver-versions
[INFO] [stderr] warning: unused import: `PathBuf`
[INFO] [stderr]  --> fetcher/src/types.rs:1:23
[INFO] [stderr]   |
[INFO] [stderr] 1 | use std::path::{Path, PathBuf};
[INFO] [stderr]   |                       ^^^^^^^
[INFO] [stderr]   |
[INFO] [stderr]   = note: `#[warn(unused_imports)]` on by default
[INFO] [stderr] 
[INFO] [stderr] warning: `fetcher` (lib) generated 1 warning (run `cargo fix --lib -p fetcher` to apply 1 suggestion)
[INFO] [stderr] warning: unused import: `str::ParseBoolError`
[INFO] [stderr]  --> dale-http/src/common/to_string.rs:9:11
[INFO] [stderr]   |
[INFO] [stderr] 9 | use std::{str::ParseBoolError, task::Poll};
[INFO] [stderr]   |           ^^^^^^^^^^^^^^^^^^^
[INFO] [stderr]   |
[INFO] [stderr]   = note: `#[warn(unused_imports)]` on by default
[INFO] [stderr] 
[INFO] [stderr] warning: unused import: `std::iter::Skip`
[INFO] [stderr]  --> listr/src/lib.rs:1:5
[INFO] [stderr]   |
[INFO] [stderr] 1 | use std::iter::Skip;
[INFO] [stderr]   |     ^^^^^^^^^^^^^^^
[INFO] [stderr]   |
[INFO] [stderr]   = note: `#[warn(unused_imports)]` on by default
[INFO] [stderr] 
[INFO] [stderr] warning: unused variable: `ret`
[INFO] [stderr]   --> listr/src/lib.rs:66:13
[INFO] [stderr]    |
[INFO] [stderr] 66 |         let ret = match task.task.call(self.ctx.clone()).await {
[INFO] [stderr]    |             ^^^ help: if this is intentional, prefix it with an underscore: `_ret`
[INFO] [stderr]    |
[INFO] [stderr]    = note: `#[warn(unused_variables)]` on by default
[INFO] [stderr] 
[INFO] [stderr] warning: unused variable: `err`
[INFO] [stderr]   --> listr/src/lib.rs:67:30
[INFO] [stderr]    |
[INFO] [stderr] 67 |             Outcome::Failure(err) => {
[INFO] [stderr]    |                              ^^^ help: if this is intentional, prefix it with an underscore: `_err`
[INFO] [stderr] 
[INFO] [stderr] warning: field `title` is never read
[INFO] [stderr]   --> listr/src/lib.rs:40:5
[INFO] [stderr]    |
[INFO] [stderr] 39 | pub struct WorkDesc<C> {
[INFO] [stderr]    |            -------- field in this struct
[INFO] [stderr] 40 |     title: String,
[INFO] [stderr]    |     ^^^^^
[INFO] [stderr]    |
[INFO] [stderr]    = note: `#[warn(dead_code)]` on by default
[INFO] [stderr] 
[INFO] [stderr] warning: unused `Result` that must be used
[INFO] [stderr]   --> listr/src/lib.rs:82:13
[INFO] [stderr]    |
[INFO] [stderr] 82 |             self.run_task(work).await;
[INFO] [stderr]    |             ^^^^^^^^^^^^^^^^^^^^^^^^^
[INFO] [stderr]    |
[INFO] [stderr]    = note: this `Result` may be an `Err` variant, which should be handled
[INFO] [stderr]    = note: `#[warn(unused_must_use)]` on by default
[INFO] [stderr] help: use `let _ = ...` to ignore the resulting value
[INFO] [stderr]    |
[INFO] [stderr] 82 |             let _ = self.run_task(work).await;
[INFO] [stderr]    |             +++++++
[INFO] [stderr] 
[INFO] [stderr] warning: `dale-http` (lib) generated 1 warning (run `cargo fix --lib -p dale-http` to apply 1 suggestion)
[INFO] [stderr] warning: `listr` (lib) generated 5 warnings (run `cargo fix --lib -p listr` to apply 3 suggestions)
[INFO] [stderr] warning: `listr` (lib test) generated 5 warnings (5 duplicates)
[INFO] [stderr] warning: `fetcher` (lib test) generated 1 warning (1 duplicate)
[INFO] [stderr] warning: comparison is useless due to type limits
[INFO] [stderr]   --> cliupdate/src/spinner.rs:24:24
[INFO] [stderr]    |
[INFO] [stderr] 24 |                     if frame < $count {
[INFO] [stderr]    |                        ^^^^^
[INFO] [stderr] ...
[INFO] [stderr] 37 | array!(0 1 2 3 4 5 6 7 8 9 10 11 12 13 14 15 16);
[INFO] [stderr]    | ------------------------------------------------ in this macro invocation
[INFO] [stderr]    |
[INFO] [stderr]    = note: `#[warn(unused_comparisons)]` on by default
[INFO] [stderr]    = note: this warning originates in the macro `array` (in Nightly builds, run with -Z macro-backtrace for more info)
[INFO] [stderr] 
[INFO] [stderr] warning: `cliupdate` (lib) generated 1 warning
[INFO] [stderr] warning: `cliupdate` (lib test) generated 1 warning (1 duplicate)
[INFO] [stderr] warning: `dale-http` (lib test) generated 1 warning (1 duplicate)
[INFO] [stderr]     Finished test [unoptimized + debuginfo] target(s) in 0.07s
[INFO] [stderr]      Running unittests src/lib.rs (/opt/rustwide/target/debug/deps/cliupdate-f1779087b42d574e)
[INFO] [stdout] 
[INFO] [stdout] running 1 test
[INFO] [stdout] test message::message_impl::test::test_vec ... ok
[INFO] [stdout] 
[INFO] [stdout] test result: ok. 1 passed; 0 failed; 0 ignored; 0 measured; 0 filtered out; finished in 0.00s
[INFO] [stdout] 
[INFO] [stderr]      Running unittests src/lib.rs (/opt/rustwide/target/debug/deps/dale-6c04b8a90fdac78b)
[INFO] [stdout] 
[INFO] [stdout] running 2 tests
[INFO] [stderr]      Running unittests src/lib.rs (/opt/rustwide/target/debug/deps/dale_http-80d8b9be4af05f51)
[INFO] [stdout] test combinators::err_into::tests::test_boxed ... ok
[INFO] [stdout] test combinators::err_into::tests::test_err_into ... ok
[INFO] [stdout] 
[INFO] [stdout] test result: ok. 2 passed; 0 failed; 0 ignored; 0 measured; 0 filtered out; finished in 0.00s
[INFO] [stdout] 
[INFO] [stdout] 
[INFO] [stdout] running 5 tests
[INFO] [stdout] test common::buf::tests::to_bytes_longer ... ok
[INFO] [stdout] test common::buf::tests::one_long_buf_to_bytes ... ok
[INFO] [stdout] test common::buf::tests::to_bytes_eq ... ok
[INFO] [stdout] test common::buf::tests::to_bytes_shorter ... ok
[INFO] [stdout] test common::buf::tests::buf_to_bytes_too_many - should panic ... ok
[INFO] [stdout] 
[INFO] [stdout] test result: ok. 5 passed; 0 failed; 0 ignored; 0 measured; 0 filtered out; finished in 0.02s
[INFO] [stdout] 
[INFO] [stderr]      Running unittests src/lib.rs (/opt/rustwide/target/debug/deps/driver-4969772ae69ea164)
[INFO] [stdout] 
[INFO] [stdout] running 0 tests
[INFO] [stdout] 
[INFO] [stdout] test result: ok. 0 passed; 0 failed; 0 ignored; 0 measured; 0 filtered out; finished in 0.00s
[INFO] [stdout] 
[INFO] [stderr]      Running unittests src/lib.rs (/opt/rustwide/target/debug/deps/emitter-1321309e3e7b6abb)
[INFO] [stdout] 
[INFO] [stdout] running 1 test
[INFO] [stdout] test test::test ... ok
[INFO] [stdout] 
[INFO] [stdout] test result: ok. 1 passed; 0 failed; 0 ignored; 0 measured; 0 filtered out; finished in 0.00s
[INFO] [stdout] 
[INFO] [stderr]      Running unittests src/lib.rs (/opt/rustwide/target/debug/deps/fetcher-38f8f2a4210ff79e)
[INFO] [stdout] 
[INFO] [stderr]      Running unittests src/lib.rs (/opt/rustwide/target/debug/deps/listr-c888f4c418057a52)
[INFO] [stdout] running 0 tests
[INFO] [stdout] 
[INFO] [stdout] test result: ok. 0 passed; 0 failed; 0 ignored; 0 measured; 0 filtered out; finished in 0.00s
[INFO] [stdout] 
[INFO] [stdout] 
[INFO] [stdout] running 0 tests
[INFO] [stdout] 
[INFO] [stdout] test result: ok. 0 passed; 0 failed; 0 ignored; 0 measured; 0 filtered out; finished in 0.00s
[INFO] [stdout] 
[INFO] [stderr]      Running unittests src/lib.rs (/opt/rustwide/target/debug/deps/locking-141e631a28e33d15)
[INFO] [stdout] 
[INFO] [stderr]      Running unittests src/lib.rs (/opt/rustwide/target/debug/deps/state-9691da00386e2646)
[INFO] [stdout] running 0 tests
[INFO] [stderr]    Doc-tests cliupdate
[INFO] [stdout] 
[INFO] [stdout] test result: ok. 0 passed; 0 failed; 0 ignored; 0 measured; 0 filtered out; finished in 0.00s
[INFO] [stdout] 
[INFO] [stdout] 
[INFO] [stdout] running 0 tests
[INFO] [stdout] 
[INFO] [stdout] test result: ok. 0 passed; 0 failed; 0 ignored; 0 measured; 0 filtered out; finished in 0.00s
[INFO] [stdout] 
[INFO] [stdout] 
[INFO] [stdout] running 0 tests
[INFO] [stdout] 
[INFO] [stdout] test result: ok. 0 passed; 0 failed; 0 ignored; 0 measured; 0 filtered out; finished in 0.00s
[INFO] [stdout] 
[INFO] [stderr]    Doc-tests dale
[INFO] [stdout] 
[INFO] [stdout] running 0 tests
[INFO] [stdout] 
[INFO] [stdout] test result: ok. 0 passed; 0 failed; 0 ignored; 0 measured; 0 filtered out; finished in 0.00s
[INFO] [stdout] 
[INFO] [stderr]    Doc-tests dale-http
[INFO] [stdout] 
[INFO] [stdout] running 1 test
[INFO] [stdout] test dale-http/src/filters/header.rs - filters::header::exact_ignore_case (line 146) ... FAILED
[INFO] [stdout] 
[INFO] [stdout] failures:
[INFO] [stdout] 
[INFO] [stdout] ---- dale-http/src/filters/header.rs - filters::header::exact_ignore_case (line 146) stdout ----
[INFO] [stdout] error[E0433]: failed to resolve: use of undeclared crate or module `veep_core`
[INFO] [stdout]  --> dale-http/src/filters/header.rs:148:18
[INFO] [stdout]   |
[INFO] [stdout] 4 | let keep_alive = veep_core::filters::header::exact("connection", "keep-alive");
[INFO] [stdout]   |                  ^^^^^^^^^ use of undeclared crate or module `veep_core`
[INFO] [stdout]   |
[INFO] [stdout] help: consider importing this module
[INFO] [stdout]   |
[INFO] [stdout] 3 + use dale_http::filters::header;
[INFO] [stdout]   |
[INFO] [stdout] help: if you import `header`, refer to it directly
[INFO] [stdout]   |
[INFO] [stdout] 4 - let keep_alive = veep_core::filters::header::exact("connection", "keep-alive");
[INFO] [stdout] 4 + let keep_alive = header::exact("connection", "keep-alive");
[INFO] [stdout]   |
[INFO] [stdout] 
[INFO] [stdout] error: aborting due to previous error
[INFO] [stdout] 
[INFO] [stdout] For more information about this error, try `rustc --explain E0433`.
[INFO] [stdout] Couldn't compile the test.
[INFO] [stdout] 
[INFO] [stdout] failures:
[INFO] [stdout]     dale-http/src/filters/header.rs - filters::header::exact_ignore_case (line 146)
[INFO] [stdout] 
[INFO] [stdout] test result: FAILED. 0 passed; 1 failed; 0 ignored; 0 measured; 0 filtered out; finished in 0.05s
[INFO] [stdout] 
[INFO] [stderr] error: doctest failed, to rerun pass `-p dale-http --doc`
[INFO] running `Command { std: "docker" "inspect" "924c23ad4332d446301fc93d73773b0053c2bc885aa35566acc7513c6a53a80c", kill_on_drop: false }`
[INFO] running `Command { std: "docker" "rm" "-f" "924c23ad4332d446301fc93d73773b0053c2bc885aa35566acc7513c6a53a80c", kill_on_drop: false }`
[INFO] [stdout] 924c23ad4332d446301fc93d73773b0053c2bc885aa35566acc7513c6a53a80c
[INFO] testing kildevaeld/stuff-rs against beta-2023-12-22 for beta-1.76-1
[INFO] running `Command { std: "git" "clone" "/workspace/cache/git-repos/https%3A%2F%2Fgithub.com%2Fkildevaeld%2Fstuff-rs" "/workspace/builds/worker-4-tc2/source", kill_on_drop: false }`
[INFO] [stderr] Cloning into '/workspace/builds/worker-4-tc2/source'...
[INFO] [stderr] done.
[INFO] validating manifest of git repo https://github.com/kildevaeld/stuff-rs on toolchain beta-2023-12-22
[INFO] running `Command { std: CARGO_HOME="/workspace/cargo-home" RUSTUP_HOME="/workspace/rustup-home" "/workspace/cargo-home/bin/cargo" "+beta-2023-12-22" "metadata" "--manifest-path" "Cargo.toml" "--no-deps", kill_on_drop: false }`
[INFO] started tweaking git repo https://github.com/kildevaeld/stuff-rs
[INFO] finished tweaking git repo https://github.com/kildevaeld/stuff-rs
[INFO] tweaked toml for git repo https://github.com/kildevaeld/stuff-rs written to /workspace/builds/worker-4-tc2/source/Cargo.toml
[INFO] crate git repo https://github.com/kildevaeld/stuff-rs already has a lockfile, it will not be regenerated
[INFO] running `Command { std: CARGO_HOME="/workspace/cargo-home" RUSTUP_HOME="/workspace/rustup-home" "/workspace/cargo-home/bin/cargo" "+beta-2023-12-22" "fetch" "--manifest-path" "Cargo.toml", kill_on_drop: false }`
[INFO] [stderr] warning: virtual workspace defaulting to `resolver = "1"` despite one or more workspace members being on edition 2021 which implies `resolver = "2"`
[INFO] [stderr] note: to keep the current resolver, specify `workspace.resolver = "1"` in the workspace root's manifest
[INFO] [stderr] note: to use the edition 2021 resolver, specify `workspace.resolver = "2"` in the workspace root's manifest
[INFO] [stderr] note: for more details see https://doc.rust-lang.org/cargo/reference/resolver.html#resolver-versions
[INFO] running `Command { std: "docker" "create" "-v" "/var/lib/crater-agent-workspace/builds/worker-4-tc2/target:/opt/rustwide/target:rw,Z" "-v" "/var/lib/crater-agent-workspace/builds/worker-4-tc2/source:/opt/rustwide/workdir:ro,Z" "-v" "/var/lib/crater-agent-workspace/cargo-home:/opt/rustwide/cargo-home:ro,Z" "-v" "/var/lib/crater-agent-workspace/rustup-home:/opt/rustwide/rustup-home:ro,Z" "-e" "SOURCE_DIR=/opt/rustwide/workdir" "-e" "CARGO_TARGET_DIR=/opt/rustwide/target" "-e" "CARGO_HOME=/opt/rustwide/cargo-home" "-e" "RUSTUP_HOME=/opt/rustwide/rustup-home" "-w" "/opt/rustwide/workdir" "-m" "1610612736" "--user" "0:0" "--network" "none" "ghcr.io/rust-lang/crates-build-env/linux@sha256:2788e3201cd34a07e3172128adcd8b3090168a8e3bcc40d7c032b9dda1df7d1c" "/opt/rustwide/cargo-home/bin/cargo" "+beta-2023-12-22" "metadata" "--no-deps" "--format-version=1", kill_on_drop: false }`
[INFO] [stdout] 22e969af6cb93861aeb5aec9536142769a70f5f39bc2827ccb67f8d34e0f6476
[INFO] running `Command { std: "docker" "start" "-a" "22e969af6cb93861aeb5aec9536142769a70f5f39bc2827ccb67f8d34e0f6476", kill_on_drop: false }`
[INFO] running `Command { std: "docker" "inspect" "22e969af6cb93861aeb5aec9536142769a70f5f39bc2827ccb67f8d34e0f6476", kill_on_drop: false }`
[INFO] running `Command { std: "docker" "rm" "-f" "22e969af6cb93861aeb5aec9536142769a70f5f39bc2827ccb67f8d34e0f6476", kill_on_drop: false }`
[INFO] [stdout] 22e969af6cb93861aeb5aec9536142769a70f5f39bc2827ccb67f8d34e0f6476
[INFO] running `Command { std: "docker" "create" "-v" "/var/lib/crater-agent-workspace/builds/worker-4-tc2/target:/opt/rustwide/target:rw,Z" "-v" "/var/lib/crater-agent-workspace/builds/worker-4-tc2/source:/opt/rustwide/workdir:ro,Z" "-v" "/var/lib/crater-agent-workspace/cargo-home:/opt/rustwide/cargo-home:ro,Z" "-v" "/var/lib/crater-agent-workspace/rustup-home:/opt/rustwide/rustup-home:ro,Z" "-e" "SOURCE_DIR=/opt/rustwide/workdir" "-e" "CARGO_TARGET_DIR=/opt/rustwide/target" "-e" "CARGO_INCREMENTAL=0" "-e" "RUST_BACKTRACE=full" "-e" "RUSTFLAGS=--cap-lints=warn" "-e" "RUSTDOCFLAGS=--cap-lints=warn" "-e" "CARGO_HOME=/opt/rustwide/cargo-home" "-e" "RUSTUP_HOME=/opt/rustwide/rustup-home" "-w" "/opt/rustwide/workdir" "-m" "1610612736" "--user" "0:0" "--network" "none" "ghcr.io/rust-lang/crates-build-env/linux@sha256:2788e3201cd34a07e3172128adcd8b3090168a8e3bcc40d7c032b9dda1df7d1c" "/opt/rustwide/cargo-home/bin/cargo" "+beta-2023-12-22" "build" "--frozen" "--message-format=json", kill_on_drop: false }`
[INFO] [stdout] ea9ec40d8c2a41b83bddcd86dba6f966d257c64476925f4fe9c9d7519081558a
[INFO] running `Command { std: "docker" "start" "-a" "ea9ec40d8c2a41b83bddcd86dba6f966d257c64476925f4fe9c9d7519081558a", kill_on_drop: false }`
[INFO] [stderr] warning: virtual workspace defaulting to `resolver = "1"` despite one or more workspace members being on edition 2021 which implies `resolver = "2"`
[INFO] [stderr] note: to keep the current resolver, specify `workspace.resolver = "1"` in the workspace root's manifest
[INFO] [stderr] note: to use the edition 2021 resolver, specify `workspace.resolver = "2"` in the workspace root's manifest
[INFO] [stderr] note: for more details see https://doc.rust-lang.org/cargo/reference/resolver.html#resolver-versions
[INFO] [stderr]    Compiling proc-macro2 v1.0.43
[INFO] [stderr]    Compiling quote v1.0.21
[INFO] [stderr]    Compiling unicode-ident v1.0.4
[INFO] [stderr]    Compiling autocfg v1.1.0
[INFO] [stderr]    Compiling syn v1.0.100
[INFO] [stderr]    Compiling pin-project-lite v0.2.9
[INFO] [stderr]    Compiling futures-core v0.3.24
[INFO] [stderr]    Compiling libc v0.2.133
[INFO] [stderr]    Compiling cfg-if v1.0.0
[INFO] [stderr]    Compiling event-listener v2.5.3
[INFO] [stderr]    Compiling log v0.4.17
[INFO] [stderr]    Compiling futures-task v0.3.24
[INFO] [stderr]    Compiling futures-channel v0.3.24
[INFO] [stderr]    Compiling memchr v2.5.0
[INFO] [stderr]    Compiling async-trait v0.1.57
[INFO] [stderr]    Compiling fnv v1.0.7
[INFO] [stderr]    Compiling futures-util v0.3.24
[INFO] [stderr]    Compiling itoa v1.0.3
[INFO] [stderr]    Compiling bytes v1.2.1
[INFO] [stderr]    Compiling signal-hook v0.3.14
[INFO] [stderr]    Compiling futures-sink v0.3.24
[INFO] [stderr]    Compiling parking_lot_core v0.9.3
[INFO] [stderr]    Compiling async-lock v2.5.0
[INFO] [stderr]    Compiling scopeguard v1.1.0
[INFO] [stderr]    Compiling pin-utils v0.1.0
[INFO] [stderr]    Compiling smallvec v1.9.0
[INFO] [stderr]    Compiling futures-io v0.3.24
[INFO] [stderr]    Compiling spin v0.9.4
[INFO] [stderr]    Compiling once_cell v1.15.0
[INFO] [stderr]    Compiling slab v0.4.7
[INFO] [stderr]    Compiling lock_api v0.4.9
[INFO] [stderr]    Compiling either v1.8.0
[INFO] [stderr]    Compiling cache-padded v1.2.0
[INFO] [stderr]    Compiling http v0.2.8
[INFO] [stderr]    Compiling concurrent-queue v1.2.4
[INFO] [stderr]    Compiling futures-micro v0.5.0
[INFO] [stderr]    Compiling cfg-if v0.1.10
[INFO] [stderr]    Compiling bitflags v1.3.2
[INFO] [stderr]    Compiling value v0.1.0 (https://github.com/kildevaeld/value-rs#fa7421b5)
[INFO] [stderr]    Compiling tracing-core v0.1.30
[INFO] [stderr]    Compiling generational-arena v0.2.8
[INFO] [stderr]    Compiling async-oneshot v0.5.0
[INFO] [stderr]    Compiling mime v0.3.16
[INFO] [stderr]    Compiling fetcher v0.1.0 (/opt/rustwide/workdir/fetcher)
[INFO] [stdout] warning: unused import: `PathBuf`
[INFO] [stdout]  --> fetcher/src/types.rs:1:23
[INFO] [stdout]   |
[INFO] [stdout] 1 | use std::path::{Path, PathBuf};
[INFO] [stdout]   |                       ^^^^^^^
[INFO] [stdout]   |
[INFO] [stdout]   = note: `#[warn(unused_imports)]` on by default
[INFO] [stdout] 
[INFO] [stdout] 
[INFO] [stderr]    Compiling async-channel v1.7.1
[INFO] [stdout] warning: 1 warning emitted
[INFO] [stdout] 
[INFO] [stdout] 
[INFO] [stderr]    Compiling signal-hook-registry v1.4.0
[INFO] [stderr]    Compiling mio v0.8.4
[INFO] [stderr]    Compiling tracing v0.1.36
[INFO] [stderr]    Compiling parking_lot v0.12.1
[INFO] [stderr]    Compiling dale v0.1.0 (/opt/rustwide/workdir/dale)
[INFO] [stderr]    Compiling http-body v0.4.5
[INFO] [stderr]    Compiling signal-hook-mio v0.2.3
[INFO] [stderr]    Compiling crossterm v0.25.0
[INFO] [stderr]    Compiling dale-http v0.1.0 (/opt/rustwide/workdir/dale-http)
[INFO] [stderr]    Compiling listr v0.1.0 (/opt/rustwide/workdir/listr)
[INFO] [stdout] warning: unused import: `std::iter::Skip`
[INFO] [stdout]  --> listr/src/lib.rs:1:5
[INFO] [stdout]   |
[INFO] [stdout] 1 | use std::iter::Skip;
[INFO] [stdout]   |     ^^^^^^^^^^^^^^^
[INFO] [stdout]   |
[INFO] [stdout]   = note: `#[warn(unused_imports)]` on by default
[INFO] [stdout] 
[INFO] [stdout] 
[INFO] [stdout] warning: unused variable: `ret`
[INFO] [stdout]   --> listr/src/lib.rs:66:13
[INFO] [stdout]    |
[INFO] [stdout] 66 |         let ret = match task.task.call(self.ctx.clone()).await {
[INFO] [stdout]    |             ^^^ help: if this is intentional, prefix it with an underscore: `_ret`
[INFO] [stdout]    |
[INFO] [stdout]    = note: `#[warn(unused_variables)]` on by default
[INFO] [stdout] 
[INFO] [stdout] 
[INFO] [stdout] warning: unused variable: `err`
[INFO] [stdout]   --> listr/src/lib.rs:67:30
[INFO] [stdout]    |
[INFO] [stdout] 67 |             Outcome::Failure(err) => {
[INFO] [stdout]    |                              ^^^ help: if this is intentional, prefix it with an underscore: `_err`
[INFO] [stdout] 
[INFO] [stdout] 
[INFO] [stdout] warning: unused import: `str::ParseBoolError`
[INFO] [stdout]  --> dale-http/src/common/to_string.rs:9:11
[INFO] [stdout]   |
[INFO] [stdout] 9 | use std::{str::ParseBoolError, task::Poll};
[INFO] [stdout]   |           ^^^^^^^^^^^^^^^^^^^
[INFO] [stdout]   |
[INFO] [stdout]   = note: `#[warn(unused_imports)]` on by default
[INFO] [stdout] 
[INFO] [stdout] 
[INFO] [stdout] warning: field `title` is never read
[INFO] [stdout]   --> listr/src/lib.rs:40:5
[INFO] [stdout]    |
[INFO] [stdout] 39 | pub struct WorkDesc<C> {
[INFO] [stdout]    |            -------- field in this struct
[INFO] [stdout] 40 |     title: String,
[INFO] [stdout]    |     ^^^^^
[INFO] [stdout]    |
[INFO] [stdout]    = note: `#[warn(dead_code)]` on by default
[INFO] [stdout] 
[INFO] [stdout] 
[INFO] [stdout] warning: unused `Result` that must be used
[INFO] [stdout]   --> listr/src/lib.rs:82:13
[INFO] [stdout]    |
[INFO] [stdout] 82 |             self.run_task(work).await;
[INFO] [stdout]    |             ^^^^^^^^^^^^^^^^^^^^^^^^^
[INFO] [stdout]    |
[INFO] [stdout]    = note: this `Result` may be an `Err` variant, which should be handled
[INFO] [stdout]    = note: `#[warn(unused_must_use)]` on by default
[INFO] [stdout] help: use `let _ = ...` to ignore the resulting value
[INFO] [stdout]    |
[INFO] [stdout] 82 |             let _ = self.run_task(work).await;
[INFO] [stdout]    |             +++++++
[INFO] [stdout] 
[INFO] [stdout] 
[INFO] [stdout] warning: 5 warnings emitted
[INFO] [stdout] 
[INFO] [stdout] 
[INFO] [stdout] warning: 1 warning emitted
[INFO] [stdout] 
[INFO] [stdout] 
[INFO] [stderr]    Compiling futures-macro v0.3.24
[INFO] [stderr]    Compiling locking v0.1.0 (/opt/rustwide/workdir/locking)
[INFO] [stderr]    Compiling state v0.1.0 (/opt/rustwide/workdir/state)
[INFO] [stderr]    Compiling cliupdate v0.1.0 (/opt/rustwide/workdir/cliupdate)
[INFO] [stderr]    Compiling emitter v0.1.0 (/opt/rustwide/workdir/emitter)
[INFO] [stdout] warning: comparison is useless due to type limits
[INFO] [stdout]   --> cliupdate/src/spinner.rs:24:24
[INFO] [stdout]    |
[INFO] [stdout] 24 |                     if frame < $count {
[INFO] [stdout]    |                        ^^^^^
[INFO] [stdout] ...
[INFO] [stdout] 37 | array!(0 1 2 3 4 5 6 7 8 9 10 11 12 13 14 15 16);
[INFO] [stdout]    | ------------------------------------------------ in this macro invocation
[INFO] [stdout]    |
[INFO] [stdout]    = note: `#[warn(unused_comparisons)]` on by default
[INFO] [stdout]    = note: this warning originates in the macro `array` (in Nightly builds, run with -Z macro-backtrace for more info)
[INFO] [stdout] 
[INFO] [stdout] 
[INFO] [stdout] warning: 1 warning emitted
[INFO] [stdout] 
[INFO] [stdout] 
[INFO] [stderr]    Compiling futures-executor v0.3.24
[INFO] [stderr]    Compiling futures v0.3.24
[INFO] [stderr]    Compiling driver v0.1.0 (/opt/rustwide/workdir/driver)
[INFO] [stdout] warning: unused pinned boxed `futures::Future` trait object that must be used
[INFO] [stdout]    --> driver/src/lib.rs:223:9
[INFO] [stdout]     |
[INFO] [stdout] 223 | /         spawner.spawn(async move {
[INFO] [stdout] 224 | |             let ret = handler.process(next.context, next.event).await;
[INFO] [stdout] 225 | |             if let Some(mut returns) = next.returns {
[INFO] [stdout] 226 | |                 returns.send(ret).ok();
[INFO] [stdout] 227 | |             }
[INFO] [stdout] 228 | |         });
[INFO] [stdout]     | |__________^
[INFO] [stdout]     |
[INFO] [stdout]     = note: futures do nothing unless you `.await` or poll them
[INFO] [stdout]     = note: `#[warn(unused_must_use)]` on by default
[INFO] [stdout] 
[INFO] [stdout] 
[INFO] [stdout] warning: 1 warning emitted
[INFO] [stdout] 
[INFO] [stdout] 
[INFO] [stderr]     Finished dev [unoptimized + debuginfo] target(s) in 6.29s
[INFO] running `Command { std: "docker" "inspect" "ea9ec40d8c2a41b83bddcd86dba6f966d257c64476925f4fe9c9d7519081558a", kill_on_drop: false }`
[INFO] running `Command { std: "docker" "rm" "-f" "ea9ec40d8c2a41b83bddcd86dba6f966d257c64476925f4fe9c9d7519081558a", kill_on_drop: false }`
[INFO] [stdout] ea9ec40d8c2a41b83bddcd86dba6f966d257c64476925f4fe9c9d7519081558a
[INFO] running `Command { std: "docker" "create" "-v" "/var/lib/crater-agent-workspace/builds/worker-4-tc2/target:/opt/rustwide/target:rw,Z" "-v" "/var/lib/crater-agent-workspace/builds/worker-4-tc2/source:/opt/rustwide/workdir:ro,Z" "-v" "/var/lib/crater-agent-workspace/cargo-home:/opt/rustwide/cargo-home:ro,Z" "-v" "/var/lib/crater-agent-workspace/rustup-home:/opt/rustwide/rustup-home:ro,Z" "-e" "SOURCE_DIR=/opt/rustwide/workdir" "-e" "CARGO_TARGET_DIR=/opt/rustwide/target" "-e" "CARGO_INCREMENTAL=0" "-e" "RUST_BACKTRACE=full" "-e" "RUSTFLAGS=--cap-lints=warn" "-e" "RUSTDOCFLAGS=--cap-lints=warn" "-e" "CARGO_HOME=/opt/rustwide/cargo-home" "-e" "RUSTUP_HOME=/opt/rustwide/rustup-home" "-w" "/opt/rustwide/workdir" "-m" "1610612736" "--user" "0:0" "--network" "none" "ghcr.io/rust-lang/crates-build-env/linux@sha256:2788e3201cd34a07e3172128adcd8b3090168a8e3bcc40d7c032b9dda1df7d1c" "/opt/rustwide/cargo-home/bin/cargo" "+beta-2023-12-22" "test" "--frozen" "--no-run" "--message-format=json", kill_on_drop: false }`
[INFO] [stdout] 135d24ac7498b2fa5bb3e5fcc80a9168fd0a40faa89392d8956c45a8b464fa23
[INFO] running `Command { std: "docker" "start" "-a" "135d24ac7498b2fa5bb3e5fcc80a9168fd0a40faa89392d8956c45a8b464fa23", kill_on_drop: false }`
[INFO] [stderr] warning: virtual workspace defaulting to `resolver = "1"` despite one or more workspace members being on edition 2021 which implies `resolver = "2"`
[INFO] [stderr] note: to keep the current resolver, specify `workspace.resolver = "1"` in the workspace root's manifest
[INFO] [stderr] note: to use the edition 2021 resolver, specify `workspace.resolver = "2"` in the workspace root's manifest
[INFO] [stderr] note: for more details see https://doc.rust-lang.org/cargo/reference/resolver.html#resolver-versions
[INFO] [stderr]    Compiling tokio v1.21.1
[INFO] [stderr]    Compiling socket2 v0.4.7
[INFO] [stderr]    Compiling num_cpus v1.13.1
[INFO] [stderr]    Compiling httparse v1.8.0
[INFO] [stderr]    Compiling tokio-macros v1.8.0
[INFO] [stderr]    Compiling try-lock v0.2.3
[INFO] [stderr]    Compiling httpdate v1.0.2
[INFO] [stderr]    Compiling tower-service v0.3.2
[INFO] [stdout] warning: unused import: `str::ParseBoolError`
[INFO] [stdout]  --> dale-http/src/common/to_string.rs:9:11
[INFO] [stdout]   |
[INFO] [stdout] 9 | use std::{str::ParseBoolError, task::Poll};
[INFO] [stdout]   |           ^^^^^^^^^^^^^^^^^^^
[INFO] [stdout]   |
[INFO] [stdout]   = note: `#[warn(unused_imports)]` on by default
[INFO] [stdout] 
[INFO] [stdout] 
[INFO] [stdout] warning: 1 warning emitted
[INFO] [stdout] 
[INFO] [stdout] 
[INFO] [stdout] warning: unused import: `std::iter::Skip`
[INFO] [stdout]  --> listr/src/lib.rs:1:5
[INFO] [stdout]   |
[INFO] [stdout] 1 | use std::iter::Skip;
[INFO] [stdout]   |     ^^^^^^^^^^^^^^^
[INFO] [stdout]   |
[INFO] [stdout]   = note: `#[warn(unused_imports)]` on by default
[INFO] [stdout] 
[INFO] [stdout] 
[INFO] [stdout] warning: unused variable: `ret`
[INFO] [stdout]   --> listr/src/lib.rs:66:13
[INFO] [stdout]    |
[INFO] [stdout] 66 |         let ret = match task.task.call(self.ctx.clone()).await {
[INFO] [stdout]    |             ^^^ help: if this is intentional, prefix it with an underscore: `_ret`
[INFO] [stdout]    |
[INFO] [stdout]    = note: `#[warn(unused_variables)]` on by default
[INFO] [stdout] 
[INFO] [stdout] 
[INFO] [stdout] warning: unused variable: `err`
[INFO] [stdout]   --> listr/src/lib.rs:67:30
[INFO] [stdout]    |
[INFO] [stdout] 67 |             Outcome::Failure(err) => {
[INFO] [stdout]    |                              ^^^ help: if this is intentional, prefix it with an underscore: `_err`
[INFO] [stdout] 
[INFO] [stdout] 
[INFO] [stdout] warning: field `title` is never read
[INFO] [stdout]   --> listr/src/lib.rs:40:5
[INFO] [stdout]    |
[INFO] [stdout] 39 | pub struct WorkDesc<C> {
[INFO] [stdout]    |            -------- field in this struct
[INFO] [stdout] 40 |     title: String,
[INFO] [stdout]    |     ^^^^^
[INFO] [stdout]    |
[INFO] [stdout]    = note: `#[warn(dead_code)]` on by default
[INFO] [stdout] 
[INFO] [stdout] 
[INFO] [stdout] warning: unused `Result` that must be used
[INFO] [stdout]   --> listr/src/lib.rs:82:13
[INFO] [stdout]    |
[INFO] [stdout] 82 |             self.run_task(work).await;
[INFO] [stdout]    |             ^^^^^^^^^^^^^^^^^^^^^^^^^
[INFO] [stdout]    |
[INFO] [stdout]    = note: this `Result` may be an `Err` variant, which should be handled
[INFO] [stdout]    = note: `#[warn(unused_must_use)]` on by default
[INFO] [stdout] help: use `let _ = ...` to ignore the resulting value
[INFO] [stdout]    |
[INFO] [stdout] 82 |             let _ = self.run_task(work).await;
[INFO] [stdout]    |             +++++++
[INFO] [stdout] 
[INFO] [stdout] 
[INFO] [stdout] warning: 5 warnings emitted
[INFO] [stdout] 
[INFO] [stdout] 
[INFO] [stdout] warning: unused import: `PathBuf`
[INFO] [stdout]  --> fetcher/src/types.rs:1:23
[INFO] [stdout]   |
[INFO] [stdout] 1 | use std::path::{Path, PathBuf};
[INFO] [stdout]   |                       ^^^^^^^
[INFO] [stdout]   |
[INFO] [stdout]   = note: `#[warn(unused_imports)]` on by default
[INFO] [stdout] 
[INFO] [stdout] 
[INFO] [stdout] warning: 1 warning emitted
[INFO] [stdout] 
[INFO] [stdout] 
[INFO] [stderr]    Compiling emitter v0.1.0 (/opt/rustwide/workdir/emitter)
[INFO] [stdout] warning: comparison is useless due to type limits
[INFO] [stdout]   --> cliupdate/src/spinner.rs:24:24
[INFO] [stdout]    |
[INFO] [stdout] 24 |                     if frame < $count {
[INFO] [stdout]    |                        ^^^^^
[INFO] [stdout] ...
[INFO] [stdout] 37 | array!(0 1 2 3 4 5 6 7 8 9 10 11 12 13 14 15 16);
[INFO] [stdout]    | ------------------------------------------------ in this macro invocation
[INFO] [stdout]    |
[INFO] [stdout]    = note: `#[warn(unused_comparisons)]` on by default
[INFO] [stdout]    = note: this warning originates in the macro `array` (in Nightly builds, run with -Z macro-backtrace for more info)
[INFO] [stdout] 
[INFO] [stdout] 
[INFO] [stderr]    Compiling cliupdate v0.1.0 (/opt/rustwide/workdir/cliupdate)
[INFO] [stdout] warning: 1 warning emitted
[INFO] [stdout] 
[INFO] [stdout] 
[INFO] [stderr]    Compiling dale v0.1.0 (/opt/rustwide/workdir/dale)
[INFO] [stdout] warning: unused pinned boxed `futures::Future` trait object that must be used
[INFO] [stdout]    --> driver/src/lib.rs:223:9
[INFO] [stdout]     |
[INFO] [stdout] 223 | /         spawner.spawn(async move {
[INFO] [stdout] 224 | |             let ret = handler.process(next.context, next.event).await;
[INFO] [stdout] 225 | |             if let Some(mut returns) = next.returns {
[INFO] [stdout] 226 | |                 returns.send(ret).ok();
[INFO] [stdout] 227 | |             }
[INFO] [stdout] 228 | |         });
[INFO] [stdout]     | |__________^
[INFO] [stdout]     |
[INFO] [stdout]     = note: futures do nothing unless you `.await` or poll them
[INFO] [stdout]     = note: `#[warn(unused_must_use)]` on by default
[INFO] [stdout] 
[INFO] [stdout] 
[INFO] [stdout] warning: 1 warning emitted
[INFO] [stdout] 
[INFO] [stdout] 
[INFO] [stderr]    Compiling state v0.1.0 (/opt/rustwide/workdir/state)
[INFO] [stderr]    Compiling listr v0.1.0 (/opt/rustwide/workdir/listr)
[INFO] [stderr]    Compiling locking v0.1.0 (/opt/rustwide/workdir/locking)
[INFO] [stderr]    Compiling fetcher v0.1.0 (/opt/rustwide/workdir/fetcher)
[INFO] [stdout] warning: unused import: `PathBuf`
[INFO] [stdout]  --> fetcher/src/types.rs:1:23
[INFO] [stdout]   |
[INFO] [stdout] 1 | use std::path::{Path, PathBuf};
[INFO] [stdout]   |                       ^^^^^^^
[INFO] [stdout]   |
[INFO] [stdout]   = note: `#[warn(unused_imports)]` on by default
[INFO] [stdout] 
[INFO] [stdout] 
[INFO] [stdout] warning: unused import: `std::iter::Skip`
[INFO] [stdout]  --> listr/src/lib.rs:1:5
[INFO] [stdout]   |
[INFO] [stdout] 1 | use std::iter::Skip;
[INFO] [stdout]   |     ^^^^^^^^^^^^^^^
[INFO] [stdout]   |
[INFO] [stdout]   = note: `#[warn(unused_imports)]` on by default
[INFO] [stdout] 
[INFO] [stdout] 
[INFO] [stderr]    Compiling want v0.3.0
[INFO] [stdout] warning: unused variable: `ret`
[INFO] [stdout]   --> listr/src/lib.rs:66:13
[INFO] [stdout]    |
[INFO] [stdout] 66 |         let ret = match task.task.call(self.ctx.clone()).await {
[INFO] [stdout]    |             ^^^ help: if this is intentional, prefix it with an underscore: `_ret`
[INFO] [stdout]    |
[INFO] [stdout]    = note: `#[warn(unused_variables)]` on by default
[INFO] [stdout] 
[INFO] [stdout] 
[INFO] [stdout] warning: unused variable: `err`
[INFO] [stdout]   --> listr/src/lib.rs:67:30
[INFO] [stdout]    |
[INFO] [stdout] 67 |             Outcome::Failure(err) => {
[INFO] [stdout]    |                              ^^^ help: if this is intentional, prefix it with an underscore: `_err`
[INFO] [stdout] 
[INFO] [stdout] 
[INFO] [stdout] warning: field `title` is never read
[INFO] [stdout]   --> listr/src/lib.rs:40:5
[INFO] [stdout]    |
[INFO] [stdout] 39 | pub struct WorkDesc<C> {
[INFO] [stdout]    |            -------- field in this struct
[INFO] [stdout] 40 |     title: String,
[INFO] [stdout]    |     ^^^^^
[INFO] [stdout]    |
[INFO] [stdout]    = note: `#[warn(dead_code)]` on by default
[INFO] [stdout] 
[INFO] [stdout] 
[INFO] [stdout] warning: unused `Result` that must be used
[INFO] [stdout]   --> listr/src/lib.rs:82:13
[INFO] [stdout]    |
[INFO] [stdout] 82 |             self.run_task(work).await;
[INFO] [stdout]    |             ^^^^^^^^^^^^^^^^^^^^^^^^^
[INFO] [stdout]    |
[INFO] [stdout]    = note: this `Result` may be an `Err` variant, which should be handled
[INFO] [stdout]    = note: `#[warn(unused_must_use)]` on by default
[INFO] [stdout] help: use `let _ = ...` to ignore the resulting value
[INFO] [stdout]    |
[INFO] [stdout] 82 |             let _ = self.run_task(work).await;
[INFO] [stdout]    |             +++++++
[INFO] [stdout] 
[INFO] [stdout] 
[INFO] [stdout] warning: 1 warning emitted
[INFO] [stdout] 
[INFO] [stdout] 
[INFO] [stdout] warning: 5 warnings emitted
[INFO] [stdout] 
[INFO] [stdout] 
[INFO] [stdout] warning: comparison is useless due to type limits
[INFO] [stdout]   --> cliupdate/src/spinner.rs:24:24
[INFO] [stdout]    |
[INFO] [stdout] 24 |                     if frame < $count {
[INFO] [stdout]    |                        ^^^^^
[INFO] [stdout] ...
[INFO] [stdout] 37 | array!(0 1 2 3 4 5 6 7 8 9 10 11 12 13 14 15 16);
[INFO] [stdout]    | ------------------------------------------------ in this macro invocation
[INFO] [stdout]    |
[INFO] [stdout]    = note: `#[warn(unused_comparisons)]` on by default
[INFO] [stdout]    = note: this warning originates in the macro `array` (in Nightly builds, run with -Z macro-backtrace for more info)
[INFO] [stdout] 
[INFO] [stdout] 
[INFO] [stdout] warning: 1 warning emitted
[INFO] [stdout] 
[INFO] [stdout] 
[INFO] [stderr]    Compiling hyper v0.14.20
[INFO] [stderr]    Compiling driver v0.1.0 (/opt/rustwide/workdir/driver)
[INFO] [stdout] warning: unused pinned boxed `futures::Future` trait object that must be used
[INFO] [stdout]    --> driver/src/lib.rs:223:9
[INFO] [stdout]     |
[INFO] [stdout] 223 | /         spawner.spawn(async move {
[INFO] [stdout] 224 | |             let ret = handler.process(next.context, next.event).await;
[INFO] [stdout] 225 | |             if let Some(mut returns) = next.returns {
[INFO] [stdout] 226 | |                 returns.send(ret).ok();
[INFO] [stdout] 227 | |             }
[INFO] [stdout] 228 | |         });
[INFO] [stdout]     | |__________^
[INFO] [stdout]     |
[INFO] [stdout]     = note: futures do nothing unless you `.await` or poll them
[INFO] [stdout]     = note: `#[warn(unused_must_use)]` on by default
[INFO] [stdout] 
[INFO] [stdout] 
[INFO] [stdout] warning: 1 warning emitted
[INFO] [stdout] 
[INFO] [stdout] 
[INFO] [stderr]    Compiling dale-http v0.1.0 (/opt/rustwide/workdir/dale-http)
[INFO] [stdout] warning: unused import: `str::ParseBoolError`
[INFO] [stdout]  --> dale-http/src/common/to_string.rs:9:11
[INFO] [stdout]   |
[INFO] [stdout] 9 | use std::{str::ParseBoolError, task::Poll};
[INFO] [stdout]   |           ^^^^^^^^^^^^^^^^^^^
[INFO] [stdout]   |
[INFO] [stdout]   = note: `#[warn(unused_imports)]` on by default
[INFO] [stdout] 
[INFO] [stdout] 
[INFO] [stdout] warning: 1 warning emitted
[INFO] [stdout] 
[INFO] [stdout] 
[INFO] [stderr]     Finished test [unoptimized + debuginfo] target(s) in 5.18s
[INFO] running `Command { std: "docker" "inspect" "135d24ac7498b2fa5bb3e5fcc80a9168fd0a40faa89392d8956c45a8b464fa23", kill_on_drop: false }`
[INFO] running `Command { std: "docker" "rm" "-f" "135d24ac7498b2fa5bb3e5fcc80a9168fd0a40faa89392d8956c45a8b464fa23", kill_on_drop: false }`
[INFO] [stdout] 135d24ac7498b2fa5bb3e5fcc80a9168fd0a40faa89392d8956c45a8b464fa23
[INFO] running `Command { std: "docker" "create" "-v" "/var/lib/crater-agent-workspace/builds/worker-4-tc2/target:/opt/rustwide/target:rw,Z" "-v" "/var/lib/crater-agent-workspace/builds/worker-4-tc2/source:/opt/rustwide/workdir:ro,Z" "-v" "/var/lib/crater-agent-workspace/cargo-home:/opt/rustwide/cargo-home:ro,Z" "-v" "/var/lib/crater-agent-workspace/rustup-home:/opt/rustwide/rustup-home:ro,Z" "-e" "SOURCE_DIR=/opt/rustwide/workdir" "-e" "CARGO_TARGET_DIR=/opt/rustwide/target" "-e" "CARGO_INCREMENTAL=0" "-e" "RUST_BACKTRACE=full" "-e" "RUSTFLAGS=--cap-lints=warn" "-e" "RUSTDOCFLAGS=--cap-lints=warn" "-e" "CARGO_HOME=/opt/rustwide/cargo-home" "-e" "RUSTUP_HOME=/opt/rustwide/rustup-home" "-w" "/opt/rustwide/workdir" "-m" "1610612736" "--user" "0:0" "--network" "none" "ghcr.io/rust-lang/crates-build-env/linux@sha256:2788e3201cd34a07e3172128adcd8b3090168a8e3bcc40d7c032b9dda1df7d1c" "/opt/rustwide/cargo-home/bin/cargo" "+beta-2023-12-22" "test" "--frozen", kill_on_drop: false }`
[INFO] [stdout] a25b9a51f6bae0eabe659e49b9274d5153f5fcf4aceffda2083171b5076f913d
[INFO] running `Command { std: "docker" "start" "-a" "a25b9a51f6bae0eabe659e49b9274d5153f5fcf4aceffda2083171b5076f913d", kill_on_drop: false }`
[INFO] [stderr] warning: virtual workspace defaulting to `resolver = "1"` despite one or more workspace members being on edition 2021 which implies `resolver = "2"`
[INFO] [stderr] note: to keep the current resolver, specify `workspace.resolver = "1"` in the workspace root's manifest
[INFO] [stderr] note: to use the edition 2021 resolver, specify `workspace.resolver = "2"` in the workspace root's manifest
[INFO] [stderr] note: for more details see https://doc.rust-lang.org/cargo/reference/resolver.html#resolver-versions
[INFO] [stderr] warning: unused import: `std::iter::Skip`
[INFO] [stderr]  --> listr/src/lib.rs:1:5
[INFO] [stderr]   |
[INFO] [stderr] 1 | use std::iter::Skip;
[INFO] [stderr]   |     ^^^^^^^^^^^^^^^
[INFO] [stderr]   |
[INFO] [stderr]   = note: `#[warn(unused_imports)]` on by default
[INFO] [stderr] 
[INFO] [stderr] warning: unused variable: `ret`
[INFO] [stderr]   --> listr/src/lib.rs:66:13
[INFO] [stderr]    |
[INFO] [stderr] 66 |         let ret = match task.task.call(self.ctx.clone()).await {
[INFO] [stderr]    |             ^^^ help: if this is intentional, prefix it with an underscore: `_ret`
[INFO] [stderr]    |
[INFO] [stderr]    = note: `#[warn(unused_variables)]` on by default
[INFO] [stderr] 
[INFO] [stderr] warning: unused variable: `err`
[INFO] [stderr]   --> listr/src/lib.rs:67:30
[INFO] [stderr]    |
[INFO] [stderr] 67 |             Outcome::Failure(err) => {
[INFO] [stderr]    |                              ^^^ help: if this is intentional, prefix it with an underscore: `_err`
[INFO] [stderr] 
[INFO] [stderr] warning: field `title` is never read
[INFO] [stderr]   --> listr/src/lib.rs:40:5
[INFO] [stderr]    |
[INFO] [stderr] 39 | pub struct WorkDesc<C> {
[INFO] [stderr]    |            -------- field in this struct
[INFO] [stderr] 40 |     title: String,
[INFO] [stderr]    |     ^^^^^
[INFO] [stderr]    |
[INFO] [stderr]    = note: `#[warn(dead_code)]` on by default
[INFO] [stderr] 
[INFO] [stderr] warning: unused `Result` that must be used
[INFO] [stderr]   --> listr/src/lib.rs:82:13
[INFO] [stderr]    |
[INFO] [stderr] 82 |             self.run_task(work).await;
[INFO] [stderr]    |             ^^^^^^^^^^^^^^^^^^^^^^^^^
[INFO] [stderr]    |
[INFO] [stderr]    = note: this `Result` may be an `Err` variant, which should be handled
[INFO] [stderr]    = note: `#[warn(unused_must_use)]` on by default
[INFO] [stderr] help: use `let _ = ...` to ignore the resulting value
[INFO] [stderr]    |
[INFO] [stderr] 82 |             let _ = self.run_task(work).await;
[INFO] [stderr]    |             +++++++
[INFO] [stderr] 
[INFO] [stderr] warning: unused import: `str::ParseBoolError`
[INFO] [stderr]  --> dale-http/src/common/to_string.rs:9:11
[INFO] [stderr]   |
[INFO] [stderr] 9 | use std::{str::ParseBoolError, task::Poll};
[INFO] [stderr]   |           ^^^^^^^^^^^^^^^^^^^
[INFO] [stderr]   |
[INFO] [stderr]   = note: `#[warn(unused_imports)]` on by default
[INFO] [stderr] 
[INFO] [stderr] warning: unused import: `PathBuf`
[INFO] [stderr]  --> fetcher/src/types.rs:1:23
[INFO] [stderr]   |
[INFO] [stderr] 1 | use std::path::{Path, PathBuf};
[INFO] [stderr]   |                       ^^^^^^^
[INFO] [stderr]   |
[INFO] [stderr]   = note: `#[warn(unused_imports)]` on by default
[INFO] [stderr] 
[INFO] [stderr] warning: `listr` (lib) generated 5 warnings (run `cargo fix --lib -p listr` to apply 3 suggestions)
[INFO] [stderr] warning: `dale-http` (lib) generated 1 warning (run `cargo fix --lib -p dale-http` to apply 1 suggestion)
[INFO] [stderr] warning: `fetcher` (lib) generated 1 warning (run `cargo fix --lib -p fetcher` to apply 1 suggestion)
[INFO] [stderr] warning: `listr` (lib test) generated 5 warnings (5 duplicates)
[INFO] [stderr] warning: `fetcher` (lib test) generated 1 warning (1 duplicate)
[INFO] [stderr] warning: comparison is useless due to type limits
[INFO] [stderr]   --> cliupdate/src/spinner.rs:24:24
[INFO] [stderr]    |
[INFO] [stderr] 24 |                     if frame < $count {
[INFO] [stderr]    |                        ^^^^^
[INFO] [stderr] ...
[INFO] [stderr] 37 | array!(0 1 2 3 4 5 6 7 8 9 10 11 12 13 14 15 16);
[INFO] [stderr]    | ------------------------------------------------ in this macro invocation
[INFO] [stderr]    |
[INFO] [stderr]    = note: `#[warn(unused_comparisons)]` on by default
[INFO] [stderr]    = note: this warning originates in the macro `array` (in Nightly builds, run with -Z macro-backtrace for more info)
[INFO] [stderr] 
[INFO] [stderr] warning: unused pinned boxed `futures::Future` trait object that must be used
[INFO] [stderr]    --> driver/src/lib.rs:223:9
[INFO] [stderr]     |
[INFO] [stderr] 223 | /         spawner.spawn(async move {
[INFO] [stderr] 224 | |             let ret = handler.process(next.context, next.event).await;
[INFO] [stderr] 225 | |             if let Some(mut returns) = next.returns {
[INFO] [stderr] 226 | |                 returns.send(ret).ok();
[INFO] [stderr] 227 | |             }
[INFO] [stderr] 228 | |         });
[INFO] [stderr]     | |__________^
[INFO] [stderr]     |
[INFO] [stderr]     = note: futures do nothing unless you `.await` or poll them
[INFO] [stderr]     = note: `#[warn(unused_must_use)]` on by default
[INFO] [stderr] 
[INFO] [stderr] warning: `cliupdate` (lib) generated 1 warning
[INFO] [stderr] warning: `driver` (lib) generated 1 warning
[INFO] [stderr] warning: `dale-http` (lib test) generated 1 warning (1 duplicate)
[INFO] [stderr] warning: `driver` (lib test) generated 1 warning (1 duplicate)
[INFO] [stderr] warning: `cliupdate` (lib test) generated 1 warning (1 duplicate)
[INFO] [stderr]     Finished test [unoptimized + debuginfo] target(s) in 0.09s
[INFO] [stderr]      Running unittests src/lib.rs (/opt/rustwide/target/debug/deps/cliupdate-0a6767034dcd21be)
[INFO] [stdout] 
[INFO] [stdout] running 1 test
[INFO] [stdout] test message::message_impl::test::test_vec ... ok
[INFO] [stdout] 
[INFO] [stdout] test result: ok. 1 passed; 0 failed; 0 ignored; 0 measured; 0 filtered out; finished in 0.00s
[INFO] [stdout] 
[INFO] [stderr]      Running unittests src/lib.rs (/opt/rustwide/target/debug/deps/dale-981e406b154a5559)
[INFO] [stdout] 
[INFO] [stdout] running 2 tests
[INFO] [stdout] test combinators::err_into::tests::test_boxed ... ok
[INFO] [stdout] test combinators::err_into::tests::test_err_into ... ok
[INFO] [stdout] 
[INFO] [stdout] test result: ok. 2 passed; 0 failed; 0 ignored; 0 measured; 0 filtered out; finished in 0.00s
[INFO] [stdout] 
[INFO] [stderr]      Running unittests src/lib.rs (/opt/rustwide/target/debug/deps/dale_http-1d49a0d1f959774e)
[INFO] [stdout] 
[INFO] [stdout] running 5 tests
[INFO] [stdout] test common::buf::tests::to_bytes_shorter ... ok
[INFO] [stdout] test common::buf::tests::one_long_buf_to_bytes ... ok
[INFO] [stdout] test common::buf::tests::to_bytes_eq ... ok
[INFO] [stdout] test common::buf::tests::to_bytes_longer ... ok
[INFO] [stdout] test common::buf::tests::buf_to_bytes_too_many - should panic ... ok
[INFO] [stdout] 
[INFO] [stdout] test result: ok. 5 passed; 0 failed; 0 ignored; 0 measured; 0 filtered out; finished in 0.01s
[INFO] [stdout] 
[INFO] [stderr]      Running unittests src/lib.rs (/opt/rustwide/target/debug/deps/driver-f56c2d6525f74083)
[INFO] [stdout] 
[INFO] [stdout] running 0 tests
[INFO] [stdout] 
[INFO] [stdout] test result: ok. 0 passed; 0 failed; 0 ignored; 0 measured; 0 filtered out; finished in 0.00s
[INFO] [stdout] 
[INFO] [stderr]      Running unittests src/lib.rs (/opt/rustwide/target/debug/deps/emitter-0f6b2c5c1910343b)
[INFO] [stdout] 
[INFO] [stdout] running 1 test
[INFO] [stdout] test test::test ... ok
[INFO] [stdout] 
[INFO] [stdout] test result: ok. 1 passed; 0 failed; 0 ignored; 0 measured; 0 filtered out; finished in 0.00s
[INFO] [stdout] 
[INFO] [stderr]      Running unittests src/lib.rs (/opt/rustwide/target/debug/deps/fetcher-4cbcf0558bac4454)
[INFO] [stdout] 
[INFO] [stdout] running 0 tests
[INFO] [stdout] 
[INFO] [stdout] test result: ok. 0 passed; 0 failed; 0 ignored; 0 measured; 0 filtered out; finished in 0.00s
[INFO] [stdout] 
[INFO] [stderr]      Running unittests src/lib.rs (/opt/rustwide/target/debug/deps/listr-e927ca371af70165)
[INFO] [stdout] 
[INFO] [stdout] running 0 tests
[INFO] [stdout] 
[INFO] [stdout] test result: ok. 0 passed; 0 failed; 0 ignored; 0 measured; 0 filtered out; finished in 0.00s
[INFO] [stdout] 
[INFO] [stderr]      Running unittests src/lib.rs (/opt/rustwide/target/debug/deps/locking-fbb043559c033be8)
[INFO] [stdout] 
[INFO] [stdout] running 0 tests
[INFO] [stdout] 
[INFO] [stdout] test result: ok. 0 passed; 0 failed; 0 ignored; 0 measured; 0 filtered out; finished in 0.00s
[INFO] [stdout] 
[INFO] [stderr]      Running unittests src/lib.rs (/opt/rustwide/target/debug/deps/state-346c3a59e2339c94)
[INFO] [stdout] 
[INFO] [stdout] running 0 tests
[INFO] [stdout] 
[INFO] [stdout] test result: ok. 0 passed; 0 failed; 0 ignored; 0 measured; 0 filtered out; finished in 0.00s
[INFO] [stdout] 
[INFO] [stderr]    Doc-tests cliupdate
[INFO] [stdout] 
[INFO] [stdout] running 0 tests
[INFO] [stdout] 
[INFO] [stdout] test result: ok. 0 passed; 0 failed; 0 ignored; 0 measured; 0 filtered out; finished in 0.00s
[INFO] [stdout] 
[INFO] [stderr]    Doc-tests dale
[INFO] [stdout] 
[INFO] [stdout] running 0 tests
[INFO] [stdout] 
[INFO] [stdout] test result: ok. 0 passed; 0 failed; 0 ignored; 0 measured; 0 filtered out; finished in 0.00s
[INFO] [stdout] 
[INFO] [stderr]    Doc-tests dale-http
[INFO] [stdout] 
[INFO] [stdout] running 1 test
[INFO] [stdout] test dale-http/src/filters/header.rs - filters::header::exact_ignore_case (line 146) ... FAILED
[INFO] [stdout] 
[INFO] [stdout] failures:
[INFO] [stdout] 
[INFO] [stdout] ---- dale-http/src/filters/header.rs - filters::header::exact_ignore_case (line 146) stdout ----
[INFO] [stdout] error[E0433]: failed to resolve: use of undeclared crate or module `veep_core`
[INFO] [stdout]  --> dale-http/src/filters/header.rs:148:18
[INFO] [stdout]   |
[INFO] [stdout] 4 | let keep_alive = veep_core::filters::header::exact("connection", "keep-alive");
[INFO] [stdout]   |                  ^^^^^^^^^ use of undeclared crate or module `veep_core`
[INFO] [stdout]   |
[INFO] [stdout] help: consider importing this module
[INFO] [stdout]   |
[INFO] [stdout] 3 + use dale_http::filters::header;
[INFO] [stdout]   |
[INFO] [stdout] help: if you import `header`, refer to it directly
[INFO] [stdout]   |
[INFO] [stdout] 4 - let keep_alive = veep_core::filters::header::exact("connection", "keep-alive");
[INFO] [stdout] 4 + let keep_alive = header::exact("connection", "keep-alive");
[INFO] [stdout]   |
[INFO] [stdout] 
[INFO] [stdout] error: aborting due to 1 previous error
[INFO] [stdout] 
[INFO] [stdout] For more information about this error, try `rustc --explain E0433`.
[INFO] [stdout] Couldn't compile the test.
[INFO] [stdout] 
[INFO] [stdout] failures:
[INFO] [stdout]     dale-http/src/filters/header.rs - filters::header::exact_ignore_case (line 146)
[INFO] [stdout] 
[INFO] [stdout] test result: FAILED. 0 passed; 1 failed; 0 ignored; 0 measured; 0 filtered out; finished in 0.04s
[INFO] [stdout] 
[INFO] [stderr] error: doctest failed, to rerun pass `-p dale-http --doc`
[INFO] running `Command { std: "docker" "inspect" "a25b9a51f6bae0eabe659e49b9274d5153f5fcf4aceffda2083171b5076f913d", kill_on_drop: false }`
[INFO] running `Command { std: "docker" "rm" "-f" "a25b9a51f6bae0eabe659e49b9274d5153f5fcf4aceffda2083171b5076f913d", kill_on_drop: false }`
[INFO] [stdout] a25b9a51f6bae0eabe659e49b9274d5153f5fcf4aceffda2083171b5076f913d
