[INFO] cloning repository https://github.com/khuzema786/shared-kernel-rs
[INFO] running `Command { std: "git" "-c" "credential.helper=" "-c" "credential.helper=/workspace/cargo-home/bin/git-credential-null" "clone" "--bare" "https://github.com/khuzema786/shared-kernel-rs" "/workspace/cache/git-repos/https%3A%2F%2Fgithub.com%2Fkhuzema786%2Fshared-kernel-rs", kill_on_drop: false }`
[INFO] [stderr] Cloning into bare repository '/workspace/cache/git-repos/https%3A%2F%2Fgithub.com%2Fkhuzema786%2Fshared-kernel-rs'...
[INFO] running `Command { std: "git" "rev-parse" "HEAD", kill_on_drop: false }`
[INFO] [stdout] 3aa1a880db3f9ce39d11d642222d432e279e8787
[INFO] testing khuzema786/shared-kernel-rs against 1.75.0 for beta-1.76-1
[INFO] running `Command { std: "git" "clone" "/workspace/cache/git-repos/https%3A%2F%2Fgithub.com%2Fkhuzema786%2Fshared-kernel-rs" "/workspace/builds/worker-3-tc1/source", kill_on_drop: false }`
[INFO] [stderr] Cloning into '/workspace/builds/worker-3-tc1/source'...
[INFO] [stderr] done.
[INFO] validating manifest of git repo https://github.com/khuzema786/shared-kernel-rs on toolchain 1.75.0
[INFO] running `Command { std: CARGO_HOME="/workspace/cargo-home" RUSTUP_HOME="/workspace/rustup-home" "/workspace/cargo-home/bin/cargo" "+1.75.0" "metadata" "--manifest-path" "Cargo.toml" "--no-deps", kill_on_drop: false }`
[INFO] removed /workspace/builds/worker-3-tc1/source/rust-toolchain.toml
[INFO] started tweaking git repo https://github.com/khuzema786/shared-kernel-rs
[INFO] finished tweaking git repo https://github.com/khuzema786/shared-kernel-rs
[INFO] tweaked toml for git repo https://github.com/khuzema786/shared-kernel-rs written to /workspace/builds/worker-3-tc1/source/Cargo.toml
[INFO] crate git repo https://github.com/khuzema786/shared-kernel-rs already has a lockfile, it will not be regenerated
[INFO] running `Command { std: CARGO_HOME="/workspace/cargo-home" RUSTUP_HOME="/workspace/rustup-home" "/workspace/cargo-home/bin/cargo" "+1.75.0" "fetch" "--manifest-path" "Cargo.toml", kill_on_drop: false }`
[INFO] [stderr]     Blocking waiting for file lock on package cache
[INFO] [stderr]  Downloading crates ...
[INFO] [stderr]   Downloaded zerocopy v0.7.24
[INFO] [stderr]   Downloaded fred v6.3.2
[INFO] [stderr]   Downloaded zerocopy-derive v0.7.24
[INFO] running `Command { std: "docker" "create" "-v" "/var/lib/crater-agent-workspace/builds/worker-3-tc1/target:/opt/rustwide/target:rw,Z" "-v" "/var/lib/crater-agent-workspace/builds/worker-3-tc1/source:/opt/rustwide/workdir:ro,Z" "-v" "/var/lib/crater-agent-workspace/cargo-home:/opt/rustwide/cargo-home:ro,Z" "-v" "/var/lib/crater-agent-workspace/rustup-home:/opt/rustwide/rustup-home:ro,Z" "-e" "SOURCE_DIR=/opt/rustwide/workdir" "-e" "CARGO_TARGET_DIR=/opt/rustwide/target" "-e" "CARGO_HOME=/opt/rustwide/cargo-home" "-e" "RUSTUP_HOME=/opt/rustwide/rustup-home" "-w" "/opt/rustwide/workdir" "-m" "1610612736" "--user" "0:0" "--network" "none" "ghcr.io/rust-lang/crates-build-env/linux@sha256:2788e3201cd34a07e3172128adcd8b3090168a8e3bcc40d7c032b9dda1df7d1c" "/opt/rustwide/cargo-home/bin/cargo" "+1.75.0" "metadata" "--no-deps" "--format-version=1", kill_on_drop: false }`
[INFO] [stdout] 224b7b5c8c2ddfb15fc3aec2f4a396fee5596aecd7bdaeba48a8c85b20254b2b
[INFO] running `Command { std: "docker" "start" "-a" "224b7b5c8c2ddfb15fc3aec2f4a396fee5596aecd7bdaeba48a8c85b20254b2b", kill_on_drop: false }`
[INFO] running `Command { std: "docker" "inspect" "224b7b5c8c2ddfb15fc3aec2f4a396fee5596aecd7bdaeba48a8c85b20254b2b", kill_on_drop: false }`
[INFO] running `Command { std: "docker" "rm" "-f" "224b7b5c8c2ddfb15fc3aec2f4a396fee5596aecd7bdaeba48a8c85b20254b2b", kill_on_drop: false }`
[INFO] [stdout] 224b7b5c8c2ddfb15fc3aec2f4a396fee5596aecd7bdaeba48a8c85b20254b2b
[INFO] running `Command { std: "docker" "create" "-v" "/var/lib/crater-agent-workspace/builds/worker-3-tc1/target:/opt/rustwide/target:rw,Z" "-v" "/var/lib/crater-agent-workspace/builds/worker-3-tc1/source:/opt/rustwide/workdir:ro,Z" "-v" "/var/lib/crater-agent-workspace/cargo-home:/opt/rustwide/cargo-home:ro,Z" "-v" "/var/lib/crater-agent-workspace/rustup-home:/opt/rustwide/rustup-home:ro,Z" "-e" "SOURCE_DIR=/opt/rustwide/workdir" "-e" "CARGO_TARGET_DIR=/opt/rustwide/target" "-e" "CARGO_INCREMENTAL=0" "-e" "RUST_BACKTRACE=full" "-e" "RUSTFLAGS=--cap-lints=warn" "-e" "RUSTDOCFLAGS=--cap-lints=warn" "-e" "CARGO_HOME=/opt/rustwide/cargo-home" "-e" "RUSTUP_HOME=/opt/rustwide/rustup-home" "-w" "/opt/rustwide/workdir" "-m" "1610612736" "--user" "0:0" "--network" "none" "ghcr.io/rust-lang/crates-build-env/linux@sha256:2788e3201cd34a07e3172128adcd8b3090168a8e3bcc40d7c032b9dda1df7d1c" "/opt/rustwide/cargo-home/bin/cargo" "+1.75.0" "build" "--frozen" "--message-format=json", kill_on_drop: false }`
[INFO] [stdout] 1e0ec609d368123a2af84a2abae971e74ce768879ea8d4098a04d76bd5b8bbde
[INFO] running `Command { std: "docker" "start" "-a" "1e0ec609d368123a2af84a2abae971e74ce768879ea8d4098a04d76bd5b8bbde", kill_on_drop: false }`
[INFO] [stderr]    Compiling proc-macro2 v1.0.67
[INFO] [stderr]    Compiling unicode-ident v1.0.12
[INFO] [stderr]    Compiling cfg-if v1.0.0
[INFO] [stderr]    Compiling libc v0.2.148
[INFO] [stderr]    Compiling autocfg v1.1.0
[INFO] [stderr]    Compiling pin-project-lite v0.2.13
[INFO] [stderr]    Compiling memchr v2.6.3
[INFO] [stderr]    Compiling once_cell v1.18.0
[INFO] [stderr]    Compiling log v0.4.20
[INFO] [stderr]    Compiling bytes v1.5.0
[INFO] [stderr]    Compiling futures-core v0.3.28
[INFO] [stderr]    Compiling smallvec v1.11.1
[INFO] [stderr]    Compiling lock_api v0.4.10
[INFO] [stderr]    Compiling tracing-core v0.1.31
[INFO] [stderr]    Compiling parking_lot_core v0.9.8
[INFO] [stderr]    Compiling pkg-config v0.3.27
[INFO] [stderr]    Compiling itoa v1.0.9
[INFO] [stderr]    Compiling version_check v0.9.4
[INFO] [stderr]    Compiling quote v1.0.33
[INFO] [stderr]    Compiling syn v2.0.37
[INFO] [stderr]    Compiling scopeguard v1.2.0
[INFO] [stderr]    Compiling futures-sink v0.3.28
[INFO] [stderr]    Compiling slab v0.4.9
[INFO] [stderr]    Compiling futures-task v0.3.28
[INFO] [stderr]    Compiling futures-channel v0.3.28
[INFO] [stderr]    Compiling jobserver v0.1.26
[INFO] [stderr]    Compiling futures-util v0.3.28
[INFO] [stderr]    Compiling cc v1.0.83
[INFO] [stderr]    Compiling fnv v1.0.7
[INFO] [stderr]    Compiling pin-utils v0.1.0
[INFO] [stderr]    Compiling futures-io v0.3.28
[INFO] [stderr]    Compiling serde v1.0.188
[INFO] [stderr]    Compiling typenum v1.17.0
[INFO] [stderr]    Compiling http v0.2.9
[INFO] [stderr]    Compiling generic-array v0.14.7
[INFO] [stderr]    Compiling vcpkg v0.2.15
[INFO] [stderr]    Compiling aho-corasick v1.1.1
[INFO] [stderr]    Compiling parking_lot v0.12.1
[INFO] [stderr]    Compiling num_cpus v1.16.0
[INFO] [stderr]    Compiling mio v0.8.8
[INFO] [stderr]    Compiling socket2 v0.5.4
[INFO] [stderr]    Compiling signal-hook-registry v1.4.1
[INFO] [stderr]    Compiling regex-syntax v0.7.5
[INFO] [stderr]    Compiling openssl-sys v0.9.93
[INFO] [stderr]    Compiling getrandom v0.2.10
[INFO] [stderr]    Compiling indexmap v1.9.3
[INFO] [stderr]    Compiling lazy_static v1.4.0
[INFO] [stderr]    Compiling percent-encoding v2.3.0
[INFO] [stderr]    Compiling zstd-sys v2.0.8+zstd.1.5.5
[INFO] [stderr]    Compiling bitflags v2.4.0
[INFO] [stderr]    Compiling httparse v1.8.0
[INFO] [stderr]    Compiling semver v1.0.19
[INFO] [stderr]    Compiling tinyvec_macros v0.1.1
[INFO] [stderr]    Compiling hashbrown v0.12.3
[INFO] [stderr]    Compiling serde_json v1.0.107
[INFO] [stderr]    Compiling ryu v1.0.15
[INFO] [stderr]    Compiling tinyvec v1.6.0
[INFO] [stderr]    Compiling time-core v0.1.2
[INFO] [stderr]    Compiling syn v1.0.109
[INFO] [stderr]    Compiling paste v1.0.14
[INFO] [stderr]    Compiling block-buffer v0.10.4
[INFO] [stderr]    Compiling crypto-common v0.1.6
[INFO] [stderr]    Compiling foreign-types-shared v0.1.1
[INFO] [stderr]    Compiling bitflags v1.3.2
[INFO] [stderr]    Compiling openssl v0.10.57
[INFO] [stderr]    Compiling foreign-types v0.3.2
[INFO] [stderr]    Compiling digest v0.10.7
[INFO] [stderr]    Compiling time-macros v0.2.15
[INFO] [stderr]    Compiling unicode-normalization v0.1.22
[INFO] [stderr]    Compiling form_urlencoded v1.2.0
[INFO] [stderr]    Compiling rand_core v0.6.4
[INFO] [stderr]    Compiling ahash v0.8.6
[INFO] [stderr]    Compiling regex-automata v0.3.8
[INFO] [stderr]    Compiling bytestring v1.3.0
[INFO] [stderr]    Compiling zstd-safe v6.0.6
[INFO] [stderr]    Compiling crc32fast v1.3.2
[INFO] [stderr]    Compiling native-tls v0.2.11
[INFO] [stderr]    Compiling ppv-lite86 v0.2.17
[INFO] [stderr]    Compiling cpufeatures v0.2.9
[INFO] [stderr]    Compiling regex-syntax v0.6.29
[INFO] [stderr]    Compiling deranged v0.3.8
[INFO] [stderr]    Compiling io-lifetimes v1.0.11
[INFO] [stderr]    Compiling httpdate v1.0.3
[INFO] [stderr]    Compiling unicode-bidi v0.3.13
[INFO] [stderr]    Compiling local-waker v0.1.3
[INFO] [stderr]    Compiling alloc-no-stdlib v2.0.4
[INFO] [stderr]    Compiling alloc-stdlib v0.2.2
[INFO] [stderr]    Compiling rand_chacha v0.3.1
[INFO] [stderr]    Compiling time v0.3.29
[INFO] [stderr]    Compiling idna v0.4.0
[INFO] [stderr]    Compiling num-traits v0.2.16
[INFO] [stderr]    Compiling tracing-attributes v0.1.26
[INFO] [stderr]    Compiling tokio-macros v2.1.0
[INFO] [stderr]    Compiling futures-macro v0.3.28
[INFO] [stderr]    Compiling serde_derive v1.0.188
[INFO] [stderr]    Compiling tokio v1.32.0
[INFO] [stderr]    Compiling tracing v0.1.37
[INFO] [stderr]    Compiling regex v1.9.5
[INFO] [stderr]    Compiling openssl-macros v0.1.1
[INFO] [stderr]    Compiling regex-automata v0.1.10
[INFO] [stderr]    Compiling openssl-probe v0.1.5
[INFO] [stderr]    Compiling zerocopy v0.7.24
[INFO] [stderr]    Compiling crc16 v0.4.0
[INFO] [stderr]    Compiling overload v0.1.1
[INFO] [stderr]    Compiling adler v1.0.2
[INFO] [stderr]    Compiling try-lock v0.2.4
[INFO] [stderr]    Compiling rustix v0.36.15
[INFO] [stderr]    Compiling crossbeam-utils v0.8.16
[INFO] [stderr]    Compiling want v0.3.1
[INFO] [stderr]    Compiling miniz_oxide v0.7.1
[INFO] [stderr]    Compiling nu-ansi-term v0.46.0
[INFO] [stderr]    Compiling matchers v0.1.0
[INFO] [stderr]    Compiling pin-project-internal v1.1.3
[INFO] [stderr]    Compiling url v2.4.1
[INFO] [stderr]    Compiling actix-service v2.0.2
[INFO] [stderr]    Compiling rand v0.8.5
[INFO] [stderr]    Compiling tokio-util v0.7.9
[INFO] [stderr]    Compiling actix-rt v2.9.0
[INFO] [stderr]    Compiling h2 v0.3.21
[INFO] [stderr]    Compiling brotli-decompressor v2.3.4
[INFO] [stderr]    Compiling actix-utils v3.0.1
[INFO] [stderr]    Compiling rustc_version v0.4.0
[INFO] [stderr]    Compiling sharded-slab v0.1.4
[INFO] [stderr]    Compiling tracing-log v0.1.3
[INFO] [stderr]    Compiling http-body v0.4.5
[INFO] [stderr]    Compiling socket2 v0.4.9
[INFO] [stderr]    Compiling cookie v0.16.2
[INFO] [stderr]    Compiling thread_local v1.1.7
[INFO] [stderr]    Compiling encoding_rs v0.8.33
[INFO] [stderr]    Compiling protobuf v2.28.0
[INFO] [stderr]    Compiling procfs v0.14.2
[INFO] [stderr]    Compiling either v1.9.0
[INFO] [stderr]    Compiling rustversion v1.0.14
[INFO] [stderr]    Compiling base64 v0.21.4
[INFO] [stderr]    Compiling tower-service v0.3.2
[INFO] [stderr]    Compiling convert_case v0.4.0
[INFO] [stderr]    Compiling async-trait v0.1.73
[INFO] [stderr]    Compiling thiserror v1.0.48
[INFO] [stderr]    Compiling mime v0.3.17
[INFO] [stderr]    Compiling minimal-lexical v0.2.1
[INFO] [stderr]    Compiling linux-raw-sys v0.1.4
[INFO] [stderr]    Compiling nom v7.1.3
[INFO] [stderr]    Compiling derive_more v0.99.17
[INFO] [stderr]    Compiling tracing-serde v0.1.3
[INFO] [stderr]    Compiling actix-router v0.5.1
[INFO] [stderr]    Compiling serde_urlencoded v0.7.1
[INFO] [stderr]    Compiling bytes-utils v0.1.3
[INFO] [stderr]    Compiling hyper v0.14.27
[INFO] [stderr]    Compiling tracing-subscriber v0.3.17
[INFO] [stderr]    Compiling brotli v3.3.4
[INFO] [stderr]    Compiling tokio-native-tls v0.3.1
[INFO] [stderr]    Compiling error-stack v0.3.1
[INFO] [stderr]    Compiling pin-project v1.1.3
[INFO] [stderr]    Compiling actix-codec v0.5.1
[INFO] [stderr]    Compiling flate2 v1.0.27
[INFO] [stderr]    Compiling futures-executor v0.3.28
[INFO] [stderr]    Compiling thiserror-impl v1.0.48
[INFO] [stderr]    Compiling local-channel v0.1.4
[INFO] [stderr]    Compiling sha1 v0.10.6
[INFO] [stderr]    Compiling hex v0.4.3
[INFO] [stderr]    Compiling language-tags v0.3.2
[INFO] [stderr]    Compiling cookie-factory v0.3.2
[INFO] [stderr]    Compiling byteorder v1.4.3
[INFO] [stderr]    Compiling prometheus v0.13.3
[INFO] [stderr]    Compiling hyper-tls v0.5.0
[INFO] [stderr]    Compiling redis-protocol v4.1.0
[INFO] [stderr]    Compiling crossbeam-channel v0.5.8
[INFO] [stderr]    Compiling float-cmp v0.9.0
[INFO] [stderr]    Compiling futures v0.3.28
[INFO] [stderr]    Compiling tracing-futures v0.2.5
[INFO] [stderr]    Compiling actix-web-codegen v4.2.2
[INFO] [stderr]    Compiling actix-server v2.3.0
[INFO] [stderr]    Compiling tokio-stream v0.1.14
[INFO] [stderr]    Compiling actix-macros v0.2.4
[INFO] [stderr]    Compiling sha-1 v0.10.1
[INFO] [stderr]    Compiling gethostname v0.2.3
[INFO] [stderr]    Compiling ipnet v2.8.0
[INFO] [stderr]    Compiling arcstr v1.1.5
[INFO] [stderr]    Compiling arc-swap v1.6.0
[INFO] [stderr]    Compiling heck v0.4.1
[INFO] [stderr]    Compiling reqwest v0.11.20
[INFO] [stderr]    Compiling strum_macros v0.24.3
[INFO] [stderr]    Compiling fred v6.3.2
[INFO] [stderr]    Compiling tracing-bunyan-formatter v0.3.9
[INFO] [stderr]    Compiling tracing-appender v0.2.2
[INFO] [stderr]    Compiling macros v0.1.0 (/opt/rustwide/workdir/crates/macros)
[INFO] [stderr]    Compiling rustc-hash v1.1.0
[INFO] [stderr]    Compiling zstd v0.12.4
[INFO] [stderr]    Compiling actix-http v3.4.0
[INFO] [stderr]    Compiling actix-web v4.4.0
[INFO] [stderr]    Compiling shared v0.1.0 (/opt/rustwide/workdir/crates/shared)
[INFO] [stderr]     Finished dev [unoptimized + debuginfo] target(s) in 2m 49s
[INFO] running `Command { std: "docker" "inspect" "1e0ec609d368123a2af84a2abae971e74ce768879ea8d4098a04d76bd5b8bbde", kill_on_drop: false }`
[INFO] running `Command { std: "docker" "rm" "-f" "1e0ec609d368123a2af84a2abae971e74ce768879ea8d4098a04d76bd5b8bbde", kill_on_drop: false }`
[INFO] [stdout] 1e0ec609d368123a2af84a2abae971e74ce768879ea8d4098a04d76bd5b8bbde
[INFO] running `Command { std: "docker" "create" "-v" "/var/lib/crater-agent-workspace/builds/worker-3-tc1/target:/opt/rustwide/target:rw,Z" "-v" "/var/lib/crater-agent-workspace/builds/worker-3-tc1/source:/opt/rustwide/workdir:ro,Z" "-v" "/var/lib/crater-agent-workspace/cargo-home:/opt/rustwide/cargo-home:ro,Z" "-v" "/var/lib/crater-agent-workspace/rustup-home:/opt/rustwide/rustup-home:ro,Z" "-e" "SOURCE_DIR=/opt/rustwide/workdir" "-e" "CARGO_TARGET_DIR=/opt/rustwide/target" "-e" "CARGO_INCREMENTAL=0" "-e" "RUST_BACKTRACE=full" "-e" "RUSTFLAGS=--cap-lints=warn" "-e" "RUSTDOCFLAGS=--cap-lints=warn" "-e" "CARGO_HOME=/opt/rustwide/cargo-home" "-e" "RUSTUP_HOME=/opt/rustwide/rustup-home" "-w" "/opt/rustwide/workdir" "-m" "1610612736" "--user" "0:0" "--network" "none" "ghcr.io/rust-lang/crates-build-env/linux@sha256:2788e3201cd34a07e3172128adcd8b3090168a8e3bcc40d7c032b9dda1df7d1c" "/opt/rustwide/cargo-home/bin/cargo" "+1.75.0" "test" "--frozen" "--no-run" "--message-format=json", kill_on_drop: false }`
[INFO] [stdout] 27c8f86c412391ee2a4ab3c3f4ac685c137192eb09172a3f115e2d30349ee3d4
[INFO] running `Command { std: "docker" "start" "-a" "27c8f86c412391ee2a4ab3c3f4ac685c137192eb09172a3f115e2d30349ee3d4", kill_on_drop: false }`
[INFO] [stderr]    Compiling macros v0.1.0 (/opt/rustwide/workdir/crates/macros)
[INFO] [stderr]    Compiling shared v0.1.0 (/opt/rustwide/workdir/crates/shared)
[INFO] [stderr]     Finished test [unoptimized + debuginfo] target(s) in 2.98s
[INFO] running `Command { std: "docker" "inspect" "27c8f86c412391ee2a4ab3c3f4ac685c137192eb09172a3f115e2d30349ee3d4", kill_on_drop: false }`
[INFO] running `Command { std: "docker" "rm" "-f" "27c8f86c412391ee2a4ab3c3f4ac685c137192eb09172a3f115e2d30349ee3d4", kill_on_drop: false }`
[INFO] [stdout] 27c8f86c412391ee2a4ab3c3f4ac685c137192eb09172a3f115e2d30349ee3d4
[INFO] running `Command { std: "docker" "create" "-v" "/var/lib/crater-agent-workspace/builds/worker-3-tc1/target:/opt/rustwide/target:rw,Z" "-v" "/var/lib/crater-agent-workspace/builds/worker-3-tc1/source:/opt/rustwide/workdir:ro,Z" "-v" "/var/lib/crater-agent-workspace/cargo-home:/opt/rustwide/cargo-home:ro,Z" "-v" "/var/lib/crater-agent-workspace/rustup-home:/opt/rustwide/rustup-home:ro,Z" "-e" "SOURCE_DIR=/opt/rustwide/workdir" "-e" "CARGO_TARGET_DIR=/opt/rustwide/target" "-e" "CARGO_INCREMENTAL=0" "-e" "RUST_BACKTRACE=full" "-e" "RUSTFLAGS=--cap-lints=warn" "-e" "RUSTDOCFLAGS=--cap-lints=warn" "-e" "CARGO_HOME=/opt/rustwide/cargo-home" "-e" "RUSTUP_HOME=/opt/rustwide/rustup-home" "-w" "/opt/rustwide/workdir" "-m" "1610612736" "--user" "0:0" "--network" "none" "ghcr.io/rust-lang/crates-build-env/linux@sha256:2788e3201cd34a07e3172128adcd8b3090168a8e3bcc40d7c032b9dda1df7d1c" "/opt/rustwide/cargo-home/bin/cargo" "+1.75.0" "test" "--frozen", kill_on_drop: false }`
[INFO] [stdout] fdf64e29362e19a7824972fb97caef8e53dd6616866ef824e93f8ed8847d3c5f
[INFO] running `Command { std: "docker" "start" "-a" "fdf64e29362e19a7824972fb97caef8e53dd6616866ef824e93f8ed8847d3c5f", kill_on_drop: false }`
[INFO] [stderr]     Finished test [unoptimized + debuginfo] target(s) in 0.18s
[INFO] [stderr]      Running unittests src/lib.rs (/opt/rustwide/target/debug/deps/macros-b118a32c7fb1aa05)
[INFO] [stdout] 
[INFO] [stdout] running 0 tests
[INFO] [stdout] 
[INFO] [stdout] test result: ok. 0 passed; 0 failed; 0 ignored; 0 measured; 0 filtered out; finished in 0.00s
[INFO] [stdout] 
[INFO] [stderr]      Running unittests src/lib.rs (/opt/rustwide/target/debug/deps/shared-a124d805580da823)
[INFO] [stdout] 
[INFO] [stdout] running 0 tests
[INFO] [stdout] 
[INFO] [stdout] test result: ok. 0 passed; 0 failed; 0 ignored; 0 measured; 0 filtered out; finished in 0.00s
[INFO] [stdout] 
[INFO] [stderr]    Doc-tests macros
[INFO] [stdout] 
[INFO] [stdout] running 0 tests
[INFO] [stdout] 
[INFO] [stdout] test result: ok. 0 passed; 0 failed; 0 ignored; 0 measured; 0 filtered out; finished in 0.00s
[INFO] [stdout] 
[INFO] [stderr]    Doc-tests shared
[INFO] [stdout] 
[INFO] [stdout] running 15 tests
[INFO] [stdout] test crates/shared/src/redis/commands.rs - redis::commands::RedisConnectionPool::get_hash_field (line 442) ... FAILED
[INFO] [stdout] test crates/shared/src/redis/commands.rs - redis::commands::RedisConnectionPool::llen (line 773) ... FAILED
[INFO] [stdout] test crates/shared/src/redis/commands.rs - redis::commands::RedisConnectionPool::rpop (line 603) ... FAILED
[INFO] [stdout] test crates/shared/src/redis/commands.rs - redis::commands::RedisConnectionPool::geo_add (line 818) ... FAILED
[INFO] [stdout] test crates/shared/src/redis/commands.rs - redis::commands::RedisConnectionPool::lpop (line 661) ... FAILED
[INFO] [stdout] test crates/shared/src/redis/commands.rs - redis::commands::RedisConnectionPool::delete_keys (line 351) ... FAILED
[INFO] [stdout] test crates/shared/src/redis/commands.rs - redis::commands::RedisConnectionPool::lrange (line 725) ... FAILED
[INFO] [stdout] test crates/shared/src/redis/commands.rs - redis::commands::RedisConnectionPool::delete_key (line 324) ... FAILED
[INFO] [stdout] test crates/shared/src/redis/commands.rs - redis::commands::RedisConnectionPool::rpush_with_expiry (line 536) ... FAILED
[INFO] [stdout] test crates/shared/src/redis/commands.rs - redis::commands::RedisConnectionPool::set_hash_fields (line 395) ... FAILED
[INFO] [stdout] test crates/shared/src/redis/commands.rs - redis::commands::RedisConnectionPool::rpush (line 477) ... FAILED
[INFO] [stdout] test crates/shared/src/redis/commands.rs - redis::commands::RedisConnectionPool::zadd (line 1186) ... FAILED
[INFO] [stdout] test crates/shared/src/redis/commands.rs - redis::commands::RedisConnectionPool::zrange (line 1257) ... FAILED
[INFO] [stdout] test crates/shared/src/redis/commands.rs - redis::commands::RedisConnectionPool::zcard (line 1221) ... FAILED
[INFO] [stdout] test crates/shared/src/redis/commands.rs - redis::commands::RedisConnectionPool::zremrange_by_rank (line 1149) ... FAILED
[INFO] [stdout] 
[INFO] [stdout] failures:
[INFO] [stdout] 
[INFO] [stdout] ---- crates/shared/src/redis/commands.rs - redis::commands::RedisConnectionPool::get_hash_field (line 442) stdout ----
[INFO] [stdout] error[E0425]: cannot find value `your_redis_instance` in this scope
[INFO] [stdout]  --> crates/shared/src/redis/commands.rs:443:14
[INFO] [stdout]   |
[INFO] [stdout] 3 | let result = your_redis_instance.get_hash_field::<String>("your_hash", "your_field").await;
[INFO] [stdout]   |              ^^^^^^^^^^^^^^^^^^^ not found in this scope
[INFO] [stdout] 
[INFO] [stdout] error[E0728]: `await` is only allowed inside `async` functions and blocks
[INFO] [stdout]  --> crates/shared/src/redis/commands.rs:443:86
[INFO] [stdout]   |
[INFO] [stdout] 2 | fn main() { #[allow(non_snake_case)] fn _doctest_main_crates_shared_src_redis_commands_rs_442_0() {
[INFO] [stdout]   |                                         ------------------------------------------------------- this is not `async`
[INFO] [stdout] 3 | let result = your_redis_instance.get_hash_field::<String>("your_hash", "your_field").await;
[INFO] [stdout]   |                                                                                      ^^^^^ only allowed inside `async` functions and blocks
[INFO] [stdout] 
[INFO] [stdout] error: aborting due to 2 previous errors
[INFO] [stdout] 
[INFO] [stdout] Some errors have detailed explanations: E0425, E0728.
[INFO] [stdout] For more information about an error, try `rustc --explain E0425`.
[INFO] [stdout] Couldn't compile the test.
[INFO] [stdout] ---- crates/shared/src/redis/commands.rs - redis::commands::RedisConnectionPool::llen (line 773) stdout ----
[INFO] [stdout] error[E0412]: cannot find type `YourRedisType` in this scope
[INFO] [stdout]  --> crates/shared/src/redis/commands.rs:774:43
[INFO] [stdout]   |
[INFO] [stdout] 3 | async fn get_list_length(redis_instance: &YourRedisType, list_key: &str) {
[INFO] [stdout]   |                                           ^^^^^^^^^^^^^ not found in this scope
[INFO] [stdout] 
[INFO] [stdout] error: aborting due to previous error
[INFO] [stdout] 
[INFO] [stdout] For more information about this error, try `rustc --explain E0412`.
[INFO] [stdout] Couldn't compile the test.
[INFO] [stdout] ---- crates/shared/src/redis/commands.rs - redis::commands::RedisConnectionPool::rpop (line 603) stdout ----
[INFO] [stdout] error[E0425]: cannot find value `your_redis_instance` in this scope
[INFO] [stdout]  --> crates/shared/src/redis/commands.rs:604:14
[INFO] [stdout]   |
[INFO] [stdout] 3 | let result = your_redis_instance.rpop("your_list", Some(2)).await;
[INFO] [stdout]   |              ^^^^^^^^^^^^^^^^^^^ not found in this scope
[INFO] [stdout] 
[INFO] [stdout] error[E0728]: `await` is only allowed inside `async` functions and blocks
[INFO] [stdout]  --> crates/shared/src/redis/commands.rs:604:61
[INFO] [stdout]   |
[INFO] [stdout] 2 | fn main() { #[allow(non_snake_case)] fn _doctest_main_crates_shared_src_redis_commands_rs_603_0() {
[INFO] [stdout]   |                                         ------------------------------------------------------- this is not `async`
[INFO] [stdout] 3 | let result = your_redis_instance.rpop("your_list", Some(2)).await;
[INFO] [stdout]   |                                                             ^^^^^ only allowed inside `async` functions and blocks
[INFO] [stdout] 
[INFO] [stdout] error: aborting due to 2 previous errors
[INFO] [stdout] 
[INFO] [stdout] Some errors have detailed explanations: E0425, E0728.
[INFO] [stdout] For more information about an error, try `rustc --explain E0425`.
[INFO] [stdout] Couldn't compile the test.
[INFO] [stdout] ---- crates/shared/src/redis/commands.rs - redis::commands::RedisConnectionPool::geo_add (line 818) stdout ----
[INFO] [stdout] error[E0412]: cannot find type `RedisError` in this scope
[INFO] [stdout]  --> crates/shared/src/redis/commands.rs:819:30
[INFO] [stdout]   |
[INFO] [stdout] 3 | async fn run() -> Result<(), RedisError> {
[INFO] [stdout]   |                              ^^^^^^^^^^ not found in this scope
[INFO] [stdout]   |
[INFO] [stdout] help: consider importing one of these items
[INFO] [stdout]   |
[INFO] [stdout] 2 + use fred::prelude::RedisError;
[INFO] [stdout]   |
[INFO] [stdout] 2 + use shared::redis::error::RedisError;
[INFO] [stdout]   |
[INFO] [stdout] 
[INFO] [stdout] error[E0433]: failed to resolve: use of undeclared type `RedisClient`
[INFO] [stdout]  --> crates/shared/src/redis/commands.rs:820:20
[INFO] [stdout]   |
[INFO] [stdout] 4 | let redis_client = RedisClient::new(); // assuming a RedisClient struct that implements the method
[INFO] [stdout]   |                    ^^^^^^^^^^^ use of undeclared type `RedisClient`
[INFO] [stdout]   |
[INFO] [stdout] help: consider importing one of these items
[INFO] [stdout]   |
[INFO] [stdout] 2 + use fred::prelude::RedisClient;
[INFO] [stdout]   |
[INFO] [stdout] 2 + use shared::redis::types::RedisClient;
[INFO] [stdout]   |
[INFO] [stdout] 
[INFO] [stdout] error[E0433]: failed to resolve: use of undeclared type `GeoValue`
[INFO] [stdout]  --> crates/shared/src/redis/commands.rs:823:5
[INFO] [stdout]   |
[INFO] [stdout] 7 |     GeoValue::new(13.361389, 38.115556, "Bangalore"),
[INFO] [stdout]   |     ^^^^^^^^ use of undeclared type `GeoValue`
[INFO] [stdout]   |
[INFO] [stdout] help: consider importing this struct
[INFO] [stdout]   |
[INFO] [stdout] 2 + use fred::types::GeoValue;
[INFO] [stdout]   |
[INFO] [stdout] 
[INFO] [stdout] error[E0433]: failed to resolve: use of undeclared type `GeoValue`
[INFO] [stdout]  --> crates/shared/src/redis/commands.rs:824:5
[INFO] [stdout]   |
[INFO] [stdout] 8 |     GeoValue::new(15.087269, 37.502669, "Kolkata"),
[INFO] [stdout]   |     ^^^^^^^^ use of undeclared type `GeoValue`
[INFO] [stdout]   |
[INFO] [stdout] help: consider importing this struct
[INFO] [stdout]   |
[INFO] [stdout] 2 + use fred::types::GeoValue;
[INFO] [stdout]   |
[INFO] [stdout] 
[INFO] [stdout] error: aborting due to 4 previous errors
[INFO] [stdout] 
[INFO] [stdout] Some errors have detailed explanations: E0412, E0433.
[INFO] [stdout] For more information about an error, try `rustc --explain E0412`.
[INFO] [stdout] Couldn't compile the test.
[INFO] [stdout] ---- crates/shared/src/redis/commands.rs - redis::commands::RedisConnectionPool::lpop (line 661) stdout ----
[INFO] [stdout] error[E0412]: cannot find type `YourRedisType` in this scope
[INFO] [stdout]  --> crates/shared/src/redis/commands.rs:662:40
[INFO] [stdout]   |
[INFO] [stdout] 3 | async fn pop_elements(redis_instance: &YourRedisType, list_key: &str) {
[INFO] [stdout]   |                                        ^^^^^^^^^^^^^ not found in this scope
[INFO] [stdout] 
[INFO] [stdout] error: aborting due to previous error
[INFO] [stdout] 
[INFO] [stdout] For more information about this error, try `rustc --explain E0412`.
[INFO] [stdout] Couldn't compile the test.
[INFO] [stdout] ---- crates/shared/src/redis/commands.rs - redis::commands::RedisConnectionPool::delete_keys (line 351) stdout ----
[INFO] [stdout] error[E0425]: cannot find value `your_redis_instance` in this scope
[INFO] [stdout]  --> crates/shared/src/redis/commands.rs:353:14
[INFO] [stdout]   |
[INFO] [stdout] 4 | let result = your_redis_instance.delete_keys(keys_to_delete).await;
[INFO] [stdout]   |              ^^^^^^^^^^^^^^^^^^^ not found in this scope
[INFO] [stdout] 
[INFO] [stdout] error[E0728]: `await` is only allowed inside `async` functions and blocks
[INFO] [stdout]  --> crates/shared/src/redis/commands.rs:353:62
[INFO] [stdout]   |
[INFO] [stdout] 2 | fn main() { #[allow(non_snake_case)] fn _doctest_main_crates_shared_src_redis_commands_rs_351_0() {
[INFO] [stdout]   |                                         ------------------------------------------------------- this is not `async`
[INFO] [stdout] 3 | let keys_to_delete = vec!["key1", "key2", "key3"];
[INFO] [stdout] 4 | let result = your_redis_instance.delete_keys(keys_to_delete).await;
[INFO] [stdout]   |                                                              ^^^^^ only allowed inside `async` functions and blocks
[INFO] [stdout] 
[INFO] [stdout] error: aborting due to 2 previous errors
[INFO] [stdout] 
[INFO] [stdout] Some errors have detailed explanations: E0425, E0728.
[INFO] [stdout] For more information about an error, try `rustc --explain E0425`.
[INFO] [stdout] Couldn't compile the test.
[INFO] [stdout] ---- crates/shared/src/redis/commands.rs - redis::commands::RedisConnectionPool::lrange (line 725) stdout ----
[INFO] [stdout] error[E0412]: cannot find type `YourRedisType` in this scope
[INFO] [stdout]  --> crates/shared/src/redis/commands.rs:726:42
[INFO] [stdout]   |
[INFO] [stdout] 3 | async fn get_list_range(redis_instance: &YourRedisType, list_key: &str) {
[INFO] [stdout]   |                                          ^^^^^^^^^^^^^ not found in this scope
[INFO] [stdout] 
[INFO] [stdout] error: aborting due to previous error
[INFO] [stdout] 
[INFO] [stdout] For more information about this error, try `rustc --explain E0412`.
[INFO] [stdout] Couldn't compile the test.
[INFO] [stdout] ---- crates/shared/src/redis/commands.rs - redis::commands::RedisConnectionPool::delete_key (line 324) stdout ----
[INFO] [stdout] error[E0425]: cannot find value `your_redis_instance` in this scope
[INFO] [stdout]  --> crates/shared/src/redis/commands.rs:325:14
[INFO] [stdout]   |
[INFO] [stdout] 3 | let result = your_redis_instance.delete_key("your_key").await;
[INFO] [stdout]   |              ^^^^^^^^^^^^^^^^^^^ not found in this scope
[INFO] [stdout] 
[INFO] [stdout] error[E0728]: `await` is only allowed inside `async` functions and blocks
[INFO] [stdout]  --> crates/shared/src/redis/commands.rs:325:57
[INFO] [stdout]   |
[INFO] [stdout] 2 | fn main() { #[allow(non_snake_case)] fn _doctest_main_crates_shared_src_redis_commands_rs_324_0() {
[INFO] [stdout]   |                                         ------------------------------------------------------- this is not `async`
[INFO] [stdout] 3 | let result = your_redis_instance.delete_key("your_key").await;
[INFO] [stdout]   |                                                         ^^^^^ only allowed inside `async` functions and blocks
[INFO] [stdout] 
[INFO] [stdout] error: aborting due to 2 previous errors
[INFO] [stdout] 
[INFO] [stdout] Some errors have detailed explanations: E0425, E0728.
[INFO] [stdout] For more information about an error, try `rustc --explain E0425`.
[INFO] [stdout] Couldn't compile the test.
[INFO] [stdout] ---- crates/shared/src/redis/commands.rs - redis::commands::RedisConnectionPool::rpush_with_expiry (line 536) stdout ----
[INFO] [stdout] error[E0425]: cannot find value `your_redis_instance` in this scope
[INFO] [stdout]  --> crates/shared/src/redis/commands.rs:539:14
[INFO] [stdout]   |
[INFO] [stdout] 5 | let result = your_redis_instance.rpush_with_expiry("your_list", values_to_push, expiry_seconds).await;
[INFO] [stdout]   |              ^^^^^^^^^^^^^^^^^^^ not found in this scope
[INFO] [stdout] 
[INFO] [stdout] error[E0728]: `await` is only allowed inside `async` functions and blocks
[INFO] [stdout]  --> crates/shared/src/redis/commands.rs:539:97
[INFO] [stdout]   |
[INFO] [stdout] 2 | fn main() { #[allow(non_snake_case)] fn _doctest_main_crates_shared_src_redis_commands_rs_536_0() {
[INFO] [stdout]   |                                         ------------------------------------------------------- this is not `async`
[INFO] [stdout] ...
[INFO] [stdout] 5 | let result = your_redis_instance.rpush_with_expiry("your_list", values_to_push, expiry_seconds).await;
[INFO] [stdout]   |                                                                                                 ^^^^^ only allowed inside `async` functions and blocks
[INFO] [stdout] 
[INFO] [stdout] error: aborting due to 2 previous errors
[INFO] [stdout] 
[INFO] [stdout] Some errors have detailed explanations: E0425, E0728.
[INFO] [stdout] For more information about an error, try `rustc --explain E0425`.
[INFO] [stdout] Couldn't compile the test.
[INFO] [stdout] ---- crates/shared/src/redis/commands.rs - redis::commands::RedisConnectionPool::set_hash_fields (line 395) stdout ----
[INFO] [stdout] error[E0425]: cannot find value `your_redis_instance` in this scope
[INFO] [stdout]  --> crates/shared/src/redis/commands.rs:397:14
[INFO] [stdout]   |
[INFO] [stdout] 4 | let result = your_redis_instance.set_hash_fields("your_hash", values, 3600).await;
[INFO] [stdout]   |              ^^^^^^^^^^^^^^^^^^^ not found in this scope
[INFO] [stdout] 
[INFO] [stdout] error[E0728]: `await` is only allowed inside `async` functions and blocks
[INFO] [stdout]  --> crates/shared/src/redis/commands.rs:397:77
[INFO] [stdout]   |
[INFO] [stdout] 2 | fn main() { #[allow(non_snake_case)] fn _doctest_main_crates_shared_src_redis_commands_rs_395_0() {
[INFO] [stdout]   |                                         ------------------------------------------------------- this is not `async`
[INFO] [stdout] 3 | let values = vec![("field1", "value1"), ("field2", "value2")];
[INFO] [stdout] 4 | let result = your_redis_instance.set_hash_fields("your_hash", values, 3600).await;
[INFO] [stdout]   |                                                                             ^^^^^ only allowed inside `async` functions and blocks
[INFO] [stdout] 
[INFO] [stdout] error: aborting due to 2 previous errors
[INFO] [stdout] 
[INFO] [stdout] Some errors have detailed explanations: E0425, E0728.
[INFO] [stdout] For more information about an error, try `rustc --explain E0425`.
[INFO] [stdout] Couldn't compile the test.
[INFO] [stdout] ---- crates/shared/src/redis/commands.rs - redis::commands::RedisConnectionPool::rpush (line 477) stdout ----
[INFO] [stdout] error[E0425]: cannot find value `your_redis_instance` in this scope
[INFO] [stdout]  --> crates/shared/src/redis/commands.rs:479:14
[INFO] [stdout]   |
[INFO] [stdout] 4 | let result = your_redis_instance.rpush("your_list", values_to_push).await;
[INFO] [stdout]   |              ^^^^^^^^^^^^^^^^^^^ not found in this scope
[INFO] [stdout] 
[INFO] [stdout] error[E0728]: `await` is only allowed inside `async` functions and blocks
[INFO] [stdout]  --> crates/shared/src/redis/commands.rs:479:69
[INFO] [stdout]   |
[INFO] [stdout] 2 | fn main() { #[allow(non_snake_case)] fn _doctest_main_crates_shared_src_redis_commands_rs_477_0() {
[INFO] [stdout]   |                                         ------------------------------------------------------- this is not `async`
[INFO] [stdout] 3 | let values_to_push = vec!["value1", "value2"];
[INFO] [stdout] 4 | let result = your_redis_instance.rpush("your_list", values_to_push).await;
[INFO] [stdout]   |                                                                     ^^^^^ only allowed inside `async` functions and blocks
[INFO] [stdout] 
[INFO] [stdout] error: aborting due to 2 previous errors
[INFO] [stdout] 
[INFO] [stdout] Some errors have detailed explanations: E0425, E0728.
[INFO] [stdout] For more information about an error, try `rustc --explain E0425`.
[INFO] [stdout] Couldn't compile the test.
[INFO] [stdout] ---- crates/shared/src/redis/commands.rs - redis::commands::RedisConnectionPool::zadd (line 1186) stdout ----
[INFO] [stdout] error[E0728]: `await` is only allowed inside `async` functions and blocks
[INFO] [stdout]  --> crates/shared/src/redis/commands.rs:1189:96
[INFO] [stdout]   |
[INFO] [stdout] 4 | fn main() { #[allow(non_snake_case)] fn _doctest_main_crates_shared_src_redis_commands_rs_1186_0() {
[INFO] [stdout]   |                                         -------------------------------------------------------- this is not `async`
[INFO] [stdout] 5 | let _ = zadd("sample_key", None, None, false, false, vec![(1.0, "member1"), (2.0, "member2")]).await?;
[INFO] [stdout]   |                                                                                                ^^^^^ only allowed inside `async` functions and blocks
[INFO] [stdout] 
[INFO] [stdout] error[E0425]: cannot find function `zadd` in this scope
[INFO] [stdout]  --> crates/shared/src/redis/commands.rs:1189:9
[INFO] [stdout]   |
[INFO] [stdout] 5 | let _ = zadd("sample_key", None, None, false, false, vec![(1.0, "member1"), (2.0, "member2")]).await?;
[INFO] [stdout]   |         ^^^^ not found in this scope
[INFO] [stdout] 
[INFO] [stdout] error[E0277]: the `?` operator can only be used in a function that returns `Result` or `Option` (or another type that implements `FromResidual`)
[INFO] [stdout]  --> crates/shared/src/redis/commands.rs:1189:101
[INFO] [stdout]   |
[INFO] [stdout] 4 | fn main() { #[allow(non_snake_case)] fn _doctest_main_crates_shared_src_redis_commands_rs_1186_0() {
[INFO] [stdout]   |                                      ------------------------------------------------------------- this function should return `Result` or `Option` to accept `?`
[INFO] [stdout] 5 | let _ = zadd("sample_key", None, None, false, false, vec![(1.0, "member1"), (2.0, "member2")]).await?;
[INFO] [stdout]   |                                                                                                     ^ cannot use the `?` operator in a function that returns `()`
[INFO] [stdout]   |
[INFO] [stdout]   = help: the trait `FromResidual<_>` is not implemented for `()`
[INFO] [stdout] 
[INFO] [stdout] error: aborting due to 3 previous errors
[INFO] [stdout] 
[INFO] [stdout] Some errors have detailed explanations: E0277, E0425, E0728.
[INFO] [stdout] For more information about an error, try `rustc --explain E0277`.
[INFO] [stdout] Couldn't compile the test.
[INFO] [stdout] ---- crates/shared/src/redis/commands.rs - redis::commands::RedisConnectionPool::zrange (line 1257) stdout ----
[INFO] [stdout] error[E0728]: `await` is only allowed inside `async` functions and blocks
[INFO] [stdout]  --> crates/shared/src/redis/commands.rs:1260:80
[INFO] [stdout]   |
[INFO] [stdout] 4 | fn main() { #[allow(non_snake_case)] fn _doctest_main_crates_shared_src_redis_commands_rs_1257_0() {
[INFO] [stdout]   |                                         -------------------------------------------------------- this is not `async`
[INFO] [stdout] 5 | let members = zrange("sample_key", 10, 20, None, false, Some(Limit(5)), false).await?;
[INFO] [stdout]   |                                                                                ^^^^^ only allowed inside `async` functions and blocks
[INFO] [stdout] 
[INFO] [stdout] error[E0425]: cannot find function, tuple struct or tuple variant `Limit` in this scope
[INFO] [stdout]  --> crates/shared/src/redis/commands.rs:1260:62
[INFO] [stdout]   |
[INFO] [stdout] 5 | let members = zrange("sample_key", 10, 20, None, false, Some(Limit(5)), false).await?;
[INFO] [stdout]   |                                                              ^^^^^ not found in this scope
[INFO] [stdout] 
[INFO] [stdout] error[E0425]: cannot find function `zrange` in this scope
[INFO] [stdout]  --> crates/shared/src/redis/commands.rs:1260:15
[INFO] [stdout]   |
[INFO] [stdout] 5 | let members = zrange("sample_key", 10, 20, None, false, Some(Limit(5)), false).await?;
[INFO] [stdout]   |               ^^^^^^ not found in this scope
[INFO] [stdout] 
[INFO] [stdout] error[E0277]: the `?` operator can only be used in a function that returns `Result` or `Option` (or another type that implements `FromResidual`)
[INFO] [stdout]  --> crates/shared/src/redis/commands.rs:1260:85
[INFO] [stdout]   |
[INFO] [stdout] 4 | fn main() { #[allow(non_snake_case)] fn _doctest_main_crates_shared_src_redis_commands_rs_1257_0() {
[INFO] [stdout]   |                                      ------------------------------------------------------------- this function should return `Result` or `Option` to accept `?`
[INFO] [stdout] 5 | let members = zrange("sample_key", 10, 20, None, false, Some(Limit(5)), false).await?;
[INFO] [stdout]   |                                                                                     ^ cannot use the `?` operator in a function that returns `()`
[INFO] [stdout]   |
[INFO] [stdout]   = help: the trait `FromResidual<_>` is not implemented for `()`
[INFO] [stdout] 
[INFO] [stdout] error: aborting due to 4 previous errors
[INFO] [stdout] 
[INFO] [stdout] Some errors have detailed explanations: E0277, E0425, E0728.
[INFO] [stdout] For more information about an error, try `rustc --explain E0277`.
[INFO] [stdout] Couldn't compile the test.
[INFO] [stdout] ---- crates/shared/src/redis/commands.rs - redis::commands::RedisConnectionPool::zcard (line 1221) stdout ----
[INFO] [stdout] error[E0728]: `await` is only allowed inside `async` functions and blocks
[INFO] [stdout]  --> crates/shared/src/redis/commands.rs:1224:33
[INFO] [stdout]   |
[INFO] [stdout] 4 | fn main() { #[allow(non_snake_case)] fn _doctest_main_crates_shared_src_redis_commands_rs_1221_0() {
[INFO] [stdout]   |                                         -------------------------------------------------------- this is not `async`
[INFO] [stdout] 5 | let count = zcard("sample_key").await?;
[INFO] [stdout]   |                                 ^^^^^ only allowed inside `async` functions and blocks
[INFO] [stdout] 
[INFO] [stdout] error[E0425]: cannot find function `zcard` in this scope
[INFO] [stdout]  --> crates/shared/src/redis/commands.rs:1224:13
[INFO] [stdout]   |
[INFO] [stdout] 5 | let count = zcard("sample_key").await?;
[INFO] [stdout]   |             ^^^^^ not found in this scope
[INFO] [stdout] 
[INFO] [stdout] error[E0277]: the `?` operator can only be used in a function that returns `Result` or `Option` (or another type that implements `FromResidual`)
[INFO] [stdout]  --> crates/shared/src/redis/commands.rs:1224:38
[INFO] [stdout]   |
[INFO] [stdout] 4 | fn main() { #[allow(non_snake_case)] fn _doctest_main_crates_shared_src_redis_commands_rs_1221_0() {
[INFO] [stdout]   |                                      ------------------------------------------------------------- this function should return `Result` or `Option` to accept `?`
[INFO] [stdout] 5 | let count = zcard("sample_key").await?;
[INFO] [stdout]   |                                      ^ cannot use the `?` operator in a function that returns `()`
[INFO] [stdout]   |
[INFO] [stdout]   = help: the trait `FromResidual<_>` is not implemented for `()`
[INFO] [stdout] 
[INFO] [stdout] error: aborting due to 3 previous errors
[INFO] [stdout] 
[INFO] [stdout] Some errors have detailed explanations: E0277, E0425, E0728.
[INFO] [stdout] For more information about an error, try `rustc --explain E0277`.
[INFO] [stdout] Couldn't compile the test.
[INFO] [stdout] ---- crates/shared/src/redis/commands.rs - redis::commands::RedisConnectionPool::zremrange_by_rank (line 1149) stdout ----
[INFO] [stdout] error[E0728]: `await` is only allowed inside `async` functions and blocks
[INFO] [stdout]  --> crates/shared/src/redis/commands.rs:1152:47
[INFO] [stdout]   |
[INFO] [stdout] 4 | fn main() { #[allow(non_snake_case)] fn _doctest_main_crates_shared_src_redis_commands_rs_1149_0() {
[INFO] [stdout]   |                                         -------------------------------------------------------- this is not `async`
[INFO] [stdout] 5 | let _ = zremrange_by_rank("sample_key", 0, 2).await?;
[INFO] [stdout]   |                                               ^^^^^ only allowed inside `async` functions and blocks
[INFO] [stdout] 
[INFO] [stdout] error[E0425]: cannot find function `zremrange_by_rank` in this scope
[INFO] [stdout]  --> crates/shared/src/redis/commands.rs:1152:9
[INFO] [stdout]   |
[INFO] [stdout] 5 | let _ = zremrange_by_rank("sample_key", 0, 2).await?;
[INFO] [stdout]   |         ^^^^^^^^^^^^^^^^^ not found in this scope
[INFO] [stdout] 
[INFO] [stdout] error[E0277]: the `?` operator can only be used in a function that returns `Result` or `Option` (or another type that implements `FromResidual`)
[INFO] [stdout]  --> crates/shared/src/redis/commands.rs:1152:52
[INFO] [stdout]   |
[INFO] [stdout] 4 | fn main() { #[allow(non_snake_case)] fn _doctest_main_crates_shared_src_redis_commands_rs_1149_0() {
[INFO] [stdout]   |                                      ------------------------------------------------------------- this function should return `Result` or `Option` to accept `?`
[INFO] [stdout] 5 | let _ = zremrange_by_rank("sample_key", 0, 2).await?;
[INFO] [stdout]   |                                                    ^ cannot use the `?` operator in a function that returns `()`
[INFO] [stdout]   |
[INFO] [stdout]   = help: the trait `FromResidual<_>` is not implemented for `()`
[INFO] [stdout] 
[INFO] [stdout] error: aborting due to 3 previous errors
[INFO] [stdout] 
[INFO] [stdout] Some errors have detailed explanations: E0277, E0425, E0728.
[INFO] [stdout] For more information about an error, try `rustc --explain E0277`.
[INFO] [stdout] Couldn't compile the test.
[INFO] [stdout] 
[INFO] [stdout] failures:
[INFO] [stdout]     crates/shared/src/redis/commands.rs - redis::commands::RedisConnectionPool::delete_key (line 324)
[INFO] [stdout]     crates/shared/src/redis/commands.rs - redis::commands::RedisConnectionPool::delete_keys (line 351)
[INFO] [stdout]     crates/shared/src/redis/commands.rs - redis::commands::RedisConnectionPool::geo_add (line 818)
[INFO] [stdout]     crates/shared/src/redis/commands.rs - redis::commands::RedisConnectionPool::get_hash_field (line 442)
[INFO] [stdout]     crates/shared/src/redis/commands.rs - redis::commands::RedisConnectionPool::llen (line 773)
[INFO] [stdout]     crates/shared/src/redis/commands.rs - redis::commands::RedisConnectionPool::lpop (line 661)
[INFO] [stdout]     crates/shared/src/redis/commands.rs - redis::commands::RedisConnectionPool::lrange (line 725)
[INFO] [stdout]     crates/shared/src/redis/commands.rs - redis::commands::RedisConnectionPool::rpop (line 603)
[INFO] [stdout]     crates/shared/src/redis/commands.rs - redis::commands::RedisConnectionPool::rpush (line 477)
[INFO] [stdout]     crates/shared/src/redis/commands.rs - redis::commands::RedisConnectionPool::rpush_with_expiry (line 536)
[INFO] [stdout]     crates/shared/src/redis/commands.rs - redis::commands::RedisConnectionPool::set_hash_fields (line 395)
[INFO] [stdout]     crates/shared/src/redis/commands.rs - redis::commands::RedisConnectionPool::zadd (line 1186)
[INFO] [stdout]     crates/shared/src/redis/commands.rs - redis::commands::RedisConnectionPool::zcard (line 1221)
[INFO] [stdout]     crates/shared/src/redis/commands.rs - redis::commands::RedisConnectionPool::zrange (line 1257)
[INFO] [stdout]     crates/shared/src/redis/commands.rs - redis::commands::RedisConnectionPool::zremrange_by_rank (line 1149)
[INFO] [stdout] 
[INFO] [stdout] test result: FAILED. 0 passed; 15 failed; 0 ignored; 0 measured; 0 filtered out; finished in 1.01s
[INFO] [stdout] 
[INFO] [stderr] error: doctest failed, to rerun pass `-p shared --doc`
[INFO] running `Command { std: "docker" "inspect" "fdf64e29362e19a7824972fb97caef8e53dd6616866ef824e93f8ed8847d3c5f", kill_on_drop: false }`
[INFO] running `Command { std: "docker" "rm" "-f" "fdf64e29362e19a7824972fb97caef8e53dd6616866ef824e93f8ed8847d3c5f", kill_on_drop: false }`
[INFO] [stdout] fdf64e29362e19a7824972fb97caef8e53dd6616866ef824e93f8ed8847d3c5f
[INFO] testing khuzema786/shared-kernel-rs against beta-2023-12-22 for beta-1.76-1
[INFO] running `Command { std: "git" "clone" "/workspace/cache/git-repos/https%3A%2F%2Fgithub.com%2Fkhuzema786%2Fshared-kernel-rs" "/workspace/builds/worker-3-tc2/source", kill_on_drop: false }`
[INFO] [stderr] Cloning into '/workspace/builds/worker-3-tc2/source'...
[INFO] [stderr] done.
[INFO] validating manifest of git repo https://github.com/khuzema786/shared-kernel-rs on toolchain beta-2023-12-22
[INFO] running `Command { std: CARGO_HOME="/workspace/cargo-home" RUSTUP_HOME="/workspace/rustup-home" "/workspace/cargo-home/bin/cargo" "+beta-2023-12-22" "metadata" "--manifest-path" "Cargo.toml" "--no-deps", kill_on_drop: false }`
[INFO] removed /workspace/builds/worker-3-tc2/source/rust-toolchain.toml
[INFO] started tweaking git repo https://github.com/khuzema786/shared-kernel-rs
[INFO] finished tweaking git repo https://github.com/khuzema786/shared-kernel-rs
[INFO] tweaked toml for git repo https://github.com/khuzema786/shared-kernel-rs written to /workspace/builds/worker-3-tc2/source/Cargo.toml
[INFO] crate git repo https://github.com/khuzema786/shared-kernel-rs already has a lockfile, it will not be regenerated
[INFO] running `Command { std: CARGO_HOME="/workspace/cargo-home" RUSTUP_HOME="/workspace/rustup-home" "/workspace/cargo-home/bin/cargo" "+beta-2023-12-22" "fetch" "--manifest-path" "Cargo.toml", kill_on_drop: false }`
[INFO] [stderr]     Blocking waiting for file lock on package cache
[INFO] [stderr]     Blocking waiting for file lock on package cache
[INFO] running `Command { std: "docker" "create" "-v" "/var/lib/crater-agent-workspace/builds/worker-3-tc2/target:/opt/rustwide/target:rw,Z" "-v" "/var/lib/crater-agent-workspace/builds/worker-3-tc2/source:/opt/rustwide/workdir:ro,Z" "-v" "/var/lib/crater-agent-workspace/cargo-home:/opt/rustwide/cargo-home:ro,Z" "-v" "/var/lib/crater-agent-workspace/rustup-home:/opt/rustwide/rustup-home:ro,Z" "-e" "SOURCE_DIR=/opt/rustwide/workdir" "-e" "CARGO_TARGET_DIR=/opt/rustwide/target" "-e" "CARGO_HOME=/opt/rustwide/cargo-home" "-e" "RUSTUP_HOME=/opt/rustwide/rustup-home" "-w" "/opt/rustwide/workdir" "-m" "1610612736" "--user" "0:0" "--network" "none" "ghcr.io/rust-lang/crates-build-env/linux@sha256:2788e3201cd34a07e3172128adcd8b3090168a8e3bcc40d7c032b9dda1df7d1c" "/opt/rustwide/cargo-home/bin/cargo" "+beta-2023-12-22" "metadata" "--no-deps" "--format-version=1", kill_on_drop: false }`
[INFO] [stdout] 29133c7255727db2648f8ee2b5063f9445abbe2addff58cc8d19093afa9955ad
[INFO] running `Command { std: "docker" "start" "-a" "29133c7255727db2648f8ee2b5063f9445abbe2addff58cc8d19093afa9955ad", kill_on_drop: false }`
[INFO] running `Command { std: "docker" "inspect" "29133c7255727db2648f8ee2b5063f9445abbe2addff58cc8d19093afa9955ad", kill_on_drop: false }`
[INFO] running `Command { std: "docker" "rm" "-f" "29133c7255727db2648f8ee2b5063f9445abbe2addff58cc8d19093afa9955ad", kill_on_drop: false }`
[INFO] [stdout] 29133c7255727db2648f8ee2b5063f9445abbe2addff58cc8d19093afa9955ad
[INFO] running `Command { std: "docker" "create" "-v" "/var/lib/crater-agent-workspace/builds/worker-3-tc2/target:/opt/rustwide/target:rw,Z" "-v" "/var/lib/crater-agent-workspace/builds/worker-3-tc2/source:/opt/rustwide/workdir:ro,Z" "-v" "/var/lib/crater-agent-workspace/cargo-home:/opt/rustwide/cargo-home:ro,Z" "-v" "/var/lib/crater-agent-workspace/rustup-home:/opt/rustwide/rustup-home:ro,Z" "-e" "SOURCE_DIR=/opt/rustwide/workdir" "-e" "CARGO_TARGET_DIR=/opt/rustwide/target" "-e" "CARGO_INCREMENTAL=0" "-e" "RUST_BACKTRACE=full" "-e" "RUSTFLAGS=--cap-lints=warn" "-e" "RUSTDOCFLAGS=--cap-lints=warn" "-e" "CARGO_HOME=/opt/rustwide/cargo-home" "-e" "RUSTUP_HOME=/opt/rustwide/rustup-home" "-w" "/opt/rustwide/workdir" "-m" "1610612736" "--user" "0:0" "--network" "none" "ghcr.io/rust-lang/crates-build-env/linux@sha256:2788e3201cd34a07e3172128adcd8b3090168a8e3bcc40d7c032b9dda1df7d1c" "/opt/rustwide/cargo-home/bin/cargo" "+beta-2023-12-22" "build" "--frozen" "--message-format=json", kill_on_drop: false }`
[INFO] [stdout] a5a42cbc65c4688e0a0bab432cffdac807fa3d0baef4ac5ee131b3ec61293f4e
[INFO] running `Command { std: "docker" "start" "-a" "a5a42cbc65c4688e0a0bab432cffdac807fa3d0baef4ac5ee131b3ec61293f4e", kill_on_drop: false }`
[INFO] [stderr]    Compiling proc-macro2 v1.0.67
[INFO] [stderr]    Compiling unicode-ident v1.0.12
[INFO] [stderr]    Compiling cfg-if v1.0.0
[INFO] [stderr]    Compiling libc v0.2.148
[INFO] [stderr]    Compiling autocfg v1.1.0
[INFO] [stderr]    Compiling pin-project-lite v0.2.13
[INFO] [stderr]    Compiling once_cell v1.18.0
[INFO] [stderr]    Compiling memchr v2.6.3
[INFO] [stderr]    Compiling log v0.4.20
[INFO] [stderr]    Compiling bytes v1.5.0
[INFO] [stderr]    Compiling futures-core v0.3.28
[INFO] [stderr]    Compiling smallvec v1.11.1
[INFO] [stderr]    Compiling lock_api v0.4.10
[INFO] [stderr]    Compiling tracing-core v0.1.31
[INFO] [stderr]    Compiling pkg-config v0.3.27
[INFO] [stderr]    Compiling itoa v1.0.9
[INFO] [stderr]    Compiling parking_lot_core v0.9.8
[INFO] [stderr]    Compiling version_check v0.9.4
[INFO] [stderr]    Compiling quote v1.0.33
[INFO] [stderr]    Compiling syn v2.0.37
[INFO] [stderr]    Compiling scopeguard v1.2.0
[INFO] [stderr]    Compiling futures-sink v0.3.28
[INFO] [stderr]    Compiling slab v0.4.9
[INFO] [stderr]    Compiling futures-channel v0.3.28
[INFO] [stderr]    Compiling jobserver v0.1.26
[INFO] [stderr]    Compiling futures-task v0.3.28
[INFO] [stderr]    Compiling cc v1.0.83
[INFO] [stderr]    Compiling futures-util v0.3.28
[INFO] [stderr]    Compiling fnv v1.0.7
[INFO] [stderr]    Compiling pin-utils v0.1.0
[INFO] [stderr]    Compiling typenum v1.17.0
[INFO] [stderr]    Compiling futures-io v0.3.28
[INFO] [stderr]    Compiling serde v1.0.188
[INFO] [stderr]    Compiling socket2 v0.5.4
[INFO] [stderr]    Compiling mio v0.8.8
[INFO] [stderr]    Compiling parking_lot v0.12.1
[INFO] [stderr]    Compiling num_cpus v1.16.0
[INFO] [stderr]    Compiling signal-hook-registry v1.4.1
[INFO] [stderr]    Compiling http v0.2.9
[INFO] [stderr]    Compiling generic-array v0.14.7
[INFO] [stderr]    Compiling vcpkg v0.2.15
[INFO] [stderr]    Compiling aho-corasick v1.1.1
[INFO] [stderr]    Compiling regex-syntax v0.7.5
[INFO] [stderr]    Compiling getrandom v0.2.10
[INFO] [stderr]    Compiling indexmap v1.9.3
[INFO] [stderr]    Compiling lazy_static v1.4.0
[INFO] [stderr]    Compiling percent-encoding v2.3.0
[INFO] [stderr]    Compiling zstd-sys v2.0.8+zstd.1.5.5
[INFO] [stderr]    Compiling httparse v1.8.0
[INFO] [stderr]    Compiling openssl-sys v0.9.93
[INFO] [stderr]    Compiling serde_json v1.0.107
[INFO] [stderr]    Compiling hashbrown v0.12.3
[INFO] [stderr]    Compiling tinyvec_macros v0.1.1
[INFO] [stderr]    Compiling bitflags v2.4.0
[INFO] [stderr]    Compiling semver v1.0.19
[INFO] [stderr]    Compiling ryu v1.0.15
[INFO] [stderr]    Compiling block-buffer v0.10.4
[INFO] [stderr]    Compiling crypto-common v0.1.6
[INFO] [stderr]    Compiling tinyvec v1.6.0
[INFO] [stderr]    Compiling time-core v0.1.2
[INFO] [stderr]    Compiling syn v1.0.109
[INFO] [stderr]    Compiling bitflags v1.3.2
[INFO] [stderr]    Compiling openssl v0.10.57
[INFO] [stderr]    Compiling foreign-types-shared v0.1.1
[INFO] [stderr]    Compiling paste v1.0.14
[INFO] [stderr]    Compiling foreign-types v0.3.2
[INFO] [stderr]    Compiling time-macros v0.2.15
[INFO] [stderr]    Compiling digest v0.10.7
[INFO] [stderr]    Compiling regex-automata v0.3.8
[INFO] [stderr]    Compiling form_urlencoded v1.2.0
[INFO] [stderr]    Compiling unicode-normalization v0.1.22
[INFO] [stderr]    Compiling rand_core v0.6.4
[INFO] [stderr]    Compiling ahash v0.8.6
[INFO] [stderr]    Compiling bytestring v1.3.0
[INFO] [stderr]    Compiling crc32fast v1.3.2
[INFO] [stderr]    Compiling unicode-bidi v0.3.13
[INFO] [stderr]    Compiling deranged v0.3.8
[INFO] [stderr]    Compiling io-lifetimes v1.0.11
[INFO] [stderr]    Compiling local-waker v0.1.3
[INFO] [stderr]    Compiling zstd-safe v6.0.6
[INFO] [stderr]    Compiling ppv-lite86 v0.2.17
[INFO] [stderr]    Compiling cpufeatures v0.2.9
[INFO] [stderr]    Compiling httpdate v1.0.3
[INFO] [stderr]    Compiling native-tls v0.2.11
[INFO] [stderr]    Compiling alloc-no-stdlib v2.0.4
[INFO] [stderr]    Compiling regex-syntax v0.6.29
[INFO] [stderr]    Compiling rand_chacha v0.3.1
[INFO] [stderr]    Compiling alloc-stdlib v0.2.2
[INFO] [stderr]    Compiling time v0.3.29
[INFO] [stderr]    Compiling idna v0.4.0
[INFO] [stderr]    Compiling num-traits v0.2.16
[INFO] [stderr]    Compiling regex v1.9.5
[INFO] [stderr]    Compiling tracing-attributes v0.1.26
[INFO] [stderr]    Compiling tokio-macros v2.1.0
[INFO] [stderr]    Compiling futures-macro v0.3.28
[INFO] [stderr]    Compiling serde_derive v1.0.188
[INFO] [stderr]    Compiling tokio v1.32.0
[INFO] [stderr]    Compiling tracing v0.1.37
[INFO] [stderr]    Compiling openssl-macros v0.1.1
[INFO] [stderr]    Compiling regex-automata v0.1.10
[INFO] [stderr]    Compiling crossbeam-utils v0.8.16
[INFO] [stderr]    Compiling zerocopy v0.7.24
[INFO] [stderr]    Compiling crc16 v0.4.0
[INFO] [stderr]    Compiling openssl-probe v0.1.5
[INFO] [stderr]    Compiling overload v0.1.1
[INFO] [stderr]    Compiling rustix v0.36.15
[INFO] [stderr]    Compiling try-lock v0.2.4
[INFO] [stderr]    Compiling adler v1.0.2
[INFO] [stderr]    Compiling want v0.3.1
[INFO] [stderr]    Compiling miniz_oxide v0.7.1
[INFO] [stderr]    Compiling nu-ansi-term v0.46.0
[INFO] [stderr]    Compiling matchers v0.1.0
[INFO] [stderr]    Compiling actix-service v2.0.2
[INFO] [stderr]    Compiling pin-project-internal v1.1.3
[INFO] [stderr]    Compiling url v2.4.1
[INFO] [stderr]    Compiling rand v0.8.5
[INFO] [stderr]    Compiling brotli-decompressor v2.3.4
[INFO] [stderr]    Compiling tokio-util v0.7.9
[INFO] [stderr]    Compiling actix-rt v2.9.0
[INFO] [stderr]    Compiling actix-utils v3.0.1
[INFO] [stderr]    Compiling rustc_version v0.4.0
[INFO] [stderr]    Compiling h2 v0.3.21
[INFO] [stderr]    Compiling http-body v0.4.5
[INFO] [stderr]    Compiling sharded-slab v0.1.4
[INFO] [stderr]    Compiling tracing-log v0.1.3
[INFO] [stderr]    Compiling socket2 v0.4.9
[INFO] [stderr]    Compiling cookie v0.16.2
[INFO] [stderr]    Compiling thread_local v1.1.7
[INFO] [stderr]    Compiling encoding_rs v0.8.33
[INFO] [stderr]    Compiling rustversion v1.0.14
[INFO] [stderr]    Compiling thiserror v1.0.48
[INFO] [stderr]    Compiling convert_case v0.4.0
[INFO] [stderr]    Compiling mime v0.3.17
[INFO] [stderr]    Compiling procfs v0.14.2
[INFO] [stderr]    Compiling minimal-lexical v0.2.1
[INFO] [stderr]    Compiling linux-raw-sys v0.1.4
[INFO] [stderr]    Compiling protobuf v2.28.0
[INFO] [stderr]    Compiling either v1.9.0
[INFO] [stderr]    Compiling async-trait v0.1.73
[INFO] [stderr]    Compiling base64 v0.21.4
[INFO] [stderr]    Compiling tower-service v0.3.2
[INFO] [stderr]    Compiling bytes-utils v0.1.3
[INFO] [stderr]    Compiling derive_more v0.99.17
[INFO] [stderr]    Compiling nom v7.1.3
[INFO] [stderr]    Compiling tracing-serde v0.1.3
[INFO] [stderr]    Compiling serde_urlencoded v0.7.1
[INFO] [stderr]    Compiling actix-router v0.5.1
[INFO] [stderr]    Compiling error-stack v0.3.1
[INFO] [stderr]    Compiling actix-codec v0.5.1
[INFO] [stderr]    Compiling tokio-native-tls v0.3.1
[INFO] [stderr]    Compiling tracing-subscriber v0.3.17
[INFO] [stderr]    Compiling pin-project v1.1.3
[INFO] [stderr]    Compiling brotli v3.3.4
[INFO] [stderr]    Compiling flate2 v1.0.27
[INFO] [stderr]    Compiling hyper v0.14.27
[INFO] [stderr]    Compiling futures-executor v0.3.28
[INFO] [stderr]    Compiling thiserror-impl v1.0.48
[INFO] [stderr]    Compiling sha1 v0.10.6
[INFO] [stderr]    Compiling local-channel v0.1.4
[INFO] [stderr]    Compiling cookie-factory v0.3.2
[INFO] [stderr]    Compiling byteorder v1.4.3
[INFO] [stderr]    Compiling prometheus v0.13.3
[INFO] [stderr]    Compiling language-tags v0.3.2
[INFO] [stderr]    Compiling hex v0.4.3
[INFO] [stderr]    Compiling redis-protocol v4.1.0
[INFO] [stderr]    Compiling futures v0.3.28
[INFO] [stderr]    Compiling float-cmp v0.9.0
[INFO] [stderr]    Compiling crossbeam-channel v0.5.8
[INFO] [stderr]    Compiling actix-web-codegen v4.2.2
[INFO] [stderr]    Compiling tracing-futures v0.2.5
[INFO] [stderr]    Compiling hyper-tls v0.5.0
[INFO] [stderr]    Compiling actix-server v2.3.0
[INFO] [stderr]    Compiling tokio-stream v0.1.14
[INFO] [stderr]    Compiling actix-macros v0.2.4
[INFO] [stderr]    Compiling sha-1 v0.10.1
[INFO] [stderr]    Compiling gethostname v0.2.3
[INFO] [stderr]    Compiling heck v0.4.1
[INFO] [stderr]    Compiling arc-swap v1.6.0
[INFO] [stderr]    Compiling ipnet v2.8.0
[INFO] [stderr]    Compiling arcstr v1.1.5
[INFO] [stderr]    Compiling strum_macros v0.24.3
[INFO] [stderr]    Compiling fred v6.3.2
[INFO] [stderr]    Compiling reqwest v0.11.20
[INFO] [stderr]    Compiling tracing-bunyan-formatter v0.3.9
[INFO] [stderr]    Compiling tracing-appender v0.2.2
[INFO] [stderr]    Compiling macros v0.1.0 (/opt/rustwide/workdir/crates/macros)
[INFO] [stderr]    Compiling rustc-hash v1.1.0
[INFO] [stderr]    Compiling zstd v0.12.4
[INFO] [stderr]    Compiling actix-http v3.4.0
[INFO] [stderr]    Compiling actix-web v4.4.0
[INFO] [stderr]    Compiling shared v0.1.0 (/opt/rustwide/workdir/crates/shared)
[INFO] [stderr]     Finished dev [unoptimized + debuginfo] target(s) in 1m 41s
[INFO] running `Command { std: "docker" "inspect" "a5a42cbc65c4688e0a0bab432cffdac807fa3d0baef4ac5ee131b3ec61293f4e", kill_on_drop: false }`
[INFO] running `Command { std: "docker" "rm" "-f" "a5a42cbc65c4688e0a0bab432cffdac807fa3d0baef4ac5ee131b3ec61293f4e", kill_on_drop: false }`
[INFO] [stdout] a5a42cbc65c4688e0a0bab432cffdac807fa3d0baef4ac5ee131b3ec61293f4e
[INFO] running `Command { std: "docker" "create" "-v" "/var/lib/crater-agent-workspace/builds/worker-3-tc2/target:/opt/rustwide/target:rw,Z" "-v" "/var/lib/crater-agent-workspace/builds/worker-3-tc2/source:/opt/rustwide/workdir:ro,Z" "-v" "/var/lib/crater-agent-workspace/cargo-home:/opt/rustwide/cargo-home:ro,Z" "-v" "/var/lib/crater-agent-workspace/rustup-home:/opt/rustwide/rustup-home:ro,Z" "-e" "SOURCE_DIR=/opt/rustwide/workdir" "-e" "CARGO_TARGET_DIR=/opt/rustwide/target" "-e" "CARGO_INCREMENTAL=0" "-e" "RUST_BACKTRACE=full" "-e" "RUSTFLAGS=--cap-lints=warn" "-e" "RUSTDOCFLAGS=--cap-lints=warn" "-e" "CARGO_HOME=/opt/rustwide/cargo-home" "-e" "RUSTUP_HOME=/opt/rustwide/rustup-home" "-w" "/opt/rustwide/workdir" "-m" "1610612736" "--user" "0:0" "--network" "none" "ghcr.io/rust-lang/crates-build-env/linux@sha256:2788e3201cd34a07e3172128adcd8b3090168a8e3bcc40d7c032b9dda1df7d1c" "/opt/rustwide/cargo-home/bin/cargo" "+beta-2023-12-22" "test" "--frozen" "--no-run" "--message-format=json", kill_on_drop: false }`
[INFO] [stdout] b5ec034076ec3d624946d14445616560f0cdb39d162e10766b68db1e93b03e44
[INFO] running `Command { std: "docker" "start" "-a" "b5ec034076ec3d624946d14445616560f0cdb39d162e10766b68db1e93b03e44", kill_on_drop: false }`
[INFO] [stderr]    Compiling macros v0.1.0 (/opt/rustwide/workdir/crates/macros)
[INFO] [stderr]    Compiling shared v0.1.0 (/opt/rustwide/workdir/crates/shared)
[INFO] [stderr]     Finished test [unoptimized + debuginfo] target(s) in 2.72s
[INFO] running `Command { std: "docker" "inspect" "b5ec034076ec3d624946d14445616560f0cdb39d162e10766b68db1e93b03e44", kill_on_drop: false }`
[INFO] running `Command { std: "docker" "rm" "-f" "b5ec034076ec3d624946d14445616560f0cdb39d162e10766b68db1e93b03e44", kill_on_drop: false }`
[INFO] [stdout] b5ec034076ec3d624946d14445616560f0cdb39d162e10766b68db1e93b03e44
[INFO] running `Command { std: "docker" "create" "-v" "/var/lib/crater-agent-workspace/builds/worker-3-tc2/target:/opt/rustwide/target:rw,Z" "-v" "/var/lib/crater-agent-workspace/builds/worker-3-tc2/source:/opt/rustwide/workdir:ro,Z" "-v" "/var/lib/crater-agent-workspace/cargo-home:/opt/rustwide/cargo-home:ro,Z" "-v" "/var/lib/crater-agent-workspace/rustup-home:/opt/rustwide/rustup-home:ro,Z" "-e" "SOURCE_DIR=/opt/rustwide/workdir" "-e" "CARGO_TARGET_DIR=/opt/rustwide/target" "-e" "CARGO_INCREMENTAL=0" "-e" "RUST_BACKTRACE=full" "-e" "RUSTFLAGS=--cap-lints=warn" "-e" "RUSTDOCFLAGS=--cap-lints=warn" "-e" "CARGO_HOME=/opt/rustwide/cargo-home" "-e" "RUSTUP_HOME=/opt/rustwide/rustup-home" "-w" "/opt/rustwide/workdir" "-m" "1610612736" "--user" "0:0" "--network" "none" "ghcr.io/rust-lang/crates-build-env/linux@sha256:2788e3201cd34a07e3172128adcd8b3090168a8e3bcc40d7c032b9dda1df7d1c" "/opt/rustwide/cargo-home/bin/cargo" "+beta-2023-12-22" "test" "--frozen", kill_on_drop: false }`
[INFO] [stdout] 4b7217557dd324dcffe2a5571a77099819e8d259d6eb7a6909301dc1bb64d193
[INFO] running `Command { std: "docker" "start" "-a" "4b7217557dd324dcffe2a5571a77099819e8d259d6eb7a6909301dc1bb64d193", kill_on_drop: false }`
[INFO] [stderr]     Finished test [unoptimized + debuginfo] target(s) in 0.20s
[INFO] [stderr]      Running unittests src/lib.rs (/opt/rustwide/target/debug/deps/macros-f0954956c6d5de0c)
[INFO] [stderr]      Running unittests src/lib.rs (/opt/rustwide/target/debug/deps/shared-66d0c2e99b0515e9)
[INFO] [stdout] 
[INFO] [stdout] running 0 tests
[INFO] [stdout] 
[INFO] [stdout] test result: ok. 0 passed; 0 failed; 0 ignored; 0 measured; 0 filtered out; finished in 0.00s
[INFO] [stdout] 
[INFO] [stderr]    Doc-tests macros
[INFO] [stdout] 
[INFO] [stdout] running 0 tests
[INFO] [stdout] 
[INFO] [stdout] test result: ok. 0 passed; 0 failed; 0 ignored; 0 measured; 0 filtered out; finished in 0.00s
[INFO] [stdout] 
[INFO] [stderr]    Doc-tests shared
[INFO] [stdout] 
[INFO] [stdout] running 0 tests
[INFO] [stdout] 
[INFO] [stdout] test result: ok. 0 passed; 0 failed; 0 ignored; 0 measured; 0 filtered out; finished in 0.00s
[INFO] [stdout] 
[INFO] [stdout] 
[INFO] [stdout] running 15 tests
[INFO] [stdout] test crates/shared/src/redis/commands.rs - redis::commands::RedisConnectionPool::geo_add (line 818) ... FAILED
[INFO] [stdout] test crates/shared/src/redis/commands.rs - redis::commands::RedisConnectionPool::delete_keys (line 351) ... FAILED
[INFO] [stdout] test crates/shared/src/redis/commands.rs - redis::commands::RedisConnectionPool::lrange (line 725) ... FAILED
[INFO] [stdout] test crates/shared/src/redis/commands.rs - redis::commands::RedisConnectionPool::llen (line 773) ... FAILED
[INFO] [stdout] test crates/shared/src/redis/commands.rs - redis::commands::RedisConnectionPool::lpop (line 661) ... FAILED
[INFO] [stdout] test crates/shared/src/redis/commands.rs - redis::commands::RedisConnectionPool::get_hash_field (line 442) ... FAILED
[INFO] [stdout] test crates/shared/src/redis/commands.rs - redis::commands::RedisConnectionPool::rpop (line 603) ... FAILED
[INFO] [stdout] test crates/shared/src/redis/commands.rs - redis::commands::RedisConnectionPool::delete_key (line 324) ... FAILED
[INFO] [stdout] test crates/shared/src/redis/commands.rs - redis::commands::RedisConnectionPool::zadd (line 1186) ... FAILED
[INFO] [stdout] test crates/shared/src/redis/commands.rs - redis::commands::RedisConnectionPool::rpush_with_expiry (line 536) ... FAILED
[INFO] [stdout] test crates/shared/src/redis/commands.rs - redis::commands::RedisConnectionPool::rpush (line 477) ... FAILED
[INFO] [stdout] test crates/shared/src/redis/commands.rs - redis::commands::RedisConnectionPool::zcard (line 1221) ... FAILED
[INFO] [stdout] test crates/shared/src/redis/commands.rs - redis::commands::RedisConnectionPool::set_hash_fields (line 395) ... FAILED
[INFO] [stdout] test crates/shared/src/redis/commands.rs - redis::commands::RedisConnectionPool::zremrange_by_rank (line 1149) ... FAILED
[INFO] [stdout] test crates/shared/src/redis/commands.rs - redis::commands::RedisConnectionPool::zrange (line 1257) ... FAILED
[INFO] [stdout] 
[INFO] [stdout] failures:
[INFO] [stderr] error: doctest failed, to rerun pass `-p shared --doc`
[INFO] [stdout] 
[INFO] [stdout] ---- crates/shared/src/redis/commands.rs - redis::commands::RedisConnectionPool::geo_add (line 818) stdout ----
[INFO] [stdout] error[E0412]: cannot find type `RedisError` in this scope
[INFO] [stdout]  --> crates/shared/src/redis/commands.rs:819:30
[INFO] [stdout]   |
[INFO] [stdout] 3 | async fn run() -> Result<(), RedisError> {
[INFO] [stdout]   |                              ^^^^^^^^^^ not found in this scope
[INFO] [stdout]   |
[INFO] [stdout] help: consider importing one of these items
[INFO] [stdout]   |
[INFO] [stdout] 2 + use fred::prelude::RedisError;
[INFO] [stdout]   |
[INFO] [stdout] 2 + use shared::redis::error::RedisError;
[INFO] [stdout]   |
[INFO] [stdout] 
[INFO] [stdout] error[E0433]: failed to resolve: use of undeclared type `RedisClient`
[INFO] [stdout]  --> crates/shared/src/redis/commands.rs:820:20
[INFO] [stdout]   |
[INFO] [stdout] 4 | let redis_client = RedisClient::new(); // assuming a RedisClient struct that implements the method
[INFO] [stdout]   |                    ^^^^^^^^^^^ use of undeclared type `RedisClient`
[INFO] [stdout]   |
[INFO] [stdout] help: consider importing one of these items
[INFO] [stdout]   |
[INFO] [stdout] 2 + use fred::prelude::RedisClient;
[INFO] [stdout]   |
[INFO] [stdout] 2 + use shared::redis::types::RedisClient;
[INFO] [stdout]   |
[INFO] [stdout] 
[INFO] [stdout] error[E0433]: failed to resolve: use of undeclared type `GeoValue`
[INFO] [stdout]  --> crates/shared/src/redis/commands.rs:823:5
[INFO] [stdout]   |
[INFO] [stdout] 7 |     GeoValue::new(13.361389, 38.115556, "Bangalore"),
[INFO] [stdout]   |     ^^^^^^^^ use of undeclared type `GeoValue`
[INFO] [stdout]   |
[INFO] [stdout] help: consider importing this struct
[INFO] [stdout]   |
[INFO] [stdout] 2 + use fred::types::GeoValue;
[INFO] [stdout]   |
[INFO] [stdout] 
[INFO] [stdout] error[E0433]: failed to resolve: use of undeclared type `GeoValue`
[INFO] [stdout]  --> crates/shared/src/redis/commands.rs:824:5
[INFO] [stdout]   |
[INFO] [stdout] 8 |     GeoValue::new(15.087269, 37.502669, "Kolkata"),
[INFO] [stdout]   |     ^^^^^^^^ use of undeclared type `GeoValue`
[INFO] [stdout]   |
[INFO] [stdout] help: consider importing this struct
[INFO] [stdout]   |
[INFO] [stdout] 2 + use fred::types::GeoValue;
[INFO] [stdout]   |
[INFO] [stdout] 
[INFO] [stdout] error: aborting due to 4 previous errors
[INFO] [stdout] 
[INFO] [stdout] Some errors have detailed explanations: E0412, E0433.
[INFO] [stdout] For more information about an error, try `rustc --explain E0412`.
[INFO] [stdout] Couldn't compile the test.
[INFO] [stdout] ---- crates/shared/src/redis/commands.rs - redis::commands::RedisConnectionPool::delete_keys (line 351) stdout ----
[INFO] [stdout] error[E0425]: cannot find value `your_redis_instance` in this scope
[INFO] [stdout]  --> crates/shared/src/redis/commands.rs:353:14
[INFO] [stdout]   |
[INFO] [stdout] 4 | let result = your_redis_instance.delete_keys(keys_to_delete).await;
[INFO] [stdout]   |              ^^^^^^^^^^^^^^^^^^^ not found in this scope
[INFO] [stdout] 
[INFO] [stdout] error[E0728]: `await` is only allowed inside `async` functions and blocks
[INFO] [stdout]  --> crates/shared/src/redis/commands.rs:353:62
[INFO] [stdout]   |
[INFO] [stdout] 2 | fn main() { #[allow(non_snake_case)] fn _doctest_main_crates_shared_src_redis_commands_rs_351_0() {
[INFO] [stdout]   |                                         ------------------------------------------------------- this is not `async`
[INFO] [stdout] 3 | let keys_to_delete = vec!["key1", "key2", "key3"];
[INFO] [stdout] 4 | let result = your_redis_instance.delete_keys(keys_to_delete).await;
[INFO] [stdout]   |                                                              ^^^^^ only allowed inside `async` functions and blocks
[INFO] [stdout] 
[INFO] [stdout] error: aborting due to 2 previous errors
[INFO] [stdout] 
[INFO] [stdout] Some errors have detailed explanations: E0425, E0728.
[INFO] [stdout] For more information about an error, try `rustc --explain E0425`.
[INFO] [stdout] Couldn't compile the test.
[INFO] [stdout] ---- crates/shared/src/redis/commands.rs - redis::commands::RedisConnectionPool::lrange (line 725) stdout ----
[INFO] [stdout] error[E0412]: cannot find type `YourRedisType` in this scope
[INFO] [stdout]  --> crates/shared/src/redis/commands.rs:726:42
[INFO] [stdout]   |
[INFO] [stdout] 3 | async fn get_list_range(redis_instance: &YourRedisType, list_key: &str) {
[INFO] [stdout]   |                                          ^^^^^^^^^^^^^ not found in this scope
[INFO] [stdout] 
[INFO] [stdout] error: aborting due to 1 previous error
[INFO] [stdout] 
[INFO] [stdout] For more information about this error, try `rustc --explain E0412`.
[INFO] [stdout] Couldn't compile the test.
[INFO] [stdout] ---- crates/shared/src/redis/commands.rs - redis::commands::RedisConnectionPool::llen (line 773) stdout ----
[INFO] [stdout] error[E0412]: cannot find type `YourRedisType` in this scope
[INFO] [stdout]  --> crates/shared/src/redis/commands.rs:774:43
[INFO] [stdout]   |
[INFO] [stdout] 3 | async fn get_list_length(redis_instance: &YourRedisType, list_key: &str) {
[INFO] [stdout]   |                                           ^^^^^^^^^^^^^ not found in this scope
[INFO] [stdout] 
[INFO] [stdout] error: aborting due to 1 previous error
[INFO] [stdout] 
[INFO] [stdout] For more information about this error, try `rustc --explain E0412`.
[INFO] [stdout] Couldn't compile the test.
[INFO] [stdout] ---- crates/shared/src/redis/commands.rs - redis::commands::RedisConnectionPool::lpop (line 661) stdout ----
[INFO] [stdout] error[E0412]: cannot find type `YourRedisType` in this scope
[INFO] [stdout]  --> crates/shared/src/redis/commands.rs:662:40
[INFO] [stdout]   |
[INFO] [stdout] 3 | async fn pop_elements(redis_instance: &YourRedisType, list_key: &str) {
[INFO] [stdout]   |                                        ^^^^^^^^^^^^^ not found in this scope
[INFO] [stdout] 
[INFO] [stdout] error: aborting due to 1 previous error
[INFO] [stdout] 
[INFO] [stdout] For more information about this error, try `rustc --explain E0412`.
[INFO] [stdout] Couldn't compile the test.
[INFO] [stdout] ---- crates/shared/src/redis/commands.rs - redis::commands::RedisConnectionPool::get_hash_field (line 442) stdout ----
[INFO] [stdout] error[E0425]: cannot find value `your_redis_instance` in this scope
[INFO] [stdout]  --> crates/shared/src/redis/commands.rs:443:14
[INFO] [stdout]   |
[INFO] [stdout] 3 | let result = your_redis_instance.get_hash_field::<String>("your_hash", "your_field").await;
[INFO] [stdout]   |              ^^^^^^^^^^^^^^^^^^^ not found in this scope
[INFO] [stdout] 
[INFO] [stdout] error[E0728]: `await` is only allowed inside `async` functions and blocks
[INFO] [stdout]  --> crates/shared/src/redis/commands.rs:443:86
[INFO] [stdout]   |
[INFO] [stdout] 2 | fn main() { #[allow(non_snake_case)] fn _doctest_main_crates_shared_src_redis_commands_rs_442_0() {
[INFO] [stdout]   |                                         ------------------------------------------------------- this is not `async`
[INFO] [stdout] 3 | let result = your_redis_instance.get_hash_field::<String>("your_hash", "your_field").await;
[INFO] [stdout]   |                                                                                      ^^^^^ only allowed inside `async` functions and blocks
[INFO] [stdout] 
[INFO] [stdout] error: aborting due to 2 previous errors
[INFO] [stdout] 
[INFO] [stdout] Some errors have detailed explanations: E0425, E0728.
[INFO] [stdout] For more information about an error, try `rustc --explain E0425`.
[INFO] [stdout] Couldn't compile the test.
[INFO] [stdout] ---- crates/shared/src/redis/commands.rs - redis::commands::RedisConnectionPool::rpop (line 603) stdout ----
[INFO] [stdout] error[E0425]: cannot find value `your_redis_instance` in this scope
[INFO] [stdout]  --> crates/shared/src/redis/commands.rs:604:14
[INFO] [stdout]   |
[INFO] [stdout] 3 | let result = your_redis_instance.rpop("your_list", Some(2)).await;
[INFO] [stdout]   |              ^^^^^^^^^^^^^^^^^^^ not found in this scope
[INFO] [stdout] 
[INFO] [stdout] error[E0728]: `await` is only allowed inside `async` functions and blocks
[INFO] [stdout]  --> crates/shared/src/redis/commands.rs:604:61
[INFO] [stdout]   |
[INFO] [stdout] 2 | fn main() { #[allow(non_snake_case)] fn _doctest_main_crates_shared_src_redis_commands_rs_603_0() {
[INFO] [stdout]   |                                         ------------------------------------------------------- this is not `async`
[INFO] [stdout] 3 | let result = your_redis_instance.rpop("your_list", Some(2)).await;
[INFO] [stdout]   |                                                             ^^^^^ only allowed inside `async` functions and blocks
[INFO] [stdout] 
[INFO] [stdout] error: aborting due to 2 previous errors
[INFO] [stdout] 
[INFO] [stdout] Some errors have detailed explanations: E0425, E0728.
[INFO] [stdout] For more information about an error, try `rustc --explain E0425`.
[INFO] [stdout] Couldn't compile the test.
[INFO] [stdout] ---- crates/shared/src/redis/commands.rs - redis::commands::RedisConnectionPool::delete_key (line 324) stdout ----
[INFO] [stdout] error[E0425]: cannot find value `your_redis_instance` in this scope
[INFO] [stdout]  --> crates/shared/src/redis/commands.rs:325:14
[INFO] [stdout]   |
[INFO] [stdout] 3 | let result = your_redis_instance.delete_key("your_key").await;
[INFO] [stdout]   |              ^^^^^^^^^^^^^^^^^^^ not found in this scope
[INFO] [stdout] 
[INFO] [stdout] error[E0728]: `await` is only allowed inside `async` functions and blocks
[INFO] [stdout]  --> crates/shared/src/redis/commands.rs:325:57
[INFO] [stdout]   |
[INFO] [stdout] 2 | fn main() { #[allow(non_snake_case)] fn _doctest_main_crates_shared_src_redis_commands_rs_324_0() {
[INFO] [stdout]   |                                         ------------------------------------------------------- this is not `async`
[INFO] [stdout] 3 | let result = your_redis_instance.delete_key("your_key").await;
[INFO] [stdout]   |                                                         ^^^^^ only allowed inside `async` functions and blocks
[INFO] [stdout] 
[INFO] [stdout] error: aborting due to 2 previous errors
[INFO] [stdout] 
[INFO] [stdout] Some errors have detailed explanations: E0425, E0728.
[INFO] [stdout] For more information about an error, try `rustc --explain E0425`.
[INFO] [stdout] Couldn't compile the test.
[INFO] [stdout] ---- crates/shared/src/redis/commands.rs - redis::commands::RedisConnectionPool::zadd (line 1186) stdout ----
[INFO] [stdout] error[E0728]: `await` is only allowed inside `async` functions and blocks
[INFO] [stdout]  --> crates/shared/src/redis/commands.rs:1189:96
[INFO] [stdout]   |
[INFO] [stdout] 4 | fn main() { #[allow(non_snake_case)] fn _doctest_main_crates_shared_src_redis_commands_rs_1186_0() {
[INFO] [stdout]   |                                         -------------------------------------------------------- this is not `async`
[INFO] [stdout] 5 | let _ = zadd("sample_key", None, None, false, false, vec![(1.0, "member1"), (2.0, "member2")]).await?;
[INFO] [stdout]   |                                                                                                ^^^^^ only allowed inside `async` functions and blocks
[INFO] [stdout] 
[INFO] [stdout] error[E0425]: cannot find function `zadd` in this scope
[INFO] [stdout]  --> crates/shared/src/redis/commands.rs:1189:9
[INFO] [stdout]   |
[INFO] [stdout] 5 | let _ = zadd("sample_key", None, None, false, false, vec![(1.0, "member1"), (2.0, "member2")]).await?;
[INFO] [stdout]   |         ^^^^ not found in this scope
[INFO] [stdout] 
[INFO] [stdout] error: aborting due to 2 previous errors
[INFO] [stdout] 
[INFO] [stdout] Some errors have detailed explanations: E0425, E0728.
[INFO] [stdout] For more information about an error, try `rustc --explain E0425`.
[INFO] [stdout] Couldn't compile the test.
[INFO] [stdout] ---- crates/shared/src/redis/commands.rs - redis::commands::RedisConnectionPool::rpush_with_expiry (line 536) stdout ----
[INFO] [stdout] error[E0425]: cannot find value `your_redis_instance` in this scope
[INFO] [stdout]  --> crates/shared/src/redis/commands.rs:539:14
[INFO] [stdout]   |
[INFO] [stdout] 5 | let result = your_redis_instance.rpush_with_expiry("your_list", values_to_push, expiry_seconds).await;
[INFO] [stdout]   |              ^^^^^^^^^^^^^^^^^^^ not found in this scope
[INFO] [stdout] 
[INFO] [stdout] error[E0728]: `await` is only allowed inside `async` functions and blocks
[INFO] [stdout]  --> crates/shared/src/redis/commands.rs:539:97
[INFO] [stdout]   |
[INFO] [stdout] 2 | fn main() { #[allow(non_snake_case)] fn _doctest_main_crates_shared_src_redis_commands_rs_536_0() {
[INFO] [stdout]   |                                         ------------------------------------------------------- this is not `async`
[INFO] [stdout] ...
[INFO] [stdout] 5 | let result = your_redis_instance.rpush_with_expiry("your_list", values_to_push, expiry_seconds).await;
[INFO] [stdout]   |                                                                                                 ^^^^^ only allowed inside `async` functions and blocks
[INFO] [stdout] 
[INFO] [stdout] error: aborting due to 2 previous errors
[INFO] [stdout] 
[INFO] [stdout] Some errors have detailed explanations: E0425, E0728.
[INFO] [stdout] For more information about an error, try `rustc --explain E0425`.
[INFO] [stdout] Couldn't compile the test.
[INFO] [stdout] ---- crates/shared/src/redis/commands.rs - redis::commands::RedisConnectionPool::rpush (line 477) stdout ----
[INFO] [stdout] error[E0425]: cannot find value `your_redis_instance` in this scope
[INFO] [stdout]  --> crates/shared/src/redis/commands.rs:479:14
[INFO] [stdout]   |
[INFO] [stdout] 4 | let result = your_redis_instance.rpush("your_list", values_to_push).await;
[INFO] [stdout]   |              ^^^^^^^^^^^^^^^^^^^ not found in this scope
[INFO] [stdout] 
[INFO] [stdout] error[E0728]: `await` is only allowed inside `async` functions and blocks
[INFO] [stdout]  --> crates/shared/src/redis/commands.rs:479:69
[INFO] [stdout]   |
[INFO] [stdout] 2 | fn main() { #[allow(non_snake_case)] fn _doctest_main_crates_shared_src_redis_commands_rs_477_0() {
[INFO] [stdout]   |                                         ------------------------------------------------------- this is not `async`
[INFO] [stdout] 3 | let values_to_push = vec!["value1", "value2"];
[INFO] [stdout] 4 | let result = your_redis_instance.rpush("your_list", values_to_push).await;
[INFO] [stdout]   |                                                                     ^^^^^ only allowed inside `async` functions and blocks
[INFO] [stdout] 
[INFO] [stdout] error: aborting due to 2 previous errors
[INFO] [stdout] 
[INFO] [stdout] Some errors have detailed explanations: E0425, E0728.
[INFO] [stdout] For more information about an error, try `rustc --explain E0425`.
[INFO] [stdout] Couldn't compile the test.
[INFO] [stdout] ---- crates/shared/src/redis/commands.rs - redis::commands::RedisConnectionPool::zcard (line 1221) stdout ----
[INFO] [stdout] error[E0728]: `await` is only allowed inside `async` functions and blocks
[INFO] [stdout]  --> crates/shared/src/redis/commands.rs:1224:33
[INFO] [stdout]   |
[INFO] [stdout] 4 | fn main() { #[allow(non_snake_case)] fn _doctest_main_crates_shared_src_redis_commands_rs_1221_0() {
[INFO] [stdout]   |                                         -------------------------------------------------------- this is not `async`
[INFO] [stdout] 5 | let count = zcard("sample_key").await?;
[INFO] [stdout]   |                                 ^^^^^ only allowed inside `async` functions and blocks
[INFO] [stdout] 
[INFO] [stdout] error[E0425]: cannot find function `zcard` in this scope
[INFO] [stdout]  --> crates/shared/src/redis/commands.rs:1224:13
[INFO] [stdout]   |
[INFO] [stdout] 5 | let count = zcard("sample_key").await?;
[INFO] [stdout]   |             ^^^^^ not found in this scope
[INFO] [stdout] 
[INFO] [stdout] error: aborting due to 2 previous errors
[INFO] [stdout] 
[INFO] [stdout] Some errors have detailed explanations: E0425, E0728.
[INFO] [stdout] For more information about an error, try `rustc --explain E0425`.
[INFO] [stdout] Couldn't compile the test.
[INFO] [stdout] ---- crates/shared/src/redis/commands.rs - redis::commands::RedisConnectionPool::set_hash_fields (line 395) stdout ----
[INFO] [stdout] error[E0425]: cannot find value `your_redis_instance` in this scope
[INFO] [stdout]  --> crates/shared/src/redis/commands.rs:397:14
[INFO] [stdout]   |
[INFO] [stdout] 4 | let result = your_redis_instance.set_hash_fields("your_hash", values, 3600).await;
[INFO] [stdout]   |              ^^^^^^^^^^^^^^^^^^^ not found in this scope
[INFO] [stdout] 
[INFO] [stdout] error[E0728]: `await` is only allowed inside `async` functions and blocks
[INFO] [stdout]  --> crates/shared/src/redis/commands.rs:397:77
[INFO] [stdout]   |
[INFO] [stdout] 2 | fn main() { #[allow(non_snake_case)] fn _doctest_main_crates_shared_src_redis_commands_rs_395_0() {
[INFO] [stdout]   |                                         ------------------------------------------------------- this is not `async`
[INFO] [stdout] 3 | let values = vec![("field1", "value1"), ("field2", "value2")];
[INFO] [stdout] 4 | let result = your_redis_instance.set_hash_fields("your_hash", values, 3600).await;
[INFO] [stdout]   |                                                                             ^^^^^ only allowed inside `async` functions and blocks
[INFO] [stdout] 
[INFO] [stdout] error: aborting due to 2 previous errors
[INFO] [stdout] 
[INFO] [stdout] Some errors have detailed explanations: E0425, E0728.
[INFO] [stdout] For more information about an error, try `rustc --explain E0425`.
[INFO] [stdout] Couldn't compile the test.
[INFO] [stdout] ---- crates/shared/src/redis/commands.rs - redis::commands::RedisConnectionPool::zremrange_by_rank (line 1149) stdout ----
[INFO] [stdout] error[E0728]: `await` is only allowed inside `async` functions and blocks
[INFO] [stdout]  --> crates/shared/src/redis/commands.rs:1152:47
[INFO] [stdout]   |
[INFO] [stdout] 4 | fn main() { #[allow(non_snake_case)] fn _doctest_main_crates_shared_src_redis_commands_rs_1149_0() {
[INFO] [stdout]   |                                         -------------------------------------------------------- this is not `async`
[INFO] [stdout] 5 | let _ = zremrange_by_rank("sample_key", 0, 2).await?;
[INFO] [stdout]   |                                               ^^^^^ only allowed inside `async` functions and blocks
[INFO] [stdout] 
[INFO] [stdout] error[E0425]: cannot find function `zremrange_by_rank` in this scope
[INFO] [stdout]  --> crates/shared/src/redis/commands.rs:1152:9
[INFO] [stdout]   |
[INFO] [stdout] 5 | let _ = zremrange_by_rank("sample_key", 0, 2).await?;
[INFO] [stdout]   |         ^^^^^^^^^^^^^^^^^ not found in this scope
[INFO] [stdout] 
[INFO] [stdout] error: aborting due to 2 previous errors
[INFO] [stdout] 
[INFO] [stdout] Some errors have detailed explanations: E0425, E0728.
[INFO] [stdout] For more information about an error, try `rustc --explain E0425`.
[INFO] [stdout] Couldn't compile the test.
[INFO] [stdout] ---- crates/shared/src/redis/commands.rs - redis::commands::RedisConnectionPool::zrange (line 1257) stdout ----
[INFO] [stdout] error[E0728]: `await` is only allowed inside `async` functions and blocks
[INFO] [stdout]  --> crates/shared/src/redis/commands.rs:1260:80
[INFO] [stdout]   |
[INFO] [stdout] 4 | fn main() { #[allow(non_snake_case)] fn _doctest_main_crates_shared_src_redis_commands_rs_1257_0() {
[INFO] [stdout]   |                                         -------------------------------------------------------- this is not `async`
[INFO] [stdout] 5 | let members = zrange("sample_key", 10, 20, None, false, Some(Limit(5)), false).await?;
[INFO] [stdout]   |                                                                                ^^^^^ only allowed inside `async` functions and blocks
[INFO] [stdout] 
[INFO] [stdout] error[E0425]: cannot find function `zrange` in this scope
[INFO] [stdout]  --> crates/shared/src/redis/commands.rs:1260:15
[INFO] [stdout]   |
[INFO] [stdout] 5 | let members = zrange("sample_key", 10, 20, None, false, Some(Limit(5)), false).await?;
[INFO] [stdout]   |               ^^^^^^ not found in this scope
[INFO] [stdout] 
[INFO] [stdout] error[E0425]: cannot find function, tuple struct or tuple variant `Limit` in this scope
[INFO] [stdout]  --> crates/shared/src/redis/commands.rs:1260:62
[INFO] [stdout]   |
[INFO] [stdout] 5 | let members = zrange("sample_key", 10, 20, None, false, Some(Limit(5)), false).await?;
[INFO] [stdout]   |                                                              ^^^^^ not found in this scope
[INFO] [stdout] 
[INFO] [stdout] error: aborting due to 3 previous errors
[INFO] [stdout] 
[INFO] [stdout] Some errors have detailed explanations: E0425, E0728.
[INFO] [stdout] For more information about an error, try `rustc --explain E0425`.
[INFO] [stdout] Couldn't compile the test.
[INFO] [stdout] 
[INFO] [stdout] failures:
[INFO] [stdout]     crates/shared/src/redis/commands.rs - redis::commands::RedisConnectionPool::delete_key (line 324)
[INFO] [stdout]     crates/shared/src/redis/commands.rs - redis::commands::RedisConnectionPool::delete_keys (line 351)
[INFO] [stdout]     crates/shared/src/redis/commands.rs - redis::commands::RedisConnectionPool::geo_add (line 818)
[INFO] [stdout]     crates/shared/src/redis/commands.rs - redis::commands::RedisConnectionPool::get_hash_field (line 442)
[INFO] [stdout]     crates/shared/src/redis/commands.rs - redis::commands::RedisConnectionPool::llen (line 773)
[INFO] [stdout]     crates/shared/src/redis/commands.rs - redis::commands::RedisConnectionPool::lpop (line 661)
[INFO] [stdout]     crates/shared/src/redis/commands.rs - redis::commands::RedisConnectionPool::lrange (line 725)
[INFO] [stdout]     crates/shared/src/redis/commands.rs - redis::commands::RedisConnectionPool::rpop (line 603)
[INFO] [stdout]     crates/shared/src/redis/commands.rs - redis::commands::RedisConnectionPool::rpush (line 477)
[INFO] [stdout]     crates/shared/src/redis/commands.rs - redis::commands::RedisConnectionPool::rpush_with_expiry (line 536)
[INFO] [stdout]     crates/shared/src/redis/commands.rs - redis::commands::RedisConnectionPool::set_hash_fields (line 395)
[INFO] [stdout]     crates/shared/src/redis/commands.rs - redis::commands::RedisConnectionPool::zadd (line 1186)
[INFO] [stdout]     crates/shared/src/redis/commands.rs - redis::commands::RedisConnectionPool::zcard (line 1221)
[INFO] [stdout]     crates/shared/src/redis/commands.rs - redis::commands::RedisConnectionPool::zrange (line 1257)
[INFO] [stdout]     crates/shared/src/redis/commands.rs - redis::commands::RedisConnectionPool::zremrange_by_rank (line 1149)
[INFO] [stdout] 
[INFO] [stdout] test result: FAILED. 0 passed; 15 failed; 0 ignored; 0 measured; 0 filtered out; finished in 0.38s
[INFO] [stdout] 
[INFO] running `Command { std: "docker" "inspect" "4b7217557dd324dcffe2a5571a77099819e8d259d6eb7a6909301dc1bb64d193", kill_on_drop: false }`
[INFO] running `Command { std: "docker" "rm" "-f" "4b7217557dd324dcffe2a5571a77099819e8d259d6eb7a6909301dc1bb64d193", kill_on_drop: false }`
[INFO] [stdout] 4b7217557dd324dcffe2a5571a77099819e8d259d6eb7a6909301dc1bb64d193
