[INFO] cloning repository https://github.com/kevinheavey/solders-macros
[INFO] running `Command { std: "git" "-c" "credential.helper=" "-c" "credential.helper=/workspace/cargo-home/bin/git-credential-null" "clone" "--bare" "https://github.com/kevinheavey/solders-macros" "/workspace/cache/git-repos/https%3A%2F%2Fgithub.com%2Fkevinheavey%2Fsolders-macros", kill_on_drop: false }`
[INFO] [stderr] Cloning into bare repository '/workspace/cache/git-repos/https%3A%2F%2Fgithub.com%2Fkevinheavey%2Fsolders-macros'...
[INFO] running `Command { std: "git" "rev-parse" "HEAD", kill_on_drop: false }`
[INFO] [stdout] 97027f90da25151873d0df4fc5064905a516b79d
[INFO] testing kevinheavey/solders-macros against 1.75.0 for beta-1.76-1
[INFO] running `Command { std: "git" "clone" "/workspace/cache/git-repos/https%3A%2F%2Fgithub.com%2Fkevinheavey%2Fsolders-macros" "/workspace/builds/worker-7-tc1/source", kill_on_drop: false }`
[INFO] [stderr] Cloning into '/workspace/builds/worker-7-tc1/source'...
[INFO] [stderr] done.
[INFO] validating manifest of git repo https://github.com/kevinheavey/solders-macros on toolchain 1.75.0
[INFO] running `Command { std: CARGO_HOME="/workspace/cargo-home" RUSTUP_HOME="/workspace/rustup-home" "/workspace/cargo-home/bin/cargo" "+1.75.0" "metadata" "--manifest-path" "Cargo.toml" "--no-deps", kill_on_drop: false }`
[INFO] started tweaking git repo https://github.com/kevinheavey/solders-macros
[INFO] finished tweaking git repo https://github.com/kevinheavey/solders-macros
[INFO] tweaked toml for git repo https://github.com/kevinheavey/solders-macros written to /workspace/builds/worker-7-tc1/source/Cargo.toml
[INFO] crate git repo https://github.com/kevinheavey/solders-macros already has a lockfile, it will not be regenerated
[INFO] running `Command { std: CARGO_HOME="/workspace/cargo-home" RUSTUP_HOME="/workspace/rustup-home" "/workspace/cargo-home/bin/cargo" "+1.75.0" "fetch" "--manifest-path" "Cargo.toml", kill_on_drop: false }`
[INFO] running `Command { std: "docker" "create" "-v" "/var/lib/crater-agent-workspace/builds/worker-7-tc1/target:/opt/rustwide/target:rw,Z" "-v" "/var/lib/crater-agent-workspace/builds/worker-7-tc1/source:/opt/rustwide/workdir:ro,Z" "-v" "/var/lib/crater-agent-workspace/cargo-home:/opt/rustwide/cargo-home:ro,Z" "-v" "/var/lib/crater-agent-workspace/rustup-home:/opt/rustwide/rustup-home:ro,Z" "-e" "SOURCE_DIR=/opt/rustwide/workdir" "-e" "CARGO_TARGET_DIR=/opt/rustwide/target" "-e" "CARGO_HOME=/opt/rustwide/cargo-home" "-e" "RUSTUP_HOME=/opt/rustwide/rustup-home" "-w" "/opt/rustwide/workdir" "-m" "1610612736" "--user" "0:0" "--network" "none" "ghcr.io/rust-lang/crates-build-env/linux@sha256:2788e3201cd34a07e3172128adcd8b3090168a8e3bcc40d7c032b9dda1df7d1c" "/opt/rustwide/cargo-home/bin/cargo" "+1.75.0" "metadata" "--no-deps" "--format-version=1", kill_on_drop: false }`
[INFO] [stdout] 9201ecc567611bc5b57b1066a588de99b53fd517419914e94320251ed1329e82
[INFO] running `Command { std: "docker" "start" "-a" "9201ecc567611bc5b57b1066a588de99b53fd517419914e94320251ed1329e82", kill_on_drop: false }`
[INFO] running `Command { std: "docker" "inspect" "9201ecc567611bc5b57b1066a588de99b53fd517419914e94320251ed1329e82", kill_on_drop: false }`
[INFO] running `Command { std: "docker" "rm" "-f" "9201ecc567611bc5b57b1066a588de99b53fd517419914e94320251ed1329e82", kill_on_drop: false }`
[INFO] [stdout] 9201ecc567611bc5b57b1066a588de99b53fd517419914e94320251ed1329e82
[INFO] running `Command { std: "docker" "create" "-v" "/var/lib/crater-agent-workspace/builds/worker-7-tc1/target:/opt/rustwide/target:rw,Z" "-v" "/var/lib/crater-agent-workspace/builds/worker-7-tc1/source:/opt/rustwide/workdir:ro,Z" "-v" "/var/lib/crater-agent-workspace/cargo-home:/opt/rustwide/cargo-home:ro,Z" "-v" "/var/lib/crater-agent-workspace/rustup-home:/opt/rustwide/rustup-home:ro,Z" "-e" "SOURCE_DIR=/opt/rustwide/workdir" "-e" "CARGO_TARGET_DIR=/opt/rustwide/target" "-e" "CARGO_INCREMENTAL=0" "-e" "RUST_BACKTRACE=full" "-e" "RUSTFLAGS=--cap-lints=warn" "-e" "RUSTDOCFLAGS=--cap-lints=warn" "-e" "CARGO_HOME=/opt/rustwide/cargo-home" "-e" "RUSTUP_HOME=/opt/rustwide/rustup-home" "-w" "/opt/rustwide/workdir" "-m" "1610612736" "--user" "0:0" "--network" "none" "ghcr.io/rust-lang/crates-build-env/linux@sha256:2788e3201cd34a07e3172128adcd8b3090168a8e3bcc40d7c032b9dda1df7d1c" "/opt/rustwide/cargo-home/bin/cargo" "+1.75.0" "build" "--frozen" "--message-format=json", kill_on_drop: false }`
[INFO] [stdout] cb50c59d46f9759cfd5fb735a5e4f35bce9bd6bfc2d830a7eddb766227b2cfd8
[INFO] running `Command { std: "docker" "start" "-a" "cb50c59d46f9759cfd5fb735a5e4f35bce9bd6bfc2d830a7eddb766227b2cfd8", kill_on_drop: false }`
[INFO] [stderr]    Compiling proc-macro2 v1.0.39
[INFO] [stderr]    Compiling unicode-ident v1.0.0
[INFO] [stderr]    Compiling syn v1.0.96
[INFO] [stderr]    Compiling quote v1.0.18
[INFO] [stderr]    Compiling solders-macros v0.7.0 (/opt/rustwide/workdir)
[INFO] [stderr]     Finished dev [unoptimized + debuginfo] target(s) in 3.16s
[INFO] running `Command { std: "docker" "inspect" "cb50c59d46f9759cfd5fb735a5e4f35bce9bd6bfc2d830a7eddb766227b2cfd8", kill_on_drop: false }`
[INFO] running `Command { std: "docker" "rm" "-f" "cb50c59d46f9759cfd5fb735a5e4f35bce9bd6bfc2d830a7eddb766227b2cfd8", kill_on_drop: false }`
[INFO] [stdout] cb50c59d46f9759cfd5fb735a5e4f35bce9bd6bfc2d830a7eddb766227b2cfd8
[INFO] running `Command { std: "docker" "create" "-v" "/var/lib/crater-agent-workspace/builds/worker-7-tc1/target:/opt/rustwide/target:rw,Z" "-v" "/var/lib/crater-agent-workspace/builds/worker-7-tc1/source:/opt/rustwide/workdir:ro,Z" "-v" "/var/lib/crater-agent-workspace/cargo-home:/opt/rustwide/cargo-home:ro,Z" "-v" "/var/lib/crater-agent-workspace/rustup-home:/opt/rustwide/rustup-home:ro,Z" "-e" "SOURCE_DIR=/opt/rustwide/workdir" "-e" "CARGO_TARGET_DIR=/opt/rustwide/target" "-e" "CARGO_INCREMENTAL=0" "-e" "RUST_BACKTRACE=full" "-e" "RUSTFLAGS=--cap-lints=warn" "-e" "RUSTDOCFLAGS=--cap-lints=warn" "-e" "CARGO_HOME=/opt/rustwide/cargo-home" "-e" "RUSTUP_HOME=/opt/rustwide/rustup-home" "-w" "/opt/rustwide/workdir" "-m" "1610612736" "--user" "0:0" "--network" "none" "ghcr.io/rust-lang/crates-build-env/linux@sha256:2788e3201cd34a07e3172128adcd8b3090168a8e3bcc40d7c032b9dda1df7d1c" "/opt/rustwide/cargo-home/bin/cargo" "+1.75.0" "test" "--frozen" "--no-run" "--message-format=json", kill_on_drop: false }`
[INFO] [stdout] 81c5e60eac663f5f075f8fe0b42ecd2c3296b357ae162c04ba2d44338b94ccc6
[INFO] running `Command { std: "docker" "start" "-a" "81c5e60eac663f5f075f8fe0b42ecd2c3296b357ae162c04ba2d44338b94ccc6", kill_on_drop: false }`
[INFO] [stderr]    Compiling solders-macros v0.7.0 (/opt/rustwide/workdir)
[INFO] [stderr]     Finished test [unoptimized + debuginfo] target(s) in 0.52s
[INFO] running `Command { std: "docker" "inspect" "81c5e60eac663f5f075f8fe0b42ecd2c3296b357ae162c04ba2d44338b94ccc6", kill_on_drop: false }`
[INFO] running `Command { std: "docker" "rm" "-f" "81c5e60eac663f5f075f8fe0b42ecd2c3296b357ae162c04ba2d44338b94ccc6", kill_on_drop: false }`
[INFO] [stdout] 81c5e60eac663f5f075f8fe0b42ecd2c3296b357ae162c04ba2d44338b94ccc6
[INFO] running `Command { std: "docker" "create" "-v" "/var/lib/crater-agent-workspace/builds/worker-7-tc1/target:/opt/rustwide/target:rw,Z" "-v" "/var/lib/crater-agent-workspace/builds/worker-7-tc1/source:/opt/rustwide/workdir:ro,Z" "-v" "/var/lib/crater-agent-workspace/cargo-home:/opt/rustwide/cargo-home:ro,Z" "-v" "/var/lib/crater-agent-workspace/rustup-home:/opt/rustwide/rustup-home:ro,Z" "-e" "SOURCE_DIR=/opt/rustwide/workdir" "-e" "CARGO_TARGET_DIR=/opt/rustwide/target" "-e" "CARGO_INCREMENTAL=0" "-e" "RUST_BACKTRACE=full" "-e" "RUSTFLAGS=--cap-lints=warn" "-e" "RUSTDOCFLAGS=--cap-lints=warn" "-e" "CARGO_HOME=/opt/rustwide/cargo-home" "-e" "RUSTUP_HOME=/opt/rustwide/rustup-home" "-w" "/opt/rustwide/workdir" "-m" "1610612736" "--user" "0:0" "--network" "none" "ghcr.io/rust-lang/crates-build-env/linux@sha256:2788e3201cd34a07e3172128adcd8b3090168a8e3bcc40d7c032b9dda1df7d1c" "/opt/rustwide/cargo-home/bin/cargo" "+1.75.0" "test" "--frozen", kill_on_drop: false }`
[INFO] [stdout] 16632f9c44e68131cd087c540c2ac48c0e04a9470b3b37f67a6e9ac4f7d8999a
[INFO] running `Command { std: "docker" "start" "-a" "16632f9c44e68131cd087c540c2ac48c0e04a9470b3b37f67a6e9ac4f7d8999a", kill_on_drop: false }`
[INFO] [stderr]     Finished test [unoptimized + debuginfo] target(s) in 0.00s
[INFO] [stderr]      Running unittests src/lib.rs (/opt/rustwide/target/debug/deps/solders_macros-3475ed04f6be985c)
[INFO] [stdout] 
[INFO] [stdout] running 0 tests
[INFO] [stdout] 
[INFO] [stdout] test result: ok. 0 passed; 0 failed; 0 ignored; 0 measured; 0 filtered out; finished in 0.00s
[INFO] [stdout] 
[INFO] [stderr]    Doc-tests solders-macros
[INFO] [stdout] 
[INFO] [stdout] running 3 tests
[INFO] [stdout] test src/lib.rs - richcmp_full (line 44) ... FAILED
[INFO] [stdout] test src/lib.rs - enum_original_mapping (line 249) ... ok
[INFO] [stdout] test src/lib.rs - pyhash (line 15) ... ok
[INFO] [stdout] 
[INFO] [stdout] failures:
[INFO] [stdout] 
[INFO] [stdout] ---- src/lib.rs - richcmp_full (line 44) stdout ----
[INFO] [stdout] error[E0433]: failed to resolve: use of undeclared crate or module `pyo3`
[INFO] [stdout]   --> src/lib.rs:52:1
[INFO] [stdout]    |
[INFO] [stdout] 11 | #[richcmp_full]
[INFO] [stdout]    | ^^^^^^^^^^^^^^^ use of undeclared crate or module `pyo3`
[INFO] [stdout]    |
[INFO] [stdout]    = note: this error originates in the attribute macro `richcmp_full` (in Nightly builds, run with -Z macro-backtrace for more info)
[INFO] [stdout] 
[INFO] [stdout] error[E0412]: cannot find type `CompareOp` in this scope
[INFO] [stdout]   --> src/lib.rs:54:43
[INFO] [stdout]    |
[INFO] [stdout] 13 |   pub fn richcmp(&self, other: &Self, op: CompareOp) -> bool {  // Fake implementation in place of `RichcmpFull`.
[INFO] [stdout]    |                                           ^^^^^^^^^ not found in this scope
[INFO] [stdout] 
[INFO] [stdout] error[E0433]: failed to resolve: use of undeclared type `CompareOp`
[INFO] [stdout]   --> src/lib.rs:60:40
[INFO] [stdout]    |
[INFO] [stdout] 19 | assert_eq!(true, foo.__richcmp__(&foo, CompareOp::Eq));
[INFO] [stdout]    |                                        ^^^^^^^^^ use of undeclared type `CompareOp`
[INFO] [stdout] 
[INFO] [stdout] error: aborting due to 3 previous errors
[INFO] [stdout] 
[INFO] [stdout] Some errors have detailed explanations: E0412, E0433.
[INFO] [stdout] For more information about an error, try `rustc --explain E0412`.
[INFO] [stdout] Couldn't compile the test.
[INFO] [stdout] 
[INFO] [stdout] failures:
[INFO] [stdout]     src/lib.rs - richcmp_full (line 44)
[INFO] [stdout] 
[INFO] [stdout] test result: FAILED. 2 passed; 1 failed; 0 ignored; 0 measured; 0 filtered out; finished in 0.14s
[INFO] [stdout] 
[INFO] [stderr] error: doctest failed, to rerun pass `--doc`
[INFO] running `Command { std: "docker" "inspect" "16632f9c44e68131cd087c540c2ac48c0e04a9470b3b37f67a6e9ac4f7d8999a", kill_on_drop: false }`
[INFO] running `Command { std: "docker" "rm" "-f" "16632f9c44e68131cd087c540c2ac48c0e04a9470b3b37f67a6e9ac4f7d8999a", kill_on_drop: false }`
[INFO] [stdout] 16632f9c44e68131cd087c540c2ac48c0e04a9470b3b37f67a6e9ac4f7d8999a
[INFO] testing kevinheavey/solders-macros against beta-2023-12-22 for beta-1.76-1
[INFO] running `Command { std: "git" "clone" "/workspace/cache/git-repos/https%3A%2F%2Fgithub.com%2Fkevinheavey%2Fsolders-macros" "/workspace/builds/worker-7-tc2/source", kill_on_drop: false }`
[INFO] [stderr] Cloning into '/workspace/builds/worker-7-tc2/source'...
[INFO] [stderr] done.
[INFO] validating manifest of git repo https://github.com/kevinheavey/solders-macros on toolchain beta-2023-12-22
[INFO] running `Command { std: CARGO_HOME="/workspace/cargo-home" RUSTUP_HOME="/workspace/rustup-home" "/workspace/cargo-home/bin/cargo" "+beta-2023-12-22" "metadata" "--manifest-path" "Cargo.toml" "--no-deps", kill_on_drop: false }`
[INFO] started tweaking git repo https://github.com/kevinheavey/solders-macros
[INFO] finished tweaking git repo https://github.com/kevinheavey/solders-macros
[INFO] tweaked toml for git repo https://github.com/kevinheavey/solders-macros written to /workspace/builds/worker-7-tc2/source/Cargo.toml
[INFO] crate git repo https://github.com/kevinheavey/solders-macros already has a lockfile, it will not be regenerated
[INFO] running `Command { std: CARGO_HOME="/workspace/cargo-home" RUSTUP_HOME="/workspace/rustup-home" "/workspace/cargo-home/bin/cargo" "+beta-2023-12-22" "fetch" "--manifest-path" "Cargo.toml", kill_on_drop: false }`
[INFO] running `Command { std: "docker" "create" "-v" "/var/lib/crater-agent-workspace/builds/worker-7-tc2/target:/opt/rustwide/target:rw,Z" "-v" "/var/lib/crater-agent-workspace/builds/worker-7-tc2/source:/opt/rustwide/workdir:ro,Z" "-v" "/var/lib/crater-agent-workspace/cargo-home:/opt/rustwide/cargo-home:ro,Z" "-v" "/var/lib/crater-agent-workspace/rustup-home:/opt/rustwide/rustup-home:ro,Z" "-e" "SOURCE_DIR=/opt/rustwide/workdir" "-e" "CARGO_TARGET_DIR=/opt/rustwide/target" "-e" "CARGO_HOME=/opt/rustwide/cargo-home" "-e" "RUSTUP_HOME=/opt/rustwide/rustup-home" "-w" "/opt/rustwide/workdir" "-m" "1610612736" "--user" "0:0" "--network" "none" "ghcr.io/rust-lang/crates-build-env/linux@sha256:2788e3201cd34a07e3172128adcd8b3090168a8e3bcc40d7c032b9dda1df7d1c" "/opt/rustwide/cargo-home/bin/cargo" "+beta-2023-12-22" "metadata" "--no-deps" "--format-version=1", kill_on_drop: false }`
[INFO] [stdout] c19bde7e010588afaa9b312dc8dcbae881476aeab4c9264163a29f71db3a64f2
[INFO] running `Command { std: "docker" "start" "-a" "c19bde7e010588afaa9b312dc8dcbae881476aeab4c9264163a29f71db3a64f2", kill_on_drop: false }`
[INFO] running `Command { std: "docker" "inspect" "c19bde7e010588afaa9b312dc8dcbae881476aeab4c9264163a29f71db3a64f2", kill_on_drop: false }`
[INFO] running `Command { std: "docker" "rm" "-f" "c19bde7e010588afaa9b312dc8dcbae881476aeab4c9264163a29f71db3a64f2", kill_on_drop: false }`
[INFO] [stdout] c19bde7e010588afaa9b312dc8dcbae881476aeab4c9264163a29f71db3a64f2
[INFO] running `Command { std: "docker" "create" "-v" "/var/lib/crater-agent-workspace/builds/worker-7-tc2/target:/opt/rustwide/target:rw,Z" "-v" "/var/lib/crater-agent-workspace/builds/worker-7-tc2/source:/opt/rustwide/workdir:ro,Z" "-v" "/var/lib/crater-agent-workspace/cargo-home:/opt/rustwide/cargo-home:ro,Z" "-v" "/var/lib/crater-agent-workspace/rustup-home:/opt/rustwide/rustup-home:ro,Z" "-e" "SOURCE_DIR=/opt/rustwide/workdir" "-e" "CARGO_TARGET_DIR=/opt/rustwide/target" "-e" "CARGO_INCREMENTAL=0" "-e" "RUST_BACKTRACE=full" "-e" "RUSTFLAGS=--cap-lints=warn" "-e" "RUSTDOCFLAGS=--cap-lints=warn" "-e" "CARGO_HOME=/opt/rustwide/cargo-home" "-e" "RUSTUP_HOME=/opt/rustwide/rustup-home" "-w" "/opt/rustwide/workdir" "-m" "1610612736" "--user" "0:0" "--network" "none" "ghcr.io/rust-lang/crates-build-env/linux@sha256:2788e3201cd34a07e3172128adcd8b3090168a8e3bcc40d7c032b9dda1df7d1c" "/opt/rustwide/cargo-home/bin/cargo" "+beta-2023-12-22" "build" "--frozen" "--message-format=json", kill_on_drop: false }`
[INFO] [stdout] d34cc99c6430f5e253f66e6a60784bae16dc449a4a71fc71bae04a7c35352372
[INFO] running `Command { std: "docker" "start" "-a" "d34cc99c6430f5e253f66e6a60784bae16dc449a4a71fc71bae04a7c35352372", kill_on_drop: false }`
[INFO] [stderr]    Compiling proc-macro2 v1.0.39
[INFO] [stderr]    Compiling unicode-ident v1.0.0
[INFO] [stderr]    Compiling syn v1.0.96
[INFO] [stderr]    Compiling quote v1.0.18
[INFO] [stderr]    Compiling solders-macros v0.7.0 (/opt/rustwide/workdir)
[INFO] [stderr]     Finished dev [unoptimized + debuginfo] target(s) in 3.11s
[INFO] running `Command { std: "docker" "inspect" "d34cc99c6430f5e253f66e6a60784bae16dc449a4a71fc71bae04a7c35352372", kill_on_drop: false }`
[INFO] running `Command { std: "docker" "rm" "-f" "d34cc99c6430f5e253f66e6a60784bae16dc449a4a71fc71bae04a7c35352372", kill_on_drop: false }`
[INFO] [stdout] d34cc99c6430f5e253f66e6a60784bae16dc449a4a71fc71bae04a7c35352372
[INFO] running `Command { std: "docker" "create" "-v" "/var/lib/crater-agent-workspace/builds/worker-7-tc2/target:/opt/rustwide/target:rw,Z" "-v" "/var/lib/crater-agent-workspace/builds/worker-7-tc2/source:/opt/rustwide/workdir:ro,Z" "-v" "/var/lib/crater-agent-workspace/cargo-home:/opt/rustwide/cargo-home:ro,Z" "-v" "/var/lib/crater-agent-workspace/rustup-home:/opt/rustwide/rustup-home:ro,Z" "-e" "SOURCE_DIR=/opt/rustwide/workdir" "-e" "CARGO_TARGET_DIR=/opt/rustwide/target" "-e" "CARGO_INCREMENTAL=0" "-e" "RUST_BACKTRACE=full" "-e" "RUSTFLAGS=--cap-lints=warn" "-e" "RUSTDOCFLAGS=--cap-lints=warn" "-e" "CARGO_HOME=/opt/rustwide/cargo-home" "-e" "RUSTUP_HOME=/opt/rustwide/rustup-home" "-w" "/opt/rustwide/workdir" "-m" "1610612736" "--user" "0:0" "--network" "none" "ghcr.io/rust-lang/crates-build-env/linux@sha256:2788e3201cd34a07e3172128adcd8b3090168a8e3bcc40d7c032b9dda1df7d1c" "/opt/rustwide/cargo-home/bin/cargo" "+beta-2023-12-22" "test" "--frozen" "--no-run" "--message-format=json", kill_on_drop: false }`
[INFO] [stdout] c8cd6cef88e256518706a2808be44a704492acf441d7f1de5c8a0b10bfd0e61c
[INFO] running `Command { std: "docker" "start" "-a" "c8cd6cef88e256518706a2808be44a704492acf441d7f1de5c8a0b10bfd0e61c", kill_on_drop: false }`
[INFO] [stderr]    Compiling solders-macros v0.7.0 (/opt/rustwide/workdir)
[INFO] [stderr]     Finished test [unoptimized + debuginfo] target(s) in 0.52s
[INFO] running `Command { std: "docker" "inspect" "c8cd6cef88e256518706a2808be44a704492acf441d7f1de5c8a0b10bfd0e61c", kill_on_drop: false }`
[INFO] running `Command { std: "docker" "rm" "-f" "c8cd6cef88e256518706a2808be44a704492acf441d7f1de5c8a0b10bfd0e61c", kill_on_drop: false }`
[INFO] [stdout] c8cd6cef88e256518706a2808be44a704492acf441d7f1de5c8a0b10bfd0e61c
[INFO] running `Command { std: "docker" "create" "-v" "/var/lib/crater-agent-workspace/builds/worker-7-tc2/target:/opt/rustwide/target:rw,Z" "-v" "/var/lib/crater-agent-workspace/builds/worker-7-tc2/source:/opt/rustwide/workdir:ro,Z" "-v" "/var/lib/crater-agent-workspace/cargo-home:/opt/rustwide/cargo-home:ro,Z" "-v" "/var/lib/crater-agent-workspace/rustup-home:/opt/rustwide/rustup-home:ro,Z" "-e" "SOURCE_DIR=/opt/rustwide/workdir" "-e" "CARGO_TARGET_DIR=/opt/rustwide/target" "-e" "CARGO_INCREMENTAL=0" "-e" "RUST_BACKTRACE=full" "-e" "RUSTFLAGS=--cap-lints=warn" "-e" "RUSTDOCFLAGS=--cap-lints=warn" "-e" "CARGO_HOME=/opt/rustwide/cargo-home" "-e" "RUSTUP_HOME=/opt/rustwide/rustup-home" "-w" "/opt/rustwide/workdir" "-m" "1610612736" "--user" "0:0" "--network" "none" "ghcr.io/rust-lang/crates-build-env/linux@sha256:2788e3201cd34a07e3172128adcd8b3090168a8e3bcc40d7c032b9dda1df7d1c" "/opt/rustwide/cargo-home/bin/cargo" "+beta-2023-12-22" "test" "--frozen", kill_on_drop: false }`
[INFO] [stdout] 9dbd7c4c2fe95d7c82f7370e1f83f0bc940865ddbc6217947b3459e6a002a889
[INFO] running `Command { std: "docker" "start" "-a" "9dbd7c4c2fe95d7c82f7370e1f83f0bc940865ddbc6217947b3459e6a002a889", kill_on_drop: false }`
[INFO] [stderr]     Finished test [unoptimized + debuginfo] target(s) in 0.01s
[INFO] [stderr]      Running unittests src/lib.rs (/opt/rustwide/target/debug/deps/solders_macros-c69c5c15394d3728)
[INFO] [stdout] 
[INFO] [stdout] running 0 tests
[INFO] [stdout] 
[INFO] [stdout] test result: ok. 0 passed; 0 failed; 0 ignored; 0 measured; 0 filtered out; finished in 0.00s
[INFO] [stdout] 
[INFO] [stderr]    Doc-tests solders-macros
[INFO] [stdout] 
[INFO] [stdout] running 3 tests
[INFO] [stdout] test src/lib.rs - richcmp_full (line 44) ... FAILED
[INFO] [stdout] test src/lib.rs - pyhash (line 15) ... ok
[INFO] [stdout] test src/lib.rs - enum_original_mapping (line 249) ... ok
[INFO] [stdout] 
[INFO] [stdout] failures:
[INFO] [stdout] 
[INFO] [stdout] ---- src/lib.rs - richcmp_full (line 44) stdout ----
[INFO] [stdout] error[E0433]: failed to resolve: use of undeclared crate or module `pyo3`
[INFO] [stdout]   --> src/lib.rs:52:1
[INFO] [stdout]    |
[INFO] [stdout] 11 | #[richcmp_full]
[INFO] [stdout]    | ^^^^^^^^^^^^^^^ use of undeclared crate or module `pyo3`
[INFO] [stdout]    |
[INFO] [stdout]    = note: this error originates in the attribute macro `richcmp_full` (in Nightly builds, run with -Z macro-backtrace for more info)
[INFO] [stdout] 
[INFO] [stdout] error[E0412]: cannot find type `CompareOp` in this scope
[INFO] [stdout]   --> src/lib.rs:54:43
[INFO] [stdout]    |
[INFO] [stdout] 13 |   pub fn richcmp(&self, other: &Self, op: CompareOp) -> bool {  // Fake implementation in place of `RichcmpFull`.
[INFO] [stdout]    |                                           ^^^^^^^^^ not found in this scope
[INFO] [stdout] 
[INFO] [stdout] error[E0433]: failed to resolve: use of undeclared type `CompareOp`
[INFO] [stdout]   --> src/lib.rs:60:40
[INFO] [stdout]    |
[INFO] [stdout] 19 | assert_eq!(true, foo.__richcmp__(&foo, CompareOp::Eq));
[INFO] [stdout]    |                                        ^^^^^^^^^ use of undeclared type `CompareOp`
[INFO] [stdout] 
[INFO] [stdout] error: aborting due to 3 previous errors
[INFO] [stdout] 
[INFO] [stdout] Some errors have detailed explanations: E0412, E0433.
[INFO] [stdout] For more information about an error, try `rustc --explain E0412`.
[INFO] [stdout] Couldn't compile the test.
[INFO] [stdout] 
[INFO] [stdout] failures:
[INFO] [stdout]     src/lib.rs - richcmp_full (line 44)
[INFO] [stdout] 
[INFO] [stdout] test result: FAILED. 2 passed; 1 failed; 0 ignored; 0 measured; 0 filtered out; finished in 0.14s
[INFO] [stdout] 
[INFO] [stderr] error: doctest failed, to rerun pass `--doc`
[INFO] running `Command { std: "docker" "inspect" "9dbd7c4c2fe95d7c82f7370e1f83f0bc940865ddbc6217947b3459e6a002a889", kill_on_drop: false }`
[INFO] running `Command { std: "docker" "rm" "-f" "9dbd7c4c2fe95d7c82f7370e1f83f0bc940865ddbc6217947b3459e6a002a889", kill_on_drop: false }`
[INFO] [stdout] 9dbd7c4c2fe95d7c82f7370e1f83f0bc940865ddbc6217947b3459e6a002a889
