[INFO] cloning repository https://github.com/kenriortega/axum-tutorial-rs
[INFO] running `Command { std: "git" "-c" "credential.helper=" "-c" "credential.helper=/workspace/cargo-home/bin/git-credential-null" "clone" "--bare" "https://github.com/kenriortega/axum-tutorial-rs" "/workspace/cache/git-repos/https%3A%2F%2Fgithub.com%2Fkenriortega%2Faxum-tutorial-rs", kill_on_drop: false }`
[INFO] [stderr] Cloning into bare repository '/workspace/cache/git-repos/https%3A%2F%2Fgithub.com%2Fkenriortega%2Faxum-tutorial-rs'...
[INFO] running `Command { std: "git" "rev-parse" "HEAD", kill_on_drop: false }`
[INFO] [stdout] b41b9ba266593be6845b9bbec35945aaad4925aa
[INFO] testing kenriortega/axum-tutorial-rs against 1.75.0 for beta-1.76-1
[INFO] running `Command { std: "git" "clone" "/workspace/cache/git-repos/https%3A%2F%2Fgithub.com%2Fkenriortega%2Faxum-tutorial-rs" "/workspace/builds/worker-5-tc1/source", kill_on_drop: false }`
[INFO] [stderr] Cloning into '/workspace/builds/worker-5-tc1/source'...
[INFO] [stderr] done.
[INFO] validating manifest of git repo https://github.com/kenriortega/axum-tutorial-rs on toolchain 1.75.0
[INFO] running `Command { std: CARGO_HOME="/workspace/cargo-home" RUSTUP_HOME="/workspace/rustup-home" "/workspace/cargo-home/bin/cargo" "+1.75.0" "metadata" "--manifest-path" "Cargo.toml" "--no-deps", kill_on_drop: false }`
[INFO] started tweaking git repo https://github.com/kenriortega/axum-tutorial-rs
[INFO] finished tweaking git repo https://github.com/kenriortega/axum-tutorial-rs
[INFO] tweaked toml for git repo https://github.com/kenriortega/axum-tutorial-rs written to /workspace/builds/worker-5-tc1/source/Cargo.toml
[INFO] crate git repo https://github.com/kenriortega/axum-tutorial-rs already has a lockfile, it will not be regenerated
[INFO] running `Command { std: CARGO_HOME="/workspace/cargo-home" RUSTUP_HOME="/workspace/rustup-home" "/workspace/cargo-home/bin/cargo" "+1.75.0" "fetch" "--manifest-path" "Cargo.toml", kill_on_drop: false }`
[INFO] [stderr]  Downloading crates ...
[INFO] [stderr]   Downloaded itoa v1.0.7
[INFO] [stderr]   Downloaded serde_derive v1.0.165
[INFO] [stderr]   Downloaded serde_path_to_error v0.1.12
[INFO] [stderr]   Downloaded httpc-test v0.1.4
[INFO] [stderr]   Downloaded async-trait v0.1.69
[INFO] [stderr]   Downloaded serde v1.0.165
[INFO] running `Command { std: "docker" "create" "-v" "/var/lib/crater-agent-workspace/builds/worker-5-tc1/target:/opt/rustwide/target:rw,Z" "-v" "/var/lib/crater-agent-workspace/builds/worker-5-tc1/source:/opt/rustwide/workdir:ro,Z" "-v" "/var/lib/crater-agent-workspace/cargo-home:/opt/rustwide/cargo-home:ro,Z" "-v" "/var/lib/crater-agent-workspace/rustup-home:/opt/rustwide/rustup-home:ro,Z" "-e" "SOURCE_DIR=/opt/rustwide/workdir" "-e" "CARGO_TARGET_DIR=/opt/rustwide/target" "-e" "CARGO_HOME=/opt/rustwide/cargo-home" "-e" "RUSTUP_HOME=/opt/rustwide/rustup-home" "-w" "/opt/rustwide/workdir" "-m" "1610612736" "--user" "0:0" "--network" "none" "ghcr.io/rust-lang/crates-build-env/linux@sha256:2788e3201cd34a07e3172128adcd8b3090168a8e3bcc40d7c032b9dda1df7d1c" "/opt/rustwide/cargo-home/bin/cargo" "+1.75.0" "metadata" "--no-deps" "--format-version=1", kill_on_drop: false }`
[INFO] [stdout] c2c7b1e9a790074a1f1a21b871f3723ec9fd62594e508b654243365215a599e1
[INFO] running `Command { std: "docker" "start" "-a" "c2c7b1e9a790074a1f1a21b871f3723ec9fd62594e508b654243365215a599e1", kill_on_drop: false }`
[INFO] running `Command { std: "docker" "inspect" "c2c7b1e9a790074a1f1a21b871f3723ec9fd62594e508b654243365215a599e1", kill_on_drop: false }`
[INFO] running `Command { std: "docker" "rm" "-f" "c2c7b1e9a790074a1f1a21b871f3723ec9fd62594e508b654243365215a599e1", kill_on_drop: false }`
[INFO] [stdout] c2c7b1e9a790074a1f1a21b871f3723ec9fd62594e508b654243365215a599e1
[INFO] running `Command { std: "docker" "create" "-v" "/var/lib/crater-agent-workspace/builds/worker-5-tc1/target:/opt/rustwide/target:rw,Z" "-v" "/var/lib/crater-agent-workspace/builds/worker-5-tc1/source:/opt/rustwide/workdir:ro,Z" "-v" "/var/lib/crater-agent-workspace/cargo-home:/opt/rustwide/cargo-home:ro,Z" "-v" "/var/lib/crater-agent-workspace/rustup-home:/opt/rustwide/rustup-home:ro,Z" "-e" "SOURCE_DIR=/opt/rustwide/workdir" "-e" "CARGO_TARGET_DIR=/opt/rustwide/target" "-e" "CARGO_INCREMENTAL=0" "-e" "RUST_BACKTRACE=full" "-e" "RUSTFLAGS=--cap-lints=warn" "-e" "RUSTDOCFLAGS=--cap-lints=warn" "-e" "CARGO_HOME=/opt/rustwide/cargo-home" "-e" "RUSTUP_HOME=/opt/rustwide/rustup-home" "-w" "/opt/rustwide/workdir" "-m" "1610612736" "--user" "0:0" "--network" "none" "ghcr.io/rust-lang/crates-build-env/linux@sha256:2788e3201cd34a07e3172128adcd8b3090168a8e3bcc40d7c032b9dda1df7d1c" "/opt/rustwide/cargo-home/bin/cargo" "+1.75.0" "build" "--frozen" "--message-format=json", kill_on_drop: false }`
[INFO] [stdout] 965a1319b9db8ecf64ebf72cf6c66e6b279be42d5d4ca26908a4a2090ccd2ca6
[INFO] running `Command { std: "docker" "start" "-a" "965a1319b9db8ecf64ebf72cf6c66e6b279be42d5d4ca26908a4a2090ccd2ca6", kill_on_drop: false }`
[INFO] [stderr]    Compiling proc-macro2 v1.0.63
[INFO] [stderr]    Compiling quote v1.0.29
[INFO] [stderr]    Compiling unicode-ident v1.0.9
[INFO] [stderr]    Compiling libc v0.2.147
[INFO] [stderr]    Compiling itoa v1.0.7
[INFO] [stderr]    Compiling pin-project-lite v0.2.10
[INFO] [stderr]    Compiling parking_lot_core v0.9.8
[INFO] [stderr]    Compiling rustversion v1.0.12
[INFO] [stderr]    Compiling lock_api v0.4.10
[INFO] [stderr]    Compiling futures-util v0.3.28
[INFO] [stderr]    Compiling tokio v1.29.1
[INFO] [stderr]    Compiling serde v1.0.165
[INFO] [stderr]    Compiling once_cell v1.18.0
[INFO] [stderr]    Compiling percent-encoding v2.3.0
[INFO] [stderr]    Compiling async-trait v0.1.69
[INFO] [stderr]    Compiling log v0.4.19
[INFO] [stderr]    Compiling syn v1.0.109
[INFO] [stderr]    Compiling futures-channel v0.3.28
[INFO] [stderr]    Compiling http v0.2.9
[INFO] [stderr]    Compiling tracing-core v0.1.31
[INFO] [stderr]    Compiling time-core v0.1.1
[INFO] [stderr]    Compiling aho-corasick v1.0.2
[INFO] [stderr]    Compiling cookie v0.17.0
[INFO] [stderr]    Compiling regex-syntax v0.7.2
[INFO] [stderr]    Compiling time-macros v0.2.9
[INFO] [stderr]    Compiling serde_json v1.0.99
[INFO] [stderr]    Compiling heck v0.4.1
[INFO] [stderr]    Compiling form_urlencoded v1.2.0
[INFO] [stderr]    Compiling matchit v0.7.0
[INFO] [stderr]    Compiling http-range-header v0.3.0
[INFO] [stderr]    Compiling bitflags v2.3.3
[INFO] [stderr]    Compiling tracing v0.1.37
[INFO] [stderr]    Compiling syn v2.0.23
[INFO] [stderr]    Compiling http-body v0.4.5
[INFO] [stderr]    Compiling axum-core v0.3.4
[INFO] [stderr]    Compiling axum v0.6.18
[INFO] [stderr]    Compiling signal-hook-registry v1.4.1
[INFO] [stderr]    Compiling num_cpus v1.16.0
[INFO] [stderr]    Compiling mio v0.8.8
[INFO] [stderr]    Compiling socket2 v0.4.9
[INFO] [stderr]    Compiling getrandom v0.2.10
[INFO] [stderr]    Compiling rand_core v0.6.4
[INFO] [stderr]    Compiling parking_lot v0.12.1
[INFO] [stderr]    Compiling rand_chacha v0.3.1
[INFO] [stderr]    Compiling rand v0.8.5
[INFO] [stderr]    Compiling time v0.3.22
[INFO] [stderr]    Compiling regex v1.8.4
[INFO] [stderr]    Compiling uuid v1.4.0
[INFO] [stderr]    Compiling lazy-regex-proc_macros v2.4.1
[INFO] [stderr]    Compiling darling_core v0.20.1
[INFO] [stderr]    Compiling lazy-regex v2.5.0
[INFO] [stderr]    Compiling futures-macro v0.3.28
[INFO] [stderr]    Compiling serde_derive v1.0.165
[INFO] [stderr]    Compiling tokio-macros v2.1.0
[INFO] [stderr]    Compiling pin-project-internal v1.1.2
[INFO] [stderr]    Compiling axum-macros v0.3.7
[INFO] [stderr]    Compiling strum_macros v0.25.1
[INFO] [stderr]    Compiling darling_macro v0.20.1
[INFO] [stderr]    Compiling pin-project v1.1.2
[INFO] [stderr]    Compiling darling v0.20.1
[INFO] [stderr]    Compiling serde_with_macros v3.0.0
[INFO] [stderr]    Compiling tower-cookies v0.9.0
[INFO] [stderr]    Compiling hyper v0.14.27
[INFO] [stderr]    Compiling tokio-util v0.7.8
[INFO] [stderr]    Compiling tower v0.4.13
[INFO] [stderr]    Compiling tower-http v0.4.1
[INFO] [stderr]    Compiling serde_urlencoded v0.7.1
[INFO] [stderr]    Compiling serde_path_to_error v0.1.12
[INFO] [stderr]    Compiling serde_with v3.0.0
[INFO] [stderr]    Compiling axum-tutorial v0.1.0 (/opt/rustwide/workdir)
[INFO] [stdout] warning: unused import: `axum::RequestPartsExt`
[INFO] [stdout]  --> src/web/mv_auth.rs:7:5
[INFO] [stdout]   |
[INFO] [stdout] 7 | use axum::RequestPartsExt;
[INFO] [stdout]   |     ^^^^^^^^^^^^^^^^^^^^^
[INFO] [stdout]   |
[INFO] [stdout]   = note: `#[warn(unused_imports)]` on by default
[INFO] [stdout] 
[INFO] [stdout] 
[INFO] [stdout] warning: unused import: `Error`
[INFO] [stdout]  --> src/web/routes_tickets.rs:3:13
[INFO] [stdout]   |
[INFO] [stdout] 3 | use crate::{Error, Result};
[INFO] [stdout]   |             ^^^^^
[INFO] [stdout] 
[INFO] [stdout] 
[INFO] [stdout] warning: unused import: `StatusCode`
[INFO] [stdout]   --> src/main.rs:10:20
[INFO] [stdout]    |
[INFO] [stdout] 10 |     http::{Method, StatusCode, Uri},
[INFO] [stdout]    |                    ^^^^^^^^^^
[INFO] [stdout] 
[INFO] [stdout] 
[INFO] [stdout] warning: unused variable: `ctx`
[INFO] [stdout]   --> src/model.rs:56:39
[INFO] [stdout]    |
[INFO] [stdout] 56 |     pub async fn delete_ticket(&self, ctx: Ctx, id: u64) -> Result<Ticket> {
[INFO] [stdout]    |                                       ^^^ help: if this is intentional, prefix it with an underscore: `_ctx`
[INFO] [stdout]    |
[INFO] [stdout]    = note: `#[warn(unused_variables)]` on by default
[INFO] [stdout] 
[INFO] [stdout] 
[INFO] [stdout] warning: 4 warnings emitted
[INFO] [stdout] 
[INFO] [stdout] 
[INFO] [stderr]     Finished dev [unoptimized + debuginfo] target(s) in 26.43s
[INFO] running `Command { std: "docker" "inspect" "965a1319b9db8ecf64ebf72cf6c66e6b279be42d5d4ca26908a4a2090ccd2ca6", kill_on_drop: false }`
[INFO] running `Command { std: "docker" "rm" "-f" "965a1319b9db8ecf64ebf72cf6c66e6b279be42d5d4ca26908a4a2090ccd2ca6", kill_on_drop: false }`
[INFO] [stdout] 965a1319b9db8ecf64ebf72cf6c66e6b279be42d5d4ca26908a4a2090ccd2ca6
[INFO] running `Command { std: "docker" "create" "-v" "/var/lib/crater-agent-workspace/builds/worker-5-tc1/target:/opt/rustwide/target:rw,Z" "-v" "/var/lib/crater-agent-workspace/builds/worker-5-tc1/source:/opt/rustwide/workdir:ro,Z" "-v" "/var/lib/crater-agent-workspace/cargo-home:/opt/rustwide/cargo-home:ro,Z" "-v" "/var/lib/crater-agent-workspace/rustup-home:/opt/rustwide/rustup-home:ro,Z" "-e" "SOURCE_DIR=/opt/rustwide/workdir" "-e" "CARGO_TARGET_DIR=/opt/rustwide/target" "-e" "CARGO_INCREMENTAL=0" "-e" "RUST_BACKTRACE=full" "-e" "RUSTFLAGS=--cap-lints=warn" "-e" "RUSTDOCFLAGS=--cap-lints=warn" "-e" "CARGO_HOME=/opt/rustwide/cargo-home" "-e" "RUSTUP_HOME=/opt/rustwide/rustup-home" "-w" "/opt/rustwide/workdir" "-m" "1610612736" "--user" "0:0" "--network" "none" "ghcr.io/rust-lang/crates-build-env/linux@sha256:2788e3201cd34a07e3172128adcd8b3090168a8e3bcc40d7c032b9dda1df7d1c" "/opt/rustwide/cargo-home/bin/cargo" "+1.75.0" "test" "--frozen" "--no-run" "--message-format=json", kill_on_drop: false }`
[INFO] [stdout] d1a3092f8f000093e9bc40cf973c1252afdb20619631569a22ba0f397d5889f3
[INFO] running `Command { std: "docker" "start" "-a" "d1a3092f8f000093e9bc40cf973c1252afdb20619631569a22ba0f397d5889f3", kill_on_drop: false }`
[INFO] [stderr]    Compiling cc v1.0.79
[INFO] [stderr]    Compiling pkg-config v0.3.27
[INFO] [stderr]    Compiling time v0.3.22
[INFO] [stderr]    Compiling openssl v0.10.55
[INFO] [stderr]    Compiling tokio-util v0.7.8
[INFO] [stderr]    Compiling openssl-macros v0.1.1
[INFO] [stderr]    Compiling native-tls v0.2.11
[INFO] [stderr]    Compiling idna v0.4.0
[INFO] [stderr]    Compiling psl-types v2.0.11
[INFO] [stderr]    Compiling matches v0.1.10
[INFO] [stderr]    Compiling base64 v0.21.2
[INFO] [stderr]    Compiling ipnet v2.8.0
[INFO] [stderr]    Compiling thiserror-impl v1.0.40
[INFO] [stderr]    Compiling idna v0.2.3
[INFO] [stderr]    Compiling publicsuffix v2.2.3
[INFO] [stderr]    Compiling url v2.4.0
[INFO] [stderr]    Compiling h2 v0.3.20
[INFO] [stderr]    Compiling tower-http v0.4.1
[INFO] [stderr]    Compiling openssl-sys v0.9.90
[INFO] [stderr]    Compiling cookie v0.16.2
[INFO] [stderr]    Compiling cookie v0.17.0
[INFO] [stderr]    Compiling thiserror v1.0.40
[INFO] [stderr]    Compiling tower-cookies v0.9.0
[INFO] [stderr]    Compiling cookie_store v0.16.2
[INFO] [stderr]    Compiling cookie_store v0.19.1
[INFO] [stderr]    Compiling hyper v0.14.27
[INFO] [stderr]    Compiling tokio-native-tls v0.3.1
[INFO] [stderr]    Compiling hyper-tls v0.5.0
[INFO] [stderr]    Compiling axum v0.6.18
[INFO] [stderr]    Compiling reqwest v0.11.18
[INFO] [stderr]    Compiling reqwest_cookie_store v0.5.0
[INFO] [stderr]    Compiling httpc-test v0.1.4
[INFO] [stderr]    Compiling axum-tutorial v0.1.0 (/opt/rustwide/workdir)
[INFO] [stdout] warning: unused import: `axum::RequestPartsExt`
[INFO] [stdout]  --> src/web/mv_auth.rs:7:5
[INFO] [stdout]   |
[INFO] [stdout] 7 | use axum::RequestPartsExt;
[INFO] [stdout]   |     ^^^^^^^^^^^^^^^^^^^^^
[INFO] [stdout]   |
[INFO] [stdout]   = note: `#[warn(unused_imports)]` on by default
[INFO] [stdout] 
[INFO] [stdout] 
[INFO] [stdout] warning: unused import: `Error`
[INFO] [stdout]  --> src/web/routes_tickets.rs:3:13
[INFO] [stdout]   |
[INFO] [stdout] 3 | use crate::{Error, Result};
[INFO] [stdout]   |             ^^^^^
[INFO] [stdout] 
[INFO] [stdout] 
[INFO] [stdout] warning: unused import: `StatusCode`
[INFO] [stdout]   --> src/main.rs:10:20
[INFO] [stdout]    |
[INFO] [stdout] 10 |     http::{Method, StatusCode, Uri},
[INFO] [stdout]    |                    ^^^^^^^^^^
[INFO] [stdout] 
[INFO] [stdout] 
[INFO] [stdout] warning: unused import: `axum::RequestPartsExt`
[INFO] [stdout]  --> src/web/mv_auth.rs:7:5
[INFO] [stdout]   |
[INFO] [stdout] 7 | use axum::RequestPartsExt;
[INFO] [stdout]   |     ^^^^^^^^^^^^^^^^^^^^^
[INFO] [stdout]   |
[INFO] [stdout]   = note: `#[warn(unused_imports)]` on by default
[INFO] [stdout] 
[INFO] [stdout] 
[INFO] [stdout] warning: unused import: `Error`
[INFO] [stdout]  --> src/web/routes_tickets.rs:3:13
[INFO] [stdout]   |
[INFO] [stdout] 3 | use crate::{Error, Result};
[INFO] [stdout]   |             ^^^^^
[INFO] [stdout] 
[INFO] [stdout] 
[INFO] [stdout] warning: unused import: `StatusCode`
[INFO] [stdout]   --> src/main.rs:10:20
[INFO] [stdout]    |
[INFO] [stdout] 10 |     http::{Method, StatusCode, Uri},
[INFO] [stdout]    |                    ^^^^^^^^^^
[INFO] [stdout] 
[INFO] [stdout] 
[INFO] [stdout] warning: unused variable: `ctx`
[INFO] [stdout]   --> src/model.rs:56:39
[INFO] [stdout]    |
[INFO] [stdout] 56 |     pub async fn delete_ticket(&self, ctx: Ctx, id: u64) -> Result<Ticket> {
[INFO] [stdout]    |                                       ^^^ help: if this is intentional, prefix it with an underscore: `_ctx`
[INFO] [stdout]    |
[INFO] [stdout]    = note: `#[warn(unused_variables)]` on by default
[INFO] [stdout] 
[INFO] [stdout] 
[INFO] [stdout] warning: unused variable: `ctx`
[INFO] [stdout]   --> src/model.rs:56:39
[INFO] [stdout]    |
[INFO] [stdout] 56 |     pub async fn delete_ticket(&self, ctx: Ctx, id: u64) -> Result<Ticket> {
[INFO] [stdout]    |                                       ^^^ help: if this is intentional, prefix it with an underscore: `_ctx`
[INFO] [stdout]    |
[INFO] [stdout]    = note: `#[warn(unused_variables)]` on by default
[INFO] [stdout] 
[INFO] [stdout] 
[INFO] [stdout] warning: 4 warnings emitted
[INFO] [stdout] 
[INFO] [stdout] 
[INFO] [stdout] warning: 4 warnings emitted
[INFO] [stdout] 
[INFO] [stdout] 
[INFO] [stderr]     Finished test [unoptimized + debuginfo] target(s) in 16.01s
[INFO] running `Command { std: "docker" "inspect" "d1a3092f8f000093e9bc40cf973c1252afdb20619631569a22ba0f397d5889f3", kill_on_drop: false }`
[INFO] running `Command { std: "docker" "rm" "-f" "d1a3092f8f000093e9bc40cf973c1252afdb20619631569a22ba0f397d5889f3", kill_on_drop: false }`
[INFO] [stdout] d1a3092f8f000093e9bc40cf973c1252afdb20619631569a22ba0f397d5889f3
[INFO] running `Command { std: "docker" "create" "-v" "/var/lib/crater-agent-workspace/builds/worker-5-tc1/target:/opt/rustwide/target:rw,Z" "-v" "/var/lib/crater-agent-workspace/builds/worker-5-tc1/source:/opt/rustwide/workdir:ro,Z" "-v" "/var/lib/crater-agent-workspace/cargo-home:/opt/rustwide/cargo-home:ro,Z" "-v" "/var/lib/crater-agent-workspace/rustup-home:/opt/rustwide/rustup-home:ro,Z" "-e" "SOURCE_DIR=/opt/rustwide/workdir" "-e" "CARGO_TARGET_DIR=/opt/rustwide/target" "-e" "CARGO_INCREMENTAL=0" "-e" "RUST_BACKTRACE=full" "-e" "RUSTFLAGS=--cap-lints=warn" "-e" "RUSTDOCFLAGS=--cap-lints=warn" "-e" "CARGO_HOME=/opt/rustwide/cargo-home" "-e" "RUSTUP_HOME=/opt/rustwide/rustup-home" "-w" "/opt/rustwide/workdir" "-m" "1610612736" "--user" "0:0" "--network" "none" "ghcr.io/rust-lang/crates-build-env/linux@sha256:2788e3201cd34a07e3172128adcd8b3090168a8e3bcc40d7c032b9dda1df7d1c" "/opt/rustwide/cargo-home/bin/cargo" "+1.75.0" "test" "--frozen", kill_on_drop: false }`
[INFO] [stdout] 750ed5ade7b195e6f6448984d0ab6343df81fc0766def6c9bbcb4dfa160b9d3b
[INFO] running `Command { std: "docker" "start" "-a" "750ed5ade7b195e6f6448984d0ab6343df81fc0766def6c9bbcb4dfa160b9d3b", kill_on_drop: false }`
[INFO] [stderr] warning: unused import: `axum::RequestPartsExt`
[INFO] [stderr]  --> src/web/mv_auth.rs:7:5
[INFO] [stderr]   |
[INFO] [stderr] 7 | use axum::RequestPartsExt;
[INFO] [stderr]   |     ^^^^^^^^^^^^^^^^^^^^^
[INFO] [stderr]   |
[INFO] [stderr]   = note: `#[warn(unused_imports)]` on by default
[INFO] [stderr] 
[INFO] [stderr] warning: unused import: `Error`
[INFO] [stderr]  --> src/web/routes_tickets.rs:3:13
[INFO] [stderr]   |
[INFO] [stderr] 3 | use crate::{Error, Result};
[INFO] [stderr]   |             ^^^^^
[INFO] [stderr] 
[INFO] [stderr] warning: unused import: `StatusCode`
[INFO] [stderr]   --> src/main.rs:10:20
[INFO] [stderr]    |
[INFO] [stderr] 10 |     http::{Method, StatusCode, Uri},
[INFO] [stderr]    |                    ^^^^^^^^^^
[INFO] [stderr] 
[INFO] [stderr] warning: unused variable: `ctx`
[INFO] [stderr]   --> src/model.rs:56:39
[INFO] [stderr]    |
[INFO] [stderr] 56 |     pub async fn delete_ticket(&self, ctx: Ctx, id: u64) -> Result<Ticket> {
[INFO] [stderr]    |                                       ^^^ help: if this is intentional, prefix it with an underscore: `_ctx`
[INFO] [stderr]    |
[INFO] [stderr]    = note: `#[warn(unused_variables)]` on by default
[INFO] [stderr] 
[INFO] [stderr] warning: `axum-tutorial` (bin "axum-tutorial") generated 4 warnings (run `cargo fix --bin "axum-tutorial"` to apply 4 suggestions)
[INFO] [stderr] warning: `axum-tutorial` (bin "axum-tutorial" test) generated 4 warnings (4 duplicates)
[INFO] [stderr]     Finished test [unoptimized + debuginfo] target(s) in 0.10s
[INFO] [stderr]      Running unittests src/main.rs (/opt/rustwide/target/debug/deps/axum_tutorial-629cbbcc74c0d516)
[INFO] [stdout] 
[INFO] [stdout] running 0 tests
[INFO] [stdout] 
[INFO] [stdout] test result: ok. 0 passed; 0 failed; 0 ignored; 0 measured; 0 filtered out; finished in 0.00s
[INFO] [stdout] 
[INFO] [stderr]      Running tests/quick_dev.rs (/opt/rustwide/target/debug/deps/quick_dev-7b671c16e3962d1e)
[INFO] [stdout] 
[INFO] [stdout] running 1 test
[INFO] [stdout] test quick_dev ... FAILED
[INFO] [stdout] 
[INFO] [stdout] failures:
[INFO] [stdout] 
[INFO] [stdout] ---- quick_dev stdout ----
[INFO] [stdout] Error: error sending request for url (http://localhost:8082/hello?name=Kali): error trying to connect: tcp connect error: Cannot assign requested address (os error 99)
[INFO] [stdout] 
[INFO] [stdout] Caused by:
[INFO] [stdout]     0: error trying to connect: tcp connect error: Cannot assign requested address (os error 99)
[INFO] [stdout]     1: tcp connect error: Cannot assign requested address (os error 99)
[INFO] [stdout]     2: Cannot assign requested address (os error 99)
[INFO] [stdout] 
[INFO] [stdout] 
[INFO] [stdout] failures:
[INFO] [stdout]     quick_dev
[INFO] [stdout] 
[INFO] [stdout] test result: FAILED. 0 passed; 1 failed; 0 ignored; 0 measured; 0 filtered out; finished in 0.07s
[INFO] [stdout] 
[INFO] [stderr] error: test failed, to rerun pass `--test quick_dev`
[INFO] running `Command { std: "docker" "inspect" "750ed5ade7b195e6f6448984d0ab6343df81fc0766def6c9bbcb4dfa160b9d3b", kill_on_drop: false }`
[INFO] running `Command { std: "docker" "rm" "-f" "750ed5ade7b195e6f6448984d0ab6343df81fc0766def6c9bbcb4dfa160b9d3b", kill_on_drop: false }`
[INFO] [stdout] 750ed5ade7b195e6f6448984d0ab6343df81fc0766def6c9bbcb4dfa160b9d3b
