[INFO] cloning repository https://github.com/karlmdavis/fhir-benchmarks
[INFO] running `Command { std: "git" "-c" "credential.helper=" "-c" "credential.helper=/workspace/cargo-home/bin/git-credential-null" "clone" "--bare" "https://github.com/karlmdavis/fhir-benchmarks" "/workspace/cache/git-repos/https%3A%2F%2Fgithub.com%2Fkarlmdavis%2Ffhir-benchmarks", kill_on_drop: false }`
[INFO] [stderr] Cloning into bare repository '/workspace/cache/git-repos/https%3A%2F%2Fgithub.com%2Fkarlmdavis%2Ffhir-benchmarks'...
[INFO] running `Command { std: "git" "rev-parse" "HEAD", kill_on_drop: false }`
[INFO] [stdout] e1af68545f202c40d68fed623891898c78fdbf31
[INFO] testing karlmdavis/fhir-benchmarks against 1.75.0 for beta-1.76-1
[INFO] running `Command { std: "git" "clone" "/workspace/cache/git-repos/https%3A%2F%2Fgithub.com%2Fkarlmdavis%2Ffhir-benchmarks" "/workspace/builds/worker-6-tc1/source", kill_on_drop: false }`
[INFO] [stderr] Cloning into '/workspace/builds/worker-6-tc1/source'...
[INFO] [stderr] done.
[INFO] validating manifest of git repo https://github.com/karlmdavis/fhir-benchmarks on toolchain 1.75.0
[INFO] running `Command { std: CARGO_HOME="/workspace/cargo-home" RUSTUP_HOME="/workspace/rustup-home" "/workspace/cargo-home/bin/cargo" "+1.75.0" "metadata" "--manifest-path" "Cargo.toml" "--no-deps", kill_on_drop: false }`
[INFO] started tweaking git repo https://github.com/karlmdavis/fhir-benchmarks
[INFO] finished tweaking git repo https://github.com/karlmdavis/fhir-benchmarks
[INFO] tweaked toml for git repo https://github.com/karlmdavis/fhir-benchmarks written to /workspace/builds/worker-6-tc1/source/Cargo.toml
[INFO] crate git repo https://github.com/karlmdavis/fhir-benchmarks already has a lockfile, it will not be regenerated
[INFO] running `Command { std: CARGO_HOME="/workspace/cargo-home" RUSTUP_HOME="/workspace/rustup-home" "/workspace/cargo-home/bin/cargo" "+1.75.0" "fetch" "--manifest-path" "Cargo.toml", kill_on_drop: false }`
[INFO] [stderr]  Downloading crates ...
[INFO] [stderr]   Downloaded rust_decimal v1.16.0
[INFO] [stderr]   Downloaded sysinfo v0.19.2
[INFO] [stderr]   Downloaded hdrhistogram v7.3.0
[INFO] [stderr]   Downloaded test-env-log v0.2.7
[INFO] [stderr]   Downloaded vergen v5.1.15
[INFO] running `Command { std: "docker" "create" "-v" "/var/lib/crater-agent-workspace/builds/worker-6-tc1/target:/opt/rustwide/target:rw,Z" "-v" "/var/lib/crater-agent-workspace/builds/worker-6-tc1/source:/opt/rustwide/workdir:ro,Z" "-v" "/var/lib/crater-agent-workspace/cargo-home:/opt/rustwide/cargo-home:ro,Z" "-v" "/var/lib/crater-agent-workspace/rustup-home:/opt/rustwide/rustup-home:ro,Z" "-e" "SOURCE_DIR=/opt/rustwide/workdir" "-e" "CARGO_TARGET_DIR=/opt/rustwide/target" "-e" "CARGO_HOME=/opt/rustwide/cargo-home" "-e" "RUSTUP_HOME=/opt/rustwide/rustup-home" "-w" "/opt/rustwide/workdir" "-m" "1610612736" "--user" "0:0" "--network" "none" "ghcr.io/rust-lang/crates-build-env/linux@sha256:2788e3201cd34a07e3172128adcd8b3090168a8e3bcc40d7c032b9dda1df7d1c" "/opt/rustwide/cargo-home/bin/cargo" "+1.75.0" "metadata" "--no-deps" "--format-version=1", kill_on_drop: false }`
[INFO] [stdout] 3db0b454177e9895df6c55a1a1c4256c11baa87bac29555c29016abfd622515b
[INFO] running `Command { std: "docker" "start" "-a" "3db0b454177e9895df6c55a1a1c4256c11baa87bac29555c29016abfd622515b", kill_on_drop: false }`
[INFO] running `Command { std: "docker" "inspect" "3db0b454177e9895df6c55a1a1c4256c11baa87bac29555c29016abfd622515b", kill_on_drop: false }`
[INFO] running `Command { std: "docker" "rm" "-f" "3db0b454177e9895df6c55a1a1c4256c11baa87bac29555c29016abfd622515b", kill_on_drop: false }`
[INFO] [stdout] 3db0b454177e9895df6c55a1a1c4256c11baa87bac29555c29016abfd622515b
[INFO] running `Command { std: "docker" "create" "-v" "/var/lib/crater-agent-workspace/builds/worker-6-tc1/target:/opt/rustwide/target:rw,Z" "-v" "/var/lib/crater-agent-workspace/builds/worker-6-tc1/source:/opt/rustwide/workdir:ro,Z" "-v" "/var/lib/crater-agent-workspace/cargo-home:/opt/rustwide/cargo-home:ro,Z" "-v" "/var/lib/crater-agent-workspace/rustup-home:/opt/rustwide/rustup-home:ro,Z" "-e" "SOURCE_DIR=/opt/rustwide/workdir" "-e" "CARGO_TARGET_DIR=/opt/rustwide/target" "-e" "CARGO_INCREMENTAL=0" "-e" "RUST_BACKTRACE=full" "-e" "RUSTFLAGS=--cap-lints=warn" "-e" "RUSTDOCFLAGS=--cap-lints=warn" "-e" "CARGO_HOME=/opt/rustwide/cargo-home" "-e" "RUSTUP_HOME=/opt/rustwide/rustup-home" "-w" "/opt/rustwide/workdir" "-m" "1610612736" "--user" "0:0" "--network" "none" "ghcr.io/rust-lang/crates-build-env/linux@sha256:2788e3201cd34a07e3172128adcd8b3090168a8e3bcc40d7c032b9dda1df7d1c" "/opt/rustwide/cargo-home/bin/cargo" "+1.75.0" "build" "--frozen" "--message-format=json", kill_on_drop: false }`
[INFO] [stdout] 84f2508515b9c02db01d0272647aea76d0ab89080210ce9dc9e4e1c83e51533a
[INFO] running `Command { std: "docker" "start" "-a" "84f2508515b9c02db01d0272647aea76d0ab89080210ce9dc9e4e1c83e51533a", kill_on_drop: false }`
[INFO] [stderr]    Compiling autocfg v1.0.1
[INFO] [stderr]    Compiling libc v0.2.103
[INFO] [stderr]    Compiling proc-macro2 v1.0.29
[INFO] [stderr]    Compiling unicode-xid v0.2.2
[INFO] [stderr]    Compiling cfg-if v1.0.0
[INFO] [stderr]    Compiling syn v1.0.78
[INFO] [stderr]    Compiling memchr v2.4.1
[INFO] [stderr]    Compiling once_cell v1.8.0
[INFO] [stderr]    Compiling pkg-config v0.3.20
[INFO] [stderr]    Compiling log v0.4.14
[INFO] [stderr]    Compiling pin-project-lite v0.2.7
[INFO] [stderr]    Compiling lazy_static v1.4.0
[INFO] [stderr]    Compiling version_check v0.9.3
[INFO] [stderr]    Compiling tracing-core v0.1.21
[INFO] [stderr]    Compiling bitflags v1.3.2
[INFO] [stderr]    Compiling smallvec v1.7.0
[INFO] [stderr]    Compiling futures-core v0.3.17
[INFO] [stderr]    Compiling num-integer v0.1.44
[INFO] [stderr]    Compiling proc-macro-hack v0.5.19
[INFO] [stderr]    Compiling parking_lot_core v0.8.5
[INFO] [stderr]    Compiling quote v1.0.10
[INFO] [stderr]    Compiling jobserver v0.1.24
[INFO] [stderr]    Compiling futures-macro v0.3.17
[INFO] [stderr]    Compiling num-traits v0.2.14
[INFO] [stderr]    Compiling instant v0.1.11
[INFO] [stderr]    Compiling matches v0.1.9
[INFO] [stderr]    Compiling proc-macro-nested v0.1.7
[INFO] [stderr]    Compiling cc v1.0.70
[INFO] [stderr]    Compiling tinyvec_macros v0.1.0
[INFO] [stderr]    Compiling bytes v1.1.0
[INFO] [stderr]    Compiling futures-sink v0.3.17
[INFO] [stderr]    Compiling scopeguard v1.1.0
[INFO] [stderr]    Compiling futures-channel v0.3.17
[INFO] [stderr]    Compiling futures-task v0.3.17
[INFO] [stderr]    Compiling lock_api v0.4.5
[INFO] [stderr]    Compiling tinyvec v1.5.0
[INFO] [stderr]    Compiling futures-util v0.3.17
[INFO] [stderr]    Compiling tokio v1.12.0
[INFO] [stderr]    Compiling percent-encoding v2.1.0
[INFO] [stderr]    Compiling ryu v1.0.5
[INFO] [stderr]    Compiling itoa v0.4.8
[INFO] [stderr]    Compiling serde_derive v1.0.130
[INFO] [stderr]    Compiling form_urlencoded v1.0.1
[INFO] [stderr]    Compiling parking_lot v0.11.2
[INFO] [stderr]    Compiling num_cpus v1.13.0
[INFO] [stderr]    Compiling signal-hook-registry v1.4.0
[INFO] [stderr]    Compiling openssl-sys v0.9.67
[INFO] [stderr]    Compiling libz-sys v1.1.3
[INFO] [stderr]    Compiling unicode-normalization v0.1.19
[INFO] [stderr]    Compiling time v0.1.43
[INFO] [stderr]    Compiling mio v0.7.13
[INFO] [stderr]    Compiling proc-macro-error-attr v1.0.4
[INFO] [stderr]    Compiling indexmap v1.7.0
[INFO] [stderr]    Compiling futures-io v0.3.17
[INFO] [stderr]    Compiling slab v0.4.4
[INFO] [stderr]    Compiling serde v1.0.130
[INFO] [stderr]    Compiling unicode-bidi v0.3.6
[INFO] [stderr]    Compiling pin-utils v0.1.0
[INFO] [stderr]    Compiling rustversion v1.0.5
[INFO] [stderr]    Compiling libgit2-sys v0.12.24+1.3.0
[INFO] [stderr]    Compiling idna v0.2.3
[INFO] [stderr]    Compiling proc-macro-error v1.0.4
[INFO] [stderr]    Compiling miniz_oxide v0.4.4
[INFO] [stderr]    Compiling sharded-slab v0.1.4
[INFO] [stderr]    Compiling thread_local v1.1.3
[INFO] [stderr]    Compiling hashbrown v0.11.2
[INFO] [stderr]    Compiling semver v1.0.4
[INFO] [stderr]    Compiling fnv v1.0.7
[INFO] [stderr]    Compiling openssl v0.10.36
[INFO] [stderr]    Compiling foreign-types-shared v0.1.1
[INFO] [stderr]    Compiling doc-comment v0.3.3
[INFO] [stderr]    Compiling foreign-types v0.3.2
[INFO] [stderr]    Compiling http v0.2.5
[INFO] [stderr]    Compiling url v2.2.2
[INFO] [stderr]    Compiling chrono v0.4.19
[INFO] [stderr]    Compiling radium v0.5.3
[INFO] [stderr]    Compiling adler v1.0.2
[INFO] [stderr]    Compiling anyhow v1.0.44
[INFO] [stderr]    Compiling sysinfo v0.19.2
[INFO] [stderr]    Compiling httparse v1.5.1
[INFO] [stderr]    Compiling native-tls v0.2.8
[INFO] [stderr]    Compiling regex-syntax v0.6.25
[INFO] [stderr]    Compiling vergen v5.1.15
[INFO] [stderr]    Compiling arrayvec v0.5.2
[INFO] [stderr]    Compiling openssl-probe v0.1.4
[INFO] [stderr]    Compiling lexical-core v0.7.6
[INFO] [stderr]    Compiling try-lock v0.2.3
[INFO] [stderr]    Compiling crc32fast v1.2.1
[INFO] [stderr]    Compiling crossbeam-utils v0.8.5
[INFO] [stderr]    Compiling want v0.3.0
[INFO] [stderr]    Compiling rustc_version v0.4.0
[INFO] [stderr]    Compiling http-body v0.4.3
[INFO] [stderr]    Compiling tracing-subscriber v0.2.25
[INFO] [stderr]    Compiling backtrace v0.3.63
[INFO] [stderr]    Compiling socket2 v0.4.2
[INFO] [stderr]    Compiling regex-automata v0.1.10
[INFO] [stderr]    Compiling aho-corasick v0.7.18
[INFO] [stderr]    Compiling nom v6.1.2
[INFO] [stderr]    Compiling gimli v0.26.1
[INFO] [stderr]    Compiling httpdate v1.0.1
[INFO] [stderr]    Compiling tracing-attributes v0.1.18
[INFO] [stderr]    Compiling tokio-macros v1.4.1
[INFO] [stderr]    Compiling thiserror-impl v1.0.29
[INFO] [stderr]    Compiling enum-iterator-derive v0.7.0
[INFO] [stderr]    Compiling getset v0.1.1
[INFO] [stderr]    Compiling enum-iterator v0.7.0
[INFO] [stderr]    Compiling tracing v0.1.28
[INFO] [stderr]    Compiling wyz v0.2.0
[INFO] [stderr]    Compiling encoding_rs v0.8.28
[INFO] [stderr]    Compiling tower-service v0.3.1
[INFO] [stderr]    Compiling static_assertions v1.1.0
[INFO] [stderr]    Compiling funty v1.1.0
[INFO] [stderr]    Compiling eyre v0.6.5
[INFO] [stderr]    Compiling tap v1.0.1
[INFO] [stderr]    Compiling addr2line v0.17.0
[INFO] [stderr]    Compiling bitvec v0.19.5
[INFO] [stderr]    Compiling thiserror v1.0.29
[INFO] [stderr]    Compiling tracing-error v0.1.2
[INFO] [stderr]    Compiling regex v1.5.4
[INFO] [stderr]    Compiling matchers v0.1.0
[INFO] [stderr]    Compiling object v0.27.1
[INFO] [stderr]    Compiling tracing-log v0.1.2
[INFO] [stderr]    Compiling indenter v0.3.3
[INFO] [stderr]    Compiling base64 v0.13.0
[INFO] [stderr]    Compiling rustc-demangle v0.1.21
[INFO] [stderr]    Compiling owo-colors v1.3.0
[INFO] [stderr]    Compiling async-trait v0.1.51
[INFO] [stderr]    Compiling serde_json v1.0.68
[INFO] [stderr]    Compiling ansi_term v0.12.1
[INFO] [stderr]    Compiling color-spantrace v0.1.6
[INFO] [stderr]    Compiling tracing-subscriber v0.3.1
[INFO] [stderr]    Compiling futures-executor v0.3.17
[INFO] [stderr]    Compiling crossbeam-channel v0.5.1
[INFO] [stderr]    Compiling flate2 v1.0.22
[INFO] [stderr]    Compiling tokio-util v0.6.8
[INFO] [stderr]    Compiling tokio-native-tls v0.3.0
[INFO] [stderr]    Compiling h2 v0.3.6
[INFO] [stderr]    Compiling mime v0.3.16
[INFO] [stderr]    Compiling ipnet v2.3.1
[INFO] [stderr]    Compiling byteorder v1.4.3
[INFO] [stderr]    Compiling hdrhistogram v7.3.0
[INFO] [stderr]    Compiling color-eyre v0.5.11
[INFO] [stderr]    Compiling tracing-error v0.2.0
[INFO] [stderr]    Compiling futures v0.3.17
[INFO] [stderr]    Compiling atty v0.2.14
[INFO] [stderr]    Compiling json v0.12.4
[INFO] [stderr]    Compiling dotenv v0.15.0
[INFO] [stderr]    Compiling serde_urlencoded v0.7.0
[INFO] [stderr]    Compiling rust_decimal v1.16.0
[INFO] [stderr]    Compiling hyper v0.14.13
[INFO] [stderr]    Compiling git2 v0.13.23
[INFO] [stderr]    Compiling hyper-tls v0.5.0
[INFO] [stderr]    Compiling reqwest v0.11.4
[INFO] [stderr]    Compiling fhir-bench-orchestrator v0.1.0 (/opt/rustwide/workdir/fhir-bench-orchestrator)
[INFO] [stdout] warning: variable does not need to be mutable
[INFO] [stdout]   --> fhir-bench-orchestrator/src/lib.rs:70:13
[INFO] [stdout]    |
[INFO] [stdout] 70 |         let mut server_result = framework_results
[INFO] [stdout]    |             ----^^^^^^^^^^^^^
[INFO] [stdout]    |             |
[INFO] [stdout]    |             help: remove this `mut`
[INFO] [stdout]    |
[INFO] [stdout]    = note: `#[warn(unused_mut)]` on by default
[INFO] [stdout] 
[INFO] [stdout] 
[INFO] [stdout] warning: fields `completed` and `error` are never read
[INFO] [stdout]    --> fhir-bench-orchestrator/src/test_framework/mod.rs:342:5
[INFO] [stdout]     |
[INFO] [stdout] 340 | struct ServerOperationIterationFailed {
[INFO] [stdout]     |        ------------------------------ fields in this struct
[INFO] [stdout] 341 |     /// The state from the operation's completion.
[INFO] [stdout] 342 |     completed: ServerOperationIterationCompleted,
[INFO] [stdout]     |     ^^^^^^^^^
[INFO] [stdout] ...
[INFO] [stdout] 345 |     error: eyre::Error,
[INFO] [stdout]     |     ^^^^^
[INFO] [stdout]     |
[INFO] [stdout]     = note: `ServerOperationIterationFailed` has a derived impl for the trait `Debug`, but this is intentionally ignored during dead code analysis
[INFO] [stdout]     = note: `#[warn(dead_code)]` on by default
[INFO] [stdout] 
[INFO] [stdout] 
[INFO] [stdout] warning: 2 warnings emitted
[INFO] [stdout] 
[INFO] [stdout] 
[INFO] [stderr]     Finished dev [unoptimized + debuginfo] target(s) in 24.51s
[INFO] [stderr] warning: the following packages contain code that will be rejected by a future version of Rust: nom v6.1.2
[INFO] [stderr] note: to see what the problems were, use the option `--future-incompat-report`, or run `cargo report future-incompatibilities --id 1`
[INFO] running `Command { std: "docker" "inspect" "84f2508515b9c02db01d0272647aea76d0ab89080210ce9dc9e4e1c83e51533a", kill_on_drop: false }`
[INFO] running `Command { std: "docker" "rm" "-f" "84f2508515b9c02db01d0272647aea76d0ab89080210ce9dc9e4e1c83e51533a", kill_on_drop: false }`
[INFO] [stdout] 84f2508515b9c02db01d0272647aea76d0ab89080210ce9dc9e4e1c83e51533a
[INFO] running `Command { std: "docker" "create" "-v" "/var/lib/crater-agent-workspace/builds/worker-6-tc1/target:/opt/rustwide/target:rw,Z" "-v" "/var/lib/crater-agent-workspace/builds/worker-6-tc1/source:/opt/rustwide/workdir:ro,Z" "-v" "/var/lib/crater-agent-workspace/cargo-home:/opt/rustwide/cargo-home:ro,Z" "-v" "/var/lib/crater-agent-workspace/rustup-home:/opt/rustwide/rustup-home:ro,Z" "-e" "SOURCE_DIR=/opt/rustwide/workdir" "-e" "CARGO_TARGET_DIR=/opt/rustwide/target" "-e" "CARGO_INCREMENTAL=0" "-e" "RUST_BACKTRACE=full" "-e" "RUSTFLAGS=--cap-lints=warn" "-e" "RUSTDOCFLAGS=--cap-lints=warn" "-e" "CARGO_HOME=/opt/rustwide/cargo-home" "-e" "RUSTUP_HOME=/opt/rustwide/rustup-home" "-w" "/opt/rustwide/workdir" "-m" "1610612736" "--user" "0:0" "--network" "none" "ghcr.io/rust-lang/crates-build-env/linux@sha256:2788e3201cd34a07e3172128adcd8b3090168a8e3bcc40d7c032b9dda1df7d1c" "/opt/rustwide/cargo-home/bin/cargo" "+1.75.0" "test" "--frozen" "--no-run" "--message-format=json", kill_on_drop: false }`
[INFO] [stdout] 2dd835c5fa8c9ada35cd40a1499919cc664f5cb0cd2588e588718cf1f1286828
[INFO] running `Command { std: "docker" "start" "-a" "2dd835c5fa8c9ada35cd40a1499919cc664f5cb0cd2588e588718cf1f1286828", kill_on_drop: false }`
[INFO] [stderr]    Compiling doc-comment v0.3.3
[INFO] [stderr]    Compiling getrandom v0.2.3
[INFO] [stderr]    Compiling either v1.6.1
[INFO] [stderr]    Compiling predicates-core v1.0.2
[INFO] [stderr]    Compiling ppv-lite86 v0.2.10
[INFO] [stderr]    Compiling treeline v0.1.0
[INFO] [stderr]    Compiling difflib v0.4.0
[INFO] [stderr]    Compiling bstr v0.2.17
[INFO] [stderr]    Compiling itertools v0.10.1
[INFO] [stderr]    Compiling predicates-tree v1.0.3
[INFO] [stderr]    Compiling sysinfo v0.19.2
[INFO] [stderr]    Compiling rand_core v0.6.3
[INFO] [stderr]    Compiling serial_test_derive v0.5.1
[INFO] [stderr]    Compiling wait-timeout v0.2.0
[INFO] [stderr]    Compiling remove_dir_all v0.5.3
[INFO] [stderr]    Compiling rand_chacha v0.3.1
[INFO] [stderr]    Compiling test-env-log v0.2.7
[INFO] [stderr]    Compiling rand v0.8.4
[INFO] [stderr]    Compiling serial_test v0.5.1
[INFO] [stderr]    Compiling vergen v5.1.15
[INFO] [stderr]    Compiling predicates v2.0.2
[INFO] [stderr]    Compiling tempfile v3.2.0
[INFO] [stderr]    Compiling assert_cmd v1.0.8
[INFO] [stderr]    Compiling fhir-bench-orchestrator v0.1.0 (/opt/rustwide/workdir/fhir-bench-orchestrator)
[INFO] [stdout] warning: variable does not need to be mutable
[INFO] [stdout]   --> fhir-bench-orchestrator/src/lib.rs:70:13
[INFO] [stdout]    |
[INFO] [stdout] 70 |         let mut server_result = framework_results
[INFO] [stdout]    |             ----^^^^^^^^^^^^^
[INFO] [stdout]    |             |
[INFO] [stdout]    |             help: remove this `mut`
[INFO] [stdout]    |
[INFO] [stdout]    = note: `#[warn(unused_mut)]` on by default
[INFO] [stdout] 
[INFO] [stdout] 
[INFO] [stdout] warning: variable does not need to be mutable
[INFO] [stdout]   --> fhir-bench-orchestrator/src/lib.rs:70:13
[INFO] [stdout]    |
[INFO] [stdout] 70 |         let mut server_result = framework_results
[INFO] [stdout]    |             ----^^^^^^^^^^^^^
[INFO] [stdout]    |             |
[INFO] [stdout]    |             help: remove this `mut`
[INFO] [stdout]    |
[INFO] [stdout]    = note: `#[warn(unused_mut)]` on by default
[INFO] [stdout] 
[INFO] [stdout] 
[INFO] [stdout] warning: fields `completed` and `error` are never read
[INFO] [stdout]    --> fhir-bench-orchestrator/src/test_framework/mod.rs:342:5
[INFO] [stdout]     |
[INFO] [stdout] 340 | struct ServerOperationIterationFailed {
[INFO] [stdout]     |        ------------------------------ fields in this struct
[INFO] [stdout] 341 |     /// The state from the operation's completion.
[INFO] [stdout] 342 |     completed: ServerOperationIterationCompleted,
[INFO] [stdout]     |     ^^^^^^^^^
[INFO] [stdout] ...
[INFO] [stdout] 345 |     error: eyre::Error,
[INFO] [stdout]     |     ^^^^^
[INFO] [stdout]     |
[INFO] [stdout]     = note: `ServerOperationIterationFailed` has a derived impl for the trait `Debug`, but this is intentionally ignored during dead code analysis
[INFO] [stdout]     = note: `#[warn(dead_code)]` on by default
[INFO] [stdout] 
[INFO] [stdout] 
[INFO] [stdout] warning: fields `completed` and `error` are never read
[INFO] [stdout]    --> fhir-bench-orchestrator/src/test_framework/mod.rs:342:5
[INFO] [stdout]     |
[INFO] [stdout] 340 | struct ServerOperationIterationFailed {
[INFO] [stdout]     |        ------------------------------ fields in this struct
[INFO] [stdout] 341 |     /// The state from the operation's completion.
[INFO] [stdout] 342 |     completed: ServerOperationIterationCompleted,
[INFO] [stdout]     |     ^^^^^^^^^
[INFO] [stdout] ...
[INFO] [stdout] 345 |     error: eyre::Error,
[INFO] [stdout]     |     ^^^^^
[INFO] [stdout]     |
[INFO] [stdout]     = note: `ServerOperationIterationFailed` has a derived impl for the trait `Debug`, but this is intentionally ignored during dead code analysis
[INFO] [stdout]     = note: `#[warn(dead_code)]` on by default
[INFO] [stdout] 
[INFO] [stdout] 
[INFO] [stdout] warning: 2 warnings emitted
[INFO] [stdout] 
[INFO] [stdout] 
[INFO] [stdout] warning: 2 warnings emitted
[INFO] [stdout] 
[INFO] [stdout] 
[INFO] [stderr]     Finished test [unoptimized + debuginfo] target(s) in 6.76s
[INFO] [stderr] warning: the following packages contain code that will be rejected by a future version of Rust: nom v6.1.2
[INFO] [stderr] note: to see what the problems were, use the option `--future-incompat-report`, or run `cargo report future-incompatibilities --id 1`
[INFO] running `Command { std: "docker" "inspect" "2dd835c5fa8c9ada35cd40a1499919cc664f5cb0cd2588e588718cf1f1286828", kill_on_drop: false }`
[INFO] running `Command { std: "docker" "rm" "-f" "2dd835c5fa8c9ada35cd40a1499919cc664f5cb0cd2588e588718cf1f1286828", kill_on_drop: false }`
[INFO] [stdout] 2dd835c5fa8c9ada35cd40a1499919cc664f5cb0cd2588e588718cf1f1286828
[INFO] running `Command { std: "docker" "create" "-v" "/var/lib/crater-agent-workspace/builds/worker-6-tc1/target:/opt/rustwide/target:rw,Z" "-v" "/var/lib/crater-agent-workspace/builds/worker-6-tc1/source:/opt/rustwide/workdir:ro,Z" "-v" "/var/lib/crater-agent-workspace/cargo-home:/opt/rustwide/cargo-home:ro,Z" "-v" "/var/lib/crater-agent-workspace/rustup-home:/opt/rustwide/rustup-home:ro,Z" "-e" "SOURCE_DIR=/opt/rustwide/workdir" "-e" "CARGO_TARGET_DIR=/opt/rustwide/target" "-e" "CARGO_INCREMENTAL=0" "-e" "RUST_BACKTRACE=full" "-e" "RUSTFLAGS=--cap-lints=warn" "-e" "RUSTDOCFLAGS=--cap-lints=warn" "-e" "CARGO_HOME=/opt/rustwide/cargo-home" "-e" "RUSTUP_HOME=/opt/rustwide/rustup-home" "-w" "/opt/rustwide/workdir" "-m" "1610612736" "--user" "0:0" "--network" "none" "ghcr.io/rust-lang/crates-build-env/linux@sha256:2788e3201cd34a07e3172128adcd8b3090168a8e3bcc40d7c032b9dda1df7d1c" "/opt/rustwide/cargo-home/bin/cargo" "+1.75.0" "test" "--frozen", kill_on_drop: false }`
[INFO] [stdout] 241284638ae29582b9cecb892c979c98eab6abd1060cc6b106397bc1d6d6a952
[INFO] running `Command { std: "docker" "start" "-a" "241284638ae29582b9cecb892c979c98eab6abd1060cc6b106397bc1d6d6a952", kill_on_drop: false }`
[INFO] [stderr] warning: variable does not need to be mutable
[INFO] [stderr]   --> fhir-bench-orchestrator/src/lib.rs:70:13
[INFO] [stderr]    |
[INFO] [stderr] 70 |         let mut server_result = framework_results
[INFO] [stderr]    |             ----^^^^^^^^^^^^^
[INFO] [stderr]    |             |
[INFO] [stderr]    |             help: remove this `mut`
[INFO] [stderr]    |
[INFO] [stderr]    = note: `#[warn(unused_mut)]` on by default
[INFO] [stderr] 
[INFO] [stderr] warning: fields `completed` and `error` are never read
[INFO] [stderr]    --> fhir-bench-orchestrator/src/test_framework/mod.rs:342:5
[INFO] [stderr]     |
[INFO] [stderr] 340 | struct ServerOperationIterationFailed {
[INFO] [stderr]     |        ------------------------------ fields in this struct
[INFO] [stderr] 341 |     /// The state from the operation's completion.
[INFO] [stderr] 342 |     completed: ServerOperationIterationCompleted,
[INFO] [stderr]     |     ^^^^^^^^^
[INFO] [stderr] ...
[INFO] [stderr] 345 |     error: eyre::Error,
[INFO] [stderr]     |     ^^^^^
[INFO] [stderr]     |
[INFO] [stderr]     = note: `ServerOperationIterationFailed` has a derived impl for the trait `Debug`, but this is intentionally ignored during dead code analysis
[INFO] [stderr]     = note: `#[warn(dead_code)]` on by default
[INFO] [stderr] 
[INFO] [stderr] warning: `fhir-bench-orchestrator` (lib) generated 2 warnings (run `cargo fix --lib -p fhir-bench-orchestrator` to apply 1 suggestion)
[INFO] [stderr] warning: `fhir-bench-orchestrator` (lib test) generated 2 warnings (2 duplicates)
[INFO] [stderr]     Finished test [unoptimized + debuginfo] target(s) in 0.12s
[INFO] [stderr] warning: the following packages contain code that will be rejected by a future version of Rust: nom v6.1.2
[INFO] [stderr] note: to see what the problems were, use the option `--future-incompat-report`, or run `cargo report future-incompatibilities --id 1`
[INFO] [stderr]      Running unittests src/lib.rs (/opt/rustwide/target/debug/deps/fhir_bench_orchestrator-fc3e4d8c878daa47)
[INFO] [stdout] 
[INFO] [stdout] running 13 tests
[INFO] [stdout] test test_framework::tests::serialize_framework_operation_log ... ok
[INFO] [stdout] test test_framework::tests::serialize_server_operation_log ... ok
[INFO] [stdout] test util::serde_duration_iso8601::tests::serialize ... ok
[INFO] [stdout] test util::serde_duration_millis::tests::deserialize ... ok
[INFO] [stdout] test util::serde_duration_millis::tests::serialize ... ok
[INFO] [stdout] test util::serde_duration_iso8601::tests::deserialize ... ok
[INFO] [stdout] test test_framework::tests::serialize_server_operation_measurement ... ok
[INFO] [stdout] test test_framework::tests::serialize_server_operation_metrics ... ok
[INFO] [stdout] test test_framework::tests::serialize_framework_results ... ok
[INFO] [stdout] test util::serde_histogram::tests::deserialize ... ok
[INFO] [stdout] test util::serde_histogram::tests::serialize ... ok
[INFO] [stdout] test sample_data::tests::iter_orgs ... FAILED
[INFO] [stdout] test sample_data::tests::generate_data ... FAILED
[INFO] [stdout] 
[INFO] [stdout] failures:
[INFO] [stdout] 
[INFO] [stdout] ---- sample_data::tests::iter_orgs stdout ----
[INFO] [stdout] thread 'sample_data::tests::iter_orgs' panicked at fhir-bench-orchestrator/src/sample_data.rs:440:10:
[INFO] [stdout] Failed to generate sample data.: child process exited with code 'exit status: 1', this message: 'Synthea process for sample data generation failed., this STDOUT: '', and this STDERR: '+ IMAGE_TAG=synthea
[INFO] [stdout] + SEED=42
[INFO] [stdout] ++ getopt p:t: -p 10 -t /tmp/.tmp2KTmFQ
[INFO] [stdout] + TEMP=' -p 10 -t /tmp/.tmp2KTmFQ --'
[INFO] [stdout] + '[' 0 '!=' 0 ']'
[INFO] [stdout] + eval set -- ' -p 10 -t /tmp/.tmp2KTmFQ --'
[INFO] [stdout] ++ set -- -p 10 -t /tmp/.tmp2KTmFQ --
[INFO] [stdout] + populationSize=
[INFO] [stdout] + true
[INFO] [stdout] + case "$1" in
[INFO] [stdout] + populationSize=10
[INFO] [stdout] + shift 2
[INFO] [stdout] + true
[INFO] [stdout] + case "$1" in
[INFO] [stdout] + targetDirectory=/tmp/.tmp2KTmFQ
[INFO] [stdout] + shift 2
[INFO] [stdout] + true
[INFO] [stdout] + case "$1" in
[INFO] [stdout] + shift
[INFO] [stdout] + break
[INFO] [stdout] + [[ -z 10 ]]
[INFO] [stdout] + [[ -z /tmp/.tmp2KTmFQ ]]
[INFO] [stdout] + [[ ! -d /tmp/.tmp2KTmFQ ]]
[INFO] [stdout] + export DOCKER_BUILDKIT=1
[INFO] [stdout] + DOCKER_BUILDKIT=1
[INFO] [stdout] + docker build --file ./Dockerfile.synthea -t synthea --cache-from docker.pkg.github.com/karlmdavis/fhir-benchmarks/synthea --build-arg BUILDKIT_INLINE_CACHE=1 .
[INFO] [stdout] ERROR: BuildKit is enabled but the buildx component is missing or broken.
[INFO] [stdout]        Install the buildx component to build images with BuildKit:
[INFO] [stdout]        https://docs.docker.com/go/buildx/
[INFO] [stdout] 
[INFO] [stdout] 
[INFO] [stdout] Location:
[INFO] [stdout]     /rustc/82e1608dfa6e0b5569232559e3d385fea5a93112/library/core/src/convert/mod.rs:757:9
[INFO] [stdout] stack backtrace:
[INFO] [stdout]    0:     0x564dbfbc1fbc - std::backtrace_rs::backtrace::libunwind::trace::ha637c64ce894333a
[INFO] [stdout]                                at /rustc/82e1608dfa6e0b5569232559e3d385fea5a93112/library/std/src/../../backtrace/src/backtrace/libunwind.rs:104:5
[INFO] [stdout]    1:     0x564dbfbc1fbc - std::backtrace_rs::backtrace::trace_unsynchronized::h47f62dea28e0c88d
[INFO] [stdout]                                at /rustc/82e1608dfa6e0b5569232559e3d385fea5a93112/library/std/src/../../backtrace/src/backtrace/mod.rs:66:5
[INFO] [stdout]    2:     0x564dbfbc1fbc - std::sys_common::backtrace::_print_fmt::h9eef0abe20ede486
[INFO] [stdout]                                at /rustc/82e1608dfa6e0b5569232559e3d385fea5a93112/library/std/src/sys_common/backtrace.rs:67:5
[INFO] [stdout]    3:     0x564dbfbc1fbc - <std::sys_common::backtrace::_print::DisplayBacktrace as core::fmt::Display>::fmt::hed7f999df88cc644
[INFO] [stdout]                                at /rustc/82e1608dfa6e0b5569232559e3d385fea5a93112/library/std/src/sys_common/backtrace.rs:44:22
[INFO] [stdout]    4:     0x564dbfbee550 - core::fmt::rt::Argument::fmt::h1539a9308b8d058d
[INFO] [stdout]                                at /rustc/82e1608dfa6e0b5569232559e3d385fea5a93112/library/core/src/fmt/rt.rs:142:9
[INFO] [stdout]    5:     0x564dbfbee550 - core::fmt::write::h3a39390d8560d9c9
[INFO] [stdout]                                at /rustc/82e1608dfa6e0b5569232559e3d385fea5a93112/library/core/src/fmt/mod.rs:1120:17
[INFO] [stdout]    6:     0x564dbfbbf44f - std::io::Write::write_fmt::h040b369f3a0f9cbc
[INFO] [stdout]                                at /rustc/82e1608dfa6e0b5569232559e3d385fea5a93112/library/std/src/io/mod.rs:1762:15
[INFO] [stdout]    7:     0x564dbfbc1da4 - std::sys_common::backtrace::_print::h894006fb5c6f3d45
[INFO] [stdout]                                at /rustc/82e1608dfa6e0b5569232559e3d385fea5a93112/library/std/src/sys_common/backtrace.rs:47:5
[INFO] [stdout]    8:     0x564dbfbc1da4 - std::sys_common::backtrace::print::h23a2d212c6fff936
[INFO] [stdout]                                at /rustc/82e1608dfa6e0b5569232559e3d385fea5a93112/library/std/src/sys_common/backtrace.rs:34:9
[INFO] [stdout]    9:     0x564dbfbc3a67 - std::panicking::default_hook::{{closure}}::h8a1d2ee00185001a
[INFO] [stdout]   10:     0x564dbfbc3753 - std::panicking::default_hook::h6038f2eba384e475
[INFO] [stdout]                                at /rustc/82e1608dfa6e0b5569232559e3d385fea5a93112/library/std/src/panicking.rs:289:9
[INFO] [stdout]   11:     0x564dbf7f3087 - <alloc::boxed::Box<F,A> as core::ops::function::Fn<Args>>::call::h0ad024c9bdc6d768
[INFO] [stdout]                                at /rustc/82e1608dfa6e0b5569232559e3d385fea5a93112/library/alloc/src/boxed.rs:2021:9
[INFO] [stdout]   12:     0x564dbf7f3087 - test::test_main::{{closure}}::h7500b54257359db6
[INFO] [stdout]                                at /rustc/82e1608dfa6e0b5569232559e3d385fea5a93112/library/test/src/lib.rs:138:21
[INFO] [stdout]   13:     0x564dbfbc4078 - <alloc::boxed::Box<F,A> as core::ops::function::Fn<Args>>::call::h1f8f335eaa9cfaee
[INFO] [stdout]                                at /rustc/82e1608dfa6e0b5569232559e3d385fea5a93112/library/alloc/src/boxed.rs:2021:9
[INFO] [stdout]   14:     0x564dbfbc4078 - std::panicking::rust_panic_with_hook::h2b5517d590cab22e
[INFO] [stdout]                                at /rustc/82e1608dfa6e0b5569232559e3d385fea5a93112/library/std/src/panicking.rs:783:13
[INFO] [stdout]   15:     0x564dbfbc3dce - std::panicking::begin_panic_handler::{{closure}}::h233112c06e0ef43e
[INFO] [stdout]                                at /rustc/82e1608dfa6e0b5569232559e3d385fea5a93112/library/std/src/panicking.rs:657:13
[INFO] [stdout]   16:     0x564dbfbc2486 - std::sys_common::backtrace::__rust_end_short_backtrace::h6e893f24d7ebbff8
[INFO] [stdout]                                at /rustc/82e1608dfa6e0b5569232559e3d385fea5a93112/library/std/src/sys_common/backtrace.rs:170:18
[INFO] [stdout]   17:     0x564dbfbc3b32 - rust_begin_unwind
[INFO] [stdout]                                at /rustc/82e1608dfa6e0b5569232559e3d385fea5a93112/library/std/src/panicking.rs:645:5
[INFO] [stdout]   18:     0x564dbf6ab6a5 - core::panicking::panic_fmt::hbf0e066aabfa482c
[INFO] [stdout]                                at /rustc/82e1608dfa6e0b5569232559e3d385fea5a93112/library/core/src/panicking.rs:72:14
[INFO] [stdout]   19:     0x564dbf6abc73 - core::result::unwrap_failed::hddb4fea594200c52
[INFO] [stdout]                                at /rustc/82e1608dfa6e0b5569232559e3d385fea5a93112/library/core/src/result.rs:1653:5
[INFO] [stdout]   20:     0x564dbf748742 - core::result::Result<T,E>::expect::hb55ec3e0f1aec9a4
[INFO] [stdout]                                at /rustc/82e1608dfa6e0b5569232559e3d385fea5a93112/library/core/src/result.rs:1034:23
[INFO] [stdout]   21:     0x564dbf6dc56e - fhir_bench_orchestrator::sample_data::tests::iter_orgs::{{closure}}::test_impl::{{closure}}::{{closure}}::h829147384aae4b30
[INFO] [stdout]                                at /opt/rustwide/workdir/fhir-bench-orchestrator/src/sample_data.rs:434:27
[INFO] [stdout]   22:     0x564dbf6dbffa - fhir_bench_orchestrator::sample_data::tests::iter_orgs::{{closure}}::test_impl::{{closure}}::h9e31610a141634a1
[INFO] [stdout]                                at /opt/rustwide/workdir/fhir-bench-orchestrator/src/sample_data.rs:428:5
[INFO] [stdout]   23:     0x564dbf6db591 - fhir_bench_orchestrator::sample_data::tests::iter_orgs::{{closure}}::h98faef3959a6742b
[INFO] [stdout]                                at /opt/rustwide/workdir/fhir-bench-orchestrator/src/sample_data.rs:429:5
[INFO] [stdout]   24:     0x564dbf6e9eeb - <core::pin::Pin<P> as core::future::future::Future>::poll::h2173a4f5a912735a
[INFO] [stdout]                                at /rustc/82e1608dfa6e0b5569232559e3d385fea5a93112/library/core/src/future/future.rs:125:9
[INFO] [stdout]   25:     0x564dbf6c3054 - tokio::runtime::basic_scheduler::Inner<P>::block_on::{{closure}}::{{closure}}::h2db4c489b2343367
[INFO] [stdout]                                at /opt/rustwide/cargo-home/registry/src/index.crates.io-6f17d22bba15001f/tokio-1.12.0/src/runtime/basic_scheduler.rs:230:62
[INFO] [stdout]   26:     0x564dbf711f80 - tokio::coop::with_budget::{{closure}}::he7aa656dd97a0421
[INFO] [stdout]                                at /opt/rustwide/cargo-home/registry/src/index.crates.io-6f17d22bba15001f/tokio-1.12.0/src/coop.rs:106:9
[INFO] [stdout]   27:     0x564dbf727c8e - std::thread::local::LocalKey<T>::try_with::h5dd12e6e44c65c3b
[INFO] [stdout]                                at /rustc/82e1608dfa6e0b5569232559e3d385fea5a93112/library/std/src/thread/local.rs:270:16
[INFO] [stdout]   28:     0x564dbf724b3a - std::thread::local::LocalKey<T>::with::h384857c6b7bc85a4
[INFO] [stdout]                                at /rustc/82e1608dfa6e0b5569232559e3d385fea5a93112/library/std/src/thread/local.rs:246:9
[INFO] [stdout]   29:     0x564dbf6bea76 - tokio::coop::with_budget::h32ca81dd9f62612a
[INFO] [stdout]                                at /opt/rustwide/cargo-home/registry/src/index.crates.io-6f17d22bba15001f/tokio-1.12.0/src/coop.rs:99:5
[INFO] [stdout]   30:     0x564dbf6bea76 - tokio::coop::budget::h1523ede9863bd02a
[INFO] [stdout]                                at /opt/rustwide/cargo-home/registry/src/index.crates.io-6f17d22bba15001f/tokio-1.12.0/src/coop.rs:76:5
[INFO] [stdout]   31:     0x564dbf6bea76 - tokio::runtime::basic_scheduler::Inner<P>::block_on::{{closure}}::h7b3637b50eab91f1
[INFO] [stdout]                                at /opt/rustwide/cargo-home/registry/src/index.crates.io-6f17d22bba15001f/tokio-1.12.0/src/runtime/basic_scheduler.rs:230:39
[INFO] [stdout]   32:     0x564dbf6caa91 - tokio::runtime::basic_scheduler::enter::{{closure}}::h7adfd2da17516918
[INFO] [stdout]                                at /opt/rustwide/cargo-home/registry/src/index.crates.io-6f17d22bba15001f/tokio-1.12.0/src/runtime/basic_scheduler.rs:339:29
[INFO] [stdout]   33:     0x564dbf6d5537 - tokio::macros::scoped_tls::ScopedKey<T>::set::h09330aae0ec00d4f
[INFO] [stdout]                                at /opt/rustwide/cargo-home/registry/src/index.crates.io-6f17d22bba15001f/tokio-1.12.0/src/macros/scoped_tls.rs:61:9
[INFO] [stdout]   34:     0x564dbf6c8fca - tokio::runtime::basic_scheduler::enter::h942c6242f15f8146
[INFO] [stdout]                                at /opt/rustwide/cargo-home/registry/src/index.crates.io-6f17d22bba15001f/tokio-1.12.0/src/runtime/basic_scheduler.rs:339:5
[INFO] [stdout]   35:     0x564dbf6b93cb - tokio::runtime::basic_scheduler::Inner<P>::block_on::h4038d2663d3a91ae
[INFO] [stdout]                                at /opt/rustwide/cargo-home/registry/src/index.crates.io-6f17d22bba15001f/tokio-1.12.0/src/runtime/basic_scheduler.rs:218:9
[INFO] [stdout]   36:     0x564dbf6c3eb2 - tokio::runtime::basic_scheduler::InnerGuard<P>::block_on::h74b49d4742d0089c
[INFO] [stdout]                                at /opt/rustwide/cargo-home/registry/src/index.crates.io-6f17d22bba15001f/tokio-1.12.0/src/runtime/basic_scheduler.rs:489:9
[INFO] [stdout]   37:     0x564dbf6c6f63 - tokio::runtime::basic_scheduler::BasicScheduler<P>::block_on::he8408696bfd03175
[INFO] [stdout]                                at /opt/rustwide/cargo-home/registry/src/index.crates.io-6f17d22bba15001f/tokio-1.12.0/src/runtime/basic_scheduler.rs:178:24
[INFO] [stdout]   38:     0x564dbf6d0073 - tokio::runtime::Runtime::block_on::h8aada1e7c1287edb
[INFO] [stdout]                                at /opt/rustwide/cargo-home/registry/src/index.crates.io-6f17d22bba15001f/tokio-1.12.0/src/runtime/mod.rs:461:46
[INFO] [stdout]   39:     0x564dbf6db08e - fhir_bench_orchestrator::sample_data::tests::iter_orgs::h7c7166ef30ce679e
[INFO] [stdout]                                at /opt/rustwide/workdir/fhir-bench-orchestrator/src/sample_data.rs:429:5
[INFO] [stdout]   40:     0x564dbf6daf67 - fhir_bench_orchestrator::sample_data::tests::iter_orgs::{{closure}}::hff55a9004614d27b
[INFO] [stdout]                                at /opt/rustwide/workdir/fhir-bench-orchestrator/src/sample_data.rs:429:39
[INFO] [stdout]   41:     0x564dbf764bc6 - core::ops::function::FnOnce::call_once::h6b3f2eed235810a2
[INFO] [stdout]                                at /rustc/82e1608dfa6e0b5569232559e3d385fea5a93112/library/core/src/ops/function.rs:250:5
[INFO] [stdout]   42:     0x564dbf7f86df - core::ops::function::FnOnce::call_once::h2b5d431d5046312d
[INFO] [stdout]                                at /rustc/82e1608dfa6e0b5569232559e3d385fea5a93112/library/core/src/ops/function.rs:250:5
[INFO] [stdout]   43:     0x564dbf7f86df - test::__rust_begin_short_backtrace::h7714669af176e207
[INFO] [stdout]                                at /rustc/82e1608dfa6e0b5569232559e3d385fea5a93112/library/test/src/lib.rs:628:18
[INFO] [stdout]   44:     0x564dbf7f76f5 - test::run_test_in_process::{{closure}}::h85218797dcbcec12
[INFO] [stdout]                                at /rustc/82e1608dfa6e0b5569232559e3d385fea5a93112/library/test/src/lib.rs:651:60
[INFO] [stdout]   45:     0x564dbf7f76f5 - <core::panic::unwind_safe::AssertUnwindSafe<F> as core::ops::function::FnOnce<()>>::call_once::h76c106ea31c14d7b
[INFO] [stdout]                                at /rustc/82e1608dfa6e0b5569232559e3d385fea5a93112/library/core/src/panic/unwind_safe.rs:272:9
[INFO] [stdout]   46:     0x564dbf7f76f5 - std::panicking::try::do_call::h3bd5d0f6620ee946
[INFO] [stdout]                                at /rustc/82e1608dfa6e0b5569232559e3d385fea5a93112/library/std/src/panicking.rs:552:40
[INFO] [stdout]   47:     0x564dbf7f76f5 - std::panicking::try::h232e535e4744fe31
[INFO] [stdout]                                at /rustc/82e1608dfa6e0b5569232559e3d385fea5a93112/library/std/src/panicking.rs:516:19
[INFO] [stdout]   48:     0x564dbf7f76f5 - std::panic::catch_unwind::h3ce3bd6ca8dbac68
[INFO] [stdout]                                at /rustc/82e1608dfa6e0b5569232559e3d385fea5a93112/library/std/src/panic.rs:142:14
[INFO] [stdout]   49:     0x564dbf7f76f5 - test::run_test_in_process::hc97b257c9621286a
[INFO] [stdout]                                at /rustc/82e1608dfa6e0b5569232559e3d385fea5a93112/library/test/src/lib.rs:651:27
[INFO] [stdout]   50:     0x564dbf7f76f5 - test::run_test::{{closure}}::h2aa798823a438d38
[INFO] [stdout]                                at /rustc/82e1608dfa6e0b5569232559e3d385fea5a93112/library/test/src/lib.rs:574:43
[INFO] [stdout]   51:     0x564dbf7bf9b6 - test::run_test::{{closure}}::h87d231c78fb59832
[INFO] [stdout]                                at /rustc/82e1608dfa6e0b5569232559e3d385fea5a93112/library/test/src/lib.rs:602:41
[INFO] [stdout]   52:     0x564dbf7bf9b6 - std::sys_common::backtrace::__rust_begin_short_backtrace::he6df152596625789
[INFO] [stdout]                                at /rustc/82e1608dfa6e0b5569232559e3d385fea5a93112/library/std/src/sys_common/backtrace.rs:154:18
[INFO] [stdout]   53:     0x564dbf7c4a67 - std::thread::Builder::spawn_unchecked_::{{closure}}::{{closure}}::ha94be15d1e0acf36
[INFO] [stdout]                                at /rustc/82e1608dfa6e0b5569232559e3d385fea5a93112/library/std/src/thread/mod.rs:529:17
[INFO] [stdout]   54:     0x564dbf7c4a67 - <core::panic::unwind_safe::AssertUnwindSafe<F> as core::ops::function::FnOnce<()>>::call_once::h9dc6bd6372f16606
[INFO] [stdout]                                at /rustc/82e1608dfa6e0b5569232559e3d385fea5a93112/library/core/src/panic/unwind_safe.rs:272:9
[INFO] [stdout]   55:     0x564dbf7c4a67 - std::panicking::try::do_call::h9057517f80303cd4
[INFO] [stdout]                                at /rustc/82e1608dfa6e0b5569232559e3d385fea5a93112/library/std/src/panicking.rs:552:40
[INFO] [stdout]   56:     0x564dbf7c4a67 - std::panicking::try::he3a30b11ee45340c
[INFO] [stdout]                                at /rustc/82e1608dfa6e0b5569232559e3d385fea5a93112/library/std/src/panicking.rs:516:19
[INFO] [stdout]   57:     0x564dbf7c4a67 - std::panic::catch_unwind::h410458cfd3528b8b
[INFO] [stdout]                                at /rustc/82e1608dfa6e0b5569232559e3d385fea5a93112/library/std/src/panic.rs:142:14
[INFO] [stdout]   58:     0x564dbf7c4a67 - std::thread::Builder::spawn_unchecked_::{{closure}}::h72ac3bdb567b737b
[INFO] [stdout]                                at /rustc/82e1608dfa6e0b5569232559e3d385fea5a93112/library/std/src/thread/mod.rs:528:30
[INFO] [stdout]   59:     0x564dbf7c4a67 - core::ops::function::FnOnce::call_once{{vtable.shim}}::h38f34da3654a8344
[INFO] [stdout]                                at /rustc/82e1608dfa6e0b5569232559e3d385fea5a93112/library/core/src/ops/function.rs:250:5
[INFO] [stdout]   60:     0x564dbfbc99a5 - <alloc::boxed::Box<F,A> as core::ops::function::FnOnce<Args>>::call_once::hc7eafaff61e32df9
[INFO] [stdout]                                at /rustc/82e1608dfa6e0b5569232559e3d385fea5a93112/library/alloc/src/boxed.rs:2007:9
[INFO] [stdout]   61:     0x564dbfbc99a5 - <alloc::boxed::Box<F,A> as core::ops::function::FnOnce<Args>>::call_once::h6ba4a5de48dd2304
[INFO] [stdout]                                at /rustc/82e1608dfa6e0b5569232559e3d385fea5a93112/library/alloc/src/boxed.rs:2007:9
[INFO] [stdout]   62:     0x564dbfbc99a5 - std::sys::unix::thread::Thread::new::thread_start::he469335aef763e45
[INFO] [stdout]                                at /rustc/82e1608dfa6e0b5569232559e3d385fea5a93112/library/std/src/sys/unix/thread.rs:108:17
[INFO] [stdout]   63:     0x7fe0f327aac3 - <unknown>
[INFO] [stdout]   64:     0x7fe0f330bbf4 - __clone
[INFO] [stdout]   65:                0x0 - <unknown>
[INFO] [stdout] 
[INFO] [stdout] ---- sample_data::tests::generate_data stdout ----
[INFO] [stdout] thread 'sample_data::tests::generate_data' panicked at fhir-bench-orchestrator/src/sample_data.rs:412:9:
[INFO] [stdout] Sample data generation failed: Err(child process exited with code 'exit status: 1', this message: 'Synthea process for sample data generation failed., this STDOUT: '', and this STDERR: '+ IMAGE_TAG=synthea
[INFO] [stdout] + SEED=42
[INFO] [stdout] ++ getopt p:t: -p 10 -t /tmp/.tmpuMBPKS
[INFO] [stdout] + TEMP=' -p 10 -t /tmp/.tmpuMBPKS --'
[INFO] [stdout] + '[' 0 '!=' 0 ']'
[INFO] [stdout] + eval set -- ' -p 10 -t /tmp/.tmpuMBPKS --'
[INFO] [stdout] ++ set -- -p 10 -t /tmp/.tmpuMBPKS --
[INFO] [stdout] + populationSize=
[INFO] [stdout] + true
[INFO] [stdout] + case "$1" in
[INFO] [stdout] + populationSize=10
[INFO] [stdout] + shift 2
[INFO] [stdout] + true
[INFO] [stdout] + case "$1" in
[INFO] [stdout] + targetDirectory=/tmp/.tmpuMBPKS
[INFO] [stdout] + shift 2
[INFO] [stdout] + true
[INFO] [stdout] + case "$1" in
[INFO] [stdout] + shift
[INFO] [stdout] + break
[INFO] [stdout] + [[ -z 10 ]]
[INFO] [stdout] + [[ -z /tmp/.tmpuMBPKS ]]
[INFO] [stdout] + [[ ! -d /tmp/.tmpuMBPKS ]]
[INFO] [stdout] + export DOCKER_BUILDKIT=1
[INFO] [stdout] + DOCKER_BUILDKIT=1
[INFO] [stdout] + docker build --file ./Dockerfile.synthea -t synthea --cache-from docker.pkg.github.com/karlmdavis/fhir-benchmarks/synthea --build-arg BUILDKIT_INLINE_CACHE=1 .
[INFO] [stdout] ERROR: BuildKit is enabled but the buildx component is missing or broken.
[INFO] [stdout]        Install the buildx component to build images with BuildKit:
[INFO] [stdout]        https://docs.docker.com/go/buildx/
[INFO] [stdout] 
[INFO] [stdout] 
[INFO] [stdout] Location:
[INFO] [stdout]     /rustc/82e1608dfa6e0b5569232559e3d385fea5a93112/library/core/src/convert/mod.rs:757:9)
[INFO] [stdout] stack backtrace:
[INFO] [stdout]    0:     0x564dbfbc1fbc - std::backtrace_rs::backtrace::libunwind::trace::ha637c64ce894333a
[INFO] [stdout]                                at /rustc/82e1608dfa6e0b5569232559e3d385fea5a93112/library/std/src/../../backtrace/src/backtrace/libunwind.rs:104:5
[INFO] [stdout]    1:     0x564dbfbc1fbc - std::backtrace_rs::backtrace::trace_unsynchronized::h47f62dea28e0c88d
[INFO] [stdout]                                at /rustc/82e1608dfa6e0b5569232559e3d385fea5a93112/library/std/src/../../backtrace/src/backtrace/mod.rs:66:5
[INFO] [stdout]    2:     0x564dbfbc1fbc - std::sys_common::backtrace::_print_fmt::h9eef0abe20ede486
[INFO] [stdout]                                at /rustc/82e1608dfa6e0b5569232559e3d385fea5a93112/library/std/src/sys_common/backtrace.rs:67:5
[INFO] [stdout]    3:     0x564dbfbc1fbc - <std::sys_common::backtrace::_print::DisplayBacktrace as core::fmt::Display>::fmt::hed7f999df88cc644
[INFO] [stdout]                                at /rustc/82e1608dfa6e0b5569232559e3d385fea5a93112/library/std/src/sys_common/backtrace.rs:44:22
[INFO] [stdout]    4:     0x564dbfbee550 - core::fmt::rt::Argument::fmt::h1539a9308b8d058d
[INFO] [stdout]                                at /rustc/82e1608dfa6e0b5569232559e3d385fea5a93112/library/core/src/fmt/rt.rs:142:9
[INFO] [stdout]    5:     0x564dbfbee550 - core::fmt::write::h3a39390d8560d9c9
[INFO] [stdout]                                at /rustc/82e1608dfa6e0b5569232559e3d385fea5a93112/library/core/src/fmt/mod.rs:1120:17
[INFO] [stdout]    6:     0x564dbfbbf44f - std::io::Write::write_fmt::h040b369f3a0f9cbc
[INFO] [stdout]                                at /rustc/82e1608dfa6e0b5569232559e3d385fea5a93112/library/std/src/io/mod.rs:1762:15
[INFO] [stdout]    7:     0x564dbfbc1da4 - std::sys_common::backtrace::_print::h894006fb5c6f3d45
[INFO] [stdout]                                at /rustc/82e1608dfa6e0b5569232559e3d385fea5a93112/library/std/src/sys_common/backtrace.rs:47:5
[INFO] [stdout]    8:     0x564dbfbc1da4 - std::sys_common::backtrace::print::h23a2d212c6fff936
[INFO] [stdout]                                at /rustc/82e1608dfa6e0b5569232559e3d385fea5a93112/library/std/src/sys_common/backtrace.rs:34:9
[INFO] [stdout]    9:     0x564dbfbc3a67 - std::panicking::default_hook::{{closure}}::h8a1d2ee00185001a
[INFO] [stdout]   10:     0x564dbfbc3753 - std::panicking::default_hook::h6038f2eba384e475
[INFO] [stdout]                                at /rustc/82e1608dfa6e0b5569232559e3d385fea5a93112/library/std/src/panicking.rs:289:9
[INFO] [stdout]   11:     0x564dbf7f3087 - <alloc::boxed::Box<F,A> as core::ops::function::Fn<Args>>::call::h0ad024c9bdc6d768
[INFO] [stdout]                                at /rustc/82e1608dfa6e0b5569232559e3d385fea5a93112/library/alloc/src/boxed.rs:2021:9
[INFO] [stdout]   12:     0x564dbf7f3087 - test::test_main::{{closure}}::h7500b54257359db6
[INFO] [stdout]                                at /rustc/82e1608dfa6e0b5569232559e3d385fea5a93112/library/test/src/lib.rs:138:21
[INFO] [stdout]   13:     0x564dbfbc4078 - <alloc::boxed::Box<F,A> as core::ops::function::Fn<Args>>::call::h1f8f335eaa9cfaee
[INFO] [stdout]                                at /rustc/82e1608dfa6e0b5569232559e3d385fea5a93112/library/alloc/src/boxed.rs:2021:9
[INFO] [stdout]   14:     0x564dbfbc4078 - std::panicking::rust_panic_with_hook::h2b5517d590cab22e
[INFO] [stdout]                                at /rustc/82e1608dfa6e0b5569232559e3d385fea5a93112/library/std/src/panicking.rs:783:13
[INFO] [stdout]   15:     0x564dbfbc3dce - std::panicking::begin_panic_handler::{{closure}}::h233112c06e0ef43e
[INFO] [stdout]                                at /rustc/82e1608dfa6e0b5569232559e3d385fea5a93112/library/std/src/panicking.rs:657:13
[INFO] [stdout]   16:     0x564dbfbc2486 - std::sys_common::backtrace::__rust_end_short_backtrace::h6e893f24d7ebbff8
[INFO] [stdout]                                at /rustc/82e1608dfa6e0b5569232559e3d385fea5a93112/library/std/src/sys_common/backtrace.rs:170:18
[INFO] [stdout]   17:     0x564dbfbc3b32 - rust_begin_unwind
[INFO] [stdout]                                at /rustc/82e1608dfa6e0b5569232559e3d385fea5a93112/library/std/src/panicking.rs:645:5
[INFO] [stdout]   18:     0x564dbf6ab6a5 - core::panicking::panic_fmt::hbf0e066aabfa482c
[INFO] [stdout]                                at /rustc/82e1608dfa6e0b5569232559e3d385fea5a93112/library/core/src/panicking.rs:72:14
[INFO] [stdout]   19:     0x564dbf6dab8c - fhir_bench_orchestrator::sample_data::tests::generate_data::{{closure}}::test_impl::{{closure}}::{{closure}}::hf2b9bd7adba2108c
[INFO] [stdout]                                at /opt/rustwide/workdir/fhir-bench-orchestrator/src/sample_data.rs:412:9
[INFO] [stdout]   20:     0x564dbf6da4aa - fhir_bench_orchestrator::sample_data::tests::generate_data::{{closure}}::test_impl::{{closure}}::h02a6e2b71365accc
[INFO] [stdout]                                at /opt/rustwide/workdir/fhir-bench-orchestrator/src/sample_data.rs:399:5
[INFO] [stdout]   21:     0x564dbf6d9a41 - fhir_bench_orchestrator::sample_data::tests::generate_data::{{closure}}::h6bdd944609bf5806
[INFO] [stdout]                                at /opt/rustwide/workdir/fhir-bench-orchestrator/src/sample_data.rs:400:5
[INFO] [stdout]   22:     0x564dbf6e9f3b - <core::pin::Pin<P> as core::future::future::Future>::poll::h6d6d7d46e58ac761
[INFO] [stdout]                                at /rustc/82e1608dfa6e0b5569232559e3d385fea5a93112/library/core/src/future/future.rs:125:9
[INFO] [stdout]   23:     0x564dbf6c3664 - tokio::runtime::basic_scheduler::Inner<P>::block_on::{{closure}}::{{closure}}::h8ef7522e91773a74
[INFO] [stdout]                                at /opt/rustwide/cargo-home/registry/src/index.crates.io-6f17d22bba15001f/tokio-1.12.0/src/runtime/basic_scheduler.rs:230:62
[INFO] [stdout]   24:     0x564dbf70f390 - tokio::coop::with_budget::{{closure}}::h24dc00bdf5c5dca6
[INFO] [stdout]                                at /opt/rustwide/cargo-home/registry/src/index.crates.io-6f17d22bba15001f/tokio-1.12.0/src/coop.rs:106:9
[INFO] [stdout]   25:     0x564dbf727b3e - std::thread::local::LocalKey<T>::try_with::h5c14d785b1e38fce
[INFO] [stdout]                                at /rustc/82e1608dfa6e0b5569232559e3d385fea5a93112/library/std/src/thread/local.rs:270:16
[INFO] [stdout]   26:     0x564dbf724e1a - std::thread::local::LocalKey<T>::with::h752cc6873ae9248d
[INFO] [stdout]                                at /rustc/82e1608dfa6e0b5569232559e3d385fea5a93112/library/std/src/thread/local.rs:246:9
[INFO] [stdout]   27:     0x564dbf6b98a6 - tokio::coop::with_budget::h25e824a2844449f8
[INFO] [stdout]                                at /opt/rustwide/cargo-home/registry/src/index.crates.io-6f17d22bba15001f/tokio-1.12.0/src/coop.rs:99:5
[INFO] [stdout]   28:     0x564dbf6b98a6 - tokio::coop::budget::h3dbc730f228dd5c9
[INFO] [stdout]                                at /opt/rustwide/cargo-home/registry/src/index.crates.io-6f17d22bba15001f/tokio-1.12.0/src/coop.rs:76:5
[INFO] [stdout]   29:     0x564dbf6b98a6 - tokio::runtime::basic_scheduler::Inner<P>::block_on::{{closure}}::h02ea1adef9f1521e
[INFO] [stdout]                                at /opt/rustwide/cargo-home/registry/src/index.crates.io-6f17d22bba15001f/tokio-1.12.0/src/runtime/basic_scheduler.rs:230:39
[INFO] [stdout]   30:     0x564dbf6cab11 - tokio::runtime::basic_scheduler::enter::{{closure}}::h9d76759baa048c8f
[INFO] [stdout]                                at /opt/rustwide/cargo-home/registry/src/index.crates.io-6f17d22bba15001f/tokio-1.12.0/src/runtime/basic_scheduler.rs:339:29
[INFO] [stdout]   31:     0x564dbf6d5d37 - tokio::macros::scoped_tls::ScopedKey<T>::set::hb2d2ca00958b495a
[INFO] [stdout]                                at /opt/rustwide/cargo-home/registry/src/index.crates.io-6f17d22bba15001f/tokio-1.12.0/src/macros/scoped_tls.rs:61:9
[INFO] [stdout]   32:     0x564dbf6ca5aa - tokio::runtime::basic_scheduler::enter::he5a160af80392ad3
[INFO] [stdout]                                at /opt/rustwide/cargo-home/registry/src/index.crates.io-6f17d22bba15001f/tokio-1.12.0/src/runtime/basic_scheduler.rs:339:5
[INFO] [stdout]   33:     0x564dbf6b94ab - tokio::runtime::basic_scheduler::Inner<P>::block_on::h9aafad6ddba57c7a
[INFO] [stdout]                                at /opt/rustwide/cargo-home/registry/src/index.crates.io-6f17d22bba15001f/tokio-1.12.0/src/runtime/basic_scheduler.rs:218:9
[INFO] [stdout]   34:     0x564dbf6c3d92 - tokio::runtime::basic_scheduler::InnerGuard<P>::block_on::h395f94c759c52304
[INFO] [stdout]                                at /opt/rustwide/cargo-home/registry/src/index.crates.io-6f17d22bba15001f/tokio-1.12.0/src/runtime/basic_scheduler.rs:489:9
[INFO] [stdout]   35:     0x564dbf6c51e3 - tokio::runtime::basic_scheduler::BasicScheduler<P>::block_on::h3a788e2a41dbd2b0
[INFO] [stdout]                                at /opt/rustwide/cargo-home/registry/src/index.crates.io-6f17d22bba15001f/tokio-1.12.0/src/runtime/basic_scheduler.rs:178:24
[INFO] [stdout]   36:     0x564dbf6cf7a3 - tokio::runtime::Runtime::block_on::h1744b5116aa79e38
[INFO] [stdout]                                at /opt/rustwide/cargo-home/registry/src/index.crates.io-6f17d22bba15001f/tokio-1.12.0/src/runtime/mod.rs:461:46
[INFO] [stdout]   37:     0x564dbf6d953e - fhir_bench_orchestrator::sample_data::tests::generate_data::h9b37965bb8dd94e9
[INFO] [stdout]                                at /opt/rustwide/workdir/fhir-bench-orchestrator/src/sample_data.rs:400:5
[INFO] [stdout]   38:     0x564dbf6d9417 - fhir_bench_orchestrator::sample_data::tests::generate_data::{{closure}}::hb0db7d9446ef5241
[INFO] [stdout]                                at /opt/rustwide/workdir/fhir-bench-orchestrator/src/sample_data.rs:400:39
[INFO] [stdout]   39:     0x564dbf764c26 - core::ops::function::FnOnce::call_once::h8a274daa798708b6
[INFO] [stdout]                                at /rustc/82e1608dfa6e0b5569232559e3d385fea5a93112/library/core/src/ops/function.rs:250:5
[INFO] [stdout]   40:     0x564dbf7f86df - core::ops::function::FnOnce::call_once::h2b5d431d5046312d
[INFO] [stdout]                                at /rustc/82e1608dfa6e0b5569232559e3d385fea5a93112/library/core/src/ops/function.rs:250:5
[INFO] [stdout]   41:     0x564dbf7f86df - test::__rust_begin_short_backtrace::h7714669af176e207
[INFO] [stdout]                                at /rustc/82e1608dfa6e0b5569232559e3d385fea5a93112/library/test/src/lib.rs:628:18
[INFO] [stdout]   42:     0x564dbf7f76f5 - test::run_test_in_process::{{closure}}::h85218797dcbcec12
[INFO] [stdout]                                at /rustc/82e1608dfa6e0b5569232559e3d385fea5a93112/library/test/src/lib.rs:651:60
[INFO] [stdout]   43:     0x564dbf7f76f5 - <core::panic::unwind_safe::AssertUnwindSafe<F> as core::ops::function::FnOnce<()>>::call_once::h76c106ea31c14d7b
[INFO] [stdout]                                at /rustc/82e1608dfa6e0b5569232559e3d385fea5a93112/library/core/src/panic/unwind_safe.rs:272:9
[INFO] [stdout]   44:     0x564dbf7f76f5 - std::panicking::try::do_call::h3bd5d0f6620ee946
[INFO] [stdout]                                at /rustc/82e1608dfa6e0b5569232559e3d385fea5a93112/library/std/src/panicking.rs:552:40
[INFO] [stdout]   45:     0x564dbf7f76f5 - std::panicking::try::h232e535e4744fe31
[INFO] [stdout]                                at /rustc/82e1608dfa6e0b5569232559e3d385fea5a93112/library/std/src/panicking.rs:516:19
[INFO] [stdout]   46:     0x564dbf7f76f5 - std::panic::catch_unwind::h3ce3bd6ca8dbac68
[INFO] [stdout]                                at /rustc/82e1608dfa6e0b5569232559e3d385fea5a93112/library/std/src/panic.rs:142:14
[INFO] [stdout]   47:     0x564dbf7f76f5 - test::run_test_in_process::hc97b257c9621286a
[INFO] [stdout]                                at /rustc/82e1608dfa6e0b5569232559e3d385fea5a93112/library/test/src/lib.rs:651:27
[INFO] [stdout]   48:     0x564dbf7f76f5 - test::run_test::{{closure}}::h2aa798823a438d38
[INFO] [stdout]                                at /rustc/82e1608dfa6e0b5569232559e3d385fea5a93112/library/test/src/lib.rs:574:43
[INFO] [stdout]   49:     0x564dbf7bf9b6 - test::run_test::{{closure}}::h87d231c78fb59832
[INFO] [stdout]                                at /rustc/82e1608dfa6e0b5569232559e3d385fea5a93112/library/test/src/lib.rs:602:41
[INFO] [stdout]   50:     0x564dbf7bf9b6 - std::sys_common::backtrace::__rust_begin_short_backtrace::he6df152596625789
[INFO] [stdout]                                at /rustc/82e1608dfa6e0b5569232559e3d385fea5a93112/library/std/src/sys_common/backtrace.rs:154:18
[INFO] [stdout]   51:     0x564dbf7c4a67 - std::thread::Builder::spawn_unchecked_::{{closure}}::{{closure}}::ha94be15d1e0acf36
[INFO] [stdout]                                at /rustc/82e1608dfa6e0b5569232559e3d385fea5a93112/library/std/src/thread/mod.rs:529:17
[INFO] [stdout]   52:     0x564dbf7c4a67 - <core::panic::unwind_safe::AssertUnwindSafe<F> as core::ops::function::FnOnce<()>>::call_once::h9dc6bd6372f16606
[INFO] [stdout]                                at /rustc/82e1608dfa6e0b5569232559e3d385fea5a93112/library/core/src/panic/unwind_safe.rs:272:9
[INFO] [stdout]   53:     0x564dbf7c4a67 - std::panicking::try::do_call::h9057517f80303cd4
[INFO] [stdout]                                at /rustc/82e1608dfa6e0b5569232559e3d385fea5a93112/library/std/src/panicking.rs:552:40
[INFO] [stdout]   54:     0x564dbf7c4a67 - std::panicking::try::he3a30b11ee45340c
[INFO] [stdout]                                at /rustc/82e1608dfa6e0b5569232559e3d385fea5a93112/library/std/src/panicking.rs:516:19
[INFO] [stdout]   55:     0x564dbf7c4a67 - std::panic::catch_unwind::h410458cfd3528b8b
[INFO] [stdout]                                at /rustc/82e1608dfa6e0b5569232559e3d385fea5a93112/library/std/src/panic.rs:142:14
[INFO] [stdout]   56:     0x564dbf7c4a67 - std::thread::Builder::spawn_unchecked_::{{closure}}::h72ac3bdb567b737b
[INFO] [stdout]                                at /rustc/82e1608dfa6e0b5569232559e3d385fea5a93112/library/std/src/thread/mod.rs:528:30
[INFO] [stdout]   57:     0x564dbf7c4a67 - core::ops::function::FnOnce::call_once{{vtable.shim}}::h38f34da3654a8344
[INFO] [stdout]                                at /rustc/82e1608dfa6e0b5569232559e3d385fea5a93112/library/core/src/ops/function.rs:250:5
[INFO] [stdout]   58:     0x564dbfbc99a5 - <alloc::boxed::Box<F,A> as core::ops::function::FnOnce<Args>>::call_once::hc7eafaff61e32df9
[INFO] [stdout]                                at /rustc/82e1608dfa6e0b5569232559e3d385fea5a93112/library/alloc/src/boxed.rs:2007:9
[INFO] [stdout]   59:     0x564dbfbc99a5 - <alloc::boxed::Box<F,A> as core::ops::function::FnOnce<Args>>::call_once::h6ba4a5de48dd2304
[INFO] [stdout]                                at /rustc/82e1608dfa6e0b5569232559e3d385fea5a93112/library/alloc/src/boxed.rs:2007:9
[INFO] [stdout]   60:     0x564dbfbc99a5 - std::sys::unix::thread::Thread::new::thread_start::he469335aef763e45
[INFO] [stdout]                                at /rustc/82e1608dfa6e0b5569232559e3d385fea5a93112/library/std/src/sys/unix/thread.rs:108:17
[INFO] [stdout]   61:     0x7fe0f327aac3 - <unknown>
[INFO] [stdout]   62:     0x7fe0f330bbf4 - __clone
[INFO] [stdout]   63:                0x0 - <unknown>
[INFO] [stdout] 
[INFO] [stdout] 
[INFO] [stdout] failures:
[INFO] [stdout]     sample_data::tests::generate_data
[INFO] [stdout]     sample_data::tests::iter_orgs
[INFO] [stdout] 
[INFO] [stdout] test result: FAILED. 11 passed; 2 failed; 0 ignored; 0 measured; 0 filtered out; finished in 0.26s
[INFO] [stdout] 
[INFO] [stderr] error: test failed, to rerun pass `--lib`
[INFO] running `Command { std: "docker" "inspect" "241284638ae29582b9cecb892c979c98eab6abd1060cc6b106397bc1d6d6a952", kill_on_drop: false }`
[INFO] running `Command { std: "docker" "rm" "-f" "241284638ae29582b9cecb892c979c98eab6abd1060cc6b106397bc1d6d6a952", kill_on_drop: false }`
[INFO] [stdout] 241284638ae29582b9cecb892c979c98eab6abd1060cc6b106397bc1d6d6a952
[INFO] testing karlmdavis/fhir-benchmarks against beta-2023-12-22 for beta-1.76-1
[INFO] running `Command { std: "git" "clone" "/workspace/cache/git-repos/https%3A%2F%2Fgithub.com%2Fkarlmdavis%2Ffhir-benchmarks" "/workspace/builds/worker-6-tc2/source", kill_on_drop: false }`
[INFO] [stderr] Cloning into '/workspace/builds/worker-6-tc2/source'...
[INFO] [stderr] done.
[INFO] validating manifest of git repo https://github.com/karlmdavis/fhir-benchmarks on toolchain beta-2023-12-22
[INFO] running `Command { std: CARGO_HOME="/workspace/cargo-home" RUSTUP_HOME="/workspace/rustup-home" "/workspace/cargo-home/bin/cargo" "+beta-2023-12-22" "metadata" "--manifest-path" "Cargo.toml" "--no-deps", kill_on_drop: false }`
[INFO] started tweaking git repo https://github.com/karlmdavis/fhir-benchmarks
[INFO] finished tweaking git repo https://github.com/karlmdavis/fhir-benchmarks
[INFO] tweaked toml for git repo https://github.com/karlmdavis/fhir-benchmarks written to /workspace/builds/worker-6-tc2/source/Cargo.toml
[INFO] crate git repo https://github.com/karlmdavis/fhir-benchmarks already has a lockfile, it will not be regenerated
[INFO] running `Command { std: CARGO_HOME="/workspace/cargo-home" RUSTUP_HOME="/workspace/rustup-home" "/workspace/cargo-home/bin/cargo" "+beta-2023-12-22" "fetch" "--manifest-path" "Cargo.toml", kill_on_drop: false }`
[INFO] running `Command { std: "docker" "create" "-v" "/var/lib/crater-agent-workspace/builds/worker-6-tc2/target:/opt/rustwide/target:rw,Z" "-v" "/var/lib/crater-agent-workspace/builds/worker-6-tc2/source:/opt/rustwide/workdir:ro,Z" "-v" "/var/lib/crater-agent-workspace/cargo-home:/opt/rustwide/cargo-home:ro,Z" "-v" "/var/lib/crater-agent-workspace/rustup-home:/opt/rustwide/rustup-home:ro,Z" "-e" "SOURCE_DIR=/opt/rustwide/workdir" "-e" "CARGO_TARGET_DIR=/opt/rustwide/target" "-e" "CARGO_HOME=/opt/rustwide/cargo-home" "-e" "RUSTUP_HOME=/opt/rustwide/rustup-home" "-w" "/opt/rustwide/workdir" "-m" "1610612736" "--user" "0:0" "--network" "none" "ghcr.io/rust-lang/crates-build-env/linux@sha256:2788e3201cd34a07e3172128adcd8b3090168a8e3bcc40d7c032b9dda1df7d1c" "/opt/rustwide/cargo-home/bin/cargo" "+beta-2023-12-22" "metadata" "--no-deps" "--format-version=1", kill_on_drop: false }`
[INFO] [stdout] 8517a9e743739e39f6dfac55e93ac2b02ddf1656ae33c9a0d3742346cbe8d2f3
[INFO] running `Command { std: "docker" "start" "-a" "8517a9e743739e39f6dfac55e93ac2b02ddf1656ae33c9a0d3742346cbe8d2f3", kill_on_drop: false }`
[INFO] running `Command { std: "docker" "inspect" "8517a9e743739e39f6dfac55e93ac2b02ddf1656ae33c9a0d3742346cbe8d2f3", kill_on_drop: false }`
[INFO] running `Command { std: "docker" "rm" "-f" "8517a9e743739e39f6dfac55e93ac2b02ddf1656ae33c9a0d3742346cbe8d2f3", kill_on_drop: false }`
[INFO] [stdout] 8517a9e743739e39f6dfac55e93ac2b02ddf1656ae33c9a0d3742346cbe8d2f3
[INFO] running `Command { std: "docker" "create" "-v" "/var/lib/crater-agent-workspace/builds/worker-6-tc2/target:/opt/rustwide/target:rw,Z" "-v" "/var/lib/crater-agent-workspace/builds/worker-6-tc2/source:/opt/rustwide/workdir:ro,Z" "-v" "/var/lib/crater-agent-workspace/cargo-home:/opt/rustwide/cargo-home:ro,Z" "-v" "/var/lib/crater-agent-workspace/rustup-home:/opt/rustwide/rustup-home:ro,Z" "-e" "SOURCE_DIR=/opt/rustwide/workdir" "-e" "CARGO_TARGET_DIR=/opt/rustwide/target" "-e" "CARGO_INCREMENTAL=0" "-e" "RUST_BACKTRACE=full" "-e" "RUSTFLAGS=--cap-lints=warn" "-e" "RUSTDOCFLAGS=--cap-lints=warn" "-e" "CARGO_HOME=/opt/rustwide/cargo-home" "-e" "RUSTUP_HOME=/opt/rustwide/rustup-home" "-w" "/opt/rustwide/workdir" "-m" "1610612736" "--user" "0:0" "--network" "none" "ghcr.io/rust-lang/crates-build-env/linux@sha256:2788e3201cd34a07e3172128adcd8b3090168a8e3bcc40d7c032b9dda1df7d1c" "/opt/rustwide/cargo-home/bin/cargo" "+beta-2023-12-22" "build" "--frozen" "--message-format=json", kill_on_drop: false }`
[INFO] [stdout] a25c8241e9c30a6d434c8992a6ce0310802cdf92b672d79c82052b1e43379c55
[INFO] running `Command { std: "docker" "start" "-a" "a25c8241e9c30a6d434c8992a6ce0310802cdf92b672d79c82052b1e43379c55", kill_on_drop: false }`
[INFO] [stderr]    Compiling autocfg v1.0.1
[INFO] [stderr]    Compiling libc v0.2.103
[INFO] [stderr]    Compiling proc-macro2 v1.0.29
[INFO] [stderr]    Compiling unicode-xid v0.2.2
[INFO] [stderr]    Compiling syn v1.0.78
[INFO] [stderr]    Compiling cfg-if v1.0.0
[INFO] [stderr]    Compiling memchr v2.4.1
[INFO] [stderr]    Compiling once_cell v1.8.0
[INFO] [stderr]    Compiling pkg-config v0.3.20
[INFO] [stderr]    Compiling log v0.4.14
[INFO] [stderr]    Compiling lazy_static v1.4.0
[INFO] [stderr]    Compiling pin-project-lite v0.2.7
[INFO] [stderr]    Compiling version_check v0.9.3
[INFO] [stderr]    Compiling tracing-core v0.1.21
[INFO] [stderr]    Compiling bitflags v1.3.2
[INFO] [stderr]    Compiling futures-core v0.3.17
[INFO] [stderr]    Compiling smallvec v1.7.0
[INFO] [stderr]    Compiling num-integer v0.1.44
[INFO] [stderr]    Compiling parking_lot_core v0.8.5
[INFO] [stderr]    Compiling proc-macro-hack v0.5.19
[INFO] [stderr]    Compiling quote v1.0.10
[INFO] [stderr]    Compiling jobserver v0.1.24
[INFO] [stderr]    Compiling futures-macro v0.3.17
[INFO] [stderr]    Compiling num-traits v0.2.14
[INFO] [stderr]    Compiling instant v0.1.11
[INFO] [stderr]    Compiling scopeguard v1.1.0
[INFO] [stderr]    Compiling cc v1.0.70
[INFO] [stderr]    Compiling futures-channel v0.3.17
[INFO] [stderr]    Compiling bytes v1.1.0
[INFO] [stderr]    Compiling matches v0.1.9
[INFO] [stderr]    Compiling futures-sink v0.3.17
[INFO] [stderr]    Compiling tinyvec_macros v0.1.0
[INFO] [stderr]    Compiling proc-macro-nested v0.1.7
[INFO] [stderr]    Compiling futures-task v0.3.17
[INFO] [stderr]    Compiling tinyvec v1.5.0
[INFO] [stderr]    Compiling lock_api v0.4.5
[INFO] [stderr]    Compiling futures-util v0.3.17
[INFO] [stderr]    Compiling tokio v1.12.0
[INFO] [stderr]    Compiling percent-encoding v2.1.0
[INFO] [stderr]    Compiling itoa v0.4.8
[INFO] [stderr]    Compiling serde_derive v1.0.130
[INFO] [stderr]    Compiling ryu v1.0.5
[INFO] [stderr]    Compiling form_urlencoded v1.0.1
[INFO] [stderr]    Compiling parking_lot v0.11.2
[INFO] [stderr]    Compiling signal-hook-registry v1.4.0
[INFO] [stderr]    Compiling unicode-normalization v0.1.19
[INFO] [stderr]    Compiling openssl-sys v0.9.67
[INFO] [stderr]    Compiling libz-sys v1.1.3
[INFO] [stderr]    Compiling time v0.1.43
[INFO] [stderr]    Compiling mio v0.7.13
[INFO] [stderr]    Compiling num_cpus v1.13.0
[INFO] [stderr]    Compiling proc-macro-error-attr v1.0.4
[INFO] [stderr]    Compiling indexmap v1.7.0
[INFO] [stderr]    Compiling slab v0.4.4
[INFO] [stderr]    Compiling unicode-bidi v0.3.6
[INFO] [stderr]    Compiling pin-utils v0.1.0
[INFO] [stderr]    Compiling rustversion v1.0.5
[INFO] [stderr]    Compiling serde v1.0.130
[INFO] [stderr]    Compiling futures-io v0.3.17
[INFO] [stderr]    Compiling idna v0.2.3
[INFO] [stderr]    Compiling libgit2-sys v0.12.24+1.3.0
[INFO] [stderr]    Compiling proc-macro-error v1.0.4
[INFO] [stderr]    Compiling miniz_oxide v0.4.4
[INFO] [stderr]    Compiling sharded-slab v0.1.4
[INFO] [stderr]    Compiling thread_local v1.1.3
[INFO] [stderr]    Compiling foreign-types-shared v0.1.1
[INFO] [stderr]    Compiling fnv v1.0.7
[INFO] [stderr]    Compiling semver v1.0.4
[INFO] [stderr]    Compiling hashbrown v0.11.2
[INFO] [stderr]    Compiling openssl v0.10.36
[INFO] [stderr]    Compiling doc-comment v0.3.3
[INFO] [stderr]    Compiling http v0.2.5
[INFO] [stderr]    Compiling url v2.2.2
[INFO] [stderr]    Compiling foreign-types v0.3.2
[INFO] [stderr]    Compiling chrono v0.4.19
[INFO] [stderr]    Compiling regex-syntax v0.6.25
[INFO] [stderr]    Compiling native-tls v0.2.8
[INFO] [stderr]    Compiling anyhow v1.0.44
[INFO] [stderr]    Compiling httparse v1.5.1
[INFO] [stderr]    Compiling adler v1.0.2
[INFO] [stderr]    Compiling sysinfo v0.19.2
[INFO] [stderr]    Compiling radium v0.5.3
[INFO] [stderr]    Compiling vergen v5.1.15
[INFO] [stderr]    Compiling lexical-core v0.7.6
[INFO] [stderr]    Compiling arrayvec v0.5.2
[INFO] [stderr]    Compiling crc32fast v1.2.1
[INFO] [stderr]    Compiling try-lock v0.2.3
[INFO] [stderr]    Compiling openssl-probe v0.1.4
[INFO] [stderr]    Compiling crossbeam-utils v0.8.5
[INFO] [stderr]    Compiling want v0.3.0
[INFO] [stderr]    Compiling rustc_version v0.4.0
[INFO] [stderr]    Compiling http-body v0.4.3
[INFO] [stderr]    Compiling regex-automata v0.1.10
[INFO] [stderr]    Compiling tracing-subscriber v0.2.25
[INFO] [stderr]    Compiling backtrace v0.3.63
[INFO] [stderr]    Compiling socket2 v0.4.2
[INFO] [stderr]    Compiling aho-corasick v0.7.18
[INFO] [stderr]    Compiling nom v6.1.2
[INFO] [stderr]    Compiling eyre v0.6.5
[INFO] [stderr]    Compiling tower-service v0.3.1
[INFO] [stderr]    Compiling encoding_rs v0.8.28
[INFO] [stderr]    Compiling tracing-attributes v0.1.18
[INFO] [stderr]    Compiling tokio-macros v1.4.1
[INFO] [stderr]    Compiling thiserror-impl v1.0.29
[INFO] [stderr]    Compiling enum-iterator-derive v0.7.0
[INFO] [stderr]    Compiling getset v0.1.1
[INFO] [stderr]    Compiling tap v1.0.1
[INFO] [stderr]    Compiling httpdate v1.0.1
[INFO] [stderr]    Compiling enum-iterator v0.7.0
[INFO] [stderr]    Compiling wyz v0.2.0
[INFO] [stderr]    Compiling funty v1.1.0
[INFO] [stderr]    Compiling static_assertions v1.1.0
[INFO] [stderr]    Compiling tracing v0.1.28
[INFO] [stderr]    Compiling gimli v0.26.1
[INFO] [stderr]    Compiling tracing-error v0.1.2
[INFO] [stderr]    Compiling bitvec v0.19.5
[INFO] [stderr]    Compiling thiserror v1.0.29
[INFO] [stderr]    Compiling regex v1.5.4
[INFO] [stderr]    Compiling matchers v0.1.0
[INFO] [stderr]    Compiling object v0.27.1
[INFO] [stderr]    Compiling tracing-log v0.1.2
[INFO] [stderr]    Compiling serde_json v1.0.68
[INFO] [stderr]    Compiling addr2line v0.17.0
[INFO] [stderr]    Compiling ansi_term v0.12.1
[INFO] [stderr]    Compiling base64 v0.13.0
[INFO] [stderr]    Compiling owo-colors v1.3.0
[INFO] [stderr]    Compiling indenter v0.3.3
[INFO] [stderr]    Compiling rustc-demangle v0.1.21
[INFO] [stderr]    Compiling async-trait v0.1.51
[INFO] [stderr]    Compiling tokio-util v0.6.8
[INFO] [stderr]    Compiling tokio-native-tls v0.3.0
[INFO] [stderr]    Compiling color-spantrace v0.1.6
[INFO] [stderr]    Compiling tracing-subscriber v0.3.1
[INFO] [stderr]    Compiling futures-executor v0.3.17
[INFO] [stderr]    Compiling h2 v0.3.6
[INFO] [stderr]    Compiling flate2 v1.0.22
[INFO] [stderr]    Compiling crossbeam-channel v0.5.1
[INFO] [stderr]    Compiling byteorder v1.4.3
[INFO] [stderr]    Compiling mime v0.3.16
[INFO] [stderr]    Compiling ipnet v2.3.1
[INFO] [stderr]    Compiling hdrhistogram v7.3.0
[INFO] [stderr]    Compiling serde_urlencoded v0.7.0
[INFO] [stderr]    Compiling rust_decimal v1.16.0
[INFO] [stderr]    Compiling color-eyre v0.5.11
[INFO] [stderr]    Compiling tracing-error v0.2.0
[INFO] [stderr]    Compiling futures v0.3.17
[INFO] [stderr]    Compiling atty v0.2.14
[INFO] [stderr]    Compiling json v0.12.4
[INFO] [stderr]    Compiling dotenv v0.15.0
[INFO] [stderr]    Compiling hyper v0.14.13
[INFO] [stderr]    Compiling hyper-tls v0.5.0
[INFO] [stderr]    Compiling reqwest v0.11.4
[INFO] [stderr]    Compiling git2 v0.13.23
[INFO] [stderr]    Compiling fhir-bench-orchestrator v0.1.0 (/opt/rustwide/workdir/fhir-bench-orchestrator)
[INFO] [stdout] warning: variable does not need to be mutable
[INFO] [stdout]   --> fhir-bench-orchestrator/src/lib.rs:70:13
[INFO] [stdout]    |
[INFO] [stdout] 70 |         let mut server_result = framework_results
[INFO] [stdout]    |             ----^^^^^^^^^^^^^
[INFO] [stdout]    |             |
[INFO] [stdout]    |             help: remove this `mut`
[INFO] [stdout]    |
[INFO] [stdout]    = note: `#[warn(unused_mut)]` on by default
[INFO] [stdout] 
[INFO] [stdout] 
[INFO] [stdout] warning: fields `completed` and `error` are never read
[INFO] [stdout]    --> fhir-bench-orchestrator/src/test_framework/mod.rs:342:5
[INFO] [stdout]     |
[INFO] [stdout] 340 | struct ServerOperationIterationFailed {
[INFO] [stdout]     |        ------------------------------ fields in this struct
[INFO] [stdout] 341 |     /// The state from the operation's completion.
[INFO] [stdout] 342 |     completed: ServerOperationIterationCompleted,
[INFO] [stdout]     |     ^^^^^^^^^
[INFO] [stdout] ...
[INFO] [stdout] 345 |     error: eyre::Error,
[INFO] [stdout]     |     ^^^^^
[INFO] [stdout]     |
[INFO] [stdout]     = note: `ServerOperationIterationFailed` has a derived impl for the trait `Debug`, but this is intentionally ignored during dead code analysis
[INFO] [stdout]     = note: `#[warn(dead_code)]` on by default
[INFO] [stdout] 
[INFO] [stdout] 
[INFO] [stdout] warning: 2 warnings emitted
[INFO] [stdout] 
[INFO] [stdout] 
[INFO] [stderr]     Finished dev [unoptimized + debuginfo] target(s) in 24.62s
[INFO] [stderr] warning: the following packages contain code that will be rejected by a future version of Rust: nom v6.1.2
[INFO] [stderr] note: to see what the problems were, use the option `--future-incompat-report`, or run `cargo report future-incompatibilities --id 1`
[INFO] running `Command { std: "docker" "inspect" "a25c8241e9c30a6d434c8992a6ce0310802cdf92b672d79c82052b1e43379c55", kill_on_drop: false }`
[INFO] running `Command { std: "docker" "rm" "-f" "a25c8241e9c30a6d434c8992a6ce0310802cdf92b672d79c82052b1e43379c55", kill_on_drop: false }`
[INFO] [stdout] a25c8241e9c30a6d434c8992a6ce0310802cdf92b672d79c82052b1e43379c55
[INFO] running `Command { std: "docker" "create" "-v" "/var/lib/crater-agent-workspace/builds/worker-6-tc2/target:/opt/rustwide/target:rw,Z" "-v" "/var/lib/crater-agent-workspace/builds/worker-6-tc2/source:/opt/rustwide/workdir:ro,Z" "-v" "/var/lib/crater-agent-workspace/cargo-home:/opt/rustwide/cargo-home:ro,Z" "-v" "/var/lib/crater-agent-workspace/rustup-home:/opt/rustwide/rustup-home:ro,Z" "-e" "SOURCE_DIR=/opt/rustwide/workdir" "-e" "CARGO_TARGET_DIR=/opt/rustwide/target" "-e" "CARGO_INCREMENTAL=0" "-e" "RUST_BACKTRACE=full" "-e" "RUSTFLAGS=--cap-lints=warn" "-e" "RUSTDOCFLAGS=--cap-lints=warn" "-e" "CARGO_HOME=/opt/rustwide/cargo-home" "-e" "RUSTUP_HOME=/opt/rustwide/rustup-home" "-w" "/opt/rustwide/workdir" "-m" "1610612736" "--user" "0:0" "--network" "none" "ghcr.io/rust-lang/crates-build-env/linux@sha256:2788e3201cd34a07e3172128adcd8b3090168a8e3bcc40d7c032b9dda1df7d1c" "/opt/rustwide/cargo-home/bin/cargo" "+beta-2023-12-22" "test" "--frozen" "--no-run" "--message-format=json", kill_on_drop: false }`
[INFO] [stdout] 70415afd51033ecd50b60af126a964a75526c5c526b2dd8a9b3b9dde666a63a0
[INFO] running `Command { std: "docker" "start" "-a" "70415afd51033ecd50b60af126a964a75526c5c526b2dd8a9b3b9dde666a63a0", kill_on_drop: false }`
[INFO] [stderr]    Compiling doc-comment v0.3.3
[INFO] [stderr]    Compiling getrandom v0.2.3
[INFO] [stderr]    Compiling predicates-core v1.0.2
[INFO] [stderr]    Compiling ppv-lite86 v0.2.10
[INFO] [stderr]    Compiling either v1.6.1
[INFO] [stderr]    Compiling treeline v0.1.0
[INFO] [stderr]    Compiling difflib v0.4.0
[INFO] [stderr]    Compiling bstr v0.2.17
[INFO] [stderr]    Compiling serial_test_derive v0.5.1
[INFO] [stderr]    Compiling itertools v0.10.1
[INFO] [stderr]    Compiling sysinfo v0.19.2
[INFO] [stderr]    Compiling rand_core v0.6.3
[INFO] [stderr]    Compiling predicates-tree v1.0.3
[INFO] [stderr]    Compiling rand_chacha v0.3.1
[INFO] [stderr]    Compiling wait-timeout v0.2.0
[INFO] [stderr]    Compiling remove_dir_all v0.5.3
[INFO] [stderr]    Compiling test-env-log v0.2.7
[INFO] [stderr]    Compiling rand v0.8.4
[INFO] [stderr]    Compiling serial_test v0.5.1
[INFO] [stderr]    Compiling vergen v5.1.15
[INFO] [stderr]    Compiling tempfile v3.2.0
[INFO] [stderr]    Compiling predicates v2.0.2
[INFO] [stderr]    Compiling fhir-bench-orchestrator v0.1.0 (/opt/rustwide/workdir/fhir-bench-orchestrator)
[INFO] [stderr]    Compiling assert_cmd v1.0.8
[INFO] [stdout] warning: variable does not need to be mutable
[INFO] [stdout]   --> fhir-bench-orchestrator/src/lib.rs:70:13
[INFO] [stdout]    |
[INFO] [stdout] 70 |         let mut server_result = framework_results
[INFO] [stdout]    |             ----^^^^^^^^^^^^^
[INFO] [stdout]    |             |
[INFO] [stdout]    |             help: remove this `mut`
[INFO] [stdout]    |
[INFO] [stdout]    = note: `#[warn(unused_mut)]` on by default
[INFO] [stdout] 
[INFO] [stdout] 
[INFO] [stdout] warning: variable does not need to be mutable
[INFO] [stdout]   --> fhir-bench-orchestrator/src/lib.rs:70:13
[INFO] [stdout]    |
[INFO] [stdout] 70 |         let mut server_result = framework_results
[INFO] [stdout]    |             ----^^^^^^^^^^^^^
[INFO] [stdout]    |             |
[INFO] [stdout]    |             help: remove this `mut`
[INFO] [stdout]    |
[INFO] [stdout]    = note: `#[warn(unused_mut)]` on by default
[INFO] [stdout] 
[INFO] [stdout] 
[INFO] [stdout] warning: fields `completed` and `error` are never read
[INFO] [stdout]    --> fhir-bench-orchestrator/src/test_framework/mod.rs:342:5
[INFO] [stdout]     |
[INFO] [stdout] 340 | struct ServerOperationIterationFailed {
[INFO] [stdout]     |        ------------------------------ fields in this struct
[INFO] [stdout] 341 |     /// The state from the operation's completion.
[INFO] [stdout] 342 |     completed: ServerOperationIterationCompleted,
[INFO] [stdout]     |     ^^^^^^^^^
[INFO] [stdout] ...
[INFO] [stdout] 345 |     error: eyre::Error,
[INFO] [stdout]     |     ^^^^^
[INFO] [stdout]     |
[INFO] [stdout]     = note: `ServerOperationIterationFailed` has a derived impl for the trait `Debug`, but this is intentionally ignored during dead code analysis
[INFO] [stdout]     = note: `#[warn(dead_code)]` on by default
[INFO] [stdout] 
[INFO] [stdout] 
[INFO] [stdout] warning: fields `completed` and `error` are never read
[INFO] [stdout]    --> fhir-bench-orchestrator/src/test_framework/mod.rs:342:5
[INFO] [stdout]     |
[INFO] [stdout] 340 | struct ServerOperationIterationFailed {
[INFO] [stdout]     |        ------------------------------ fields in this struct
[INFO] [stdout] 341 |     /// The state from the operation's completion.
[INFO] [stdout] 342 |     completed: ServerOperationIterationCompleted,
[INFO] [stdout]     |     ^^^^^^^^^
[INFO] [stdout] ...
[INFO] [stdout] 345 |     error: eyre::Error,
[INFO] [stdout]     |     ^^^^^
[INFO] [stdout]     |
[INFO] [stdout]     = note: `ServerOperationIterationFailed` has a derived impl for the trait `Debug`, but this is intentionally ignored during dead code analysis
[INFO] [stdout]     = note: `#[warn(dead_code)]` on by default
[INFO] [stdout] 
[INFO] [stdout] 
[INFO] [stdout] warning: 2 warnings emitted
[INFO] [stdout] 
[INFO] [stdout] 
[INFO] [stdout] warning: 2 warnings emitted
[INFO] [stdout] 
[INFO] [stdout] 
[INFO] [stderr]     Finished test [unoptimized + debuginfo] target(s) in 6.15s
[INFO] [stderr] warning: the following packages contain code that will be rejected by a future version of Rust: nom v6.1.2
[INFO] [stderr] note: to see what the problems were, use the option `--future-incompat-report`, or run `cargo report future-incompatibilities --id 1`
[INFO] running `Command { std: "docker" "inspect" "70415afd51033ecd50b60af126a964a75526c5c526b2dd8a9b3b9dde666a63a0", kill_on_drop: false }`
[INFO] running `Command { std: "docker" "rm" "-f" "70415afd51033ecd50b60af126a964a75526c5c526b2dd8a9b3b9dde666a63a0", kill_on_drop: false }`
[INFO] [stdout] 70415afd51033ecd50b60af126a964a75526c5c526b2dd8a9b3b9dde666a63a0
[INFO] running `Command { std: "docker" "create" "-v" "/var/lib/crater-agent-workspace/builds/worker-6-tc2/target:/opt/rustwide/target:rw,Z" "-v" "/var/lib/crater-agent-workspace/builds/worker-6-tc2/source:/opt/rustwide/workdir:ro,Z" "-v" "/var/lib/crater-agent-workspace/cargo-home:/opt/rustwide/cargo-home:ro,Z" "-v" "/var/lib/crater-agent-workspace/rustup-home:/opt/rustwide/rustup-home:ro,Z" "-e" "SOURCE_DIR=/opt/rustwide/workdir" "-e" "CARGO_TARGET_DIR=/opt/rustwide/target" "-e" "CARGO_INCREMENTAL=0" "-e" "RUST_BACKTRACE=full" "-e" "RUSTFLAGS=--cap-lints=warn" "-e" "RUSTDOCFLAGS=--cap-lints=warn" "-e" "CARGO_HOME=/opt/rustwide/cargo-home" "-e" "RUSTUP_HOME=/opt/rustwide/rustup-home" "-w" "/opt/rustwide/workdir" "-m" "1610612736" "--user" "0:0" "--network" "none" "ghcr.io/rust-lang/crates-build-env/linux@sha256:2788e3201cd34a07e3172128adcd8b3090168a8e3bcc40d7c032b9dda1df7d1c" "/opt/rustwide/cargo-home/bin/cargo" "+beta-2023-12-22" "test" "--frozen", kill_on_drop: false }`
[INFO] [stdout] 25bda68f88531c5e93fe588387f45f393c2887e13c156d3006141a98d53584d0
[INFO] running `Command { std: "docker" "start" "-a" "25bda68f88531c5e93fe588387f45f393c2887e13c156d3006141a98d53584d0", kill_on_drop: false }`
[INFO] [stderr] warning: variable does not need to be mutable
[INFO] [stderr]   --> fhir-bench-orchestrator/src/lib.rs:70:13
[INFO] [stderr]    |
[INFO] [stderr] 70 |         let mut server_result = framework_results
[INFO] [stderr]    |             ----^^^^^^^^^^^^^
[INFO] [stderr]    |             |
[INFO] [stderr]    |             help: remove this `mut`
[INFO] [stderr]    |
[INFO] [stderr]    = note: `#[warn(unused_mut)]` on by default
[INFO] [stderr] 
[INFO] [stderr] warning: fields `completed` and `error` are never read
[INFO] [stderr]    --> fhir-bench-orchestrator/src/test_framework/mod.rs:342:5
[INFO] [stderr]     |
[INFO] [stderr] 340 | struct ServerOperationIterationFailed {
[INFO] [stderr]     |        ------------------------------ fields in this struct
[INFO] [stderr] 341 |     /// The state from the operation's completion.
[INFO] [stderr] 342 |     completed: ServerOperationIterationCompleted,
[INFO] [stderr]     |     ^^^^^^^^^
[INFO] [stderr] ...
[INFO] [stderr] 345 |     error: eyre::Error,
[INFO] [stderr]     |     ^^^^^
[INFO] [stderr]     |
[INFO] [stderr]     = note: `ServerOperationIterationFailed` has a derived impl for the trait `Debug`, but this is intentionally ignored during dead code analysis
[INFO] [stderr]     = note: `#[warn(dead_code)]` on by default
[INFO] [stderr] 
[INFO] [stderr] warning: `fhir-bench-orchestrator` (lib) generated 2 warnings (run `cargo fix --lib -p fhir-bench-orchestrator` to apply 1 suggestion)
[INFO] [stderr] warning: `fhir-bench-orchestrator` (lib test) generated 2 warnings (2 duplicates)
[INFO] [stderr]     Finished test [unoptimized + debuginfo] target(s) in 0.10s
[INFO] [stderr] warning: the following packages contain code that will be rejected by a future version of Rust: nom v6.1.2
[INFO] [stderr] note: to see what the problems were, use the option `--future-incompat-report`, or run `cargo report future-incompatibilities --id 1`
[INFO] [stderr]      Running unittests src/lib.rs (/opt/rustwide/target/debug/deps/fhir_bench_orchestrator-3fea54d35b67d04b)
[INFO] [stdout] 
[INFO] [stdout] running 13 tests
[INFO] [stdout] test test_framework::tests::serialize_server_operation_log ... ok
[INFO] [stdout] test test_framework::tests::serialize_framework_operation_log ... ok
[INFO] [stdout] test util::serde_duration_iso8601::tests::serialize ... ok
[INFO] [stdout] test util::serde_duration_millis::tests::deserialize ... ok
[INFO] [stdout] test util::serde_duration_millis::tests::serialize ... ok
[INFO] [stdout] test util::serde_duration_iso8601::tests::deserialize ... ok
[INFO] [stdout] test test_framework::tests::serialize_server_operation_metrics ... ok
[INFO] [stdout] test util::serde_histogram::tests::deserialize ... ok
[INFO] [stdout] test test_framework::tests::serialize_framework_results ... ok
[INFO] [stdout] test test_framework::tests::serialize_server_operation_measurement ... ok
[INFO] [stdout] test util::serde_histogram::tests::serialize ... ok
[INFO] [stdout] test sample_data::tests::generate_data ... FAILED
[INFO] [stdout] test sample_data::tests::iter_orgs ... FAILED
[INFO] [stdout] 
[INFO] [stdout] failures:
[INFO] [stdout] 
[INFO] [stdout] ---- sample_data::tests::generate_data stdout ----
[INFO] [stdout] thread 'sample_data::tests::generate_data' panicked at fhir-bench-orchestrator/src/sample_data.rs:412:9:
[INFO] [stdout] Sample data generation failed: Err(child process exited with code 'exit status: 1', this message: 'Synthea process for sample data generation failed., this STDOUT: '', and this STDERR: '+ IMAGE_TAG=synthea
[INFO] [stdout] + SEED=42
[INFO] [stdout] ++ getopt p:t: -p 10 -t /tmp/.tmpu5vxEC
[INFO] [stdout] + TEMP=' -p 10 -t /tmp/.tmpu5vxEC --'
[INFO] [stdout] + '[' 0 '!=' 0 ']'
[INFO] [stdout] + eval set -- ' -p 10 -t /tmp/.tmpu5vxEC --'
[INFO] [stdout] ++ set -- -p 10 -t /tmp/.tmpu5vxEC --
[INFO] [stdout] + populationSize=
[INFO] [stdout] + true
[INFO] [stdout] + case "$1" in
[INFO] [stdout] + populationSize=10
[INFO] [stdout] + shift 2
[INFO] [stdout] + true
[INFO] [stdout] + case "$1" in
[INFO] [stdout] + targetDirectory=/tmp/.tmpu5vxEC
[INFO] [stdout] + shift 2
[INFO] [stdout] + true
[INFO] [stdout] + case "$1" in
[INFO] [stdout] + shift
[INFO] [stdout] + break
[INFO] [stdout] + [[ -z 10 ]]
[INFO] [stdout] + [[ -z /tmp/.tmpu5vxEC ]]
[INFO] [stdout] + [[ ! -d /tmp/.tmpu5vxEC ]]
[INFO] [stdout] + export DOCKER_BUILDKIT=1
[INFO] [stdout] + DOCKER_BUILDKIT=1
[INFO] [stdout] + docker build --file ./Dockerfile.synthea -t synthea --cache-from docker.pkg.github.com/karlmdavis/fhir-benchmarks/synthea --build-arg BUILDKIT_INLINE_CACHE=1 .
[INFO] [stdout] ERROR: BuildKit is enabled but the buildx component is missing or broken.
[INFO] [stdout]        Install the buildx component to build images with BuildKit:
[INFO] [stdout]        https://docs.docker.com/go/buildx/
[INFO] [stdout] 
[INFO] [stdout] 
[INFO] [stdout] Location:
[INFO] [stdout]     /rustc/0e09125c6c3c2fd70d7de961bcf0e51575235fad/library/core/src/convert/mod.rs:757:9)
[INFO] [stdout] stack backtrace:
[INFO] [stdout]    0:     0x5598c4a870a6 - std::backtrace_rs::backtrace::libunwind::trace::h261606ad26a499c1
[INFO] [stdout]                                at /rustc/0e09125c6c3c2fd70d7de961bcf0e51575235fad/library/std/src/../../backtrace/src/backtrace/libunwind.rs:104:5
[INFO] [stdout]    1:     0x5598c4a870a6 - std::backtrace_rs::backtrace::trace_unsynchronized::hd183f0625477fb28
[INFO] [stdout]                                at /rustc/0e09125c6c3c2fd70d7de961bcf0e51575235fad/library/std/src/../../backtrace/src/backtrace/mod.rs:66:5
[INFO] [stdout]    2:     0x5598c4a870a6 - std::sys_common::backtrace::_print_fmt::hd7f8fef21b4eda67
[INFO] [stdout]                                at /rustc/0e09125c6c3c2fd70d7de961bcf0e51575235fad/library/std/src/sys_common/backtrace.rs:68:5
[INFO] [stdout]    3:     0x5598c4a870a6 - <std::sys_common::backtrace::_print::DisplayBacktrace as core::fmt::Display>::fmt::h623d9b51f2f453f1
[INFO] [stdout]                                at /rustc/0e09125c6c3c2fd70d7de961bcf0e51575235fad/library/std/src/sys_common/backtrace.rs:44:22
[INFO] [stdout]    4:     0x5598c4ab2940 - core::fmt::rt::Argument::fmt::h9f417ac76a86f368
[INFO] [stdout]                                at /rustc/0e09125c6c3c2fd70d7de961bcf0e51575235fad/library/core/src/fmt/rt.rs:142:9
[INFO] [stdout]    5:     0x5598c4ab2940 - core::fmt::write::hc9b6faf4ac2aeff7
[INFO] [stdout]                                at /rustc/0e09125c6c3c2fd70d7de961bcf0e51575235fad/library/core/src/fmt/mod.rs:1120:17
[INFO] [stdout]    6:     0x5598c4a844bf - std::io::Write::write_fmt::he04625a3a989fec3
[INFO] [stdout]                                at /rustc/0e09125c6c3c2fd70d7de961bcf0e51575235fad/library/std/src/io/mod.rs:1810:15
[INFO] [stdout]    7:     0x5598c4a86e84 - std::sys_common::backtrace::_print::hd5d66399c7df88a2
[INFO] [stdout]                                at /rustc/0e09125c6c3c2fd70d7de961bcf0e51575235fad/library/std/src/sys_common/backtrace.rs:47:5
[INFO] [stdout]    8:     0x5598c4a86e84 - std::sys_common::backtrace::print::he81ed2da642d37e5
[INFO] [stdout]                                at /rustc/0e09125c6c3c2fd70d7de961bcf0e51575235fad/library/std/src/sys_common/backtrace.rs:34:9
[INFO] [stdout]    9:     0x5598c4a88bf7 - std::panicking::default_hook::{{closure}}::h85773f4fa117163d
[INFO] [stdout]   10:     0x5598c4a888dd - std::panicking::default_hook::h6a1694a91d09b278
[INFO] [stdout]                                at /rustc/0e09125c6c3c2fd70d7de961bcf0e51575235fad/library/std/src/panicking.rs:289:9
[INFO] [stdout]   11:     0x5598c46b3b87 - <alloc::boxed::Box<F,A> as core::ops::function::Fn<Args>>::call::h616ac37fa3cd6c8f
[INFO] [stdout]                                at /rustc/0e09125c6c3c2fd70d7de961bcf0e51575235fad/library/alloc/src/boxed.rs:2029:9
[INFO] [stdout]   12:     0x5598c46b3b87 - test::test_main::{{closure}}::h00d84697cefdcbb6
[INFO] [stdout]                                at /rustc/0e09125c6c3c2fd70d7de961bcf0e51575235fad/library/test/src/lib.rs:138:21
[INFO] [stdout]   13:     0x5598c4a89216 - <alloc::boxed::Box<F,A> as core::ops::function::Fn<Args>>::call::hcb3fe3b9bb537ba8
[INFO] [stdout]                                at /rustc/0e09125c6c3c2fd70d7de961bcf0e51575235fad/library/alloc/src/boxed.rs:2029:9
[INFO] [stdout]   14:     0x5598c4a89216 - std::panicking::rust_panic_with_hook::h0a7ad96e90f7145b
[INFO] [stdout]                                at /rustc/0e09125c6c3c2fd70d7de961bcf0e51575235fad/library/std/src/panicking.rs:783:13
[INFO] [stdout]   15:     0x5598c4a88f62 - std::panicking::begin_panic_handler::{{closure}}::h7919090525c6485e
[INFO] [stdout]                                at /rustc/0e09125c6c3c2fd70d7de961bcf0e51575235fad/library/std/src/panicking.rs:657:13
[INFO] [stdout]   16:     0x5598c4a875a6 - std::sys_common::backtrace::__rust_end_short_backtrace::hf3289479464f7dfe
[INFO] [stdout]                                at /rustc/0e09125c6c3c2fd70d7de961bcf0e51575235fad/library/std/src/sys_common/backtrace.rs:171:18
[INFO] [stdout]   17:     0x5598c4a88cc0 - rust_begin_unwind
[INFO] [stdout]                                at /rustc/0e09125c6c3c2fd70d7de961bcf0e51575235fad/library/std/src/panicking.rs:645:5
[INFO] [stdout]   18:     0x5598c45736b5 - core::panicking::panic_fmt::hcc9f77c5c132af55
[INFO] [stdout]                                at /rustc/0e09125c6c3c2fd70d7de961bcf0e51575235fad/library/core/src/panicking.rs:72:14
[INFO] [stdout]   19:     0x5598c4615237 - fhir_bench_orchestrator::sample_data::tests::generate_data::{{closure}}::test_impl::{{closure}}::{{closure}}::h5eab9ee0d74409ed
[INFO] [stdout]                                at /opt/rustwide/workdir/fhir-bench-orchestrator/src/sample_data.rs:412:9
[INFO] [stdout]   20:     0x5598c4614b42 - fhir_bench_orchestrator::sample_data::tests::generate_data::{{closure}}::test_impl::{{closure}}::h0e251aef360c3a67
[INFO] [stdout]                                at /opt/rustwide/workdir/fhir-bench-orchestrator/src/sample_data.rs:399:5
[INFO] [stdout]   21:     0x5598c46140df - fhir_bench_orchestrator::sample_data::tests::generate_data::{{closure}}::hba8fc8995ec4d0aa
[INFO] [stdout]                                at /opt/rustwide/workdir/fhir-bench-orchestrator/src/sample_data.rs:400:5
[INFO] [stdout]   22:     0x5598c46067fb - <core::pin::Pin<P> as core::future::future::Future>::poll::h363ec4acabca9900
[INFO] [stdout]                                at /rustc/0e09125c6c3c2fd70d7de961bcf0e51575235fad/library/core/src/future/future.rs:124:9
[INFO] [stdout]   23:     0x5598c458ba04 - tokio::runtime::basic_scheduler::Inner<P>::block_on::{{closure}}::{{closure}}::hb502e5ae27992263
[INFO] [stdout]                                at /opt/rustwide/cargo-home/registry/src/index.crates.io-6f17d22bba15001f/tokio-1.12.0/src/runtime/basic_scheduler.rs:230:62
[INFO] [stdout]   24:     0x5598c461ea70 - tokio::coop::with_budget::{{closure}}::h1cc62bb19424756d
[INFO] [stdout]                                at /opt/rustwide/cargo-home/registry/src/index.crates.io-6f17d22bba15001f/tokio-1.12.0/src/coop.rs:106:9
[INFO] [stdout]   25:     0x5598c45f088e - std::thread::local::LocalKey<T>::try_with::h7a4dab2a7bd14653
[INFO] [stdout]                                at /rustc/0e09125c6c3c2fd70d7de961bcf0e51575235fad/library/std/src/thread/local.rs:270:16
[INFO] [stdout]   26:     0x5598c45ed8aa - std::thread::local::LocalKey<T>::with::hcb76b4c4072aeac7
[INFO] [stdout]                                at /rustc/0e09125c6c3c2fd70d7de961bcf0e51575235fad/library/std/src/thread/local.rs:246:9
[INFO] [stdout]   27:     0x5598c4586c4c - tokio::coop::with_budget::hdbcc8fe26c812495
[INFO] [stdout]                                at /opt/rustwide/cargo-home/registry/src/index.crates.io-6f17d22bba15001f/tokio-1.12.0/src/coop.rs:99:5
[INFO] [stdout]   28:     0x5598c4586c4c - tokio::coop::budget::h6db817b8530b5be7
[INFO] [stdout]                                at /opt/rustwide/cargo-home/registry/src/index.crates.io-6f17d22bba15001f/tokio-1.12.0/src/coop.rs:76:5
[INFO] [stdout]   29:     0x5598c4586c4c - tokio::runtime::basic_scheduler::Inner<P>::block_on::{{closure}}::ha7c4f68356a458bc
[INFO] [stdout]                                at /opt/rustwide/cargo-home/registry/src/index.crates.io-6f17d22bba15001f/tokio-1.12.0/src/runtime/basic_scheduler.rs:230:39
[INFO] [stdout]   30:     0x5598c4592b41 - tokio::runtime::basic_scheduler::enter::{{closure}}::h18890e19772c58bc
[INFO] [stdout]                                at /opt/rustwide/cargo-home/registry/src/index.crates.io-6f17d22bba15001f/tokio-1.12.0/src/runtime/basic_scheduler.rs:339:29
[INFO] [stdout]   31:     0x5598c45b7597 - tokio::macros::scoped_tls::ScopedKey<T>::set::h8ca568b773129b47
[INFO] [stdout]                                at /opt/rustwide/cargo-home/registry/src/index.crates.io-6f17d22bba15001f/tokio-1.12.0/src/macros/scoped_tls.rs:61:9
[INFO] [stdout]   32:     0x5598c459081d - tokio::runtime::basic_scheduler::enter::h058209adfb138f06
[INFO] [stdout]                                at /opt/rustwide/cargo-home/registry/src/index.crates.io-6f17d22bba15001f/tokio-1.12.0/src/runtime/basic_scheduler.rs:339:5
[INFO] [stdout]   33:     0x5598c458161b - tokio::runtime::basic_scheduler::Inner<P>::block_on::hf1f01d725c28031a
[INFO] [stdout]                                at /opt/rustwide/cargo-home/registry/src/index.crates.io-6f17d22bba15001f/tokio-1.12.0/src/runtime/basic_scheduler.rs:218:9
[INFO] [stdout]   34:     0x5598c458c33e - tokio::runtime::basic_scheduler::InnerGuard<P>::block_on::hb2e074bdc9ffb4cb
[INFO] [stdout]                                at /opt/rustwide/cargo-home/registry/src/index.crates.io-6f17d22bba15001f/tokio-1.12.0/src/runtime/basic_scheduler.rs:489:9
[INFO] [stdout]   35:     0x5598c458cc3a - tokio::runtime::basic_scheduler::BasicScheduler<P>::block_on::h4b6a827503c1ff1d
[INFO] [stdout]                                at /opt/rustwide/cargo-home/registry/src/index.crates.io-6f17d22bba15001f/tokio-1.12.0/src/runtime/basic_scheduler.rs:178:24
[INFO] [stdout]   36:     0x5598c45d56b3 - tokio::runtime::Runtime::block_on::h10e6fec30ab4e9f4
[INFO] [stdout]                                at /opt/rustwide/cargo-home/registry/src/index.crates.io-6f17d22bba15001f/tokio-1.12.0/src/runtime/mod.rs:461:46
[INFO] [stdout]   37:     0x5598c4613bde - fhir_bench_orchestrator::sample_data::tests::generate_data::h181f65e9075767d6
[INFO] [stdout]                                at /opt/rustwide/workdir/fhir-bench-orchestrator/src/sample_data.rs:400:5
[INFO] [stdout]   38:     0x5598c4613ab7 - fhir_bench_orchestrator::sample_data::tests::generate_data::{{closure}}::h55015e05e4398ccd
[INFO] [stdout]                                at /opt/rustwide/workdir/fhir-bench-orchestrator/src/sample_data.rs:400:39
[INFO] [stdout]   39:     0x5598c45fec46 - core::ops::function::FnOnce::call_once::hc992606f7a1a8f8a
[INFO] [stdout]                                at /rustc/0e09125c6c3c2fd70d7de961bcf0e51575235fad/library/core/src/ops/function.rs:250:5
[INFO] [stdout]   40:     0x5598c46b945f - core::ops::function::FnOnce::call_once::hd64d26f405258157
[INFO] [stdout]                                at /rustc/0e09125c6c3c2fd70d7de961bcf0e51575235fad/library/core/src/ops/function.rs:250:5
[INFO] [stdout]   41:     0x5598c46b945f - test::__rust_begin_short_backtrace::he21b0b7a6d731bf9
[INFO] [stdout]                                at /rustc/0e09125c6c3c2fd70d7de961bcf0e51575235fad/library/test/src/lib.rs:627:18
[INFO] [stdout]   42:     0x5598c46b81e1 - test::run_test_in_process::{{closure}}::hf5c73986d7bdfde2
[INFO] [stdout]                                at /rustc/0e09125c6c3c2fd70d7de961bcf0e51575235fad/library/test/src/lib.rs:650:60
[INFO] [stdout]   43:     0x5598c46b81e1 - <core::panic::unwind_safe::AssertUnwindSafe<F> as core::ops::function::FnOnce<()>>::call_once::h330011ad032aadc0
[INFO] [stdout]                                at /rustc/0e09125c6c3c2fd70d7de961bcf0e51575235fad/library/core/src/panic/unwind_safe.rs:272:9
[INFO] [stdout]   44:     0x5598c46b81e1 - std::panicking::try::do_call::he61b0a958b795a41
[INFO] [stdout]                                at /rustc/0e09125c6c3c2fd70d7de961bcf0e51575235fad/library/std/src/panicking.rs:552:40
[INFO] [stdout]   45:     0x5598c46b81e1 - std::panicking::try::h7309da130f906eb7
[INFO] [stdout]                                at /rustc/0e09125c6c3c2fd70d7de961bcf0e51575235fad/library/std/src/panicking.rs:516:19
[INFO] [stdout]   46:     0x5598c46b81e1 - std::panic::catch_unwind::hc5c3a06fdaf0a92a
[INFO] [stdout]                                at /rustc/0e09125c6c3c2fd70d7de961bcf0e51575235fad/library/std/src/panic.rs:142:14
[INFO] [stdout]   47:     0x5598c46b81e1 - test::run_test_in_process::h7e7b7c71c3324e0f
[INFO] [stdout]                                at /rustc/0e09125c6c3c2fd70d7de961bcf0e51575235fad/library/test/src/lib.rs:650:27
[INFO] [stdout]   48:     0x5598c46b81e1 - test::run_test::{{closure}}::h1f509f28f5cf20b1
[INFO] [stdout]                                at /rustc/0e09125c6c3c2fd70d7de961bcf0e51575235fad/library/test/src/lib.rs:573:43
[INFO] [stdout]   49:     0x5598c467f516 - test::run_test::{{closure}}::h1754218abf443f6d
[INFO] [stdout]                                at /rustc/0e09125c6c3c2fd70d7de961bcf0e51575235fad/library/test/src/lib.rs:601:41
[INFO] [stdout]   50:     0x5598c467f516 - std::sys_common::backtrace::__rust_begin_short_backtrace::h2ee174b9d5954948
[INFO] [stdout]                                at /rustc/0e09125c6c3c2fd70d7de961bcf0e51575235fad/library/std/src/sys_common/backtrace.rs:155:18
[INFO] [stdout]   51:     0x5598c4684577 - std::thread::Builder::spawn_unchecked_::{{closure}}::{{closure}}::hf60bee9c1a17ef09
[INFO] [stdout]                                at /rustc/0e09125c6c3c2fd70d7de961bcf0e51575235fad/library/std/src/thread/mod.rs:529:17
[INFO] [stdout]   52:     0x5598c4684577 - <core::panic::unwind_safe::AssertUnwindSafe<F> as core::ops::function::FnOnce<()>>::call_once::h33d0dddec5216160
[INFO] [stdout]                                at /rustc/0e09125c6c3c2fd70d7de961bcf0e51575235fad/library/core/src/panic/unwind_safe.rs:272:9
[INFO] [stdout]   53:     0x5598c4684577 - std::panicking::try::do_call::h144b3048b546f835
[INFO] [stdout]                                at /rustc/0e09125c6c3c2fd70d7de961bcf0e51575235fad/library/std/src/panicking.rs:552:40
[INFO] [stdout]   54:     0x5598c4684577 - std::panicking::try::h978244d04646189f
[INFO] [stdout]                                at /rustc/0e09125c6c3c2fd70d7de961bcf0e51575235fad/library/std/src/panicking.rs:516:19
[INFO] [stdout]   55:     0x5598c4684577 - std::panic::catch_unwind::hdf436369d188fe86
[INFO] [stdout]                                at /rustc/0e09125c6c3c2fd70d7de961bcf0e51575235fad/library/std/src/panic.rs:142:14
[INFO] [stdout]   56:     0x5598c4684577 - std::thread::Builder::spawn_unchecked_::{{closure}}::h87329cbdd33c79ec
[INFO] [stdout]                                at /rustc/0e09125c6c3c2fd70d7de961bcf0e51575235fad/library/std/src/thread/mod.rs:528:30
[INFO] [stdout]   57:     0x5598c4684577 - core::ops::function::FnOnce::call_once{{vtable.shim}}::h401abbe67897d450
[INFO] [stdout]                                at /rustc/0e09125c6c3c2fd70d7de961bcf0e51575235fad/library/core/src/ops/function.rs:250:5
[INFO] [stdout]   58:     0x5598c4a8eb75 - <alloc::boxed::Box<F,A> as core::ops::function::FnOnce<Args>>::call_once::h5d7c8f150ab9c84c
[INFO] [stdout]                                at /rustc/0e09125c6c3c2fd70d7de961bcf0e51575235fad/library/alloc/src/boxed.rs:2015:9
[INFO] [stdout]   59:     0x5598c4a8eb75 - <alloc::boxed::Box<F,A> as core::ops::function::FnOnce<Args>>::call_once::h570d5b005c242c15
[INFO] [stdout]                                at /rustc/0e09125c6c3c2fd70d7de961bcf0e51575235fad/library/alloc/src/boxed.rs:2015:9
[INFO] [stdout]   60:     0x5598c4a8eb75 - std::sys::unix::thread::Thread::new::thread_start::h36b0a20c0b2361ad
[INFO] [stdout]                                at /rustc/0e09125c6c3c2fd70d7de961bcf0e51575235fad/library/std/src/sys/unix/thread.rs:108:17
[INFO] [stdout]   61:     0x7f8540152ac3 - <unknown>
[INFO] [stdout]   62:     0x7f85401e3bf4 - __clone
[INFO] [stdout]   63:                0x0 - <unknown>
[INFO] [stdout] 
[INFO] [stdout] ---- sample_data::tests::iter_orgs stdout ----
[INFO] [stdout] thread 'sample_data::tests::iter_orgs' panicked at fhir-bench-orchestrator/src/sample_data.rs:440:10:
[INFO] [stdout] Failed to generate sample data.: child process exited with code 'exit status: 1', this message: 'Synthea process for sample data generation failed., this STDOUT: '', and this STDERR: '+ IMAGE_TAG=synthea
[INFO] [stdout] + SEED=42
[INFO] [stdout] ++ getopt p:t: -p 10 -t /tmp/.tmp6B3kno
[INFO] [stdout] + TEMP=' -p 10 -t /tmp/.tmp6B3kno --'
[INFO] [stdout] + '[' 0 '!=' 0 ']'
[INFO] [stdout] + eval set -- ' -p 10 -t /tmp/.tmp6B3kno --'
[INFO] [stdout] ++ set -- -p 10 -t /tmp/.tmp6B3kno --
[INFO] [stdout] + populationSize=
[INFO] [stdout] + true
[INFO] [stdout] + case "$1" in
[INFO] [stdout] + populationSize=10
[INFO] [stdout] + shift 2
[INFO] [stdout] + true
[INFO] [stdout] + case "$1" in
[INFO] [stdout] + targetDirectory=/tmp/.tmp6B3kno
[INFO] [stdout] + shift 2
[INFO] [stdout] + true
[INFO] [stdout] + case "$1" in
[INFO] [stdout] + shift
[INFO] [stdout] + break
[INFO] [stdout] + [[ -z 10 ]]
[INFO] [stdout] + [[ -z /tmp/.tmp6B3kno ]]
[INFO] [stdout] + [[ ! -d /tmp/.tmp6B3kno ]]
[INFO] [stdout] + export DOCKER_BUILDKIT=1
[INFO] [stdout] + DOCKER_BUILDKIT=1
[INFO] [stdout] + docker build --file ./Dockerfile.synthea -t synthea --cache-from docker.pkg.github.com/karlmdavis/fhir-benchmarks/synthea --build-arg BUILDKIT_INLINE_CACHE=1 .
[INFO] [stdout] ERROR: BuildKit is enabled but the buildx component is missing or broken.
[INFO] [stdout]        Install the buildx component to build images with BuildKit:
[INFO] [stdout]        https://docs.docker.com/go/buildx/
[INFO] [stdout] 
[INFO] [stdout] 
[INFO] [stdout] Location:
[INFO] [stdout]     /rustc/0e09125c6c3c2fd70d7de961bcf0e51575235fad/library/core/src/convert/mod.rs:757:9
[INFO] [stdout] stack backtrace:
[INFO] [stdout]    0:     0x5598c4a870a6 - std::backtrace_rs::backtrace::libunwind::trace::h261606ad26a499c1
[INFO] [stdout]                                at /rustc/0e09125c6c3c2fd70d7de961bcf0e51575235fad/library/std/src/../../backtrace/src/backtrace/libunwind.rs:104:5
[INFO] [stdout]    1:     0x5598c4a870a6 - std::backtrace_rs::backtrace::trace_unsynchronized::hd183f0625477fb28
[INFO] [stdout]                                at /rustc/0e09125c6c3c2fd70d7de961bcf0e51575235fad/library/std/src/../../backtrace/src/backtrace/mod.rs:66:5
[INFO] [stdout]    2:     0x5598c4a870a6 - std::sys_common::backtrace::_print_fmt::hd7f8fef21b4eda67
[INFO] [stdout]                                at /rustc/0e09125c6c3c2fd70d7de961bcf0e51575235fad/library/std/src/sys_common/backtrace.rs:68:5
[INFO] [stdout]    3:     0x5598c4a870a6 - <std::sys_common::backtrace::_print::DisplayBacktrace as core::fmt::Display>::fmt::h623d9b51f2f453f1
[INFO] [stdout]                                at /rustc/0e09125c6c3c2fd70d7de961bcf0e51575235fad/library/std/src/sys_common/backtrace.rs:44:22
[INFO] [stdout]    4:     0x5598c4ab2940 - core::fmt::rt::Argument::fmt::h9f417ac76a86f368
[INFO] [stdout]                                at /rustc/0e09125c6c3c2fd70d7de961bcf0e51575235fad/library/core/src/fmt/rt.rs:142:9
[INFO] [stdout]    5:     0x5598c4ab2940 - core::fmt::write::hc9b6faf4ac2aeff7
[INFO] [stdout]                                at /rustc/0e09125c6c3c2fd70d7de961bcf0e51575235fad/library/core/src/fmt/mod.rs:1120:17
[INFO] [stdout]    6:     0x5598c4a844bf - std::io::Write::write_fmt::he04625a3a989fec3
[INFO] [stdout]                                at /rustc/0e09125c6c3c2fd70d7de961bcf0e51575235fad/library/std/src/io/mod.rs:1810:15
[INFO] [stdout]    7:     0x5598c4a86e84 - std::sys_common::backtrace::_print::hd5d66399c7df88a2
[INFO] [stdout]                                at /rustc/0e09125c6c3c2fd70d7de961bcf0e51575235fad/library/std/src/sys_common/backtrace.rs:47:5
[INFO] [stdout]    8:     0x5598c4a86e84 - std::sys_common::backtrace::print::he81ed2da642d37e5
[INFO] [stdout]                                at /rustc/0e09125c6c3c2fd70d7de961bcf0e51575235fad/library/std/src/sys_common/backtrace.rs:34:9
[INFO] [stdout]    9:     0x5598c4a88bf7 - std::panicking::default_hook::{{closure}}::h85773f4fa117163d
[INFO] [stdout]   10:     0x5598c4a888dd - std::panicking::default_hook::h6a1694a91d09b278
[INFO] [stdout]                                at /rustc/0e09125c6c3c2fd70d7de961bcf0e51575235fad/library/std/src/panicking.rs:289:9
[INFO] [stdout]   11:     0x5598c46b3b87 - <alloc::boxed::Box<F,A> as core::ops::function::Fn<Args>>::call::h616ac37fa3cd6c8f
[INFO] [stdout]                                at /rustc/0e09125c6c3c2fd70d7de961bcf0e51575235fad/library/alloc/src/boxed.rs:2029:9
[INFO] [stdout]   12:     0x5598c46b3b87 - test::test_main::{{closure}}::h00d84697cefdcbb6
[INFO] [stdout]                                at /rustc/0e09125c6c3c2fd70d7de961bcf0e51575235fad/library/test/src/lib.rs:138:21
[INFO] [stdout]   13:     0x5598c4a89216 - <alloc::boxed::Box<F,A> as core::ops::function::Fn<Args>>::call::hcb3fe3b9bb537ba8
[INFO] [stdout]                                at /rustc/0e09125c6c3c2fd70d7de961bcf0e51575235fad/library/alloc/src/boxed.rs:2029:9
[INFO] [stdout]   14:     0x5598c4a89216 - std::panicking::rust_panic_with_hook::h0a7ad96e90f7145b
[INFO] [stdout]                                at /rustc/0e09125c6c3c2fd70d7de961bcf0e51575235fad/library/std/src/panicking.rs:783:13
[INFO] [stdout]   15:     0x5598c4a88f62 - std::panicking::begin_panic_handler::{{closure}}::h7919090525c6485e
[INFO] [stdout]                                at /rustc/0e09125c6c3c2fd70d7de961bcf0e51575235fad/library/std/src/panicking.rs:657:13
[INFO] [stdout]   16:     0x5598c4a875a6 - std::sys_common::backtrace::__rust_end_short_backtrace::hf3289479464f7dfe
[INFO] [stdout]                                at /rustc/0e09125c6c3c2fd70d7de961bcf0e51575235fad/library/std/src/sys_common/backtrace.rs:171:18
[INFO] [stdout]   17:     0x5598c4a88cc0 - rust_begin_unwind
[INFO] [stdout]                                at /rustc/0e09125c6c3c2fd70d7de961bcf0e51575235fad/library/std/src/panicking.rs:645:5
[INFO] [stdout]   18:     0x5598c45736b5 - core::panicking::panic_fmt::hcc9f77c5c132af55
[INFO] [stdout]                                at /rustc/0e09125c6c3c2fd70d7de961bcf0e51575235fad/library/core/src/panicking.rs:72:14
[INFO] [stdout]   19:     0x5598c4573c93 - core::result::unwrap_failed::hbe14f498be1452f9
[INFO] [stdout]                                at /rustc/0e09125c6c3c2fd70d7de961bcf0e51575235fad/library/core/src/result.rs:1649:5
[INFO] [stdout]   20:     0x5598c4630f98 - core::result::Result<T,E>::expect::hfa7f3f1d84f77c32
[INFO] [stdout]                                at /rustc/0e09125c6c3c2fd70d7de961bcf0e51575235fad/library/core/src/result.rs:1030:23
[INFO] [stdout]   21:     0x5598c4616c10 - fhir_bench_orchestrator::sample_data::tests::iter_orgs::{{closure}}::test_impl::{{closure}}::{{closure}}::hb484f611366929bf
[INFO] [stdout]                                at /opt/rustwide/workdir/fhir-bench-orchestrator/src/sample_data.rs:434:27
[INFO] [stdout]   22:     0x5598c4616692 - fhir_bench_orchestrator::sample_data::tests::iter_orgs::{{closure}}::test_impl::{{closure}}::h1b5f4365f9d9018e
[INFO] [stdout]                                at /opt/rustwide/workdir/fhir-bench-orchestrator/src/sample_data.rs:428:5
[INFO] [stdout]   23:     0x5598c4615c2f - fhir_bench_orchestrator::sample_data::tests::iter_orgs::{{closure}}::h48e5842405de0ba2
[INFO] [stdout]                                at /opt/rustwide/workdir/fhir-bench-orchestrator/src/sample_data.rs:429:5
[INFO] [stdout]   24:     0x5598c460684b - <core::pin::Pin<P> as core::future::future::Future>::poll::h36d8b28a740ba515
[INFO] [stdout]                                at /rustc/0e09125c6c3c2fd70d7de961bcf0e51575235fad/library/core/src/future/future.rs:124:9
[INFO] [stdout]   25:     0x5598c458bbf4 - tokio::runtime::basic_scheduler::Inner<P>::block_on::{{closure}}::{{closure}}::hd80d8be3823671e2
[INFO] [stdout]                                at /opt/rustwide/cargo-home/registry/src/index.crates.io-6f17d22bba15001f/tokio-1.12.0/src/runtime/basic_scheduler.rs:230:62
[INFO] [stdout]   26:     0x5598c461fc40 - tokio::coop::with_budget::{{closure}}::h655e4fdec9a8a057
[INFO] [stdout]                                at /opt/rustwide/cargo-home/registry/src/index.crates.io-6f17d22bba15001f/tokio-1.12.0/src/coop.rs:106:9
[INFO] [stdout]   27:     0x5598c45f16fe - std::thread::local::LocalKey<T>::try_with::ha6ad91fb89c4b4e0
[INFO] [stdout]                                at /rustc/0e09125c6c3c2fd70d7de961bcf0e51575235fad/library/std/src/thread/local.rs:270:16
[INFO] [stdout]   28:     0x5598c45ed0ba - std::thread::local::LocalKey<T>::with::h3f93c68d15c2d2bb
[INFO] [stdout]                                at /rustc/0e09125c6c3c2fd70d7de961bcf0e51575235fad/library/std/src/thread/local.rs:246:9
[INFO] [stdout]   29:     0x5598c458a75c - tokio::coop::with_budget::h780785ccd026f325
[INFO] [stdout]                                at /opt/rustwide/cargo-home/registry/src/index.crates.io-6f17d22bba15001f/tokio-1.12.0/src/coop.rs:99:5
[INFO] [stdout]   30:     0x5598c458a75c - tokio::coop::budget::h4a43f522493d5386
[INFO] [stdout]                                at /opt/rustwide/cargo-home/registry/src/index.crates.io-6f17d22bba15001f/tokio-1.12.0/src/coop.rs:76:5
[INFO] [stdout]   31:     0x5598c458a75c - tokio::runtime::basic_scheduler::Inner<P>::block_on::{{closure}}::hf8b2c7011f2343c6
[INFO] [stdout]                                at /opt/rustwide/cargo-home/registry/src/index.crates.io-6f17d22bba15001f/tokio-1.12.0/src/runtime/basic_scheduler.rs:230:39
[INFO] [stdout]   32:     0x5598c4592c01 - tokio::runtime::basic_scheduler::enter::{{closure}}::h2ef75e20b669c6fa
[INFO] [stdout]                                at /opt/rustwide/cargo-home/registry/src/index.crates.io-6f17d22bba15001f/tokio-1.12.0/src/runtime/basic_scheduler.rs:339:29
[INFO] [stdout]   33:     0x5598c45b7697 - tokio::macros::scoped_tls::ScopedKey<T>::set::h9d5452de00962227
[INFO] [stdout]                                at /opt/rustwide/cargo-home/registry/src/index.crates.io-6f17d22bba15001f/tokio-1.12.0/src/macros/scoped_tls.rs:61:9
[INFO] [stdout]   34:     0x5598c459275d - tokio::runtime::basic_scheduler::enter::hbc248ba1ccb2c95a
[INFO] [stdout]                                at /opt/rustwide/cargo-home/registry/src/index.crates.io-6f17d22bba15001f/tokio-1.12.0/src/runtime/basic_scheduler.rs:339:5
[INFO] [stdout]   35:     0x5598c458151b - tokio::runtime::basic_scheduler::Inner<P>::block_on::h56c1124f7a85b787
[INFO] [stdout]                                at /opt/rustwide/cargo-home/registry/src/index.crates.io-6f17d22bba15001f/tokio-1.12.0/src/runtime/basic_scheduler.rs:218:9
[INFO] [stdout]   36:     0x5598c458c18e - tokio::runtime::basic_scheduler::InnerGuard<P>::block_on::h7a940fc774796e2f
[INFO] [stdout]                                at /opt/rustwide/cargo-home/registry/src/index.crates.io-6f17d22bba15001f/tokio-1.12.0/src/runtime/basic_scheduler.rs:489:9
[INFO] [stdout]   37:     0x5598c458deaa - tokio::runtime::basic_scheduler::BasicScheduler<P>::block_on::h8b48feaece711c5d
[INFO] [stdout]                                at /opt/rustwide/cargo-home/registry/src/index.crates.io-6f17d22bba15001f/tokio-1.12.0/src/runtime/basic_scheduler.rs:178:24
[INFO] [stdout]   38:     0x5598c45d5843 - tokio::runtime::Runtime::block_on::h129925f13bd264c2
[INFO] [stdout]                                at /opt/rustwide/cargo-home/registry/src/index.crates.io-6f17d22bba15001f/tokio-1.12.0/src/runtime/mod.rs:461:46
[INFO] [stdout]   39:     0x5598c461572e - fhir_bench_orchestrator::sample_data::tests::iter_orgs::h96b4750f69b0085f
[INFO] [stdout]                                at /opt/rustwide/workdir/fhir-bench-orchestrator/src/sample_data.rs:429:5
[INFO] [stdout]   40:     0x5598c4615607 - fhir_bench_orchestrator::sample_data::tests::iter_orgs::{{closure}}::h7a08ba04d7059f53
[INFO] [stdout]                                at /opt/rustwide/workdir/fhir-bench-orchestrator/src/sample_data.rs:429:39
[INFO] [stdout]   41:     0x5598c45fea16 - core::ops::function::FnOnce::call_once::h67968763d7c6cac8
[INFO] [stdout]                                at /rustc/0e09125c6c3c2fd70d7de961bcf0e51575235fad/library/core/src/ops/function.rs:250:5
[INFO] [stdout]   42:     0x5598c46b945f - core::ops::function::FnOnce::call_once::hd64d26f405258157
[INFO] [stdout]                                at /rustc/0e09125c6c3c2fd70d7de961bcf0e51575235fad/library/core/src/ops/function.rs:250:5
[INFO] [stdout]   43:     0x5598c46b945f - test::__rust_begin_short_backtrace::he21b0b7a6d731bf9
[INFO] [stdout]                                at /rustc/0e09125c6c3c2fd70d7de961bcf0e51575235fad/library/test/src/lib.rs:627:18
[INFO] [stdout]   44:     0x5598c46b81e1 - test::run_test_in_process::{{closure}}::hf5c73986d7bdfde2
[INFO] [stdout]                                at /rustc/0e09125c6c3c2fd70d7de961bcf0e51575235fad/library/test/src/lib.rs:650:60
[INFO] [stdout]   45:     0x5598c46b81e1 - <core::panic::unwind_safe::AssertUnwindSafe<F> as core::ops::function::FnOnce<()>>::call_once::h330011ad032aadc0
[INFO] [stdout]                                at /rustc/0e09125c6c3c2fd70d7de961bcf0e51575235fad/library/core/src/panic/unwind_safe.rs:272:9
[INFO] [stdout]   46:     0x5598c46b81e1 - std::panicking::try::do_call::he61b0a958b795a41
[INFO] [stdout]                                at /rustc/0e09125c6c3c2fd70d7de961bcf0e51575235fad/library/std/src/panicking.rs:552:40
[INFO] [stdout]   47:     0x5598c46b81e1 - std::panicking::try::h7309da130f906eb7
[INFO] [stdout]                                at /rustc/0e09125c6c3c2fd70d7de961bcf0e51575235fad/library/std/src/panicking.rs:516:19
[INFO] [stdout]   48:     0x5598c46b81e1 - std::panic::catch_unwind::hc5c3a06fdaf0a92a
[INFO] [stdout]                                at /rustc/0e09125c6c3c2fd70d7de961bcf0e51575235fad/library/std/src/panic.rs:142:14
[INFO] [stdout]   49:     0x5598c46b81e1 - test::run_test_in_process::h7e7b7c71c3324e0f
[INFO] [stdout]                                at /rustc/0e09125c6c3c2fd70d7de961bcf0e51575235fad/library/test/src/lib.rs:650:27
[INFO] [stdout]   50:     0x5598c46b81e1 - test::run_test::{{closure}}::h1f509f28f5cf20b1
[INFO] [stdout]                                at /rustc/0e09125c6c3c2fd70d7de961bcf0e51575235fad/library/test/src/lib.rs:573:43
[INFO] [stdout]   51:     0x5598c467f516 - test::run_test::{{closure}}::h1754218abf443f6d
[INFO] [stdout]                                at /rustc/0e09125c6c3c2fd70d7de961bcf0e51575235fad/library/test/src/lib.rs:601:41
[INFO] [stdout]   52:     0x5598c467f516 - std::sys_common::backtrace::__rust_begin_short_backtrace::h2ee174b9d5954948
[INFO] [stdout]                                at /rustc/0e09125c6c3c2fd70d7de961bcf0e51575235fad/library/std/src/sys_common/backtrace.rs:155:18
[INFO] [stdout]   53:     0x5598c4684577 - std::thread::Builder::spawn_unchecked_::{{closure}}::{{closure}}::hf60bee9c1a17ef09
[INFO] [stdout]                                at /rustc/0e09125c6c3c2fd70d7de961bcf0e51575235fad/library/std/src/thread/mod.rs:529:17
[INFO] [stdout]   54:     0x5598c4684577 - <core::panic::unwind_safe::AssertUnwindSafe<F> as core::ops::function::FnOnce<()>>::call_once::h33d0dddec5216160
[INFO] [stdout]                                at /rustc/0e09125c6c3c2fd70d7de961bcf0e51575235fad/library/core/src/panic/unwind_safe.rs:272:9
[INFO] [stdout]   55:     0x5598c4684577 - std::panicking::try::do_call::h144b3048b546f835
[INFO] [stdout]                                at /rustc/0e09125c6c3c2fd70d7de961bcf0e51575235fad/library/std/src/panicking.rs:552:40
[INFO] [stdout]   56:     0x5598c4684577 - std::panicking::try::h978244d04646189f
[INFO] [stdout]                                at /rustc/0e09125c6c3c2fd70d7de961bcf0e51575235fad/library/std/src/panicking.rs:516:19
[INFO] [stdout]   57:     0x5598c4684577 - std::panic::catch_unwind::hdf436369d188fe86
[INFO] [stdout]                                at /rustc/0e09125c6c3c2fd70d7de961bcf0e51575235fad/library/std/src/panic.rs:142:14
[INFO] [stdout]   58:     0x5598c4684577 - std::thread::Builder::spawn_unchecked_::{{closure}}::h87329cbdd33c79ec
[INFO] [stdout]                                at /rustc/0e09125c6c3c2fd70d7de961bcf0e51575235fad/library/std/src/thread/mod.rs:528:30
[INFO] [stdout]   59:     0x5598c4684577 - core::ops::function::FnOnce::call_once{{vtable.shim}}::h401abbe67897d450
[INFO] [stdout]                                at /rustc/0e09125c6c3c2fd70d7de961bcf0e51575235fad/library/core/src/ops/function.rs:250:5
[INFO] [stdout]   60:     0x5598c4a8eb75 - <alloc::boxed::Box<F,A> as core::ops::function::FnOnce<Args>>::call_once::h5d7c8f150ab9c84c
[INFO] [stdout]                                at /rustc/0e09125c6c3c2fd70d7de961bcf0e51575235fad/library/alloc/src/boxed.rs:2015:9
[INFO] [stdout]   61:     0x5598c4a8eb75 - <alloc::boxed::Box<F,A> as core::ops::function::FnOnce<Args>>::call_once::h570d5b005c242c15
[INFO] [stdout]                                at /rustc/0e09125c6c3c2fd70d7de961bcf0e51575235fad/library/alloc/src/boxed.rs:2015:9
[INFO] [stdout]   62:     0x5598c4a8eb75 - std::sys::unix::thread::Thread::new::thread_start::h36b0a20c0b2361ad
[INFO] [stdout]                                at /rustc/0e09125c6c3c2fd70d7de961bcf0e51575235fad/library/std/src/sys/unix/thread.rs:108:17
[INFO] [stdout]   63:     0x7f8540152ac3 - <unknown>
[INFO] [stdout]   64:     0x7f85401e3bf4 - __clone
[INFO] [stdout]   65:                0x0 - <unknown>
[INFO] [stdout] 
[INFO] [stdout] 
[INFO] [stdout] failures:
[INFO] [stdout]     sample_data::tests::generate_data
[INFO] [stdout]     sample_data::tests::iter_orgs
[INFO] [stdout] 
[INFO] [stdout] test result: FAILED. 11 passed; 2 failed; 0 ignored; 0 measured; 0 filtered out; finished in 0.06s
[INFO] [stdout] 
[INFO] [stderr] error: test failed, to rerun pass `--lib`
[INFO] running `Command { std: "docker" "inspect" "25bda68f88531c5e93fe588387f45f393c2887e13c156d3006141a98d53584d0", kill_on_drop: false }`
[INFO] running `Command { std: "docker" "rm" "-f" "25bda68f88531c5e93fe588387f45f393c2887e13c156d3006141a98d53584d0", kill_on_drop: false }`
[INFO] [stdout] 25bda68f88531c5e93fe588387f45f393c2887e13c156d3006141a98d53584d0
