[INFO] cloning repository https://github.com/kareldewitte/sap_roche_time_parser
[INFO] running `Command { std: "git" "-c" "credential.helper=" "-c" "credential.helper=/workspace/cargo-home/bin/git-credential-null" "clone" "--bare" "https://github.com/kareldewitte/sap_roche_time_parser" "/workspace/cache/git-repos/https%3A%2F%2Fgithub.com%2Fkareldewitte%2Fsap_roche_time_parser", kill_on_drop: false }`
[INFO] [stderr] Cloning into bare repository '/workspace/cache/git-repos/https%3A%2F%2Fgithub.com%2Fkareldewitte%2Fsap_roche_time_parser'...
[INFO] running `Command { std: "git" "rev-parse" "HEAD", kill_on_drop: false }`
[INFO] [stdout] 471d98a7eab01475b0521f6ebec8bee72ac0dbb5
[INFO] testing kareldewitte/sap_roche_time_parser against 1.75.0 for beta-1.76-1
[INFO] running `Command { std: "git" "clone" "/workspace/cache/git-repos/https%3A%2F%2Fgithub.com%2Fkareldewitte%2Fsap_roche_time_parser" "/workspace/builds/worker-6-tc1/source", kill_on_drop: false }`
[INFO] [stderr] Cloning into '/workspace/builds/worker-6-tc1/source'...
[INFO] [stderr] done.
[INFO] validating manifest of git repo https://github.com/kareldewitte/sap_roche_time_parser on toolchain 1.75.0
[INFO] running `Command { std: CARGO_HOME="/workspace/cargo-home" RUSTUP_HOME="/workspace/rustup-home" "/workspace/cargo-home/bin/cargo" "+1.75.0" "metadata" "--manifest-path" "Cargo.toml" "--no-deps", kill_on_drop: false }`
[INFO] started tweaking git repo https://github.com/kareldewitte/sap_roche_time_parser
[INFO] finished tweaking git repo https://github.com/kareldewitte/sap_roche_time_parser
[INFO] tweaked toml for git repo https://github.com/kareldewitte/sap_roche_time_parser written to /workspace/builds/worker-6-tc1/source/Cargo.toml
[INFO] crate git repo https://github.com/kareldewitte/sap_roche_time_parser already has a lockfile, it will not be regenerated
[INFO] running `Command { std: CARGO_HOME="/workspace/cargo-home" RUSTUP_HOME="/workspace/rustup-home" "/workspace/cargo-home/bin/cargo" "+1.75.0" "fetch" "--manifest-path" "Cargo.toml", kill_on_drop: false }`
[INFO] [stderr]     Updating crates.io index
[INFO] [stderr]  Downloading crates ...
[INFO] [stderr]   Downloaded lopdf v0.31.0
[INFO] running `Command { std: "docker" "create" "-v" "/var/lib/crater-agent-workspace/builds/worker-6-tc1/target:/opt/rustwide/target:rw,Z" "-v" "/var/lib/crater-agent-workspace/builds/worker-6-tc1/source:/opt/rustwide/workdir:ro,Z" "-v" "/var/lib/crater-agent-workspace/cargo-home:/opt/rustwide/cargo-home:ro,Z" "-v" "/var/lib/crater-agent-workspace/rustup-home:/opt/rustwide/rustup-home:ro,Z" "-e" "SOURCE_DIR=/opt/rustwide/workdir" "-e" "CARGO_TARGET_DIR=/opt/rustwide/target" "-e" "CARGO_HOME=/opt/rustwide/cargo-home" "-e" "RUSTUP_HOME=/opt/rustwide/rustup-home" "-w" "/opt/rustwide/workdir" "-m" "1610612736" "--user" "0:0" "--network" "none" "ghcr.io/rust-lang/crates-build-env/linux@sha256:2788e3201cd34a07e3172128adcd8b3090168a8e3bcc40d7c032b9dda1df7d1c" "/opt/rustwide/cargo-home/bin/cargo" "+1.75.0" "metadata" "--no-deps" "--format-version=1", kill_on_drop: false }`
[INFO] [stdout] a6c24a00e9b90c96431c19263edab638de17117c3ae3bc0fffff49b037d3b8fa
[INFO] running `Command { std: "docker" "start" "-a" "a6c24a00e9b90c96431c19263edab638de17117c3ae3bc0fffff49b037d3b8fa", kill_on_drop: false }`
[INFO] running `Command { std: "docker" "inspect" "a6c24a00e9b90c96431c19263edab638de17117c3ae3bc0fffff49b037d3b8fa", kill_on_drop: false }`
[INFO] running `Command { std: "docker" "rm" "-f" "a6c24a00e9b90c96431c19263edab638de17117c3ae3bc0fffff49b037d3b8fa", kill_on_drop: false }`
[INFO] [stdout] a6c24a00e9b90c96431c19263edab638de17117c3ae3bc0fffff49b037d3b8fa
[INFO] running `Command { std: "docker" "create" "-v" "/var/lib/crater-agent-workspace/builds/worker-6-tc1/target:/opt/rustwide/target:rw,Z" "-v" "/var/lib/crater-agent-workspace/builds/worker-6-tc1/source:/opt/rustwide/workdir:ro,Z" "-v" "/var/lib/crater-agent-workspace/cargo-home:/opt/rustwide/cargo-home:ro,Z" "-v" "/var/lib/crater-agent-workspace/rustup-home:/opt/rustwide/rustup-home:ro,Z" "-e" "SOURCE_DIR=/opt/rustwide/workdir" "-e" "CARGO_TARGET_DIR=/opt/rustwide/target" "-e" "CARGO_INCREMENTAL=0" "-e" "RUST_BACKTRACE=full" "-e" "RUSTFLAGS=--cap-lints=warn" "-e" "RUSTDOCFLAGS=--cap-lints=warn" "-e" "CARGO_HOME=/opt/rustwide/cargo-home" "-e" "RUSTUP_HOME=/opt/rustwide/rustup-home" "-w" "/opt/rustwide/workdir" "-m" "1610612736" "--user" "0:0" "--network" "none" "ghcr.io/rust-lang/crates-build-env/linux@sha256:2788e3201cd34a07e3172128adcd8b3090168a8e3bcc40d7c032b9dda1df7d1c" "/opt/rustwide/cargo-home/bin/cargo" "+1.75.0" "build" "--frozen" "--message-format=json", kill_on_drop: false }`
[INFO] [stdout] fc09ba6576a23e38d591ff0e085fe95b16e1455d08fe7a5935bc646cb7058f83
[INFO] running `Command { std: "docker" "start" "-a" "fc09ba6576a23e38d591ff0e085fe95b16e1455d08fe7a5935bc646cb7058f83", kill_on_drop: false }`
[INFO] [stderr]    Compiling autocfg v1.1.0
[INFO] [stderr]    Compiling wasm-bindgen-shared v0.2.87
[INFO] [stderr]    Compiling log v0.4.20
[INFO] [stderr]    Compiling crossbeam-utils v0.8.16
[INFO] [stderr]    Compiling once_cell v1.18.0
[INFO] [stderr]    Compiling bumpalo v3.13.0
[INFO] [stderr]    Compiling libc v0.2.147
[INFO] [stderr]    Compiling quote v1.0.33
[INFO] [stderr]    Compiling syn v2.0.29
[INFO] [stderr]    Compiling wasm-bindgen v0.2.87
[INFO] [stderr]    Compiling scopeguard v1.2.0
[INFO] [stderr]    Compiling memchr v2.5.0
[INFO] [stderr]    Compiling rayon-core v1.11.0
[INFO] [stderr]    Compiling memoffset v0.9.0
[INFO] [stderr]    Compiling crossbeam-epoch v0.9.15
[INFO] [stderr]    Compiling num-traits v0.2.16
[INFO] [stderr]    Compiling crc32fast v1.3.2
[INFO] [stderr]    Compiling adler v1.0.2
[INFO] [stderr]    Compiling crossbeam-channel v0.5.8
[INFO] [stderr]    Compiling itoa v1.0.9
[INFO] [stderr]    Compiling time-core v0.1.1
[INFO] [stderr]    Compiling serde v1.0.183
[INFO] [stderr]    Compiling time-macros v0.2.11
[INFO] [stderr]    Compiling crossbeam-deque v0.8.3
[INFO] [stderr]    Compiling num_cpus v1.16.0
[INFO] [stderr]    Compiling miniz_oxide v0.7.1
[INFO] [stderr]    Compiling either v1.9.0
[INFO] [stderr]    Compiling serde_derive v1.0.183
[INFO] [stderr]    Compiling iana-time-zone v0.1.57
[INFO] [stderr]    Compiling deranged v0.3.7
[INFO] [stderr]    Compiling minimal-lexical v0.2.1
[INFO] [stderr]    Compiling serde_json v1.0.105
[INFO] [stderr]    Compiling rayon v1.7.0
[INFO] [stderr]    Compiling nom v7.1.3
[INFO] [stderr]    Compiling chrono v0.4.26
[INFO] [stderr]    Compiling flate2 v1.0.27
[INFO] [stderr]    Compiling time v0.3.25
[INFO] [stderr]    Compiling wasm-bindgen-backend v0.2.87
[INFO] [stderr]    Compiling encoding_rs v0.8.32
[INFO] [stderr]    Compiling wasm-bindgen-macro-support v0.2.87
[INFO] [stderr]    Compiling ryu v1.0.15
[INFO] [stderr]    Compiling linked-hash-map v0.5.3
[INFO] [stderr]    Compiling md5 v0.7.0
[INFO] [stderr]    Compiling weezl v0.1.7
[INFO] [stderr]    Compiling lopdf v0.31.0
[INFO] [stderr]    Compiling wasm-bindgen-macro v0.2.87
[INFO] [stderr]    Compiling js-sys v0.3.64
[INFO] [stderr]    Compiling console_error_panic_hook v0.1.7
[INFO] [stderr]    Compiling web-sys v0.3.64
[INFO] [stderr]    Compiling sap_time_extractor v0.1.0 (/opt/rustwide/workdir)
[INFO] [stdout] warning: unused import: `js_sys::ArrayBuffer`
[INFO] [stdout]  --> src/lib.rs:3:5
[INFO] [stdout]   |
[INFO] [stdout] 3 | use js_sys::ArrayBuffer;
[INFO] [stdout]   |     ^^^^^^^^^^^^^^^^^^^
[INFO] [stdout]   |
[INFO] [stdout]   = note: `#[warn(unused_imports)]` on by default
[INFO] [stdout] 
[INFO] [stdout] 
[INFO] [stdout] warning: unused import: `time::Time`
[INFO] [stdout]  --> src/lib.rs:4:5
[INFO] [stdout]   |
[INFO] [stdout] 4 | use time::Time;
[INFO] [stdout]   |     ^^^^^^^^^^
[INFO] [stdout] 
[INFO] [stdout] 
[INFO] [stdout] warning: unused import: `web_sys::Blob`
[INFO] [stdout]  --> src/lib.rs:7:5
[INFO] [stdout]   |
[INFO] [stdout] 7 | use web_sys::Blob;
[INFO] [stdout]   |     ^^^^^^^^^^^^^
[INFO] [stdout] 
[INFO] [stdout] 
[INFO] [stdout] warning: unused import: `serde_json::Result`
[INFO] [stdout]  --> src/lib.rs:9:5
[INFO] [stdout]   |
[INFO] [stdout] 9 | use serde_json::Result;
[INFO] [stdout]   |     ^^^^^^^^^^^^^^^^^^
[INFO] [stdout] 
[INFO] [stdout] 
[INFO] [stdout] warning: unused import: `std::any`
[INFO] [stdout]    --> src/lib.rs:141:6
[INFO] [stdout]     |
[INFO] [stdout] 141 |     use std::any;
[INFO] [stdout]     |         ^^^^^^^^
[INFO] [stdout] 
[INFO] [stdout] 
[INFO] [stdout] warning: unused imports: `combinator::opt`, `complete::take`, `count`, `digit0`, `many1`, `multispace0`, `pair`, `preceded`, `space1`, `take_while1`
[INFO] [stdout]    --> src/lib.rs:142:94
[INFO] [stdout]     |
[INFO] [stdout] 142 | ...l, take_while1}, sequence::{tuple, separated_pair, pair, preceded}, combinator::opt, character::complete::{alpha1, digit1, multispace0, space0, space1, digit0, anychar, newline, not_line_ending}, complete::take, multi::{count, many0, many1}, ...
[INFO] [stdout]     |       ^^^^^^^^^^^                                     ^^^^  ^^^^^^^^   ^^^^^^^^^^^^^^^                                        ^^^^^^^^^^^          ^^^^^^  ^^^^^^                                      ^^^^^^^^^^^^^^          ^^^^^         ^^^^^
[INFO] [stdout] 
[INFO] [stdout] 
[INFO] [stdout] warning: unused import: `Parser`
[INFO] [stdout]    --> src/lib.rs:142:333
[INFO] [stdout]     |
[INFO] [stdout] 142 | ...not_line_ending}, complete::take, multi::{count, many0, many1}, Parser};
[INFO] [stdout]     |                                                                    ^^^^^^
[INFO] [stdout] 
[INFO] [stdout] 
[INFO] [stdout] warning: unused variable: `le`
[INFO] [stdout]   --> src/lib.rs:21:18
[INFO] [stdout]    |
[INFO] [stdout] 21 | pub fn read_file(le:usize, data: &[u8]) -> String {
[INFO] [stdout]    |                  ^^ help: if this is intentional, prefix it with an underscore: `_le`
[INFO] [stdout]    |
[INFO] [stdout]    = note: `#[warn(unused_variables)]` on by default
[INFO] [stdout] 
[INFO] [stdout] 
[INFO] [stdout] warning: unused variable: `res`
[INFO] [stdout]    --> src/lib.rs:170:27
[INFO] [stdout]     |
[INFO] [stdout] 170 |         .map(|(next_input,res)| (next_input,""))
[INFO] [stdout]     |                           ^^^ help: if this is intentional, prefix it with an underscore: `_res`
[INFO] [stdout] 
[INFO] [stdout] 
[INFO] [stdout] warning: unused variable: `sign`
[INFO] [stdout]    --> src/lib.rs:209:30
[INFO] [stdout]     |
[INFO] [stdout] 209 |                     let (hh, sign, mm) = res;
[INFO] [stdout]     |                              ^^^^ help: if this is intentional, prefix it with an underscore: `_sign`
[INFO] [stdout] 
[INFO] [stdout] 
[INFO] [stdout] warning: unused variable: `sp`
[INFO] [stdout]    --> src/lib.rs:237:26
[INFO] [stdout]     |
[INFO] [stdout] 237 |                     let (sp, time, nl) = res;
[INFO] [stdout]     |                          ^^ help: if this is intentional, prefix it with an underscore: `_sp`
[INFO] [stdout] 
[INFO] [stdout] 
[INFO] [stdout] warning: unused variable: `nl`
[INFO] [stdout]    --> src/lib.rs:237:36
[INFO] [stdout]     |
[INFO] [stdout] 237 |                     let (sp, time, nl) = res;
[INFO] [stdout]     |                                    ^^ help: if this is intentional, prefix it with an underscore: `_nl`
[INFO] [stdout] 
[INFO] [stdout] 
[INFO] [stdout] warning: unused variable: `ttype`
[INFO] [stdout]    --> src/lib.rs:358:17
[INFO] [stdout]     |
[INFO] [stdout] 358 |             let ttype = res.4;
[INFO] [stdout]     |                 ^^^^^ help: if this is intentional, prefix it with an underscore: `_ttype`
[INFO] [stdout] 
[INFO] [stdout] 
[INFO] [stdout] warning: unused variable: `ttype`
[INFO] [stdout]    --> src/lib.rs:386:17
[INFO] [stdout]     |
[INFO] [stdout] 386 |             let ttype = res.4;
[INFO] [stdout]     |                 ^^^^^ help: if this is intentional, prefix it with an underscore: `_ttype`
[INFO] [stdout] 
[INFO] [stdout] 
[INFO] [stdout] warning: unused variable: `res`
[INFO] [stdout]    --> src/lib.rs:496:25
[INFO] [stdout]     |
[INFO] [stdout] 496 |             .map(|(next,res)|{(next,
[INFO] [stdout]     |                         ^^^ help: if this is intentional, prefix it with an underscore: `_res`
[INFO] [stdout] 
[INFO] [stdout] 
[INFO] [stdout] warning: function `set_panic_hook` is never used
[INFO] [stdout]  --> src/utils.rs:1:8
[INFO] [stdout]   |
[INFO] [stdout] 1 | pub fn set_panic_hook() {
[INFO] [stdout]   |        ^^^^^^^^^^^^^^
[INFO] [stdout]   |
[INFO] [stdout]   = note: `#[warn(dead_code)]` on by default
[INFO] [stdout] 
[INFO] [stdout] 
[INFO] [stdout] warning: function `not_relevant` is never used
[INFO] [stdout]    --> src/lib.rs:147:5
[INFO] [stdout]     |
[INFO] [stdout] 147 |     fn not_relevant(i: &str) -> nom::IResult<&str, &str> {
[INFO] [stdout]     |        ^^^^^^^^^^^^
[INFO] [stdout] 
[INFO] [stdout] 
[INFO] [stdout] warning: function `terminal_number` is never used
[INFO] [stdout]    --> src/lib.rs:151:8
[INFO] [stdout]     |
[INFO] [stdout] 151 |     fn terminal_number(input: &str) -> nom::IResult<&str, &str> {
[INFO] [stdout]     |        ^^^^^^^^^^^^^^^
[INFO] [stdout] 
[INFO] [stdout] 
[INFO] [stdout] warning: function `terminal_slot` is never used
[INFO] [stdout]    --> src/lib.rs:159:8
[INFO] [stdout]     |
[INFO] [stdout] 159 |     fn terminal_slot(input: &str) -> nom::IResult<&str, &str> {
[INFO] [stdout]     |        ^^^^^^^^^^^^^
[INFO] [stdout] 
[INFO] [stdout] 
[INFO] [stdout] warning: function `terminal_id` is never used
[INFO] [stdout]    --> src/lib.rs:174:8
[INFO] [stdout]     |
[INFO] [stdout] 174 |     fn terminal_id(input: &str) -> nom::IResult<&str, &str> {
[INFO] [stdout]     |        ^^^^^^^^^^^
[INFO] [stdout] 
[INFO] [stdout] 
[INFO] [stdout] warning: structure field `timeType` should have a snake case name
[INFO] [stdout]    --> src/lib.rs:101:6
[INFO] [stdout]     |
[INFO] [stdout] 101 |     pub timeType: TimeType,
[INFO] [stdout]     |         ^^^^^^^^ help: convert the identifier to snake case: `time_type`
[INFO] [stdout]     |
[INFO] [stdout]     = note: `#[warn(non_snake_case)]` on by default
[INFO] [stdout] 
[INFO] [stdout] 
[INFO] [stdout] warning: function `parse_timeline__many0` should have a snake case name
[INFO] [stdout]    --> src/lib.rs:531:12
[INFO] [stdout]     |
[INFO] [stdout] 531 |     pub fn parse_timeline__many0(input: &str)-> Result<(&str, Vec<TimeLine>), nom::Err<nom::error::Error<&str>>> {
[INFO] [stdout]     |            ^^^^^^^^^^^^^^^^^^^^^ help: convert the identifier to snake case: `parse_timeline_many0`
[INFO] [stdout] 
[INFO] [stdout] 
[INFO] [stdout] warning: 22 warnings emitted
[INFO] [stdout] 
[INFO] [stdout] 
[INFO] [stderr]     Finished dev [unoptimized + debuginfo] target(s) in 9.00s
[INFO] running `Command { std: "docker" "inspect" "fc09ba6576a23e38d591ff0e085fe95b16e1455d08fe7a5935bc646cb7058f83", kill_on_drop: false }`
[INFO] running `Command { std: "docker" "rm" "-f" "fc09ba6576a23e38d591ff0e085fe95b16e1455d08fe7a5935bc646cb7058f83", kill_on_drop: false }`
[INFO] [stdout] fc09ba6576a23e38d591ff0e085fe95b16e1455d08fe7a5935bc646cb7058f83
[INFO] running `Command { std: "docker" "create" "-v" "/var/lib/crater-agent-workspace/builds/worker-6-tc1/target:/opt/rustwide/target:rw,Z" "-v" "/var/lib/crater-agent-workspace/builds/worker-6-tc1/source:/opt/rustwide/workdir:ro,Z" "-v" "/var/lib/crater-agent-workspace/cargo-home:/opt/rustwide/cargo-home:ro,Z" "-v" "/var/lib/crater-agent-workspace/rustup-home:/opt/rustwide/rustup-home:ro,Z" "-e" "SOURCE_DIR=/opt/rustwide/workdir" "-e" "CARGO_TARGET_DIR=/opt/rustwide/target" "-e" "CARGO_INCREMENTAL=0" "-e" "RUST_BACKTRACE=full" "-e" "RUSTFLAGS=--cap-lints=warn" "-e" "RUSTDOCFLAGS=--cap-lints=warn" "-e" "CARGO_HOME=/opt/rustwide/cargo-home" "-e" "RUSTUP_HOME=/opt/rustwide/rustup-home" "-w" "/opt/rustwide/workdir" "-m" "1610612736" "--user" "0:0" "--network" "none" "ghcr.io/rust-lang/crates-build-env/linux@sha256:2788e3201cd34a07e3172128adcd8b3090168a8e3bcc40d7c032b9dda1df7d1c" "/opt/rustwide/cargo-home/bin/cargo" "+1.75.0" "test" "--frozen" "--no-run" "--message-format=json", kill_on_drop: false }`
[INFO] [stdout] ca3304b4bf5763ef5acf744028677f0c64afdb08a4f876ee0e0c64940567a6b8
[INFO] running `Command { std: "docker" "start" "-a" "ca3304b4bf5763ef5acf744028677f0c64afdb08a4f876ee0e0c64940567a6b8", kill_on_drop: false }`
[INFO] [stderr]    Compiling sap_time_extractor v0.1.0 (/opt/rustwide/workdir)
[INFO] [stdout] warning: unused import: `js_sys::ArrayBuffer`
[INFO] [stdout]  --> src/lib.rs:3:5
[INFO] [stdout]   |
[INFO] [stdout] 3 | use js_sys::ArrayBuffer;
[INFO] [stdout]   |     ^^^^^^^^^^^^^^^^^^^
[INFO] [stdout]   |
[INFO] [stdout]   = note: `#[warn(unused_imports)]` on by default
[INFO] [stdout] 
[INFO] [stdout] 
[INFO] [stdout] warning: unused import: `time::Time`
[INFO] [stdout]  --> src/lib.rs:4:5
[INFO] [stdout]   |
[INFO] [stdout] 4 | use time::Time;
[INFO] [stdout]   |     ^^^^^^^^^^
[INFO] [stdout] 
[INFO] [stdout] 
[INFO] [stdout] warning: unused import: `web_sys::Blob`
[INFO] [stdout]  --> src/lib.rs:7:5
[INFO] [stdout]   |
[INFO] [stdout] 7 | use web_sys::Blob;
[INFO] [stdout]   |     ^^^^^^^^^^^^^
[INFO] [stdout] 
[INFO] [stdout] 
[INFO] [stdout] warning: unused import: `serde_json::Result`
[INFO] [stdout]  --> src/lib.rs:9:5
[INFO] [stdout]   |
[INFO] [stdout] 9 | use serde_json::Result;
[INFO] [stdout]   |     ^^^^^^^^^^^^^^^^^^
[INFO] [stdout] 
[INFO] [stdout] 
[INFO] [stdout] warning: unused import: `std::any`
[INFO] [stdout]    --> src/lib.rs:141:6
[INFO] [stdout]     |
[INFO] [stdout] 141 |     use std::any;
[INFO] [stdout]     |         ^^^^^^^^
[INFO] [stdout] 
[INFO] [stdout] 
[INFO] [stdout] warning: unused imports: `combinator::opt`, `complete::take`, `count`, `digit0`, `many1`, `multispace0`, `pair`, `preceded`, `space1`, `take_while1`
[INFO] [stdout]    --> src/lib.rs:142:94
[INFO] [stdout]     |
[INFO] [stdout] 142 | ...l, take_while1}, sequence::{tuple, separated_pair, pair, preceded}, combinator::opt, character::complete::{alpha1, digit1, multispace0, space0, space1, digit0, anychar, newline, not_line_ending}, complete::take, multi::{count, many0, many1}, ...
[INFO] [stdout]     |       ^^^^^^^^^^^                                     ^^^^  ^^^^^^^^   ^^^^^^^^^^^^^^^                                        ^^^^^^^^^^^          ^^^^^^  ^^^^^^                                      ^^^^^^^^^^^^^^          ^^^^^         ^^^^^
[INFO] [stdout] 
[INFO] [stdout] 
[INFO] [stdout] warning: unused import: `Parser`
[INFO] [stdout]    --> src/lib.rs:142:333
[INFO] [stdout]     |
[INFO] [stdout] 142 | ...not_line_ending}, complete::take, multi::{count, many0, many1}, Parser};
[INFO] [stdout]     |                                                                    ^^^^^^
[INFO] [stdout] 
[INFO] [stdout] 
[INFO] [stdout] warning: unused variable: `le`
[INFO] [stdout]   --> src/lib.rs:21:18
[INFO] [stdout]    |
[INFO] [stdout] 21 | pub fn read_file(le:usize, data: &[u8]) -> String {
[INFO] [stdout]    |                  ^^ help: if this is intentional, prefix it with an underscore: `_le`
[INFO] [stdout]    |
[INFO] [stdout]    = note: `#[warn(unused_variables)]` on by default
[INFO] [stdout] 
[INFO] [stdout] 
[INFO] [stdout] warning: unused variable: `res`
[INFO] [stdout]    --> src/lib.rs:170:27
[INFO] [stdout]     |
[INFO] [stdout] 170 |         .map(|(next_input,res)| (next_input,""))
[INFO] [stdout]     |                           ^^^ help: if this is intentional, prefix it with an underscore: `_res`
[INFO] [stdout] 
[INFO] [stdout] 
[INFO] [stdout] warning: unused variable: `sign`
[INFO] [stdout]    --> src/lib.rs:209:30
[INFO] [stdout]     |
[INFO] [stdout] 209 |                     let (hh, sign, mm) = res;
[INFO] [stdout]     |                              ^^^^ help: if this is intentional, prefix it with an underscore: `_sign`
[INFO] [stdout] 
[INFO] [stdout] 
[INFO] [stdout] warning: unused variable: `sp`
[INFO] [stdout]    --> src/lib.rs:237:26
[INFO] [stdout]     |
[INFO] [stdout] 237 |                     let (sp, time, nl) = res;
[INFO] [stdout]     |                          ^^ help: if this is intentional, prefix it with an underscore: `_sp`
[INFO] [stdout] 
[INFO] [stdout] 
[INFO] [stdout] warning: unused variable: `nl`
[INFO] [stdout]    --> src/lib.rs:237:36
[INFO] [stdout]     |
[INFO] [stdout] 237 |                     let (sp, time, nl) = res;
[INFO] [stdout]     |                                    ^^ help: if this is intentional, prefix it with an underscore: `_nl`
[INFO] [stdout] 
[INFO] [stdout] 
[INFO] [stdout] warning: unused variable: `ttype`
[INFO] [stdout]    --> src/lib.rs:358:17
[INFO] [stdout]     |
[INFO] [stdout] 358 |             let ttype = res.4;
[INFO] [stdout]     |                 ^^^^^ help: if this is intentional, prefix it with an underscore: `_ttype`
[INFO] [stdout] 
[INFO] [stdout] 
[INFO] [stdout] warning: unused variable: `ttype`
[INFO] [stdout]    --> src/lib.rs:386:17
[INFO] [stdout]     |
[INFO] [stdout] 386 |             let ttype = res.4;
[INFO] [stdout]     |                 ^^^^^ help: if this is intentional, prefix it with an underscore: `_ttype`
[INFO] [stdout] 
[INFO] [stdout] 
[INFO] [stdout] warning: unused variable: `res`
[INFO] [stdout]    --> src/lib.rs:496:25
[INFO] [stdout]     |
[INFO] [stdout] 496 |             .map(|(next,res)|{(next,
[INFO] [stdout]     |                         ^^^ help: if this is intentional, prefix it with an underscore: `_res`
[INFO] [stdout] 
[INFO] [stdout] 
[INFO] [stdout] warning: function `set_panic_hook` is never used
[INFO] [stdout]  --> src/utils.rs:1:8
[INFO] [stdout]   |
[INFO] [stdout] 1 | pub fn set_panic_hook() {
[INFO] [stdout]   |        ^^^^^^^^^^^^^^
[INFO] [stdout]   |
[INFO] [stdout]   = note: `#[warn(dead_code)]` on by default
[INFO] [stdout] 
[INFO] [stdout] 
[INFO] [stdout] warning: function `terminal_slot` is never used
[INFO] [stdout]    --> src/lib.rs:159:8
[INFO] [stdout]     |
[INFO] [stdout] 159 |     fn terminal_slot(input: &str) -> nom::IResult<&str, &str> {
[INFO] [stdout]     |        ^^^^^^^^^^^^^
[INFO] [stdout] 
[INFO] [stdout] 
[INFO] [stdout] warning: function `terminal_id` is never used
[INFO] [stdout]    --> src/lib.rs:174:8
[INFO] [stdout]     |
[INFO] [stdout] 174 |     fn terminal_id(input: &str) -> nom::IResult<&str, &str> {
[INFO] [stdout]     |        ^^^^^^^^^^^
[INFO] [stdout] 
[INFO] [stdout] 
[INFO] [stdout] warning: structure field `timeType` should have a snake case name
[INFO] [stdout]    --> src/lib.rs:101:6
[INFO] [stdout]     |
[INFO] [stdout] 101 |     pub timeType: TimeType,
[INFO] [stdout]     |         ^^^^^^^^ help: convert the identifier to snake case: `time_type`
[INFO] [stdout]     |
[INFO] [stdout]     = note: `#[warn(non_snake_case)]` on by default
[INFO] [stdout] 
[INFO] [stdout] 
[INFO] [stdout] warning: function `parse_timeline__many0` should have a snake case name
[INFO] [stdout]    --> src/lib.rs:531:12
[INFO] [stdout]     |
[INFO] [stdout] 531 |     pub fn parse_timeline__many0(input: &str)-> Result<(&str, Vec<TimeLine>), nom::Err<nom::error::Error<&str>>> {
[INFO] [stdout]     |            ^^^^^^^^^^^^^^^^^^^^^ help: convert the identifier to snake case: `parse_timeline_many0`
[INFO] [stdout] 
[INFO] [stdout] 
[INFO] [stdout] warning: 20 warnings emitted
[INFO] [stdout] 
[INFO] [stdout] 
[INFO] [stderr]     Finished test [unoptimized + debuginfo] target(s) in 0.87s
[INFO] running `Command { std: "docker" "inspect" "ca3304b4bf5763ef5acf744028677f0c64afdb08a4f876ee0e0c64940567a6b8", kill_on_drop: false }`
[INFO] running `Command { std: "docker" "rm" "-f" "ca3304b4bf5763ef5acf744028677f0c64afdb08a4f876ee0e0c64940567a6b8", kill_on_drop: false }`
[INFO] [stdout] ca3304b4bf5763ef5acf744028677f0c64afdb08a4f876ee0e0c64940567a6b8
[INFO] running `Command { std: "docker" "create" "-v" "/var/lib/crater-agent-workspace/builds/worker-6-tc1/target:/opt/rustwide/target:rw,Z" "-v" "/var/lib/crater-agent-workspace/builds/worker-6-tc1/source:/opt/rustwide/workdir:ro,Z" "-v" "/var/lib/crater-agent-workspace/cargo-home:/opt/rustwide/cargo-home:ro,Z" "-v" "/var/lib/crater-agent-workspace/rustup-home:/opt/rustwide/rustup-home:ro,Z" "-e" "SOURCE_DIR=/opt/rustwide/workdir" "-e" "CARGO_TARGET_DIR=/opt/rustwide/target" "-e" "CARGO_INCREMENTAL=0" "-e" "RUST_BACKTRACE=full" "-e" "RUSTFLAGS=--cap-lints=warn" "-e" "RUSTDOCFLAGS=--cap-lints=warn" "-e" "CARGO_HOME=/opt/rustwide/cargo-home" "-e" "RUSTUP_HOME=/opt/rustwide/rustup-home" "-w" "/opt/rustwide/workdir" "-m" "1610612736" "--user" "0:0" "--network" "none" "ghcr.io/rust-lang/crates-build-env/linux@sha256:2788e3201cd34a07e3172128adcd8b3090168a8e3bcc40d7c032b9dda1df7d1c" "/opt/rustwide/cargo-home/bin/cargo" "+1.75.0" "test" "--frozen", kill_on_drop: false }`
[INFO] [stdout] 0db28824c39ed7dba4bff048d3bd43235b0243e1fc1ae2bad715a44c49bf5fec
[INFO] running `Command { std: "docker" "start" "-a" "0db28824c39ed7dba4bff048d3bd43235b0243e1fc1ae2bad715a44c49bf5fec", kill_on_drop: false }`
[INFO] [stderr] warning: unused import: `js_sys::ArrayBuffer`
[INFO] [stderr]  --> src/lib.rs:3:5
[INFO] [stderr]   |
[INFO] [stderr] 3 | use js_sys::ArrayBuffer;
[INFO] [stderr]   |     ^^^^^^^^^^^^^^^^^^^
[INFO] [stderr]   |
[INFO] [stderr]   = note: `#[warn(unused_imports)]` on by default
[INFO] [stderr] 
[INFO] [stderr] warning: unused import: `time::Time`
[INFO] [stderr]  --> src/lib.rs:4:5
[INFO] [stderr]   |
[INFO] [stderr] 4 | use time::Time;
[INFO] [stderr]   |     ^^^^^^^^^^
[INFO] [stderr] 
[INFO] [stderr] warning: unused import: `web_sys::Blob`
[INFO] [stderr]  --> src/lib.rs:7:5
[INFO] [stderr]   |
[INFO] [stderr] 7 | use web_sys::Blob;
[INFO] [stderr]   |     ^^^^^^^^^^^^^
[INFO] [stderr] 
[INFO] [stderr] warning: unused import: `serde_json::Result`
[INFO] [stderr]  --> src/lib.rs:9:5
[INFO] [stderr]   |
[INFO] [stderr] 9 | use serde_json::Result;
[INFO] [stderr]   |     ^^^^^^^^^^^^^^^^^^
[INFO] [stderr] 
[INFO] [stderr] warning: unused import: `std::any`
[INFO] [stderr]    --> src/lib.rs:141:6
[INFO] [stderr]     |
[INFO] [stderr] 141 |     use std::any;
[INFO] [stderr]     |         ^^^^^^^^
[INFO] [stderr] 
[INFO] [stderr] warning: unused imports: `combinator::opt`, `complete::take`, `count`, `digit0`, `many1`, `multispace0`, `pair`, `preceded`, `space1`, `take_while1`
[INFO] [stderr]    --> src/lib.rs:142:94
[INFO] [stderr]     |
[INFO] [stderr] 142 | ...l, take_while1}, sequence::{tuple, separated_pair, pair, preceded}, combinator::opt, character::complete::{alpha1, digit1, multispace0, space0, space1, digit0, anychar, newline, not_line_ending}, complete::take, multi::{count, many0, many1}, ...
[INFO] [stderr]     |       ^^^^^^^^^^^                                     ^^^^  ^^^^^^^^   ^^^^^^^^^^^^^^^                                        ^^^^^^^^^^^          ^^^^^^  ^^^^^^                                      ^^^^^^^^^^^^^^          ^^^^^         ^^^^^
[INFO] [stderr] 
[INFO] [stderr] warning: unused import: `Parser`
[INFO] [stderr]    --> src/lib.rs:142:333
[INFO] [stderr]     |
[INFO] [stderr] 142 | ...not_line_ending}, complete::take, multi::{count, many0, many1}, Parser};
[INFO] [stderr]     |                                                                    ^^^^^^
[INFO] [stderr] 
[INFO] [stderr] warning: unused variable: `le`
[INFO] [stderr]   --> src/lib.rs:21:18
[INFO] [stderr]    |
[INFO] [stderr] 21 | pub fn read_file(le:usize, data: &[u8]) -> String {
[INFO] [stderr]    |                  ^^ help: if this is intentional, prefix it with an underscore: `_le`
[INFO] [stderr]    |
[INFO] [stderr]    = note: `#[warn(unused_variables)]` on by default
[INFO] [stderr] 
[INFO] [stderr] warning: unused variable: `res`
[INFO] [stderr]    --> src/lib.rs:170:27
[INFO] [stderr]     |
[INFO] [stderr] 170 |         .map(|(next_input,res)| (next_input,""))
[INFO] [stderr]     |                           ^^^ help: if this is intentional, prefix it with an underscore: `_res`
[INFO] [stderr] 
[INFO] [stderr] warning: unused variable: `sign`
[INFO] [stderr]    --> src/lib.rs:209:30
[INFO] [stderr]     |
[INFO] [stderr] 209 |                     let (hh, sign, mm) = res;
[INFO] [stderr]     |                              ^^^^ help: if this is intentional, prefix it with an underscore: `_sign`
[INFO] [stderr] 
[INFO] [stderr] warning: unused variable: `sp`
[INFO] [stderr]    --> src/lib.rs:237:26
[INFO] [stderr]     |
[INFO] [stderr] 237 |                     let (sp, time, nl) = res;
[INFO] [stderr]     |                          ^^ help: if this is intentional, prefix it with an underscore: `_sp`
[INFO] [stderr] 
[INFO] [stderr] warning: unused variable: `nl`
[INFO] [stderr]    --> src/lib.rs:237:36
[INFO] [stderr]     |
[INFO] [stderr] 237 |                     let (sp, time, nl) = res;
[INFO] [stderr]     |                                    ^^ help: if this is intentional, prefix it with an underscore: `_nl`
[INFO] [stderr] 
[INFO] [stderr] warning: unused variable: `ttype`
[INFO] [stderr]    --> src/lib.rs:358:17
[INFO] [stderr]     |
[INFO] [stderr] 358 |             let ttype = res.4;
[INFO] [stderr]     |                 ^^^^^ help: if this is intentional, prefix it with an underscore: `_ttype`
[INFO] [stderr] 
[INFO] [stderr] warning: unused variable: `ttype`
[INFO] [stderr]    --> src/lib.rs:386:17
[INFO] [stderr]     |
[INFO] [stderr] 386 |             let ttype = res.4;
[INFO] [stderr]     |                 ^^^^^ help: if this is intentional, prefix it with an underscore: `_ttype`
[INFO] [stderr] 
[INFO] [stderr] warning: unused variable: `res`
[INFO] [stderr]    --> src/lib.rs:496:25
[INFO] [stderr]     |
[INFO] [stderr] 496 |             .map(|(next,res)|{(next,
[INFO] [stderr]     |                         ^^^ help: if this is intentional, prefix it with an underscore: `_res`
[INFO] [stderr] 
[INFO] [stderr] warning: function `set_panic_hook` is never used
[INFO] [stderr]  --> src/utils.rs:1:8
[INFO] [stderr]   |
[INFO] [stderr] 1 | pub fn set_panic_hook() {
[INFO] [stderr]   |        ^^^^^^^^^^^^^^
[INFO] [stderr]   |
[INFO] [stderr]   = note: `#[warn(dead_code)]` on by default
[INFO] [stderr] 
[INFO] [stderr] warning: function `terminal_slot` is never used
[INFO] [stderr]    --> src/lib.rs:159:8
[INFO] [stderr]     |
[INFO] [stderr] 159 |     fn terminal_slot(input: &str) -> nom::IResult<&str, &str> {
[INFO] [stderr]     |        ^^^^^^^^^^^^^
[INFO] [stderr] 
[INFO] [stderr] warning: function `terminal_id` is never used
[INFO] [stderr]    --> src/lib.rs:174:8
[INFO] [stderr]     |
[INFO] [stderr] 174 |     fn terminal_id(input: &str) -> nom::IResult<&str, &str> {
[INFO] [stderr]     |        ^^^^^^^^^^^
[INFO] [stderr] 
[INFO] [stderr] warning: structure field `timeType` should have a snake case name
[INFO] [stderr]    --> src/lib.rs:101:6
[INFO] [stderr]     |
[INFO] [stderr] 101 |     pub timeType: TimeType,
[INFO] [stderr]     |         ^^^^^^^^ help: convert the identifier to snake case: `time_type`
[INFO] [stderr]     |
[INFO] [stderr]     = note: `#[warn(non_snake_case)]` on by default
[INFO] [stderr] 
[INFO] [stderr] warning: function `parse_timeline__many0` should have a snake case name
[INFO] [stderr]    --> src/lib.rs:531:12
[INFO] [stderr]     |
[INFO] [stderr] 531 |     pub fn parse_timeline__many0(input: &str)-> Result<(&str, Vec<TimeLine>), nom::Err<nom::error::Error<&str>>> {
[INFO] [stderr]     |            ^^^^^^^^^^^^^^^^^^^^^ help: convert the identifier to snake case: `parse_timeline_many0`
[INFO] [stderr] 
[INFO] [stderr] warning: `sap_time_extractor` (lib test) generated 20 warnings (run `cargo fix --lib -p sap_time_extractor --tests` to apply 14 suggestions)
[INFO] [stderr]     Finished test [unoptimized + debuginfo] target(s) in 0.04s
[INFO] [stderr]      Running unittests src/lib.rs (/opt/rustwide/target/debug/deps/sap_time_extractor-17e9caa37e88f89c)
[INFO] [stdout] 
[INFO] [stdout] running 7 tests
[INFO] [stdout] test parsers::tests::test_line ... ok
[INFO] [stdout] test parsers::tests::test_not_relevant ... ok
[INFO] [stdout] test parsers::tests::test_terminal_number ... ok
[INFO] [stdout] test parsers::tests::test_number_from_comma ... ok
[INFO] [stdout] test parsers::tests::test_time ... ok
[INFO] [stdout] test parsers::tests::test_line0 ... ok
[INFO] [stdout] test parsers::tests::test_terminal_id ... FAILED
[INFO] [stdout] 
[INFO] [stdout] failures:
[INFO] [stdout] 
[INFO] [stdout] ---- parsers::tests::test_terminal_id stdout ----
[INFO] [stdout] thread 'parsers::tests::test_terminal_id' panicked at src/lib.rs:604:13:
[INFO] [stdout] assertion `left == right` failed
[INFO] [stdout]   left: Ok(("\n 07:51\n 17:08\n 9,28 \n 8,78 \n 0,78 \nTZR \n04\nFR\nWorking from home\n", "Terminal-ID"))
[INFO] [stdout]  right: Ok((" 07:53   16:40       8,78       8,28       0,28 TZR", "Terminal-ID"))
[INFO] [stdout] stack backtrace:
[INFO] [stdout]    0:     0x563850a3421c - std::backtrace_rs::backtrace::libunwind::trace::ha637c64ce894333a
[INFO] [stdout]                                at /rustc/82e1608dfa6e0b5569232559e3d385fea5a93112/library/std/src/../../backtrace/src/backtrace/libunwind.rs:104:5
[INFO] [stdout]    1:     0x563850a3421c - std::backtrace_rs::backtrace::trace_unsynchronized::h47f62dea28e0c88d
[INFO] [stdout]                                at /rustc/82e1608dfa6e0b5569232559e3d385fea5a93112/library/std/src/../../backtrace/src/backtrace/mod.rs:66:5
[INFO] [stdout]    2:     0x563850a3421c - std::sys_common::backtrace::_print_fmt::h9eef0abe20ede486
[INFO] [stdout]                                at /rustc/82e1608dfa6e0b5569232559e3d385fea5a93112/library/std/src/sys_common/backtrace.rs:67:5
[INFO] [stdout]    3:     0x563850a3421c - <std::sys_common::backtrace::_print::DisplayBacktrace as core::fmt::Display>::fmt::hed7f999df88cc644
[INFO] [stdout]                                at /rustc/82e1608dfa6e0b5569232559e3d385fea5a93112/library/std/src/sys_common/backtrace.rs:44:22
[INFO] [stdout]    4:     0x563850a5fdb0 - core::fmt::rt::Argument::fmt::h1539a9308b8d058d
[INFO] [stdout]                                at /rustc/82e1608dfa6e0b5569232559e3d385fea5a93112/library/core/src/fmt/rt.rs:142:9
[INFO] [stdout]    5:     0x563850a5fdb0 - core::fmt::write::h3a39390d8560d9c9
[INFO] [stdout]                                at /rustc/82e1608dfa6e0b5569232559e3d385fea5a93112/library/core/src/fmt/mod.rs:1120:17
[INFO] [stdout]    6:     0x563850a31bcf - std::io::Write::write_fmt::h040b369f3a0f9cbc
[INFO] [stdout]                                at /rustc/82e1608dfa6e0b5569232559e3d385fea5a93112/library/std/src/io/mod.rs:1762:15
[INFO] [stdout]    7:     0x563850a34004 - std::sys_common::backtrace::_print::h894006fb5c6f3d45
[INFO] [stdout]                                at /rustc/82e1608dfa6e0b5569232559e3d385fea5a93112/library/std/src/sys_common/backtrace.rs:47:5
[INFO] [stdout]    8:     0x563850a34004 - std::sys_common::backtrace::print::h23a2d212c6fff936
[INFO] [stdout]                                at /rustc/82e1608dfa6e0b5569232559e3d385fea5a93112/library/std/src/sys_common/backtrace.rs:34:9
[INFO] [stdout]    9:     0x563850a35cc7 - std::panicking::default_hook::{{closure}}::h8a1d2ee00185001a
[INFO] [stdout]   10:     0x563850a359b3 - std::panicking::default_hook::h6038f2eba384e475
[INFO] [stdout]                                at /rustc/82e1608dfa6e0b5569232559e3d385fea5a93112/library/std/src/panicking.rs:289:9
[INFO] [stdout]   11:     0x5638509fe597 - <alloc::boxed::Box<F,A> as core::ops::function::Fn<Args>>::call::h0ad024c9bdc6d768
[INFO] [stdout]                                at /rustc/82e1608dfa6e0b5569232559e3d385fea5a93112/library/alloc/src/boxed.rs:2021:9
[INFO] [stdout]   12:     0x5638509fe597 - test::test_main::{{closure}}::h7500b54257359db6
[INFO] [stdout]                                at /rustc/82e1608dfa6e0b5569232559e3d385fea5a93112/library/test/src/lib.rs:138:21
[INFO] [stdout]   13:     0x563850a362d8 - <alloc::boxed::Box<F,A> as core::ops::function::Fn<Args>>::call::h1f8f335eaa9cfaee
[INFO] [stdout]                                at /rustc/82e1608dfa6e0b5569232559e3d385fea5a93112/library/alloc/src/boxed.rs:2021:9
[INFO] [stdout]   14:     0x563850a362d8 - std::panicking::rust_panic_with_hook::h2b5517d590cab22e
[INFO] [stdout]                                at /rustc/82e1608dfa6e0b5569232559e3d385fea5a93112/library/std/src/panicking.rs:783:13
[INFO] [stdout]   15:     0x563850a3602e - std::panicking::begin_panic_handler::{{closure}}::h233112c06e0ef43e
[INFO] [stdout]                                at /rustc/82e1608dfa6e0b5569232559e3d385fea5a93112/library/std/src/panicking.rs:657:13
[INFO] [stdout]   16:     0x563850a346e6 - std::sys_common::backtrace::__rust_end_short_backtrace::h6e893f24d7ebbff8
[INFO] [stdout]                                at /rustc/82e1608dfa6e0b5569232559e3d385fea5a93112/library/std/src/sys_common/backtrace.rs:170:18
[INFO] [stdout]   17:     0x563850a35d92 - rust_begin_unwind
[INFO] [stdout]                                at /rustc/82e1608dfa6e0b5569232559e3d385fea5a93112/library/std/src/panicking.rs:645:5
[INFO] [stdout]   18:     0x5638509a3cf5 - core::panicking::panic_fmt::hbf0e066aabfa482c
[INFO] [stdout]                                at /rustc/82e1608dfa6e0b5569232559e3d385fea5a93112/library/core/src/panicking.rs:72:14
[INFO] [stdout]   19:     0x5638509a401b - core::panicking::assert_failed_inner::h0bba8b7c26ee4492
[INFO] [stdout]   20:     0x5638509b7e6e - core::panicking::assert_failed::h55b3b442e3767beb
[INFO] [stdout]                                at /rustc/82e1608dfa6e0b5569232559e3d385fea5a93112/library/core/src/panicking.rs:279:5
[INFO] [stdout]   21:     0x5638509c1453 - sap_time_extractor::parsers::tests::test_terminal_id::h0e686850b9a380ef
[INFO] [stdout]                                at /opt/rustwide/workdir/src/lib.rs:604:13
[INFO] [stdout]   22:     0x5638509c1337 - sap_time_extractor::parsers::tests::test_terminal_id::{{closure}}::h838b537b463249f6
[INFO] [stdout]                                at /opt/rustwide/workdir/src/lib.rs:597:30
[INFO] [stdout]   23:     0x5638509bd776 - core::ops::function::FnOnce::call_once::h762a52086eb56135
[INFO] [stdout]                                at /rustc/82e1608dfa6e0b5569232559e3d385fea5a93112/library/core/src/ops/function.rs:250:5
[INFO] [stdout]   24:     0x563850a03bef - core::ops::function::FnOnce::call_once::h2b5d431d5046312d
[INFO] [stdout]                                at /rustc/82e1608dfa6e0b5569232559e3d385fea5a93112/library/core/src/ops/function.rs:250:5
[INFO] [stdout]   25:     0x563850a03bef - test::__rust_begin_short_backtrace::h7714669af176e207
[INFO] [stdout]                                at /rustc/82e1608dfa6e0b5569232559e3d385fea5a93112/library/test/src/lib.rs:628:18
[INFO] [stdout]   26:     0x563850a02c05 - test::run_test_in_process::{{closure}}::h85218797dcbcec12
[INFO] [stdout]                                at /rustc/82e1608dfa6e0b5569232559e3d385fea5a93112/library/test/src/lib.rs:651:60
[INFO] [stdout]   27:     0x563850a02c05 - <core::panic::unwind_safe::AssertUnwindSafe<F> as core::ops::function::FnOnce<()>>::call_once::h76c106ea31c14d7b
[INFO] [stdout]                                at /rustc/82e1608dfa6e0b5569232559e3d385fea5a93112/library/core/src/panic/unwind_safe.rs:272:9
[INFO] [stdout]   28:     0x563850a02c05 - std::panicking::try::do_call::h3bd5d0f6620ee946
[INFO] [stdout]                                at /rustc/82e1608dfa6e0b5569232559e3d385fea5a93112/library/std/src/panicking.rs:552:40
[INFO] [stdout]   29:     0x563850a02c05 - std::panicking::try::h232e535e4744fe31
[INFO] [stdout]                                at /rustc/82e1608dfa6e0b5569232559e3d385fea5a93112/library/std/src/panicking.rs:516:19
[INFO] [stdout]   30:     0x563850a02c05 - std::panic::catch_unwind::h3ce3bd6ca8dbac68
[INFO] [stdout]                                at /rustc/82e1608dfa6e0b5569232559e3d385fea5a93112/library/std/src/panic.rs:142:14
[INFO] [stdout]   31:     0x563850a02c05 - test::run_test_in_process::hc97b257c9621286a
[INFO] [stdout]                                at /rustc/82e1608dfa6e0b5569232559e3d385fea5a93112/library/test/src/lib.rs:651:27
[INFO] [stdout]   32:     0x563850a02c05 - test::run_test::{{closure}}::h2aa798823a438d38
[INFO] [stdout]                                at /rustc/82e1608dfa6e0b5569232559e3d385fea5a93112/library/test/src/lib.rs:574:43
[INFO] [stdout]   33:     0x5638509caec6 - test::run_test::{{closure}}::h87d231c78fb59832
[INFO] [stdout]                                at /rustc/82e1608dfa6e0b5569232559e3d385fea5a93112/library/test/src/lib.rs:602:41
[INFO] [stdout]   34:     0x5638509caec6 - std::sys_common::backtrace::__rust_begin_short_backtrace::he6df152596625789
[INFO] [stdout]                                at /rustc/82e1608dfa6e0b5569232559e3d385fea5a93112/library/std/src/sys_common/backtrace.rs:154:18
[INFO] [stdout]   35:     0x5638509cff77 - std::thread::Builder::spawn_unchecked_::{{closure}}::{{closure}}::ha94be15d1e0acf36
[INFO] [stdout]                                at /rustc/82e1608dfa6e0b5569232559e3d385fea5a93112/library/std/src/thread/mod.rs:529:17
[INFO] [stdout]   36:     0x5638509cff77 - <core::panic::unwind_safe::AssertUnwindSafe<F> as core::ops::function::FnOnce<()>>::call_once::h9dc6bd6372f16606
[INFO] [stdout]                                at /rustc/82e1608dfa6e0b5569232559e3d385fea5a93112/library/core/src/panic/unwind_safe.rs:272:9
[INFO] [stdout]   37:     0x5638509cff77 - std::panicking::try::do_call::h9057517f80303cd4
[INFO] [stdout]                                at /rustc/82e1608dfa6e0b5569232559e3d385fea5a93112/library/std/src/panicking.rs:552:40
[INFO] [stdout]   38:     0x5638509cff77 - std::panicking::try::he3a30b11ee45340c
[INFO] [stdout]                                at /rustc/82e1608dfa6e0b5569232559e3d385fea5a93112/library/std/src/panicking.rs:516:19
[INFO] [stdout]   39:     0x5638509cff77 - std::panic::catch_unwind::h410458cfd3528b8b
[INFO] [stdout]                                at /rustc/82e1608dfa6e0b5569232559e3d385fea5a93112/library/std/src/panic.rs:142:14
[INFO] [stdout]   40:     0x5638509cff77 - std::thread::Builder::spawn_unchecked_::{{closure}}::h72ac3bdb567b737b
[INFO] [stdout]                                at /rustc/82e1608dfa6e0b5569232559e3d385fea5a93112/library/std/src/thread/mod.rs:528:30
[INFO] [stdout]   41:     0x5638509cff77 - core::ops::function::FnOnce::call_once{{vtable.shim}}::h38f34da3654a8344
[INFO] [stdout]                                at /rustc/82e1608dfa6e0b5569232559e3d385fea5a93112/library/core/src/ops/function.rs:250:5
[INFO] [stdout]   42:     0x563850a3ad65 - <alloc::boxed::Box<F,A> as core::ops::function::FnOnce<Args>>::call_once::hc7eafaff61e32df9
[INFO] [stdout]                                at /rustc/82e1608dfa6e0b5569232559e3d385fea5a93112/library/alloc/src/boxed.rs:2007:9
[INFO] [stdout]   43:     0x563850a3ad65 - <alloc::boxed::Box<F,A> as core::ops::function::FnOnce<Args>>::call_once::h6ba4a5de48dd2304
[INFO] [stdout]                                at /rustc/82e1608dfa6e0b5569232559e3d385fea5a93112/library/alloc/src/boxed.rs:2007:9
[INFO] [stdout]   44:     0x563850a3ad65 - std::sys::unix::thread::Thread::new::thread_start::he469335aef763e45
[INFO] [stdout]                                at /rustc/82e1608dfa6e0b5569232559e3d385fea5a93112/library/std/src/sys/unix/thread.rs:108:17
[INFO] [stdout]   45:     0x7f859c3bbac3 - <unknown>
[INFO] [stdout]   46:     0x7f859c44cbf4 - __clone
[INFO] [stdout]   47:                0x0 - <unknown>
[INFO] [stdout] 
[INFO] [stdout] 
[INFO] [stdout] failures:
[INFO] [stdout]     parsers::tests::test_terminal_id
[INFO] [stdout] 
[INFO] [stdout] test result: FAILED. 6 passed; 1 failed; 0 ignored; 0 measured; 0 filtered out; finished in 0.03s
[INFO] [stdout] 
[INFO] [stderr] error: test failed, to rerun pass `--lib`
[INFO] running `Command { std: "docker" "inspect" "0db28824c39ed7dba4bff048d3bd43235b0243e1fc1ae2bad715a44c49bf5fec", kill_on_drop: false }`
[INFO] running `Command { std: "docker" "rm" "-f" "0db28824c39ed7dba4bff048d3bd43235b0243e1fc1ae2bad715a44c49bf5fec", kill_on_drop: false }`
[INFO] [stdout] 0db28824c39ed7dba4bff048d3bd43235b0243e1fc1ae2bad715a44c49bf5fec
