[INFO] cloning repository https://github.com/kamilczerw/vemo
[INFO] running `Command { std: "git" "-c" "credential.helper=" "-c" "credential.helper=/workspace/cargo-home/bin/git-credential-null" "clone" "--bare" "https://github.com/kamilczerw/vemo" "/workspace/cache/git-repos/https%3A%2F%2Fgithub.com%2Fkamilczerw%2Fvemo", kill_on_drop: false }`
[INFO] [stderr] Cloning into bare repository '/workspace/cache/git-repos/https%3A%2F%2Fgithub.com%2Fkamilczerw%2Fvemo'...
[INFO] running `Command { std: "git" "rev-parse" "HEAD", kill_on_drop: false }`
[INFO] [stdout] fc245fa8a38c5b7d050f1a0f05a44e5a18dca09b
[INFO] testing kamilczerw/vemo against 1.75.0 for beta-1.76-1
[INFO] running `Command { std: "git" "clone" "/workspace/cache/git-repos/https%3A%2F%2Fgithub.com%2Fkamilczerw%2Fvemo" "/workspace/builds/worker-2-tc1/source", kill_on_drop: false }`
[INFO] [stderr] Cloning into '/workspace/builds/worker-2-tc1/source'...
[INFO] [stderr] done.
[INFO] validating manifest of git repo https://github.com/kamilczerw/vemo on toolchain 1.75.0
[INFO] running `Command { std: CARGO_HOME="/workspace/cargo-home" RUSTUP_HOME="/workspace/rustup-home" "/workspace/cargo-home/bin/cargo" "+1.75.0" "metadata" "--manifest-path" "Cargo.toml" "--no-deps", kill_on_drop: false }`
[INFO] started tweaking git repo https://github.com/kamilczerw/vemo
[INFO] finished tweaking git repo https://github.com/kamilczerw/vemo
[INFO] tweaked toml for git repo https://github.com/kamilczerw/vemo written to /workspace/builds/worker-2-tc1/source/Cargo.toml
[INFO] crate git repo https://github.com/kamilczerw/vemo already has a lockfile, it will not be regenerated
[INFO] running `Command { std: CARGO_HOME="/workspace/cargo-home" RUSTUP_HOME="/workspace/rustup-home" "/workspace/cargo-home/bin/cargo" "+1.75.0" "fetch" "--manifest-path" "Cargo.toml", kill_on_drop: false }`
[INFO] [stderr]  Downloading crates ...
[INFO] [stderr]   Downloaded log4rs v1.1.1
[INFO] running `Command { std: "docker" "create" "-v" "/var/lib/crater-agent-workspace/builds/worker-2-tc1/target:/opt/rustwide/target:rw,Z" "-v" "/var/lib/crater-agent-workspace/builds/worker-2-tc1/source:/opt/rustwide/workdir:ro,Z" "-v" "/var/lib/crater-agent-workspace/cargo-home:/opt/rustwide/cargo-home:ro,Z" "-v" "/var/lib/crater-agent-workspace/rustup-home:/opt/rustwide/rustup-home:ro,Z" "-e" "SOURCE_DIR=/opt/rustwide/workdir" "-e" "CARGO_TARGET_DIR=/opt/rustwide/target" "-e" "CARGO_HOME=/opt/rustwide/cargo-home" "-e" "RUSTUP_HOME=/opt/rustwide/rustup-home" "-w" "/opt/rustwide/workdir" "-m" "1610612736" "--user" "0:0" "--network" "none" "ghcr.io/rust-lang/crates-build-env/linux@sha256:2788e3201cd34a07e3172128adcd8b3090168a8e3bcc40d7c032b9dda1df7d1c" "/opt/rustwide/cargo-home/bin/cargo" "+1.75.0" "metadata" "--no-deps" "--format-version=1", kill_on_drop: false }`
[INFO] [stdout] 548b1577eceb1115bb1845a29b4802e05df09b49671c875ee67bec1b826d8c55
[INFO] running `Command { std: "docker" "start" "-a" "548b1577eceb1115bb1845a29b4802e05df09b49671c875ee67bec1b826d8c55", kill_on_drop: false }`
[INFO] running `Command { std: "docker" "inspect" "548b1577eceb1115bb1845a29b4802e05df09b49671c875ee67bec1b826d8c55", kill_on_drop: false }`
[INFO] running `Command { std: "docker" "rm" "-f" "548b1577eceb1115bb1845a29b4802e05df09b49671c875ee67bec1b826d8c55", kill_on_drop: false }`
[INFO] [stdout] 548b1577eceb1115bb1845a29b4802e05df09b49671c875ee67bec1b826d8c55
[INFO] running `Command { std: "docker" "create" "-v" "/var/lib/crater-agent-workspace/builds/worker-2-tc1/target:/opt/rustwide/target:rw,Z" "-v" "/var/lib/crater-agent-workspace/builds/worker-2-tc1/source:/opt/rustwide/workdir:ro,Z" "-v" "/var/lib/crater-agent-workspace/cargo-home:/opt/rustwide/cargo-home:ro,Z" "-v" "/var/lib/crater-agent-workspace/rustup-home:/opt/rustwide/rustup-home:ro,Z" "-e" "SOURCE_DIR=/opt/rustwide/workdir" "-e" "CARGO_TARGET_DIR=/opt/rustwide/target" "-e" "CARGO_INCREMENTAL=0" "-e" "RUST_BACKTRACE=full" "-e" "RUSTFLAGS=--cap-lints=warn" "-e" "RUSTDOCFLAGS=--cap-lints=warn" "-e" "CARGO_HOME=/opt/rustwide/cargo-home" "-e" "RUSTUP_HOME=/opt/rustwide/rustup-home" "-w" "/opt/rustwide/workdir" "-m" "1610612736" "--user" "0:0" "--network" "none" "ghcr.io/rust-lang/crates-build-env/linux@sha256:2788e3201cd34a07e3172128adcd8b3090168a8e3bcc40d7c032b9dda1df7d1c" "/opt/rustwide/cargo-home/bin/cargo" "+1.75.0" "build" "--frozen" "--message-format=json", kill_on_drop: false }`
[INFO] [stdout] 2f23ed7f4dd80243f950a2e77d2ec2ac3b24f04bebaf0faf926240b8f4e29d87
[INFO] running `Command { std: "docker" "start" "-a" "2f23ed7f4dd80243f950a2e77d2ec2ac3b24f04bebaf0faf926240b8f4e29d87", kill_on_drop: false }`
[INFO] [stderr]    Compiling proc-macro2 v1.0.39
[INFO] [stderr]    Compiling unicode-ident v1.0.0
[INFO] [stderr]    Compiling syn v1.0.96
[INFO] [stderr]    Compiling libc v0.2.126
[INFO] [stderr]    Compiling autocfg v1.1.0
[INFO] [stderr]    Compiling cfg-if v1.0.0
[INFO] [stderr]    Compiling serde_derive v1.0.137
[INFO] [stderr]    Compiling serde v1.0.137
[INFO] [stderr]    Compiling once_cell v1.12.0
[INFO] [stderr]    Compiling memchr v2.5.0
[INFO] [stderr]    Compiling version_check v0.9.4
[INFO] [stderr]    Compiling log v0.4.17
[INFO] [stderr]    Compiling cc v1.0.73
[INFO] [stderr]    Compiling num-traits v0.2.15
[INFO] [stderr]    Compiling pin-project-lite v0.2.9
[INFO] [stderr]    Compiling itoa v1.0.2
[INFO] [stderr]    Compiling pkg-config v0.3.25
[INFO] [stderr]    Compiling indexmap v1.8.2
[INFO] [stderr]    Compiling futures-core v0.3.21
[INFO] [stderr]    Compiling quote v1.0.18
[INFO] [stderr]    Compiling bytes v1.1.0
[INFO] [stderr]    Compiling bitflags v1.3.2
[INFO] [stderr]    Compiling hashbrown v0.11.2
[INFO] [stderr]    Compiling socket2 v0.4.4
[INFO] [stderr]    Compiling num_cpus v1.13.1
[INFO] [stderr]    Compiling futures-task v0.3.21
[INFO] [stderr]    Compiling fnv v1.0.7
[INFO] [stderr]    Compiling openssl-sys v0.9.74
[INFO] [stderr]    Compiling ahash v0.7.6
[INFO] [stderr]    Compiling tracing-core v0.1.27
[INFO] [stderr]    Compiling foreign-types-shared v0.1.1
[INFO] [stderr]    Compiling ryu v1.0.10
[INFO] [stderr]    Compiling futures-util v0.3.21
[INFO] [stderr]    Compiling openssl v0.10.40
[INFO] [stderr]    Compiling ucd-trie v0.1.3
[INFO] [stderr]    Compiling tracing v0.1.35
[INFO] [stderr]    Compiling pest v2.1.3
[INFO] [stderr]    Compiling foreign-types v0.3.2
[INFO] [stderr]    Compiling http v0.2.8
[INFO] [stderr]    Compiling getrandom v0.2.6
[INFO] [stderr]    Compiling proc-macro-error-attr v1.0.4
[INFO] [stderr]    Compiling futures-channel v0.3.21
[INFO] [stderr]    Compiling native-tls v0.2.10
[INFO] [stderr]    Compiling futures-sink v0.3.21
[INFO] [stderr]    Compiling slab v0.4.6
[INFO] [stderr]    Compiling lazy_static v1.4.0
[INFO] [stderr]    Compiling maplit v1.0.2
[INFO] [stderr]    Compiling httparse v1.7.1
[INFO] [stderr]    Compiling serde_json v1.0.81
[INFO] [stderr]    Compiling matches v0.1.9
[INFO] [stderr]    Compiling tinyvec_macros v0.1.0
[INFO] [stderr]    Compiling pin-utils v0.1.0
[INFO] [stderr]    Compiling futures-io v0.3.21
[INFO] [stderr]    Compiling either v1.6.1
[INFO] [stderr]    Compiling pest_meta v2.1.3
[INFO] [stderr]    Compiling tinyvec v1.6.0
[INFO] [stderr]    Compiling proc-macro-error v1.0.4
[INFO] [stderr]    Compiling lock_api v0.4.7
[INFO] [stderr]    Compiling num-integer v0.1.45
[INFO] [stderr]    Compiling percent-encoding v2.1.0
[INFO] [stderr]    Compiling parking_lot_core v0.9.3
[INFO] [stderr]    Compiling linked-hash-map v0.5.4
[INFO] [stderr]    Compiling try-lock v0.2.3
[INFO] [stderr]    Compiling openssl-probe v0.1.5
[INFO] [stderr]    Compiling yaml-rust v0.4.5
[INFO] [stderr]    Compiling unicode-normalization v0.1.19
[INFO] [stderr]    Compiling form_urlencoded v1.0.1
[INFO] [stderr]    Compiling hashbrown v0.12.1
[INFO] [stderr]    Compiling http-body v0.4.5
[INFO] [stderr]    Compiling aho-corasick v0.7.18
[INFO] [stderr]    Compiling anyhow v1.0.58
[INFO] [stderr]    Compiling unicode-bidi v0.3.8
[INFO] [stderr]    Compiling regex-syntax v0.6.26
[INFO] [stderr]    Compiling encoding_rs v0.8.31
[INFO] [stderr]    Compiling predicates-core v1.0.3
[INFO] [stderr]    Compiling scopeguard v1.1.0
[INFO] [stderr]    Compiling tower-service v0.3.2
[INFO] [stderr]    Compiling async-trait v0.1.56
[INFO] [stderr]    Compiling httpdate v1.0.2
[INFO] [stderr]    Compiling pest_generator v2.1.3
[INFO] [stderr]    Compiling base64 v0.13.0
[INFO] [stderr]    Compiling smallvec v1.8.1
[INFO] [stderr]    Compiling traitobject v0.1.0
[INFO] [stderr]    Compiling dlv-list v0.3.0
[INFO] [stderr]    Compiling unsafe-any v0.4.2
[INFO] [stderr]    Compiling ordered-multimap v0.4.3
[INFO] [stderr]    Compiling idna v0.2.3
[INFO] [stderr]    Compiling itertools v0.10.3
[INFO] [stderr]    Compiling ordered-float v2.10.0
[INFO] [stderr]    Compiling float-cmp v0.9.0
[INFO] [stderr]    Compiling time v0.1.44
[INFO] [stderr]    Compiling atty v0.2.14
[INFO] [stderr]    Compiling regex v1.5.6
[INFO] [stderr]    Compiling fastrand v1.7.0
[INFO] [stderr]    Compiling semver v1.0.10
[INFO] [stderr]    Compiling heck v0.4.0
[INFO] [stderr]    Compiling difflib v0.4.0
[INFO] [stderr]    Compiling minimal-lexical v0.2.1
[INFO] [stderr]    Compiling termtree v0.2.4
[INFO] [stderr]    Compiling os_str_bytes v6.1.0
[INFO] [stderr]    Compiling remove_dir_all v0.5.3
[INFO] [stderr]    Compiling normalize-line-endings v0.3.0
[INFO] [stderr]    Compiling clap_lex v0.2.0
[INFO] [stderr]    Compiling tempfile v3.3.0
[INFO] [stderr]    Compiling nom v7.1.1
[INFO] [stderr]    Compiling predicates v2.1.1
[INFO] [stderr]    Compiling predicates-tree v1.0.5
[INFO] [stderr]    Compiling url v2.2.2
[INFO] [stderr]    Compiling chrono v0.4.19
[INFO] [stderr]    Compiling openssl-macros v0.1.0
[INFO] [stderr]    Compiling thiserror-impl v1.0.31
[INFO] [stderr]    Compiling pest_derive v2.1.0
[INFO] [stderr]    Compiling clap_derive v3.1.18
[INFO] [stderr]    Compiling mockall_derive v0.11.1
[INFO] [stderr]    Compiling derivative v2.2.0
[INFO] [stderr]    Compiling parking_lot v0.12.1
[INFO] [stderr]    Compiling thiserror v1.0.31
[INFO] [stderr]    Compiling rust-ini v0.18.0
[INFO] [stderr]    Compiling typemap v0.3.3
[INFO] [stderr]    Compiling which v4.2.5
[INFO] [stderr]    Compiling thread-id v4.0.0
[INFO] [stderr]    Compiling dirs-sys v0.3.7
[INFO] [stderr]    Compiling ipnet v2.5.0
[INFO] [stderr]    Compiling pathdiff v0.2.1
[INFO] [stderr]    Compiling fragile v1.2.1
[INFO] [stderr]    Compiling mime v0.3.16
[INFO] [stderr]    Compiling log-mdc v0.1.0
[INFO] [stderr]    Compiling termcolor v1.1.3
[INFO] [stderr]    Compiling textwrap v0.15.0
[INFO] [stderr]    Compiling downcast v0.11.0
[INFO] [stderr]    Compiling humantime v2.1.0
[INFO] [stderr]    Compiling strsim v0.10.0
[INFO] [stderr]    Compiling arc-swap v1.5.0
[INFO] [stderr]    Compiling clap v3.1.18
[INFO] [stderr]    Compiling dirs v4.0.0
[INFO] [stderr]    Compiling edit v0.1.4
[INFO] [stderr]    Compiling colored v2.0.0
[INFO] [stderr]    Compiling mockall v0.11.1
[INFO] [stderr]    Compiling ron v0.7.0
[INFO] [stderr]    Compiling serde_urlencoded v0.7.1
[INFO] [stderr]    Compiling serde_yaml v0.8.24
[INFO] [stderr]    Compiling json5 v0.4.1
[INFO] [stderr]    Compiling mio v0.8.4
[INFO] [stderr]    Compiling want v0.3.0
[INFO] [stderr]    Compiling toml v0.5.9
[INFO] [stderr]    Compiling serde-value v0.7.0
[INFO] [stderr]    Compiling tokio v1.19.2
[INFO] [stderr]    Compiling log4rs v1.1.1
[INFO] [stderr]    Compiling config v0.13.1
[INFO] [stderr]    Compiling tokio-util v0.7.3
[INFO] [stderr]    Compiling tokio-native-tls v0.3.0
[INFO] [stderr]    Compiling h2 v0.3.13
[INFO] [stderr]    Compiling hyper v0.14.19
[INFO] [stderr]    Compiling hyper-tls v0.5.0
[INFO] [stderr]    Compiling reqwest v0.11.11
[INFO] [stderr]    Compiling vemo v0.1.0 (/opt/rustwide/workdir)
[INFO] [stderr]     Finished dev [unoptimized + debuginfo] target(s) in 40.61s
[INFO] [stderr] warning: the following packages contain code that will be rejected by a future version of Rust: traitobject v0.1.0
[INFO] [stderr] note: to see what the problems were, use the option `--future-incompat-report`, or run `cargo report future-incompatibilities --id 1`
[INFO] running `Command { std: "docker" "inspect" "2f23ed7f4dd80243f950a2e77d2ec2ac3b24f04bebaf0faf926240b8f4e29d87", kill_on_drop: false }`
[INFO] running `Command { std: "docker" "rm" "-f" "2f23ed7f4dd80243f950a2e77d2ec2ac3b24f04bebaf0faf926240b8f4e29d87", kill_on_drop: false }`
[INFO] [stdout] 2f23ed7f4dd80243f950a2e77d2ec2ac3b24f04bebaf0faf926240b8f4e29d87
[INFO] running `Command { std: "docker" "create" "-v" "/var/lib/crater-agent-workspace/builds/worker-2-tc1/target:/opt/rustwide/target:rw,Z" "-v" "/var/lib/crater-agent-workspace/builds/worker-2-tc1/source:/opt/rustwide/workdir:ro,Z" "-v" "/var/lib/crater-agent-workspace/cargo-home:/opt/rustwide/cargo-home:ro,Z" "-v" "/var/lib/crater-agent-workspace/rustup-home:/opt/rustwide/rustup-home:ro,Z" "-e" "SOURCE_DIR=/opt/rustwide/workdir" "-e" "CARGO_TARGET_DIR=/opt/rustwide/target" "-e" "CARGO_INCREMENTAL=0" "-e" "RUST_BACKTRACE=full" "-e" "RUSTFLAGS=--cap-lints=warn" "-e" "RUSTDOCFLAGS=--cap-lints=warn" "-e" "CARGO_HOME=/opt/rustwide/cargo-home" "-e" "RUSTUP_HOME=/opt/rustwide/rustup-home" "-w" "/opt/rustwide/workdir" "-m" "1610612736" "--user" "0:0" "--network" "none" "ghcr.io/rust-lang/crates-build-env/linux@sha256:2788e3201cd34a07e3172128adcd8b3090168a8e3bcc40d7c032b9dda1df7d1c" "/opt/rustwide/cargo-home/bin/cargo" "+1.75.0" "test" "--frozen" "--no-run" "--message-format=json", kill_on_drop: false }`
[INFO] [stdout] f42700c4ebb2f6d87cae56fe2faf37a6bd427e5be742f0398a8bef697ea193fe
[INFO] running `Command { std: "docker" "start" "-a" "f42700c4ebb2f6d87cae56fe2faf37a6bd427e5be742f0398a8bef697ea193fe", kill_on_drop: false }`
[INFO] [stderr]    Compiling vemo v0.1.0 (/opt/rustwide/workdir)
[INFO] [stdout] warning: unused variable: `tag`
[INFO] [stdout]   --> src/commands/shell/git_test.rs:25:27
[INFO] [stdout]    |
[INFO] [stdout] 25 |     fn get_commits(&self, tag: Option<String>, dir: &str) -> Result<Vec<Commit>, CommandError> {
[INFO] [stdout]    |                           ^^^ help: if this is intentional, prefix it with an underscore: `_tag`
[INFO] [stdout]    |
[INFO] [stdout]    = note: `#[warn(unused_variables)]` on by default
[INFO] [stdout] 
[INFO] [stdout] 
[INFO] [stdout] warning: unused variable: `dir`
[INFO] [stdout]   --> src/commands/shell/git_test.rs:25:48
[INFO] [stdout]    |
[INFO] [stdout] 25 |     fn get_commits(&self, tag: Option<String>, dir: &str) -> Result<Vec<Commit>, CommandError> {
[INFO] [stdout]    |                                                ^^^ help: if this is intentional, prefix it with an underscore: `_dir`
[INFO] [stdout] 
[INFO] [stdout] 
[INFO] [stdout] warning: 2 warnings emitted
[INFO] [stdout] 
[INFO] [stdout] 
[INFO] [stderr]     Finished test [unoptimized + debuginfo] target(s) in 1.99s
[INFO] [stderr] warning: the following packages contain code that will be rejected by a future version of Rust: traitobject v0.1.0
[INFO] [stderr] note: to see what the problems were, use the option `--future-incompat-report`, or run `cargo report future-incompatibilities --id 1`
[INFO] running `Command { std: "docker" "inspect" "f42700c4ebb2f6d87cae56fe2faf37a6bd427e5be742f0398a8bef697ea193fe", kill_on_drop: false }`
[INFO] running `Command { std: "docker" "rm" "-f" "f42700c4ebb2f6d87cae56fe2faf37a6bd427e5be742f0398a8bef697ea193fe", kill_on_drop: false }`
[INFO] [stdout] f42700c4ebb2f6d87cae56fe2faf37a6bd427e5be742f0398a8bef697ea193fe
[INFO] running `Command { std: "docker" "create" "-v" "/var/lib/crater-agent-workspace/builds/worker-2-tc1/target:/opt/rustwide/target:rw,Z" "-v" "/var/lib/crater-agent-workspace/builds/worker-2-tc1/source:/opt/rustwide/workdir:ro,Z" "-v" "/var/lib/crater-agent-workspace/cargo-home:/opt/rustwide/cargo-home:ro,Z" "-v" "/var/lib/crater-agent-workspace/rustup-home:/opt/rustwide/rustup-home:ro,Z" "-e" "SOURCE_DIR=/opt/rustwide/workdir" "-e" "CARGO_TARGET_DIR=/opt/rustwide/target" "-e" "CARGO_INCREMENTAL=0" "-e" "RUST_BACKTRACE=full" "-e" "RUSTFLAGS=--cap-lints=warn" "-e" "RUSTDOCFLAGS=--cap-lints=warn" "-e" "CARGO_HOME=/opt/rustwide/cargo-home" "-e" "RUSTUP_HOME=/opt/rustwide/rustup-home" "-w" "/opt/rustwide/workdir" "-m" "1610612736" "--user" "0:0" "--network" "none" "ghcr.io/rust-lang/crates-build-env/linux@sha256:2788e3201cd34a07e3172128adcd8b3090168a8e3bcc40d7c032b9dda1df7d1c" "/opt/rustwide/cargo-home/bin/cargo" "+1.75.0" "test" "--frozen", kill_on_drop: false }`
[INFO] [stdout] e0931582f2cd331460760c6834899ab44cb02b8ab8afb410690e655c05e1aa4b
[INFO] running `Command { std: "docker" "start" "-a" "e0931582f2cd331460760c6834899ab44cb02b8ab8afb410690e655c05e1aa4b", kill_on_drop: false }`
[INFO] [stderr] warning: unused variable: `tag`
[INFO] [stderr]   --> src/commands/shell/git_test.rs:25:27
[INFO] [stderr]    |
[INFO] [stderr] 25 |     fn get_commits(&self, tag: Option<String>, dir: &str) -> Result<Vec<Commit>, CommandError> {
[INFO] [stderr]    |                           ^^^ help: if this is intentional, prefix it with an underscore: `_tag`
[INFO] [stderr]    |
[INFO] [stderr]    = note: `#[warn(unused_variables)]` on by default
[INFO] [stderr] 
[INFO] [stderr] warning: unused variable: `dir`
[INFO] [stderr]   --> src/commands/shell/git_test.rs:25:48
[INFO] [stderr]    |
[INFO] [stderr] 25 |     fn get_commits(&self, tag: Option<String>, dir: &str) -> Result<Vec<Commit>, CommandError> {
[INFO] [stderr]    |                                                ^^^ help: if this is intentional, prefix it with an underscore: `_dir`
[INFO] [stderr] 
[INFO] [stderr] warning: `vemo` (bin "vemo" test) generated 2 warnings (run `cargo fix --bin "vemo" --tests` to apply 2 suggestions)
[INFO] [stderr]     Finished test [unoptimized + debuginfo] target(s) in 0.09s
[INFO] [stderr] warning: the following packages contain code that will be rejected by a future version of Rust: traitobject v0.1.0
[INFO] [stderr] note: to see what the problems were, use the option `--future-incompat-report`, or run `cargo report future-incompatibilities --id 1`
[INFO] [stderr]      Running unittests src/main.rs (/opt/rustwide/target/debug/deps/vemo-7bc23818bafec734)
[INFO] [stdout] 
[INFO] [stdout] running 12 tests
[INFO] [stdout] test commands::shell::git::commit_test::parse_git_line_should_return_error_when_line_is_invalid ... ok
[INFO] [stdout] test commands::shell::git::commit_test::parse_git_line_should_return_commit_object ... ok
[INFO] [stdout] test commands::shell::git_test::get_latest_tags_should_extract_only_latest_tags_for_all_apps ... ok
[INFO] [stdout] test commands::shell::git_test::get_latest_tag_for_specific_app_should_return_a_tag ... ok
[INFO] [stdout] test commands::shell::git_test::get_repo_info_with_invalid_provider_should_return_a_repo_info_with_unknown_provider ... ok
[INFO] [stdout] test commands::shell::git_test::get_repo_info_with_invalid_http_url_should_return_a_failure ... ok
[INFO] [stdout] test commands::shell::git_test::get_repo_info_with_valid_github_ssh_url_should_return_a_repo_info ... ok
[INFO] [stdout] test commands::shell::git_test::get_repo_info_with_valid_github_http_url_but_skipping_protocol_should_return_a_repo_info ... ok
[INFO] [stdout] test commands::shell::git_test::get_repo_info_with_valid_github_http_url_should_return_a_repo_info ... ok
[INFO] [stdout] test commands::shell::git_test::get_repo_info_with_invalid_ssh_url_should_return_a_failure ... ok
[INFO] [stdout] test commands::shell::git_test::get_repo_info_with_valid_github_ssh_url_with_new_line_at_the_end_should_return_a_repo_info ... ok
[INFO] [stdout] test commands::shell::git_test::get_tags_should_extract_tags_sorted_by_version_descending ... FAILED
[INFO] [stdout] 
[INFO] [stdout] failures:
[INFO] [stdout] 
[INFO] [stdout] ---- commands::shell::git_test::get_tags_should_extract_tags_sorted_by_version_descending stdout ----
[INFO] [stdout] thread 'commands::shell::git_test::get_tags_should_extract_tags_sorted_by_version_descending' panicked at src/commands/shell/git_test.rs:39:5:
[INFO] [stdout] assertion `left == right` failed
[INFO] [stdout]   left: Tag { format: "{app_name}/v{version}", raw: "app/v1.0.0", version: Version { major: 1, minor: 0, patch: 0 }, app_name: "app" }
[INFO] [stdout]  right: Tag { format: "{app_name}/v{version}", raw: "gateway/v0.0.1", version: Version { major: 0, minor: 0, patch: 1 }, app_name: "gateway" }
[INFO] [stdout] stack backtrace:
[INFO] [stdout]    0:     0x558f41ad977c - std::backtrace_rs::backtrace::libunwind::trace::ha637c64ce894333a
[INFO] [stdout]                                at /rustc/82e1608dfa6e0b5569232559e3d385fea5a93112/library/std/src/../../backtrace/src/backtrace/libunwind.rs:104:5
[INFO] [stdout]    1:     0x558f41ad977c - std::backtrace_rs::backtrace::trace_unsynchronized::h47f62dea28e0c88d
[INFO] [stdout]                                at /rustc/82e1608dfa6e0b5569232559e3d385fea5a93112/library/std/src/../../backtrace/src/backtrace/mod.rs:66:5
[INFO] [stdout]    2:     0x558f41ad977c - std::sys_common::backtrace::_print_fmt::h9eef0abe20ede486
[INFO] [stdout]                                at /rustc/82e1608dfa6e0b5569232559e3d385fea5a93112/library/std/src/sys_common/backtrace.rs:67:5
[INFO] [stdout]    3:     0x558f41ad977c - <std::sys_common::backtrace::_print::DisplayBacktrace as core::fmt::Display>::fmt::hed7f999df88cc644
[INFO] [stdout]                                at /rustc/82e1608dfa6e0b5569232559e3d385fea5a93112/library/std/src/sys_common/backtrace.rs:44:22
[INFO] [stdout]    4:     0x558f41b04190 - core::fmt::rt::Argument::fmt::h1539a9308b8d058d
[INFO] [stdout]                                at /rustc/82e1608dfa6e0b5569232559e3d385fea5a93112/library/core/src/fmt/rt.rs:142:9
[INFO] [stdout]    5:     0x558f41b04190 - core::fmt::write::h3a39390d8560d9c9
[INFO] [stdout]                                at /rustc/82e1608dfa6e0b5569232559e3d385fea5a93112/library/core/src/fmt/mod.rs:1120:17
[INFO] [stdout]    6:     0x558f41ad712f - std::io::Write::write_fmt::h040b369f3a0f9cbc
[INFO] [stdout]                                at /rustc/82e1608dfa6e0b5569232559e3d385fea5a93112/library/std/src/io/mod.rs:1762:15
[INFO] [stdout]    7:     0x558f41ad9564 - std::sys_common::backtrace::_print::h894006fb5c6f3d45
[INFO] [stdout]                                at /rustc/82e1608dfa6e0b5569232559e3d385fea5a93112/library/std/src/sys_common/backtrace.rs:47:5
[INFO] [stdout]    8:     0x558f41ad9564 - std::sys_common::backtrace::print::h23a2d212c6fff936
[INFO] [stdout]                                at /rustc/82e1608dfa6e0b5569232559e3d385fea5a93112/library/std/src/sys_common/backtrace.rs:34:9
[INFO] [stdout]    9:     0x558f41adb227 - std::panicking::default_hook::{{closure}}::h8a1d2ee00185001a
[INFO] [stdout]   10:     0x558f41adaf13 - std::panicking::default_hook::h6038f2eba384e475
[INFO] [stdout]                                at /rustc/82e1608dfa6e0b5569232559e3d385fea5a93112/library/std/src/panicking.rs:289:9
[INFO] [stdout]   11:     0x558f418f19c7 - <alloc::boxed::Box<F,A> as core::ops::function::Fn<Args>>::call::h0ad024c9bdc6d768
[INFO] [stdout]                                at /rustc/82e1608dfa6e0b5569232559e3d385fea5a93112/library/alloc/src/boxed.rs:2021:9
[INFO] [stdout]   12:     0x558f418f19c7 - test::test_main::{{closure}}::h7500b54257359db6
[INFO] [stdout]                                at /rustc/82e1608dfa6e0b5569232559e3d385fea5a93112/library/test/src/lib.rs:138:21
[INFO] [stdout]   13:     0x558f41adb838 - <alloc::boxed::Box<F,A> as core::ops::function::Fn<Args>>::call::h1f8f335eaa9cfaee
[INFO] [stdout]                                at /rustc/82e1608dfa6e0b5569232559e3d385fea5a93112/library/alloc/src/boxed.rs:2021:9
[INFO] [stdout]   14:     0x558f41adb838 - std::panicking::rust_panic_with_hook::h2b5517d590cab22e
[INFO] [stdout]                                at /rustc/82e1608dfa6e0b5569232559e3d385fea5a93112/library/std/src/panicking.rs:783:13
[INFO] [stdout]   15:     0x558f41adb58e - std::panicking::begin_panic_handler::{{closure}}::h233112c06e0ef43e
[INFO] [stdout]                                at /rustc/82e1608dfa6e0b5569232559e3d385fea5a93112/library/std/src/panicking.rs:657:13
[INFO] [stdout]   16:     0x558f41ad9c46 - std::sys_common::backtrace::__rust_end_short_backtrace::h6e893f24d7ebbff8
[INFO] [stdout]                                at /rustc/82e1608dfa6e0b5569232559e3d385fea5a93112/library/std/src/sys_common/backtrace.rs:170:18
[INFO] [stdout]   17:     0x558f41adb2f2 - rust_begin_unwind
[INFO] [stdout]                                at /rustc/82e1608dfa6e0b5569232559e3d385fea5a93112/library/std/src/panicking.rs:645:5
[INFO] [stdout]   18:     0x558f41899225 - core::panicking::panic_fmt::hbf0e066aabfa482c
[INFO] [stdout]                                at /rustc/82e1608dfa6e0b5569232559e3d385fea5a93112/library/core/src/panicking.rs:72:14
[INFO] [stdout]   19:     0x558f4189967b - core::panicking::assert_failed_inner::h0bba8b7c26ee4492
[INFO] [stdout]   20:     0x558f4189ad0e - core::panicking::assert_failed::h6f3cc8404631dbe4
[INFO] [stdout]                                at /rustc/82e1608dfa6e0b5569232559e3d385fea5a93112/library/core/src/panicking.rs:279:5
[INFO] [stdout]   21:     0x558f418b9ea5 - vemo::commands::shell::git_test::get_tags_should_extract_tags_sorted_by_version_descending::h591eaac5bc95b17b
[INFO] [stdout]                                at /opt/rustwide/workdir/src/commands/shell/git_test.rs:39:5
[INFO] [stdout]   22:     0x558f418b98f7 - vemo::commands::shell::git_test::get_tags_should_extract_tags_sorted_by_version_descending::{{closure}}::h0d83507c712f62e0
[INFO] [stdout]                                at /opt/rustwide/workdir/src/commands/shell/git_test.rs:33:63
[INFO] [stdout]   23:     0x558f418a8616 - core::ops::function::FnOnce::call_once::hbf07b29569f6d283
[INFO] [stdout]                                at /rustc/82e1608dfa6e0b5569232559e3d385fea5a93112/library/core/src/ops/function.rs:250:5
[INFO] [stdout]   24:     0x558f418f701f - core::ops::function::FnOnce::call_once::h2b5d431d5046312d
[INFO] [stdout]                                at /rustc/82e1608dfa6e0b5569232559e3d385fea5a93112/library/core/src/ops/function.rs:250:5
[INFO] [stdout]   25:     0x558f418f701f - test::__rust_begin_short_backtrace::h7714669af176e207
[INFO] [stdout]                                at /rustc/82e1608dfa6e0b5569232559e3d385fea5a93112/library/test/src/lib.rs:628:18
[INFO] [stdout]   26:     0x558f418f6035 - test::run_test_in_process::{{closure}}::h85218797dcbcec12
[INFO] [stdout]                                at /rustc/82e1608dfa6e0b5569232559e3d385fea5a93112/library/test/src/lib.rs:651:60
[INFO] [stdout]   27:     0x558f418f6035 - <core::panic::unwind_safe::AssertUnwindSafe<F> as core::ops::function::FnOnce<()>>::call_once::h76c106ea31c14d7b
[INFO] [stdout]                                at /rustc/82e1608dfa6e0b5569232559e3d385fea5a93112/library/core/src/panic/unwind_safe.rs:272:9
[INFO] [stdout]   28:     0x558f418f6035 - std::panicking::try::do_call::h3bd5d0f6620ee946
[INFO] [stdout]                                at /rustc/82e1608dfa6e0b5569232559e3d385fea5a93112/library/std/src/panicking.rs:552:40
[INFO] [stdout]   29:     0x558f418f6035 - std::panicking::try::h232e535e4744fe31
[INFO] [stdout]                                at /rustc/82e1608dfa6e0b5569232559e3d385fea5a93112/library/std/src/panicking.rs:516:19
[INFO] [stdout]   30:     0x558f418f6035 - std::panic::catch_unwind::h3ce3bd6ca8dbac68
[INFO] [stdout]                                at /rustc/82e1608dfa6e0b5569232559e3d385fea5a93112/library/std/src/panic.rs:142:14
[INFO] [stdout]   31:     0x558f418f6035 - test::run_test_in_process::hc97b257c9621286a
[INFO] [stdout]                                at /rustc/82e1608dfa6e0b5569232559e3d385fea5a93112/library/test/src/lib.rs:651:27
[INFO] [stdout]   32:     0x558f418f6035 - test::run_test::{{closure}}::h2aa798823a438d38
[INFO] [stdout]                                at /rustc/82e1608dfa6e0b5569232559e3d385fea5a93112/library/test/src/lib.rs:574:43
[INFO] [stdout]   33:     0x558f418be2f6 - test::run_test::{{closure}}::h87d231c78fb59832
[INFO] [stdout]                                at /rustc/82e1608dfa6e0b5569232559e3d385fea5a93112/library/test/src/lib.rs:602:41
[INFO] [stdout]   34:     0x558f418be2f6 - std::sys_common::backtrace::__rust_begin_short_backtrace::he6df152596625789
[INFO] [stdout]                                at /rustc/82e1608dfa6e0b5569232559e3d385fea5a93112/library/std/src/sys_common/backtrace.rs:154:18
[INFO] [stdout]   35:     0x558f418c33a7 - std::thread::Builder::spawn_unchecked_::{{closure}}::{{closure}}::ha94be15d1e0acf36
[INFO] [stdout]                                at /rustc/82e1608dfa6e0b5569232559e3d385fea5a93112/library/std/src/thread/mod.rs:529:17
[INFO] [stdout]   36:     0x558f418c33a7 - <core::panic::unwind_safe::AssertUnwindSafe<F> as core::ops::function::FnOnce<()>>::call_once::h9dc6bd6372f16606
[INFO] [stdout]                                at /rustc/82e1608dfa6e0b5569232559e3d385fea5a93112/library/core/src/panic/unwind_safe.rs:272:9
[INFO] [stdout]   37:     0x558f418c33a7 - std::panicking::try::do_call::h9057517f80303cd4
[INFO] [stdout]                                at /rustc/82e1608dfa6e0b5569232559e3d385fea5a93112/library/std/src/panicking.rs:552:40
[INFO] [stdout]   38:     0x558f418c33a7 - std::panicking::try::he3a30b11ee45340c
[INFO] [stdout]                                at /rustc/82e1608dfa6e0b5569232559e3d385fea5a93112/library/std/src/panicking.rs:516:19
[INFO] [stdout]   39:     0x558f418c33a7 - std::panic::catch_unwind::h410458cfd3528b8b
[INFO] [stdout]                                at /rustc/82e1608dfa6e0b5569232559e3d385fea5a93112/library/std/src/panic.rs:142:14
[INFO] [stdout]   40:     0x558f418c33a7 - std::thread::Builder::spawn_unchecked_::{{closure}}::h72ac3bdb567b737b
[INFO] [stdout]                                at /rustc/82e1608dfa6e0b5569232559e3d385fea5a93112/library/std/src/thread/mod.rs:528:30
[INFO] [stdout]   41:     0x558f418c33a7 - core::ops::function::FnOnce::call_once{{vtable.shim}}::h38f34da3654a8344
[INFO] [stdout]                                at /rustc/82e1608dfa6e0b5569232559e3d385fea5a93112/library/core/src/ops/function.rs:250:5
[INFO] [stdout]   42:     0x558f41ae02c5 - <alloc::boxed::Box<F,A> as core::ops::function::FnOnce<Args>>::call_once::hc7eafaff61e32df9
[INFO] [stdout]                                at /rustc/82e1608dfa6e0b5569232559e3d385fea5a93112/library/alloc/src/boxed.rs:2007:9
[INFO] [stdout]   43:     0x558f41ae02c5 - <alloc::boxed::Box<F,A> as core::ops::function::FnOnce<Args>>::call_once::h6ba4a5de48dd2304
[INFO] [stdout]                                at /rustc/82e1608dfa6e0b5569232559e3d385fea5a93112/library/alloc/src/boxed.rs:2007:9
[INFO] [stdout]   44:     0x558f41ae02c5 - std::sys::unix::thread::Thread::new::thread_start::he469335aef763e45
[INFO] [stdout]                                at /rustc/82e1608dfa6e0b5569232559e3d385fea5a93112/library/std/src/sys/unix/thread.rs:108:17
[INFO] [stdout]   45:     0x7f613f01aac3 - <unknown>
[INFO] [stdout]   46:     0x7f613f0abbf4 - __clone
[INFO] [stdout]   47:                0x0 - <unknown>
[INFO] [stdout] 
[INFO] [stdout] 
[INFO] [stdout] failures:
[INFO] [stdout]     commands::shell::git_test::get_tags_should_extract_tags_sorted_by_version_descending
[INFO] [stdout] 
[INFO] [stdout] test result: FAILED. 11 passed; 1 failed; 0 ignored; 0 measured; 0 filtered out; finished in 0.05s
[INFO] [stdout] 
[INFO] [stderr] error: test failed, to rerun pass `--bin vemo`
[INFO] running `Command { std: "docker" "inspect" "e0931582f2cd331460760c6834899ab44cb02b8ab8afb410690e655c05e1aa4b", kill_on_drop: false }`
[INFO] running `Command { std: "docker" "rm" "-f" "e0931582f2cd331460760c6834899ab44cb02b8ab8afb410690e655c05e1aa4b", kill_on_drop: false }`
[INFO] [stdout] e0931582f2cd331460760c6834899ab44cb02b8ab8afb410690e655c05e1aa4b
[INFO] testing kamilczerw/vemo against beta-2023-12-22 for beta-1.76-1
[INFO] running `Command { std: "git" "clone" "/workspace/cache/git-repos/https%3A%2F%2Fgithub.com%2Fkamilczerw%2Fvemo" "/workspace/builds/worker-2-tc2/source", kill_on_drop: false }`
[INFO] [stderr] Cloning into '/workspace/builds/worker-2-tc2/source'...
[INFO] [stderr] done.
[INFO] validating manifest of git repo https://github.com/kamilczerw/vemo on toolchain beta-2023-12-22
[INFO] running `Command { std: CARGO_HOME="/workspace/cargo-home" RUSTUP_HOME="/workspace/rustup-home" "/workspace/cargo-home/bin/cargo" "+beta-2023-12-22" "metadata" "--manifest-path" "Cargo.toml" "--no-deps", kill_on_drop: false }`
[INFO] started tweaking git repo https://github.com/kamilczerw/vemo
[INFO] finished tweaking git repo https://github.com/kamilczerw/vemo
[INFO] tweaked toml for git repo https://github.com/kamilczerw/vemo written to /workspace/builds/worker-2-tc2/source/Cargo.toml
[INFO] crate git repo https://github.com/kamilczerw/vemo already has a lockfile, it will not be regenerated
[INFO] running `Command { std: CARGO_HOME="/workspace/cargo-home" RUSTUP_HOME="/workspace/rustup-home" "/workspace/cargo-home/bin/cargo" "+beta-2023-12-22" "fetch" "--manifest-path" "Cargo.toml", kill_on_drop: false }`
[INFO] running `Command { std: "docker" "create" "-v" "/var/lib/crater-agent-workspace/builds/worker-2-tc2/target:/opt/rustwide/target:rw,Z" "-v" "/var/lib/crater-agent-workspace/builds/worker-2-tc2/source:/opt/rustwide/workdir:ro,Z" "-v" "/var/lib/crater-agent-workspace/cargo-home:/opt/rustwide/cargo-home:ro,Z" "-v" "/var/lib/crater-agent-workspace/rustup-home:/opt/rustwide/rustup-home:ro,Z" "-e" "SOURCE_DIR=/opt/rustwide/workdir" "-e" "CARGO_TARGET_DIR=/opt/rustwide/target" "-e" "CARGO_HOME=/opt/rustwide/cargo-home" "-e" "RUSTUP_HOME=/opt/rustwide/rustup-home" "-w" "/opt/rustwide/workdir" "-m" "1610612736" "--user" "0:0" "--network" "none" "ghcr.io/rust-lang/crates-build-env/linux@sha256:2788e3201cd34a07e3172128adcd8b3090168a8e3bcc40d7c032b9dda1df7d1c" "/opt/rustwide/cargo-home/bin/cargo" "+beta-2023-12-22" "metadata" "--no-deps" "--format-version=1", kill_on_drop: false }`
[INFO] [stdout] c7612a71041ed9ce315b02969f0e4f4aa4fb5b52f790b280bd0cedad23a76c9b
[INFO] running `Command { std: "docker" "start" "-a" "c7612a71041ed9ce315b02969f0e4f4aa4fb5b52f790b280bd0cedad23a76c9b", kill_on_drop: false }`
[INFO] running `Command { std: "docker" "inspect" "c7612a71041ed9ce315b02969f0e4f4aa4fb5b52f790b280bd0cedad23a76c9b", kill_on_drop: false }`
[INFO] running `Command { std: "docker" "rm" "-f" "c7612a71041ed9ce315b02969f0e4f4aa4fb5b52f790b280bd0cedad23a76c9b", kill_on_drop: false }`
[INFO] [stdout] c7612a71041ed9ce315b02969f0e4f4aa4fb5b52f790b280bd0cedad23a76c9b
[INFO] running `Command { std: "docker" "create" "-v" "/var/lib/crater-agent-workspace/builds/worker-2-tc2/target:/opt/rustwide/target:rw,Z" "-v" "/var/lib/crater-agent-workspace/builds/worker-2-tc2/source:/opt/rustwide/workdir:ro,Z" "-v" "/var/lib/crater-agent-workspace/cargo-home:/opt/rustwide/cargo-home:ro,Z" "-v" "/var/lib/crater-agent-workspace/rustup-home:/opt/rustwide/rustup-home:ro,Z" "-e" "SOURCE_DIR=/opt/rustwide/workdir" "-e" "CARGO_TARGET_DIR=/opt/rustwide/target" "-e" "CARGO_INCREMENTAL=0" "-e" "RUST_BACKTRACE=full" "-e" "RUSTFLAGS=--cap-lints=warn" "-e" "RUSTDOCFLAGS=--cap-lints=warn" "-e" "CARGO_HOME=/opt/rustwide/cargo-home" "-e" "RUSTUP_HOME=/opt/rustwide/rustup-home" "-w" "/opt/rustwide/workdir" "-m" "1610612736" "--user" "0:0" "--network" "none" "ghcr.io/rust-lang/crates-build-env/linux@sha256:2788e3201cd34a07e3172128adcd8b3090168a8e3bcc40d7c032b9dda1df7d1c" "/opt/rustwide/cargo-home/bin/cargo" "+beta-2023-12-22" "build" "--frozen" "--message-format=json", kill_on_drop: false }`
[INFO] [stdout] 777d492f14838611054a915c62893919f4b24db48dae68a8d6380f4d019c4334
[INFO] running `Command { std: "docker" "start" "-a" "777d492f14838611054a915c62893919f4b24db48dae68a8d6380f4d019c4334", kill_on_drop: false }`
[INFO] [stderr]    Compiling proc-macro2 v1.0.39
[INFO] [stderr]    Compiling unicode-ident v1.0.0
[INFO] [stderr]    Compiling syn v1.0.96
[INFO] [stderr]    Compiling libc v0.2.126
[INFO] [stderr]    Compiling autocfg v1.1.0
[INFO] [stderr]    Compiling cfg-if v1.0.0
[INFO] [stderr]    Compiling serde_derive v1.0.137
[INFO] [stderr]    Compiling serde v1.0.137
[INFO] [stderr]    Compiling memchr v2.5.0
[INFO] [stderr]    Compiling once_cell v1.12.0
[INFO] [stderr]    Compiling version_check v0.9.4
[INFO] [stderr]    Compiling log v0.4.17
[INFO] [stderr]    Compiling num-traits v0.2.15
[INFO] [stderr]    Compiling pin-project-lite v0.2.9
[INFO] [stderr]    Compiling cc v1.0.73
[INFO] [stderr]    Compiling pkg-config v0.3.25
[INFO] [stderr]    Compiling itoa v1.0.2
[INFO] [stderr]    Compiling indexmap v1.8.2
[INFO] [stderr]    Compiling bytes v1.1.0
[INFO] [stderr]    Compiling quote v1.0.18
[INFO] [stderr]    Compiling futures-core v0.3.21
[INFO] [stderr]    Compiling hashbrown v0.11.2
[INFO] [stderr]    Compiling bitflags v1.3.2
[INFO] [stderr]    Compiling socket2 v0.4.4
[INFO] [stderr]    Compiling num_cpus v1.13.1
[INFO] [stderr]    Compiling futures-task v0.3.21
[INFO] [stderr]    Compiling fnv v1.0.7
[INFO] [stderr]    Compiling ahash v0.7.6
[INFO] [stderr]    Compiling tracing-core v0.1.27
[INFO] [stderr]    Compiling ryu v1.0.10
[INFO] [stderr]    Compiling openssl-sys v0.9.74
[INFO] [stderr]    Compiling futures-util v0.3.21
[INFO] [stderr]    Compiling ucd-trie v0.1.3
[INFO] [stderr]    Compiling openssl v0.10.40
[INFO] [stderr]    Compiling foreign-types-shared v0.1.1
[INFO] [stderr]    Compiling tracing v0.1.35
[INFO] [stderr]    Compiling pest v2.1.3
[INFO] [stderr]    Compiling foreign-types v0.3.2
[INFO] [stderr]    Compiling http v0.2.8
[INFO] [stderr]    Compiling getrandom v0.2.6
[INFO] [stderr]    Compiling proc-macro-error-attr v1.0.4
[INFO] [stderr]    Compiling serde_json v1.0.81
[INFO] [stderr]    Compiling httparse v1.7.1
[INFO] [stderr]    Compiling tinyvec_macros v0.1.0
[INFO] [stderr]    Compiling slab v0.4.6
[INFO] [stderr]    Compiling futures-channel v0.3.21
[INFO] [stderr]    Compiling futures-sink v0.3.21
[INFO] [stderr]    Compiling pin-utils v0.1.0
[INFO] [stderr]    Compiling futures-io v0.3.21
[INFO] [stderr]    Compiling matches v0.1.9
[INFO] [stderr]    Compiling maplit v1.0.2
[INFO] [stderr]    Compiling either v1.6.1
[INFO] [stderr]    Compiling native-tls v0.2.10
[INFO] [stderr]    Compiling lazy_static v1.4.0
[INFO] [stderr]    Compiling pest_meta v2.1.3
[INFO] [stderr]    Compiling tinyvec v1.6.0
[INFO] [stderr]    Compiling proc-macro-error v1.0.4
[INFO] [stderr]    Compiling lock_api v0.4.7
[INFO] [stderr]    Compiling num-integer v0.1.45
[INFO] [stderr]    Compiling parking_lot_core v0.9.3
[INFO] [stderr]    Compiling openssl-probe v0.1.5
[INFO] [stderr]    Compiling linked-hash-map v0.5.4
[INFO] [stderr]    Compiling percent-encoding v2.1.0
[INFO] [stderr]    Compiling try-lock v0.2.3
[INFO] [stderr]    Compiling yaml-rust v0.4.5
[INFO] [stderr]    Compiling form_urlencoded v1.0.1
[INFO] [stderr]    Compiling unicode-normalization v0.1.19
[INFO] [stderr]    Compiling hashbrown v0.12.1
[INFO] [stderr]    Compiling http-body v0.4.5
[INFO] [stderr]    Compiling aho-corasick v0.7.18
[INFO] [stderr]    Compiling async-trait v0.1.56
[INFO] [stderr]    Compiling scopeguard v1.1.0
[INFO] [stderr]    Compiling traitobject v0.1.0
[INFO] [stderr]    Compiling smallvec v1.8.1
[INFO] [stderr]    Compiling httpdate v1.0.2
[INFO] [stderr]    Compiling anyhow v1.0.58
[INFO] [stderr]    Compiling tower-service v0.3.2
[INFO] [stderr]    Compiling pest_generator v2.1.3
[INFO] [stderr]    Compiling regex-syntax v0.6.26
[INFO] [stderr]    Compiling base64 v0.13.0
[INFO] [stderr]    Compiling predicates-core v1.0.3
[INFO] [stderr]    Compiling dlv-list v0.3.0
[INFO] [stderr]    Compiling encoding_rs v0.8.31
[INFO] [stderr]    Compiling unicode-bidi v0.3.8
[INFO] [stderr]    Compiling ordered-multimap v0.4.3
[INFO] [stderr]    Compiling idna v0.2.3
[INFO] [stderr]    Compiling unsafe-any v0.4.2
[INFO] [stderr]    Compiling itertools v0.10.3
[INFO] [stderr]    Compiling ordered-float v2.10.0
[INFO] [stderr]    Compiling float-cmp v0.9.0
[INFO] [stderr]    Compiling time v0.1.44
[INFO] [stderr]    Compiling atty v0.2.14
[INFO] [stderr]    Compiling fastrand v1.7.0
[INFO] [stderr]    Compiling semver v1.0.10
[INFO] [stderr]    Compiling remove_dir_all v0.5.3
[INFO] [stderr]    Compiling normalize-line-endings v0.3.0
[INFO] [stderr]    Compiling heck v0.4.0
[INFO] [stderr]    Compiling termtree v0.2.4
[INFO] [stderr]    Compiling regex v1.5.6
[INFO] [stderr]    Compiling difflib v0.4.0
[INFO] [stderr]    Compiling minimal-lexical v0.2.1
[INFO] [stderr]    Compiling os_str_bytes v6.1.0
[INFO] [stderr]    Compiling predicates-tree v1.0.5
[INFO] [stderr]    Compiling clap_lex v0.2.0
[INFO] [stderr]    Compiling nom v7.1.1
[INFO] [stderr]    Compiling chrono v0.4.19
[INFO] [stderr]    Compiling tempfile v3.3.0
[INFO] [stderr]    Compiling url v2.2.2
[INFO] [stderr]    Compiling predicates v2.1.1
[INFO] [stderr]    Compiling parking_lot v0.12.1
[INFO] [stderr]    Compiling openssl-macros v0.1.0
[INFO] [stderr]    Compiling pest_derive v2.1.0
[INFO] [stderr]    Compiling thiserror-impl v1.0.31
[INFO] [stderr]    Compiling clap_derive v3.1.18
[INFO] [stderr]    Compiling mockall_derive v0.11.1
[INFO] [stderr]    Compiling derivative v2.2.0
[INFO] [stderr]    Compiling thiserror v1.0.31
[INFO] [stderr]    Compiling typemap v0.3.3
[INFO] [stderr]    Compiling rust-ini v0.18.0
[INFO] [stderr]    Compiling which v4.2.5
[INFO] [stderr]    Compiling thread-id v4.0.0
[INFO] [stderr]    Compiling dirs-sys v0.3.7
[INFO] [stderr]    Compiling log-mdc v0.1.0
[INFO] [stderr]    Compiling ipnet v2.5.0
[INFO] [stderr]    Compiling textwrap v0.15.0
[INFO] [stderr]    Compiling mime v0.3.16
[INFO] [stderr]    Compiling termcolor v1.1.3
[INFO] [stderr]    Compiling downcast v0.11.0
[INFO] [stderr]    Compiling pathdiff v0.2.1
[INFO] [stderr]    Compiling strsim v0.10.0
[INFO] [stderr]    Compiling fragile v1.2.1
[INFO] [stderr]    Compiling humantime v2.1.0
[INFO] [stderr]    Compiling arc-swap v1.5.0
[INFO] [stderr]    Compiling clap v3.1.18
[INFO] [stderr]    Compiling dirs v4.0.0
[INFO] [stderr]    Compiling edit v0.1.4
[INFO] [stderr]    Compiling colored v2.0.0
[INFO] [stderr]    Compiling mockall v0.11.1
[INFO] [stderr]    Compiling ron v0.7.0
[INFO] [stderr]    Compiling json5 v0.4.1
[INFO] [stderr]    Compiling serde-value v0.7.0
[INFO] [stderr]    Compiling serde_urlencoded v0.7.1
[INFO] [stderr]    Compiling toml v0.5.9
[INFO] [stderr]    Compiling mio v0.8.4
[INFO] [stderr]    Compiling want v0.3.0
[INFO] [stderr]    Compiling tokio v1.19.2
[INFO] [stderr]    Compiling serde_yaml v0.8.24
[INFO] [stderr]    Compiling config v0.13.1
[INFO] [stderr]    Compiling log4rs v1.1.1
[INFO] [stderr]    Compiling tokio-util v0.7.3
[INFO] [stderr]    Compiling tokio-native-tls v0.3.0
[INFO] [stderr]    Compiling h2 v0.3.13
[INFO] [stderr]    Compiling hyper v0.14.19
[INFO] [stderr]    Compiling hyper-tls v0.5.0
[INFO] [stderr]    Compiling reqwest v0.11.11
[INFO] [stderr]    Compiling vemo v0.1.0 (/opt/rustwide/workdir)
[INFO] [stderr]     Finished dev [unoptimized + debuginfo] target(s) in 29.35s
[INFO] [stderr] warning: the following packages contain code that will be rejected by a future version of Rust: traitobject v0.1.0
[INFO] [stderr] note: to see what the problems were, use the option `--future-incompat-report`, or run `cargo report future-incompatibilities --id 1`
[INFO] running `Command { std: "docker" "inspect" "777d492f14838611054a915c62893919f4b24db48dae68a8d6380f4d019c4334", kill_on_drop: false }`
[INFO] running `Command { std: "docker" "rm" "-f" "777d492f14838611054a915c62893919f4b24db48dae68a8d6380f4d019c4334", kill_on_drop: false }`
[INFO] [stdout] 777d492f14838611054a915c62893919f4b24db48dae68a8d6380f4d019c4334
[INFO] running `Command { std: "docker" "create" "-v" "/var/lib/crater-agent-workspace/builds/worker-2-tc2/target:/opt/rustwide/target:rw,Z" "-v" "/var/lib/crater-agent-workspace/builds/worker-2-tc2/source:/opt/rustwide/workdir:ro,Z" "-v" "/var/lib/crater-agent-workspace/cargo-home:/opt/rustwide/cargo-home:ro,Z" "-v" "/var/lib/crater-agent-workspace/rustup-home:/opt/rustwide/rustup-home:ro,Z" "-e" "SOURCE_DIR=/opt/rustwide/workdir" "-e" "CARGO_TARGET_DIR=/opt/rustwide/target" "-e" "CARGO_INCREMENTAL=0" "-e" "RUST_BACKTRACE=full" "-e" "RUSTFLAGS=--cap-lints=warn" "-e" "RUSTDOCFLAGS=--cap-lints=warn" "-e" "CARGO_HOME=/opt/rustwide/cargo-home" "-e" "RUSTUP_HOME=/opt/rustwide/rustup-home" "-w" "/opt/rustwide/workdir" "-m" "1610612736" "--user" "0:0" "--network" "none" "ghcr.io/rust-lang/crates-build-env/linux@sha256:2788e3201cd34a07e3172128adcd8b3090168a8e3bcc40d7c032b9dda1df7d1c" "/opt/rustwide/cargo-home/bin/cargo" "+beta-2023-12-22" "test" "--frozen" "--no-run" "--message-format=json", kill_on_drop: false }`
[INFO] [stdout] a71484af633c92c69faadbb4433df5caa9f452f8cc917574d38fd7202beee594
[INFO] running `Command { std: "docker" "start" "-a" "a71484af633c92c69faadbb4433df5caa9f452f8cc917574d38fd7202beee594", kill_on_drop: false }`
[INFO] [stderr]    Compiling vemo v0.1.0 (/opt/rustwide/workdir)
[INFO] [stdout] warning: unused variable: `tag`
[INFO] [stdout]   --> src/commands/shell/git_test.rs:25:27
[INFO] [stdout]    |
[INFO] [stdout] 25 |     fn get_commits(&self, tag: Option<String>, dir: &str) -> Result<Vec<Commit>, CommandError> {
[INFO] [stdout]    |                           ^^^ help: if this is intentional, prefix it with an underscore: `_tag`
[INFO] [stdout]    |
[INFO] [stdout]    = note: `#[warn(unused_variables)]` on by default
[INFO] [stdout] 
[INFO] [stdout] 
[INFO] [stdout] warning: unused variable: `dir`
[INFO] [stdout]   --> src/commands/shell/git_test.rs:25:48
[INFO] [stdout]    |
[INFO] [stdout] 25 |     fn get_commits(&self, tag: Option<String>, dir: &str) -> Result<Vec<Commit>, CommandError> {
[INFO] [stdout]    |                                                ^^^ help: if this is intentional, prefix it with an underscore: `_dir`
[INFO] [stdout] 
[INFO] [stdout] 
[INFO] [stdout] warning: 2 warnings emitted
[INFO] [stdout] 
[INFO] [stdout] 
[INFO] [stderr]     Finished test [unoptimized + debuginfo] target(s) in 2.10s
[INFO] [stderr] warning: the following packages contain code that will be rejected by a future version of Rust: traitobject v0.1.0
[INFO] [stderr] note: to see what the problems were, use the option `--future-incompat-report`, or run `cargo report future-incompatibilities --id 1`
[INFO] running `Command { std: "docker" "inspect" "a71484af633c92c69faadbb4433df5caa9f452f8cc917574d38fd7202beee594", kill_on_drop: false }`
[INFO] running `Command { std: "docker" "rm" "-f" "a71484af633c92c69faadbb4433df5caa9f452f8cc917574d38fd7202beee594", kill_on_drop: false }`
[INFO] [stdout] a71484af633c92c69faadbb4433df5caa9f452f8cc917574d38fd7202beee594
[INFO] running `Command { std: "docker" "create" "-v" "/var/lib/crater-agent-workspace/builds/worker-2-tc2/target:/opt/rustwide/target:rw,Z" "-v" "/var/lib/crater-agent-workspace/builds/worker-2-tc2/source:/opt/rustwide/workdir:ro,Z" "-v" "/var/lib/crater-agent-workspace/cargo-home:/opt/rustwide/cargo-home:ro,Z" "-v" "/var/lib/crater-agent-workspace/rustup-home:/opt/rustwide/rustup-home:ro,Z" "-e" "SOURCE_DIR=/opt/rustwide/workdir" "-e" "CARGO_TARGET_DIR=/opt/rustwide/target" "-e" "CARGO_INCREMENTAL=0" "-e" "RUST_BACKTRACE=full" "-e" "RUSTFLAGS=--cap-lints=warn" "-e" "RUSTDOCFLAGS=--cap-lints=warn" "-e" "CARGO_HOME=/opt/rustwide/cargo-home" "-e" "RUSTUP_HOME=/opt/rustwide/rustup-home" "-w" "/opt/rustwide/workdir" "-m" "1610612736" "--user" "0:0" "--network" "none" "ghcr.io/rust-lang/crates-build-env/linux@sha256:2788e3201cd34a07e3172128adcd8b3090168a8e3bcc40d7c032b9dda1df7d1c" "/opt/rustwide/cargo-home/bin/cargo" "+beta-2023-12-22" "test" "--frozen", kill_on_drop: false }`
[INFO] [stdout] ab5e99ee777a67dd47072c6769034632809fa337390aa6a88eea2df37e0975f3
[INFO] running `Command { std: "docker" "start" "-a" "ab5e99ee777a67dd47072c6769034632809fa337390aa6a88eea2df37e0975f3", kill_on_drop: false }`
[INFO] [stderr] warning: unused variable: `tag`
[INFO] [stderr]   --> src/commands/shell/git_test.rs:25:27
[INFO] [stderr]    |
[INFO] [stderr] 25 |     fn get_commits(&self, tag: Option<String>, dir: &str) -> Result<Vec<Commit>, CommandError> {
[INFO] [stderr]    |                           ^^^ help: if this is intentional, prefix it with an underscore: `_tag`
[INFO] [stderr]    |
[INFO] [stderr]    = note: `#[warn(unused_variables)]` on by default
[INFO] [stderr] 
[INFO] [stderr] warning: unused variable: `dir`
[INFO] [stderr]   --> src/commands/shell/git_test.rs:25:48
[INFO] [stderr]    |
[INFO] [stderr] 25 |     fn get_commits(&self, tag: Option<String>, dir: &str) -> Result<Vec<Commit>, CommandError> {
[INFO] [stderr]    |                                                ^^^ help: if this is intentional, prefix it with an underscore: `_dir`
[INFO] [stderr] 
[INFO] [stderr] warning: `vemo` (bin "vemo" test) generated 2 warnings (run `cargo fix --bin "vemo" --tests` to apply 2 suggestions)
[INFO] [stderr]     Finished test [unoptimized + debuginfo] target(s) in 0.09s
[INFO] [stderr] warning: the following packages contain code that will be rejected by a future version of Rust: traitobject v0.1.0
[INFO] [stderr] note: to see what the problems were, use the option `--future-incompat-report`, or run `cargo report future-incompatibilities --id 1`
[INFO] [stderr]      Running unittests src/main.rs (/opt/rustwide/target/debug/deps/vemo-f9e874c7ea17a77e)
[INFO] [stdout] 
[INFO] [stdout] running 12 tests
[INFO] [stdout] test commands::shell::git::commit_test::parse_git_line_should_return_error_when_line_is_invalid ... ok
[INFO] [stdout] test commands::shell::git::commit_test::parse_git_line_should_return_commit_object ... ok
[INFO] [stdout] test commands::shell::git_test::get_latest_tag_for_specific_app_should_return_a_tag ... ok
[INFO] [stdout] test commands::shell::git_test::get_latest_tags_should_extract_only_latest_tags_for_all_apps ... ok
[INFO] [stdout] test commands::shell::git_test::get_repo_info_with_valid_github_ssh_url_should_return_a_repo_info ... ok
[INFO] [stdout] test commands::shell::git_test::get_repo_info_with_invalid_http_url_should_return_a_failure ... ok
[INFO] [stdout] test commands::shell::git_test::get_repo_info_with_valid_github_http_url_but_skipping_protocol_should_return_a_repo_info ... ok
[INFO] [stdout] test commands::shell::git_test::get_repo_info_with_valid_github_http_url_should_return_a_repo_info ... ok
[INFO] [stdout] test commands::shell::git_test::get_repo_info_with_invalid_provider_should_return_a_repo_info_with_unknown_provider ... ok
[INFO] [stdout] test commands::shell::git_test::get_repo_info_with_invalid_ssh_url_should_return_a_failure ... ok
[INFO] [stdout] test commands::shell::git_test::get_repo_info_with_valid_github_ssh_url_with_new_line_at_the_end_should_return_a_repo_info ... ok
[INFO] [stdout] test commands::shell::git_test::get_tags_should_extract_tags_sorted_by_version_descending ... FAILED
[INFO] [stdout] 
[INFO] [stdout] failures:
[INFO] [stdout] 
[INFO] [stdout] ---- commands::shell::git_test::get_tags_should_extract_tags_sorted_by_version_descending stdout ----
[INFO] [stdout] thread 'commands::shell::git_test::get_tags_should_extract_tags_sorted_by_version_descending' panicked at src/commands/shell/git_test.rs:39:5:
[INFO] [stdout] assertion `left == right` failed
[INFO] [stdout]   left: Tag { format: "{app_name}/v{version}", raw: "app/v1.0.0", version: Version { major: 1, minor: 0, patch: 0 }, app_name: "app" }
[INFO] [stdout]  right: Tag { format: "{app_name}/v{version}", raw: "gateway/v0.0.1", version: Version { major: 0, minor: 0, patch: 1 }, app_name: "gateway" }
[INFO] [stdout] stack backtrace:
[INFO] [stdout]    0:     0x55f2c3edb9a6 - std::backtrace_rs::backtrace::libunwind::trace::h261606ad26a499c1
[INFO] [stdout]                                at /rustc/0e09125c6c3c2fd70d7de961bcf0e51575235fad/library/std/src/../../backtrace/src/backtrace/libunwind.rs:104:5
[INFO] [stdout]    1:     0x55f2c3edb9a6 - std::backtrace_rs::backtrace::trace_unsynchronized::hd183f0625477fb28
[INFO] [stdout]                                at /rustc/0e09125c6c3c2fd70d7de961bcf0e51575235fad/library/std/src/../../backtrace/src/backtrace/mod.rs:66:5
[INFO] [stdout]    2:     0x55f2c3edb9a6 - std::sys_common::backtrace::_print_fmt::hd7f8fef21b4eda67
[INFO] [stdout]                                at /rustc/0e09125c6c3c2fd70d7de961bcf0e51575235fad/library/std/src/sys_common/backtrace.rs:68:5
[INFO] [stdout]    3:     0x55f2c3edb9a6 - <std::sys_common::backtrace::_print::DisplayBacktrace as core::fmt::Display>::fmt::h623d9b51f2f453f1
[INFO] [stdout]                                at /rustc/0e09125c6c3c2fd70d7de961bcf0e51575235fad/library/std/src/sys_common/backtrace.rs:44:22
[INFO] [stdout]    4:     0x55f2c3f056c0 - core::fmt::rt::Argument::fmt::h9f417ac76a86f368
[INFO] [stdout]                                at /rustc/0e09125c6c3c2fd70d7de961bcf0e51575235fad/library/core/src/fmt/rt.rs:142:9
[INFO] [stdout]    5:     0x55f2c3f056c0 - core::fmt::write::hc9b6faf4ac2aeff7
[INFO] [stdout]                                at /rustc/0e09125c6c3c2fd70d7de961bcf0e51575235fad/library/core/src/fmt/mod.rs:1120:17
[INFO] [stdout]    6:     0x55f2c3ed940f - std::io::Write::write_fmt::he04625a3a989fec3
[INFO] [stdout]                                at /rustc/0e09125c6c3c2fd70d7de961bcf0e51575235fad/library/std/src/io/mod.rs:1810:15
[INFO] [stdout]    7:     0x55f2c3edb784 - std::sys_common::backtrace::_print::hd5d66399c7df88a2
[INFO] [stdout]                                at /rustc/0e09125c6c3c2fd70d7de961bcf0e51575235fad/library/std/src/sys_common/backtrace.rs:47:5
[INFO] [stdout]    8:     0x55f2c3edb784 - std::sys_common::backtrace::print::he81ed2da642d37e5
[INFO] [stdout]                                at /rustc/0e09125c6c3c2fd70d7de961bcf0e51575235fad/library/std/src/sys_common/backtrace.rs:34:9
[INFO] [stdout]    9:     0x55f2c3edd4f7 - std::panicking::default_hook::{{closure}}::h85773f4fa117163d
[INFO] [stdout]   10:     0x55f2c3edd1dd - std::panicking::default_hook::h6a1694a91d09b278
[INFO] [stdout]                                at /rustc/0e09125c6c3c2fd70d7de961bcf0e51575235fad/library/std/src/panicking.rs:289:9
[INFO] [stdout]   11:     0x55f2c3cf35d7 - <alloc::boxed::Box<F,A> as core::ops::function::Fn<Args>>::call::h616ac37fa3cd6c8f
[INFO] [stdout]                                at /rustc/0e09125c6c3c2fd70d7de961bcf0e51575235fad/library/alloc/src/boxed.rs:2029:9
[INFO] [stdout]   12:     0x55f2c3cf35d7 - test::test_main::{{closure}}::h00d84697cefdcbb6
[INFO] [stdout]                                at /rustc/0e09125c6c3c2fd70d7de961bcf0e51575235fad/library/test/src/lib.rs:138:21
[INFO] [stdout]   13:     0x55f2c3eddb16 - <alloc::boxed::Box<F,A> as core::ops::function::Fn<Args>>::call::hcb3fe3b9bb537ba8
[INFO] [stdout]                                at /rustc/0e09125c6c3c2fd70d7de961bcf0e51575235fad/library/alloc/src/boxed.rs:2029:9
[INFO] [stdout]   14:     0x55f2c3eddb16 - std::panicking::rust_panic_with_hook::h0a7ad96e90f7145b
[INFO] [stdout]                                at /rustc/0e09125c6c3c2fd70d7de961bcf0e51575235fad/library/std/src/panicking.rs:783:13
[INFO] [stdout]   15:     0x55f2c3edd862 - std::panicking::begin_panic_handler::{{closure}}::h7919090525c6485e
[INFO] [stdout]                                at /rustc/0e09125c6c3c2fd70d7de961bcf0e51575235fad/library/std/src/panicking.rs:657:13
[INFO] [stdout]   16:     0x55f2c3edbea6 - std::sys_common::backtrace::__rust_end_short_backtrace::hf3289479464f7dfe
[INFO] [stdout]                                at /rustc/0e09125c6c3c2fd70d7de961bcf0e51575235fad/library/std/src/sys_common/backtrace.rs:171:18
[INFO] [stdout]   17:     0x55f2c3edd5c0 - rust_begin_unwind
[INFO] [stdout]                                at /rustc/0e09125c6c3c2fd70d7de961bcf0e51575235fad/library/std/src/panicking.rs:645:5
[INFO] [stdout]   18:     0x55f2c3c9a205 - core::panicking::panic_fmt::hcc9f77c5c132af55
[INFO] [stdout]                                at /rustc/0e09125c6c3c2fd70d7de961bcf0e51575235fad/library/core/src/panicking.rs:72:14
[INFO] [stdout]   19:     0x55f2c3c9a67b - core::panicking::assert_failed_inner::h9f13e27dd63c3a08
[INFO] [stdout]                                at /rustc/0e09125c6c3c2fd70d7de961bcf0e51575235fad/library/core/src/panicking.rs:342:17
[INFO] [stdout]   20:     0x55f2c3c9bd5e - core::panicking::assert_failed::h96f5051f3df430bb
[INFO] [stdout]                                at /rustc/0e09125c6c3c2fd70d7de961bcf0e51575235fad/library/core/src/panicking.rs:297:5
[INFO] [stdout]   21:     0x55f2c3cbab9b - vemo::commands::shell::git_test::get_tags_should_extract_tags_sorted_by_version_descending::h4d94e8615bf4545e
[INFO] [stdout]                                at /opt/rustwide/workdir/src/commands/shell/git_test.rs:39:5
[INFO] [stdout]   22:     0x55f2c3cba5e7 - vemo::commands::shell::git_test::get_tags_should_extract_tags_sorted_by_version_descending::{{closure}}::h22852ea1b88c69a7
[INFO] [stdout]                                at /opt/rustwide/workdir/src/commands/shell/git_test.rs:33:63
[INFO] [stdout]   23:     0x55f2c3ca01a6 - core::ops::function::FnOnce::call_once::h38759b15b626c6f6
[INFO] [stdout]                                at /rustc/0e09125c6c3c2fd70d7de961bcf0e51575235fad/library/core/src/ops/function.rs:250:5
[INFO] [stdout]   24:     0x55f2c3cf8eaf - core::ops::function::FnOnce::call_once::hd64d26f405258157
[INFO] [stdout]                                at /rustc/0e09125c6c3c2fd70d7de961bcf0e51575235fad/library/core/src/ops/function.rs:250:5
[INFO] [stdout]   25:     0x55f2c3cf8eaf - test::__rust_begin_short_backtrace::he21b0b7a6d731bf9
[INFO] [stdout]                                at /rustc/0e09125c6c3c2fd70d7de961bcf0e51575235fad/library/test/src/lib.rs:627:18
[INFO] [stdout]   26:     0x55f2c3cf7c31 - test::run_test_in_process::{{closure}}::hf5c73986d7bdfde2
[INFO] [stdout]                                at /rustc/0e09125c6c3c2fd70d7de961bcf0e51575235fad/library/test/src/lib.rs:650:60
[INFO] [stdout]   27:     0x55f2c3cf7c31 - <core::panic::unwind_safe::AssertUnwindSafe<F> as core::ops::function::FnOnce<()>>::call_once::h330011ad032aadc0
[INFO] [stdout]                                at /rustc/0e09125c6c3c2fd70d7de961bcf0e51575235fad/library/core/src/panic/unwind_safe.rs:272:9
[INFO] [stdout]   28:     0x55f2c3cf7c31 - std::panicking::try::do_call::he61b0a958b795a41
[INFO] [stdout]                                at /rustc/0e09125c6c3c2fd70d7de961bcf0e51575235fad/library/std/src/panicking.rs:552:40
[INFO] [stdout]   29:     0x55f2c3cf7c31 - std::panicking::try::h7309da130f906eb7
[INFO] [stdout]                                at /rustc/0e09125c6c3c2fd70d7de961bcf0e51575235fad/library/std/src/panicking.rs:516:19
[INFO] [stdout]   30:     0x55f2c3cf7c31 - std::panic::catch_unwind::hc5c3a06fdaf0a92a
[INFO] [stdout]                                at /rustc/0e09125c6c3c2fd70d7de961bcf0e51575235fad/library/std/src/panic.rs:142:14
[INFO] [stdout]   31:     0x55f2c3cf7c31 - test::run_test_in_process::h7e7b7c71c3324e0f
[INFO] [stdout]                                at /rustc/0e09125c6c3c2fd70d7de961bcf0e51575235fad/library/test/src/lib.rs:650:27
[INFO] [stdout]   32:     0x55f2c3cf7c31 - test::run_test::{{closure}}::h1f509f28f5cf20b1
[INFO] [stdout]                                at /rustc/0e09125c6c3c2fd70d7de961bcf0e51575235fad/library/test/src/lib.rs:573:43
[INFO] [stdout]   33:     0x55f2c3cbef66 - test::run_test::{{closure}}::h1754218abf443f6d
[INFO] [stdout]                                at /rustc/0e09125c6c3c2fd70d7de961bcf0e51575235fad/library/test/src/lib.rs:601:41
[INFO] [stdout]   34:     0x55f2c3cbef66 - std::sys_common::backtrace::__rust_begin_short_backtrace::h2ee174b9d5954948
[INFO] [stdout]                                at /rustc/0e09125c6c3c2fd70d7de961bcf0e51575235fad/library/std/src/sys_common/backtrace.rs:155:18
[INFO] [stdout]   35:     0x55f2c3cc3fc7 - std::thread::Builder::spawn_unchecked_::{{closure}}::{{closure}}::hf60bee9c1a17ef09
[INFO] [stdout]                                at /rustc/0e09125c6c3c2fd70d7de961bcf0e51575235fad/library/std/src/thread/mod.rs:529:17
[INFO] [stdout]   36:     0x55f2c3cc3fc7 - <core::panic::unwind_safe::AssertUnwindSafe<F> as core::ops::function::FnOnce<()>>::call_once::h33d0dddec5216160
[INFO] [stdout]                                at /rustc/0e09125c6c3c2fd70d7de961bcf0e51575235fad/library/core/src/panic/unwind_safe.rs:272:9
[INFO] [stdout]   37:     0x55f2c3cc3fc7 - std::panicking::try::do_call::h144b3048b546f835
[INFO] [stdout]                                at /rustc/0e09125c6c3c2fd70d7de961bcf0e51575235fad/library/std/src/panicking.rs:552:40
[INFO] [stdout]   38:     0x55f2c3cc3fc7 - std::panicking::try::h978244d04646189f
[INFO] [stdout]                                at /rustc/0e09125c6c3c2fd70d7de961bcf0e51575235fad/library/std/src/panicking.rs:516:19
[INFO] [stdout]   39:     0x55f2c3cc3fc7 - std::panic::catch_unwind::hdf436369d188fe86
[INFO] [stdout]                                at /rustc/0e09125c6c3c2fd70d7de961bcf0e51575235fad/library/std/src/panic.rs:142:14
[INFO] [stdout]   40:     0x55f2c3cc3fc7 - std::thread::Builder::spawn_unchecked_::{{closure}}::h87329cbdd33c79ec
[INFO] [stdout]                                at /rustc/0e09125c6c3c2fd70d7de961bcf0e51575235fad/library/std/src/thread/mod.rs:528:30
[INFO] [stdout]   41:     0x55f2c3cc3fc7 - core::ops::function::FnOnce::call_once{{vtable.shim}}::h401abbe67897d450
[INFO] [stdout]                                at /rustc/0e09125c6c3c2fd70d7de961bcf0e51575235fad/library/core/src/ops/function.rs:250:5
[INFO] [stdout]   42:     0x55f2c3ee25c5 - <alloc::boxed::Box<F,A> as core::ops::function::FnOnce<Args>>::call_once::h5d7c8f150ab9c84c
[INFO] [stdout]                                at /rustc/0e09125c6c3c2fd70d7de961bcf0e51575235fad/library/alloc/src/boxed.rs:2015:9
[INFO] [stdout]   43:     0x55f2c3ee25c5 - <alloc::boxed::Box<F,A> as core::ops::function::FnOnce<Args>>::call_once::h570d5b005c242c15
[INFO] [stdout]                                at /rustc/0e09125c6c3c2fd70d7de961bcf0e51575235fad/library/alloc/src/boxed.rs:2015:9
[INFO] [stdout]   44:     0x55f2c3ee25c5 - std::sys::unix::thread::Thread::new::thread_start::h36b0a20c0b2361ad
[INFO] [stdout]                                at /rustc/0e09125c6c3c2fd70d7de961bcf0e51575235fad/library/std/src/sys/unix/thread.rs:108:17
[INFO] [stdout]   45:     0x7fb7c8132ac3 - <unknown>
[INFO] [stdout]   46:     0x7fb7c81c3bf4 - __clone
[INFO] [stdout]   47:                0x0 - <unknown>
[INFO] [stdout] 
[INFO] [stdout] 
[INFO] [stdout] failures:
[INFO] [stdout]     commands::shell::git_test::get_tags_should_extract_tags_sorted_by_version_descending
[INFO] [stdout] 
[INFO] [stdout] test result: FAILED. 11 passed; 1 failed; 0 ignored; 0 measured; 0 filtered out; finished in 0.06s
[INFO] [stdout] 
[INFO] [stderr] error: test failed, to rerun pass `--bin vemo`
[INFO] running `Command { std: "docker" "inspect" "ab5e99ee777a67dd47072c6769034632809fa337390aa6a88eea2df37e0975f3", kill_on_drop: false }`
[INFO] running `Command { std: "docker" "rm" "-f" "ab5e99ee777a67dd47072c6769034632809fa337390aa6a88eea2df37e0975f3", kill_on_drop: false }`
[INFO] [stdout] ab5e99ee777a67dd47072c6769034632809fa337390aa6a88eea2df37e0975f3
