[INFO] cloning repository https://github.com/kalley/advent-of-code-2023
[INFO] running `Command { std: "git" "-c" "credential.helper=" "-c" "credential.helper=/workspace/cargo-home/bin/git-credential-null" "clone" "--bare" "https://github.com/kalley/advent-of-code-2023" "/workspace/cache/git-repos/https%3A%2F%2Fgithub.com%2Fkalley%2Fadvent-of-code-2023", kill_on_drop: false }`
[INFO] [stderr] Cloning into bare repository '/workspace/cache/git-repos/https%3A%2F%2Fgithub.com%2Fkalley%2Fadvent-of-code-2023'...
[INFO] running `Command { std: "git" "rev-parse" "HEAD", kill_on_drop: false }`
[INFO] [stdout] c138749109c415717268a215d3baeb3d80b3305b
[INFO] testing kalley/advent-of-code-2023 against 1.75.0 for beta-1.76-1
[INFO] running `Command { std: "git" "clone" "/workspace/cache/git-repos/https%3A%2F%2Fgithub.com%2Fkalley%2Fadvent-of-code-2023" "/workspace/builds/worker-5-tc1/source", kill_on_drop: false }`
[INFO] [stderr] Cloning into '/workspace/builds/worker-5-tc1/source'...
[INFO] [stderr] done.
[INFO] validating manifest of git repo https://github.com/kalley/advent-of-code-2023 on toolchain 1.75.0
[INFO] running `Command { std: CARGO_HOME="/workspace/cargo-home" RUSTUP_HOME="/workspace/rustup-home" "/workspace/cargo-home/bin/cargo" "+1.75.0" "metadata" "--manifest-path" "Cargo.toml" "--no-deps", kill_on_drop: false }`
[INFO] started tweaking git repo https://github.com/kalley/advent-of-code-2023
[INFO] finished tweaking git repo https://github.com/kalley/advent-of-code-2023
[INFO] tweaked toml for git repo https://github.com/kalley/advent-of-code-2023 written to /workspace/builds/worker-5-tc1/source/Cargo.toml
[INFO] crate git repo https://github.com/kalley/advent-of-code-2023 already has a lockfile, it will not be regenerated
[INFO] running `Command { std: CARGO_HOME="/workspace/cargo-home" RUSTUP_HOME="/workspace/rustup-home" "/workspace/cargo-home/bin/cargo" "+1.75.0" "fetch" "--manifest-path" "Cargo.toml", kill_on_drop: false }`
[INFO] running `Command { std: "docker" "create" "-v" "/var/lib/crater-agent-workspace/builds/worker-5-tc1/target:/opt/rustwide/target:rw,Z" "-v" "/var/lib/crater-agent-workspace/builds/worker-5-tc1/source:/opt/rustwide/workdir:ro,Z" "-v" "/var/lib/crater-agent-workspace/cargo-home:/opt/rustwide/cargo-home:ro,Z" "-v" "/var/lib/crater-agent-workspace/rustup-home:/opt/rustwide/rustup-home:ro,Z" "-e" "SOURCE_DIR=/opt/rustwide/workdir" "-e" "CARGO_TARGET_DIR=/opt/rustwide/target" "-e" "CARGO_HOME=/opt/rustwide/cargo-home" "-e" "RUSTUP_HOME=/opt/rustwide/rustup-home" "-w" "/opt/rustwide/workdir" "-m" "1610612736" "--user" "0:0" "--network" "none" "ghcr.io/rust-lang/crates-build-env/linux@sha256:2788e3201cd34a07e3172128adcd8b3090168a8e3bcc40d7c032b9dda1df7d1c" "/opt/rustwide/cargo-home/bin/cargo" "+1.75.0" "metadata" "--no-deps" "--format-version=1", kill_on_drop: false }`
[INFO] [stdout] b1e1b5966fc8b8ef88d0e23b97f3ef14c9a3d5c1a58b1d55ade903b5618b89c8
[INFO] running `Command { std: "docker" "start" "-a" "b1e1b5966fc8b8ef88d0e23b97f3ef14c9a3d5c1a58b1d55ade903b5618b89c8", kill_on_drop: false }`
[INFO] running `Command { std: "docker" "inspect" "b1e1b5966fc8b8ef88d0e23b97f3ef14c9a3d5c1a58b1d55ade903b5618b89c8", kill_on_drop: false }`
[INFO] running `Command { std: "docker" "rm" "-f" "b1e1b5966fc8b8ef88d0e23b97f3ef14c9a3d5c1a58b1d55ade903b5618b89c8", kill_on_drop: false }`
[INFO] [stdout] b1e1b5966fc8b8ef88d0e23b97f3ef14c9a3d5c1a58b1d55ade903b5618b89c8
[INFO] running `Command { std: "docker" "create" "-v" "/var/lib/crater-agent-workspace/builds/worker-5-tc1/target:/opt/rustwide/target:rw,Z" "-v" "/var/lib/crater-agent-workspace/builds/worker-5-tc1/source:/opt/rustwide/workdir:ro,Z" "-v" "/var/lib/crater-agent-workspace/cargo-home:/opt/rustwide/cargo-home:ro,Z" "-v" "/var/lib/crater-agent-workspace/rustup-home:/opt/rustwide/rustup-home:ro,Z" "-e" "SOURCE_DIR=/opt/rustwide/workdir" "-e" "CARGO_TARGET_DIR=/opt/rustwide/target" "-e" "CARGO_INCREMENTAL=0" "-e" "RUST_BACKTRACE=full" "-e" "RUSTFLAGS=--cap-lints=warn" "-e" "RUSTDOCFLAGS=--cap-lints=warn" "-e" "CARGO_HOME=/opt/rustwide/cargo-home" "-e" "RUSTUP_HOME=/opt/rustwide/rustup-home" "-w" "/opt/rustwide/workdir" "-m" "1610612736" "--user" "0:0" "--network" "none" "ghcr.io/rust-lang/crates-build-env/linux@sha256:2788e3201cd34a07e3172128adcd8b3090168a8e3bcc40d7c032b9dda1df7d1c" "/opt/rustwide/cargo-home/bin/cargo" "+1.75.0" "build" "--frozen" "--message-format=json", kill_on_drop: false }`
[INFO] [stdout] 83128a8d4acab7eec35c259b69f71319350682a51613f8e0e6172c5643c1443c
[INFO] running `Command { std: "docker" "start" "-a" "83128a8d4acab7eec35c259b69f71319350682a51613f8e0e6172c5643c1443c", kill_on_drop: false }`
[INFO] [stderr]    Compiling memchr v2.6.4
[INFO] [stderr]    Compiling regex-syntax v0.8.2
[INFO] [stderr]    Compiling aho-corasick v1.1.2
[INFO] [stderr]    Compiling regex-automata v0.4.3
[INFO] [stderr]    Compiling regex v1.10.2
[INFO] [stderr]    Compiling advent-of-code-2023 v0.1.0 (/opt/rustwide/workdir)
[INFO] [stdout] warning: unnecessary parentheses around index expression
[INFO] [stdout]   --> src/day3.rs:18:63
[INFO] [stdout]    |
[INFO] [stdout] 18 |                 c.is_ascii_digit() && (*i == 0 || !line_bytes[(*i - 1)].is_ascii_digit())
[INFO] [stdout]    |                                                               ^      ^
[INFO] [stdout]    |
[INFO] [stdout]    = note: `#[warn(unused_parens)]` on by default
[INFO] [stdout] help: remove these parentheses
[INFO] [stdout]    |
[INFO] [stdout] 18 -                 c.is_ascii_digit() && (*i == 0 || !line_bytes[(*i - 1)].is_ascii_digit())
[INFO] [stdout] 18 +                 c.is_ascii_digit() && (*i == 0 || !line_bytes[*i - 1].is_ascii_digit())
[INFO] [stdout]    |
[INFO] [stdout] 
[INFO] [stdout] 
[INFO] [stdout] warning: unnecessary parentheses around index expression
[INFO] [stdout]    --> src/day3.rs:114:63
[INFO] [stdout]     |
[INFO] [stdout] 114 |                 c.is_ascii_digit() && (*i == 0 || !line_bytes[(*i - 1)].is_ascii_digit())
[INFO] [stdout]     |                                                               ^      ^
[INFO] [stdout]     |
[INFO] [stdout] help: remove these parentheses
[INFO] [stdout]     |
[INFO] [stdout] 114 -                 c.is_ascii_digit() && (*i == 0 || !line_bytes[(*i - 1)].is_ascii_digit())
[INFO] [stdout] 114 +                 c.is_ascii_digit() && (*i == 0 || !line_bytes[*i - 1].is_ascii_digit())
[INFO] [stdout]     |
[INFO] [stdout] 
[INFO] [stdout] 
[INFO] [stdout] warning: unused variable: `input`
[INFO] [stdout]    --> src/day10.rs:204:10
[INFO] [stdout]     |
[INFO] [stdout] 204 | fn part2(input: &String) -> i64 {
[INFO] [stdout]     |          ^^^^^ help: if this is intentional, prefix it with an underscore: `_input`
[INFO] [stdout]     |
[INFO] [stdout]     = note: `#[warn(unused_variables)]` on by default
[INFO] [stdout] 
[INFO] [stdout] 
[INFO] [stdout] warning: unused variable: `input`
[INFO] [stdout]   --> src/day13.rs:94:10
[INFO] [stdout]    |
[INFO] [stdout] 94 | fn part2(input: &String) -> usize {
[INFO] [stdout]    |          ^^^^^ help: if this is intentional, prefix it with an underscore: `_input`
[INFO] [stdout] 
[INFO] [stdout] 
[INFO] [stdout] warning: function `part2` is never used
[INFO] [stdout]   --> src/day5.rs:82:4
[INFO] [stdout]    |
[INFO] [stdout] 82 | fn part2(input: &String) -> u64 {
[INFO] [stdout]    |    ^^^^^
[INFO] [stdout]    |
[INFO] [stdout]    = note: `#[warn(dead_code)]` on by default
[INFO] [stdout] 
[INFO] [stdout] 
[INFO] [stdout] warning: 5 warnings emitted
[INFO] [stdout] 
[INFO] [stdout] 
[INFO] [stderr]     Finished dev [unoptimized + debuginfo] target(s) in 4.86s
[INFO] running `Command { std: "docker" "inspect" "83128a8d4acab7eec35c259b69f71319350682a51613f8e0e6172c5643c1443c", kill_on_drop: false }`
[INFO] running `Command { std: "docker" "rm" "-f" "83128a8d4acab7eec35c259b69f71319350682a51613f8e0e6172c5643c1443c", kill_on_drop: false }`
[INFO] [stdout] 83128a8d4acab7eec35c259b69f71319350682a51613f8e0e6172c5643c1443c
[INFO] running `Command { std: "docker" "create" "-v" "/var/lib/crater-agent-workspace/builds/worker-5-tc1/target:/opt/rustwide/target:rw,Z" "-v" "/var/lib/crater-agent-workspace/builds/worker-5-tc1/source:/opt/rustwide/workdir:ro,Z" "-v" "/var/lib/crater-agent-workspace/cargo-home:/opt/rustwide/cargo-home:ro,Z" "-v" "/var/lib/crater-agent-workspace/rustup-home:/opt/rustwide/rustup-home:ro,Z" "-e" "SOURCE_DIR=/opt/rustwide/workdir" "-e" "CARGO_TARGET_DIR=/opt/rustwide/target" "-e" "CARGO_INCREMENTAL=0" "-e" "RUST_BACKTRACE=full" "-e" "RUSTFLAGS=--cap-lints=warn" "-e" "RUSTDOCFLAGS=--cap-lints=warn" "-e" "CARGO_HOME=/opt/rustwide/cargo-home" "-e" "RUSTUP_HOME=/opt/rustwide/rustup-home" "-w" "/opt/rustwide/workdir" "-m" "1610612736" "--user" "0:0" "--network" "none" "ghcr.io/rust-lang/crates-build-env/linux@sha256:2788e3201cd34a07e3172128adcd8b3090168a8e3bcc40d7c032b9dda1df7d1c" "/opt/rustwide/cargo-home/bin/cargo" "+1.75.0" "test" "--frozen" "--no-run" "--message-format=json", kill_on_drop: false }`
[INFO] [stdout] 5cf9ede1496e73d3392bf5798c5597c091a6860ee6133410ec3e6f01e5aca0da
[INFO] running `Command { std: "docker" "start" "-a" "5cf9ede1496e73d3392bf5798c5597c091a6860ee6133410ec3e6f01e5aca0da", kill_on_drop: false }`
[INFO] [stderr]    Compiling advent-of-code-2023 v0.1.0 (/opt/rustwide/workdir)
[INFO] [stdout] warning: unnecessary parentheses around index expression
[INFO] [stdout]   --> src/day3.rs:18:63
[INFO] [stdout]    |
[INFO] [stdout] 18 |                 c.is_ascii_digit() && (*i == 0 || !line_bytes[(*i - 1)].is_ascii_digit())
[INFO] [stdout]    |                                                               ^      ^
[INFO] [stdout]    |
[INFO] [stdout]    = note: `#[warn(unused_parens)]` on by default
[INFO] [stdout] help: remove these parentheses
[INFO] [stdout]    |
[INFO] [stdout] 18 -                 c.is_ascii_digit() && (*i == 0 || !line_bytes[(*i - 1)].is_ascii_digit())
[INFO] [stdout] 18 +                 c.is_ascii_digit() && (*i == 0 || !line_bytes[*i - 1].is_ascii_digit())
[INFO] [stdout]    |
[INFO] [stdout] 
[INFO] [stdout] 
[INFO] [stdout] warning: unnecessary parentheses around index expression
[INFO] [stdout]    --> src/day3.rs:114:63
[INFO] [stdout]     |
[INFO] [stdout] 114 |                 c.is_ascii_digit() && (*i == 0 || !line_bytes[(*i - 1)].is_ascii_digit())
[INFO] [stdout]     |                                                               ^      ^
[INFO] [stdout]     |
[INFO] [stdout] help: remove these parentheses
[INFO] [stdout]     |
[INFO] [stdout] 114 -                 c.is_ascii_digit() && (*i == 0 || !line_bytes[(*i - 1)].is_ascii_digit())
[INFO] [stdout] 114 +                 c.is_ascii_digit() && (*i == 0 || !line_bytes[*i - 1].is_ascii_digit())
[INFO] [stdout]     |
[INFO] [stdout] 
[INFO] [stdout] 
[INFO] [stdout] warning: unused variable: `input`
[INFO] [stdout]    --> src/day10.rs:204:10
[INFO] [stdout]     |
[INFO] [stdout] 204 | fn part2(input: &String) -> i64 {
[INFO] [stdout]     |          ^^^^^ help: if this is intentional, prefix it with an underscore: `_input`
[INFO] [stdout]     |
[INFO] [stdout]     = note: `#[warn(unused_variables)]` on by default
[INFO] [stdout] 
[INFO] [stdout] 
[INFO] [stdout] warning: unused variable: `input`
[INFO] [stdout]   --> src/day13.rs:94:10
[INFO] [stdout]    |
[INFO] [stdout] 94 | fn part2(input: &String) -> usize {
[INFO] [stdout]    |          ^^^^^ help: if this is intentional, prefix it with an underscore: `_input`
[INFO] [stdout] 
[INFO] [stdout] 
[INFO] [stdout] warning: 4 warnings emitted
[INFO] [stdout] 
[INFO] [stdout] 
[INFO] [stderr]     Finished test [unoptimized + debuginfo] target(s) in 1.23s
[INFO] running `Command { std: "docker" "inspect" "5cf9ede1496e73d3392bf5798c5597c091a6860ee6133410ec3e6f01e5aca0da", kill_on_drop: false }`
[INFO] running `Command { std: "docker" "rm" "-f" "5cf9ede1496e73d3392bf5798c5597c091a6860ee6133410ec3e6f01e5aca0da", kill_on_drop: false }`
[INFO] [stdout] 5cf9ede1496e73d3392bf5798c5597c091a6860ee6133410ec3e6f01e5aca0da
[INFO] running `Command { std: "docker" "create" "-v" "/var/lib/crater-agent-workspace/builds/worker-5-tc1/target:/opt/rustwide/target:rw,Z" "-v" "/var/lib/crater-agent-workspace/builds/worker-5-tc1/source:/opt/rustwide/workdir:ro,Z" "-v" "/var/lib/crater-agent-workspace/cargo-home:/opt/rustwide/cargo-home:ro,Z" "-v" "/var/lib/crater-agent-workspace/rustup-home:/opt/rustwide/rustup-home:ro,Z" "-e" "SOURCE_DIR=/opt/rustwide/workdir" "-e" "CARGO_TARGET_DIR=/opt/rustwide/target" "-e" "CARGO_INCREMENTAL=0" "-e" "RUST_BACKTRACE=full" "-e" "RUSTFLAGS=--cap-lints=warn" "-e" "RUSTDOCFLAGS=--cap-lints=warn" "-e" "CARGO_HOME=/opt/rustwide/cargo-home" "-e" "RUSTUP_HOME=/opt/rustwide/rustup-home" "-w" "/opt/rustwide/workdir" "-m" "1610612736" "--user" "0:0" "--network" "none" "ghcr.io/rust-lang/crates-build-env/linux@sha256:2788e3201cd34a07e3172128adcd8b3090168a8e3bcc40d7c032b9dda1df7d1c" "/opt/rustwide/cargo-home/bin/cargo" "+1.75.0" "test" "--frozen", kill_on_drop: false }`
[INFO] [stdout] 29d0c36986b7e934993b0656124ee8c97f3c5530c43964a5186ab39ec6547f77
[INFO] running `Command { std: "docker" "start" "-a" "29d0c36986b7e934993b0656124ee8c97f3c5530c43964a5186ab39ec6547f77", kill_on_drop: false }`
[INFO] [stderr] warning: unnecessary parentheses around index expression
[INFO] [stderr]   --> src/day3.rs:18:63
[INFO] [stderr]    |
[INFO] [stderr] 18 |                 c.is_ascii_digit() && (*i == 0 || !line_bytes[(*i - 1)].is_ascii_digit())
[INFO] [stderr]    |                                                               ^      ^
[INFO] [stderr]    |
[INFO] [stderr]    = note: `#[warn(unused_parens)]` on by default
[INFO] [stderr] help: remove these parentheses
[INFO] [stderr]    |
[INFO] [stderr] 18 -                 c.is_ascii_digit() && (*i == 0 || !line_bytes[(*i - 1)].is_ascii_digit())
[INFO] [stderr] 18 +                 c.is_ascii_digit() && (*i == 0 || !line_bytes[*i - 1].is_ascii_digit())
[INFO] [stderr]    |
[INFO] [stderr] 
[INFO] [stderr] warning: unnecessary parentheses around index expression
[INFO] [stderr]    --> src/day3.rs:114:63
[INFO] [stderr]     |
[INFO] [stderr] 114 |                 c.is_ascii_digit() && (*i == 0 || !line_bytes[(*i - 1)].is_ascii_digit())
[INFO] [stderr]     |                                                               ^      ^
[INFO] [stderr]     |
[INFO] [stderr] help: remove these parentheses
[INFO] [stderr]     |
[INFO] [stderr] 114 -                 c.is_ascii_digit() && (*i == 0 || !line_bytes[(*i - 1)].is_ascii_digit())
[INFO] [stderr] 114 +                 c.is_ascii_digit() && (*i == 0 || !line_bytes[*i - 1].is_ascii_digit())
[INFO] [stderr]     |
[INFO] [stderr] 
[INFO] [stderr] warning: unused variable: `input`
[INFO] [stderr]    --> src/day10.rs:204:10
[INFO] [stderr]     |
[INFO] [stderr] 204 | fn part2(input: &String) -> i64 {
[INFO] [stderr]     |          ^^^^^ help: if this is intentional, prefix it with an underscore: `_input`
[INFO] [stderr]     |
[INFO] [stderr]     = note: `#[warn(unused_variables)]` on by default
[INFO] [stderr] 
[INFO] [stderr] warning: unused variable: `input`
[INFO] [stderr]   --> src/day13.rs:94:10
[INFO] [stderr]    |
[INFO] [stderr] 94 | fn part2(input: &String) -> usize {
[INFO] [stderr]    |          ^^^^^ help: if this is intentional, prefix it with an underscore: `_input`
[INFO] [stderr] 
[INFO] [stderr] warning: `advent-of-code-2023` (bin "advent-of-code-2023" test) generated 4 warnings (run `cargo fix --bin "advent-of-code-2023" --tests` to apply 4 suggestions)
[INFO] [stderr]     Finished test [unoptimized + debuginfo] target(s) in 0.00s
[INFO] [stderr]      Running unittests src/main.rs (/opt/rustwide/target/debug/deps/advent_of_code_2023-24e1609752136f37)
[INFO] [stdout] 
[INFO] [stdout] running 36 tests
[INFO] [stdout] test day11::test::validate_part1_example ... ok
[INFO] [stdout] test day13::test::validate_part1_example ... ok
[INFO] [stdout] test day14::test::validate_part1_example ... ok
[INFO] [stdout] test day14::test::validate_part1 ... ok
[INFO] [stdout] test day13::test::validate_part1 ... ok
[INFO] [stdout] test day10::test::validate_part1 ... ok
[INFO] [stdout] test day15::test::validate_part1_example ... ok
[INFO] [stdout] test day15::test::validate_part1 ... ok
[INFO] [stdout] test day15::test::validate_part2_example ... ok
[INFO] [stdout] test day15::test::validate_part2 ... ok
[INFO] [stdout] test day11::test::validate_part2 ... ok
[INFO] [stdout] test day11::test::validate_part1 ... ok
[INFO] [stdout] test day16::test::validate_part1_example ... ok
[INFO] [stdout] test day1::test::validate_part1 ... ok
[INFO] [stdout] test day16::test::validate_part2_example ... ok
[INFO] [stdout] test day2::test::validate_part1 ... ok
[INFO] [stdout] test day2::test::validate_part2 ... ok
[INFO] [stdout] test day13::test::validate_part2 ... FAILED
[INFO] [stdout] test day10::test::validate_part2 ... FAILED
[INFO] [stdout] test day4::test::validate_part1 ... ok
[INFO] [stdout] test day4::test::validate_part2 ... ok
[INFO] [stdout] test day6::test::validate_part1 ... ok
[INFO] [stdout] test day5::test::validate_part1 ... ok
[INFO] [stdout] test day16::test::validate_part1 ... ok
[INFO] [stdout] test day7::test::validate_part2 ... ok
[INFO] [stdout] test day7::test::validate_part1 ... FAILED
[INFO] [stdout] test day1::test::validate_part2 ... ok
[INFO] [stdout] test day9::test::validate_part1 ... ok
[INFO] [stdout] test day8::test::validate_part1 ... ok
[INFO] [stdout] test day9::test::validate_part2 ... ok
[INFO] [stdout] test day8::test::validate_part2 ... ok
[INFO] [stdout] test day6::test::validate_part2 ... ok
[INFO] [stderr] error: test failed, to rerun pass `--bin advent-of-code-2023`
[INFO] [stderr] 
[INFO] [stderr] Caused by:
[INFO] [stderr]   process didn't exit successfully: `/opt/rustwide/target/debug/deps/advent_of_code_2023-24e1609752136f37` (signal: 9, SIGKILL: kill)
[INFO] running `Command { std: "docker" "inspect" "29d0c36986b7e934993b0656124ee8c97f3c5530c43964a5186ab39ec6547f77", kill_on_drop: false }`
[INFO] running `Command { std: "docker" "rm" "-f" "29d0c36986b7e934993b0656124ee8c97f3c5530c43964a5186ab39ec6547f77", kill_on_drop: false }`
[INFO] [stdout] 29d0c36986b7e934993b0656124ee8c97f3c5530c43964a5186ab39ec6547f77
[INFO] testing kalley/advent-of-code-2023 against beta-2023-12-22 for beta-1.76-1
[INFO] running `Command { std: "git" "clone" "/workspace/cache/git-repos/https%3A%2F%2Fgithub.com%2Fkalley%2Fadvent-of-code-2023" "/workspace/builds/worker-5-tc2/source", kill_on_drop: false }`
[INFO] [stderr] Cloning into '/workspace/builds/worker-5-tc2/source'...
[INFO] [stderr] done.
[INFO] validating manifest of git repo https://github.com/kalley/advent-of-code-2023 on toolchain beta-2023-12-22
[INFO] running `Command { std: CARGO_HOME="/workspace/cargo-home" RUSTUP_HOME="/workspace/rustup-home" "/workspace/cargo-home/bin/cargo" "+beta-2023-12-22" "metadata" "--manifest-path" "Cargo.toml" "--no-deps", kill_on_drop: false }`
[INFO] started tweaking git repo https://github.com/kalley/advent-of-code-2023
[INFO] finished tweaking git repo https://github.com/kalley/advent-of-code-2023
[INFO] tweaked toml for git repo https://github.com/kalley/advent-of-code-2023 written to /workspace/builds/worker-5-tc2/source/Cargo.toml
[INFO] crate git repo https://github.com/kalley/advent-of-code-2023 already has a lockfile, it will not be regenerated
[INFO] running `Command { std: CARGO_HOME="/workspace/cargo-home" RUSTUP_HOME="/workspace/rustup-home" "/workspace/cargo-home/bin/cargo" "+beta-2023-12-22" "fetch" "--manifest-path" "Cargo.toml", kill_on_drop: false }`
[INFO] running `Command { std: "docker" "create" "-v" "/var/lib/crater-agent-workspace/builds/worker-5-tc2/target:/opt/rustwide/target:rw,Z" "-v" "/var/lib/crater-agent-workspace/builds/worker-5-tc2/source:/opt/rustwide/workdir:ro,Z" "-v" "/var/lib/crater-agent-workspace/cargo-home:/opt/rustwide/cargo-home:ro,Z" "-v" "/var/lib/crater-agent-workspace/rustup-home:/opt/rustwide/rustup-home:ro,Z" "-e" "SOURCE_DIR=/opt/rustwide/workdir" "-e" "CARGO_TARGET_DIR=/opt/rustwide/target" "-e" "CARGO_HOME=/opt/rustwide/cargo-home" "-e" "RUSTUP_HOME=/opt/rustwide/rustup-home" "-w" "/opt/rustwide/workdir" "-m" "1610612736" "--user" "0:0" "--network" "none" "ghcr.io/rust-lang/crates-build-env/linux@sha256:2788e3201cd34a07e3172128adcd8b3090168a8e3bcc40d7c032b9dda1df7d1c" "/opt/rustwide/cargo-home/bin/cargo" "+beta-2023-12-22" "metadata" "--no-deps" "--format-version=1", kill_on_drop: false }`
[INFO] [stdout] c1049269f6746dfbb6b63718328cc69a89ae3c95c700dc39807ad74bec8bb401
[INFO] running `Command { std: "docker" "start" "-a" "c1049269f6746dfbb6b63718328cc69a89ae3c95c700dc39807ad74bec8bb401", kill_on_drop: false }`
[INFO] running `Command { std: "docker" "inspect" "c1049269f6746dfbb6b63718328cc69a89ae3c95c700dc39807ad74bec8bb401", kill_on_drop: false }`
[INFO] running `Command { std: "docker" "rm" "-f" "c1049269f6746dfbb6b63718328cc69a89ae3c95c700dc39807ad74bec8bb401", kill_on_drop: false }`
[INFO] [stdout] c1049269f6746dfbb6b63718328cc69a89ae3c95c700dc39807ad74bec8bb401
[INFO] running `Command { std: "docker" "create" "-v" "/var/lib/crater-agent-workspace/builds/worker-5-tc2/target:/opt/rustwide/target:rw,Z" "-v" "/var/lib/crater-agent-workspace/builds/worker-5-tc2/source:/opt/rustwide/workdir:ro,Z" "-v" "/var/lib/crater-agent-workspace/cargo-home:/opt/rustwide/cargo-home:ro,Z" "-v" "/var/lib/crater-agent-workspace/rustup-home:/opt/rustwide/rustup-home:ro,Z" "-e" "SOURCE_DIR=/opt/rustwide/workdir" "-e" "CARGO_TARGET_DIR=/opt/rustwide/target" "-e" "CARGO_INCREMENTAL=0" "-e" "RUST_BACKTRACE=full" "-e" "RUSTFLAGS=--cap-lints=warn" "-e" "RUSTDOCFLAGS=--cap-lints=warn" "-e" "CARGO_HOME=/opt/rustwide/cargo-home" "-e" "RUSTUP_HOME=/opt/rustwide/rustup-home" "-w" "/opt/rustwide/workdir" "-m" "1610612736" "--user" "0:0" "--network" "none" "ghcr.io/rust-lang/crates-build-env/linux@sha256:2788e3201cd34a07e3172128adcd8b3090168a8e3bcc40d7c032b9dda1df7d1c" "/opt/rustwide/cargo-home/bin/cargo" "+beta-2023-12-22" "build" "--frozen" "--message-format=json", kill_on_drop: false }`
[INFO] [stdout] ac7c67bc5eb372091944a22e4adf819eb12af844fb4aea504831817123db49d0
[INFO] running `Command { std: "docker" "start" "-a" "ac7c67bc5eb372091944a22e4adf819eb12af844fb4aea504831817123db49d0", kill_on_drop: false }`
[INFO] [stderr]    Compiling memchr v2.6.4
[INFO] [stderr]    Compiling regex-syntax v0.8.2
[INFO] [stderr]    Compiling aho-corasick v1.1.2
[INFO] [stderr]    Compiling regex-automata v0.4.3
[INFO] [stderr]    Compiling regex v1.10.2
[INFO] [stderr]    Compiling advent-of-code-2023 v0.1.0 (/opt/rustwide/workdir)
[INFO] [stdout] warning: unnecessary parentheses around index expression
[INFO] [stdout]   --> src/day3.rs:18:63
[INFO] [stdout]    |
[INFO] [stdout] 18 |                 c.is_ascii_digit() && (*i == 0 || !line_bytes[(*i - 1)].is_ascii_digit())
[INFO] [stdout]    |                                                               ^      ^
[INFO] [stdout]    |
[INFO] [stdout]    = note: `#[warn(unused_parens)]` on by default
[INFO] [stdout] help: remove these parentheses
[INFO] [stdout]    |
[INFO] [stdout] 18 -                 c.is_ascii_digit() && (*i == 0 || !line_bytes[(*i - 1)].is_ascii_digit())
[INFO] [stdout] 18 +                 c.is_ascii_digit() && (*i == 0 || !line_bytes[*i - 1].is_ascii_digit())
[INFO] [stdout]    |
[INFO] [stdout] 
[INFO] [stdout] 
[INFO] [stdout] warning: unnecessary parentheses around index expression
[INFO] [stdout]    --> src/day3.rs:114:63
[INFO] [stdout]     |
[INFO] [stdout] 114 |                 c.is_ascii_digit() && (*i == 0 || !line_bytes[(*i - 1)].is_ascii_digit())
[INFO] [stdout]     |                                                               ^      ^
[INFO] [stdout]     |
[INFO] [stdout] help: remove these parentheses
[INFO] [stdout]     |
[INFO] [stdout] 114 -                 c.is_ascii_digit() && (*i == 0 || !line_bytes[(*i - 1)].is_ascii_digit())
[INFO] [stdout] 114 +                 c.is_ascii_digit() && (*i == 0 || !line_bytes[*i - 1].is_ascii_digit())
[INFO] [stdout]     |
[INFO] [stdout] 
[INFO] [stdout] 
[INFO] [stdout] warning: unused variable: `input`
[INFO] [stdout]    --> src/day10.rs:204:10
[INFO] [stdout]     |
[INFO] [stdout] 204 | fn part2(input: &String) -> i64 {
[INFO] [stdout]     |          ^^^^^ help: if this is intentional, prefix it with an underscore: `_input`
[INFO] [stdout]     |
[INFO] [stdout]     = note: `#[warn(unused_variables)]` on by default
[INFO] [stdout] 
[INFO] [stdout] 
[INFO] [stdout] warning: unused variable: `input`
[INFO] [stdout]   --> src/day13.rs:94:10
[INFO] [stdout]    |
[INFO] [stdout] 94 | fn part2(input: &String) -> usize {
[INFO] [stdout]    |          ^^^^^ help: if this is intentional, prefix it with an underscore: `_input`
[INFO] [stdout] 
[INFO] [stdout] 
[INFO] [stdout] warning: function `part2` is never used
[INFO] [stdout]   --> src/day5.rs:82:4
[INFO] [stdout]    |
[INFO] [stdout] 82 | fn part2(input: &String) -> u64 {
[INFO] [stdout]    |    ^^^^^
[INFO] [stdout]    |
[INFO] [stdout]    = note: `#[warn(dead_code)]` on by default
[INFO] [stdout] 
[INFO] [stdout] 
[INFO] [stdout] warning: 5 warnings emitted
[INFO] [stdout] 
[INFO] [stdout] 
[INFO] [stderr]     Finished dev [unoptimized + debuginfo] target(s) in 4.25s
[INFO] running `Command { std: "docker" "inspect" "ac7c67bc5eb372091944a22e4adf819eb12af844fb4aea504831817123db49d0", kill_on_drop: false }`
[INFO] running `Command { std: "docker" "rm" "-f" "ac7c67bc5eb372091944a22e4adf819eb12af844fb4aea504831817123db49d0", kill_on_drop: false }`
[INFO] [stdout] ac7c67bc5eb372091944a22e4adf819eb12af844fb4aea504831817123db49d0
[INFO] running `Command { std: "docker" "create" "-v" "/var/lib/crater-agent-workspace/builds/worker-5-tc2/target:/opt/rustwide/target:rw,Z" "-v" "/var/lib/crater-agent-workspace/builds/worker-5-tc2/source:/opt/rustwide/workdir:ro,Z" "-v" "/var/lib/crater-agent-workspace/cargo-home:/opt/rustwide/cargo-home:ro,Z" "-v" "/var/lib/crater-agent-workspace/rustup-home:/opt/rustwide/rustup-home:ro,Z" "-e" "SOURCE_DIR=/opt/rustwide/workdir" "-e" "CARGO_TARGET_DIR=/opt/rustwide/target" "-e" "CARGO_INCREMENTAL=0" "-e" "RUST_BACKTRACE=full" "-e" "RUSTFLAGS=--cap-lints=warn" "-e" "RUSTDOCFLAGS=--cap-lints=warn" "-e" "CARGO_HOME=/opt/rustwide/cargo-home" "-e" "RUSTUP_HOME=/opt/rustwide/rustup-home" "-w" "/opt/rustwide/workdir" "-m" "1610612736" "--user" "0:0" "--network" "none" "ghcr.io/rust-lang/crates-build-env/linux@sha256:2788e3201cd34a07e3172128adcd8b3090168a8e3bcc40d7c032b9dda1df7d1c" "/opt/rustwide/cargo-home/bin/cargo" "+beta-2023-12-22" "test" "--frozen" "--no-run" "--message-format=json", kill_on_drop: false }`
[INFO] [stdout] dafb01675f398b13744d3300ba0be8c4f8851450e6cb3386cd9d0f71c674d1e2
[INFO] running `Command { std: "docker" "start" "-a" "dafb01675f398b13744d3300ba0be8c4f8851450e6cb3386cd9d0f71c674d1e2", kill_on_drop: false }`
[INFO] [stderr]    Compiling advent-of-code-2023 v0.1.0 (/opt/rustwide/workdir)
[INFO] [stdout] warning: unnecessary parentheses around index expression
[INFO] [stdout]   --> src/day3.rs:18:63
[INFO] [stdout]    |
[INFO] [stdout] 18 |                 c.is_ascii_digit() && (*i == 0 || !line_bytes[(*i - 1)].is_ascii_digit())
[INFO] [stdout]    |                                                               ^      ^
[INFO] [stdout]    |
[INFO] [stdout]    = note: `#[warn(unused_parens)]` on by default
[INFO] [stdout] help: remove these parentheses
[INFO] [stdout]    |
[INFO] [stdout] 18 -                 c.is_ascii_digit() && (*i == 0 || !line_bytes[(*i - 1)].is_ascii_digit())
[INFO] [stdout] 18 +                 c.is_ascii_digit() && (*i == 0 || !line_bytes[*i - 1].is_ascii_digit())
[INFO] [stdout]    |
[INFO] [stdout] 
[INFO] [stdout] 
[INFO] [stdout] warning: unnecessary parentheses around index expression
[INFO] [stdout]    --> src/day3.rs:114:63
[INFO] [stdout]     |
[INFO] [stdout] 114 |                 c.is_ascii_digit() && (*i == 0 || !line_bytes[(*i - 1)].is_ascii_digit())
[INFO] [stdout]     |                                                               ^      ^
[INFO] [stdout]     |
[INFO] [stdout] help: remove these parentheses
[INFO] [stdout]     |
[INFO] [stdout] 114 -                 c.is_ascii_digit() && (*i == 0 || !line_bytes[(*i - 1)].is_ascii_digit())
[INFO] [stdout] 114 +                 c.is_ascii_digit() && (*i == 0 || !line_bytes[*i - 1].is_ascii_digit())
[INFO] [stdout]     |
[INFO] [stdout] 
[INFO] [stdout] 
[INFO] [stdout] warning: unused variable: `input`
[INFO] [stdout]    --> src/day10.rs:204:10
[INFO] [stdout]     |
[INFO] [stdout] 204 | fn part2(input: &String) -> i64 {
[INFO] [stdout]     |          ^^^^^ help: if this is intentional, prefix it with an underscore: `_input`
[INFO] [stdout]     |
[INFO] [stdout]     = note: `#[warn(unused_variables)]` on by default
[INFO] [stdout] 
[INFO] [stdout] 
[INFO] [stdout] warning: unused variable: `input`
[INFO] [stdout]   --> src/day13.rs:94:10
[INFO] [stdout]    |
[INFO] [stdout] 94 | fn part2(input: &String) -> usize {
[INFO] [stdout]    |          ^^^^^ help: if this is intentional, prefix it with an underscore: `_input`
[INFO] [stdout] 
[INFO] [stdout] 
[INFO] [stdout] warning: 4 warnings emitted
[INFO] [stdout] 
[INFO] [stdout] 
[INFO] [stderr]     Finished test [unoptimized + debuginfo] target(s) in 1.07s
[INFO] running `Command { std: "docker" "inspect" "dafb01675f398b13744d3300ba0be8c4f8851450e6cb3386cd9d0f71c674d1e2", kill_on_drop: false }`
[INFO] running `Command { std: "docker" "rm" "-f" "dafb01675f398b13744d3300ba0be8c4f8851450e6cb3386cd9d0f71c674d1e2", kill_on_drop: false }`
[INFO] [stdout] dafb01675f398b13744d3300ba0be8c4f8851450e6cb3386cd9d0f71c674d1e2
[INFO] running `Command { std: "docker" "create" "-v" "/var/lib/crater-agent-workspace/builds/worker-5-tc2/target:/opt/rustwide/target:rw,Z" "-v" "/var/lib/crater-agent-workspace/builds/worker-5-tc2/source:/opt/rustwide/workdir:ro,Z" "-v" "/var/lib/crater-agent-workspace/cargo-home:/opt/rustwide/cargo-home:ro,Z" "-v" "/var/lib/crater-agent-workspace/rustup-home:/opt/rustwide/rustup-home:ro,Z" "-e" "SOURCE_DIR=/opt/rustwide/workdir" "-e" "CARGO_TARGET_DIR=/opt/rustwide/target" "-e" "CARGO_INCREMENTAL=0" "-e" "RUST_BACKTRACE=full" "-e" "RUSTFLAGS=--cap-lints=warn" "-e" "RUSTDOCFLAGS=--cap-lints=warn" "-e" "CARGO_HOME=/opt/rustwide/cargo-home" "-e" "RUSTUP_HOME=/opt/rustwide/rustup-home" "-w" "/opt/rustwide/workdir" "-m" "1610612736" "--user" "0:0" "--network" "none" "ghcr.io/rust-lang/crates-build-env/linux@sha256:2788e3201cd34a07e3172128adcd8b3090168a8e3bcc40d7c032b9dda1df7d1c" "/opt/rustwide/cargo-home/bin/cargo" "+beta-2023-12-22" "test" "--frozen", kill_on_drop: false }`
[INFO] [stdout] cb668e151df6c47024629af4a0b11bc86f4e5a1be71f15eb51e87c0b6fb353a0
[INFO] running `Command { std: "docker" "start" "-a" "cb668e151df6c47024629af4a0b11bc86f4e5a1be71f15eb51e87c0b6fb353a0", kill_on_drop: false }`
[INFO] [stderr] warning: unnecessary parentheses around index expression
[INFO] [stderr]   --> src/day3.rs:18:63
[INFO] [stderr]    |
[INFO] [stderr] 18 |                 c.is_ascii_digit() && (*i == 0 || !line_bytes[(*i - 1)].is_ascii_digit())
[INFO] [stderr]    |                                                               ^      ^
[INFO] [stderr]    |
[INFO] [stderr]    = note: `#[warn(unused_parens)]` on by default
[INFO] [stderr] help: remove these parentheses
[INFO] [stderr]    |
[INFO] [stderr] 18 -                 c.is_ascii_digit() && (*i == 0 || !line_bytes[(*i - 1)].is_ascii_digit())
[INFO] [stderr] 18 +                 c.is_ascii_digit() && (*i == 0 || !line_bytes[*i - 1].is_ascii_digit())
[INFO] [stderr]    |
[INFO] [stderr] 
[INFO] [stderr] warning: unnecessary parentheses around index expression
[INFO] [stderr]    --> src/day3.rs:114:63
[INFO] [stderr]     |
[INFO] [stderr] 114 |                 c.is_ascii_digit() && (*i == 0 || !line_bytes[(*i - 1)].is_ascii_digit())
[INFO] [stderr]     |                                                               ^      ^
[INFO] [stderr]     |
[INFO] [stderr] help: remove these parentheses
[INFO] [stderr]     |
[INFO] [stderr] 114 -                 c.is_ascii_digit() && (*i == 0 || !line_bytes[(*i - 1)].is_ascii_digit())
[INFO] [stderr] 114 +                 c.is_ascii_digit() && (*i == 0 || !line_bytes[*i - 1].is_ascii_digit())
[INFO] [stderr]     |
[INFO] [stderr] 
[INFO] [stderr] warning: unused variable: `input`
[INFO] [stderr]    --> src/day10.rs:204:10
[INFO] [stderr]     |
[INFO] [stderr] 204 | fn part2(input: &String) -> i64 {
[INFO] [stderr]     |          ^^^^^ help: if this is intentional, prefix it with an underscore: `_input`
[INFO] [stderr]     |
[INFO] [stderr]     = note: `#[warn(unused_variables)]` on by default
[INFO] [stderr] 
[INFO] [stderr] warning: unused variable: `input`
[INFO] [stderr]   --> src/day13.rs:94:10
[INFO] [stderr]    |
[INFO] [stderr] 94 | fn part2(input: &String) -> usize {
[INFO] [stderr]    |          ^^^^^ help: if this is intentional, prefix it with an underscore: `_input`
[INFO] [stderr] 
[INFO] [stderr] warning: `advent-of-code-2023` (bin "advent-of-code-2023" test) generated 4 warnings (run `cargo fix --bin "advent-of-code-2023" --tests` to apply 4 suggestions)
[INFO] [stderr]     Finished test [unoptimized + debuginfo] target(s) in 0.00s
[INFO] [stderr]      Running unittests src/main.rs (/opt/rustwide/target/debug/deps/advent_of_code_2023-4517fa0763758131)
[INFO] [stdout] 
[INFO] [stdout] running 36 tests
[INFO] [stdout] test day11::test::validate_part1_example ... ok
[INFO] [stdout] test day13::test::validate_part1_example ... ok
[INFO] [stdout] test day14::test::validate_part1_example ... ok
[INFO] [stdout] test day14::test::validate_part1 ... ok
[INFO] [stdout] test day13::test::validate_part1 ... ok
[INFO] [stdout] test day10::test::validate_part1 ... ok
[INFO] [stdout] test day15::test::validate_part1_example ... ok
[INFO] [stdout] test day15::test::validate_part1 ... ok
[INFO] [stdout] test day15::test::validate_part2_example ... ok
[INFO] [stdout] test day11::test::validate_part2 ... ok
[INFO] [stdout] test day11::test::validate_part1 ... ok
[INFO] [stdout] test day16::test::validate_part1_example ... ok
[INFO] [stdout] test day15::test::validate_part2 ... ok
[INFO] [stdout] test day1::test::validate_part1 ... ok
[INFO] [stdout] test day16::test::validate_part2_example ... ok
[INFO] [stdout] test day10::test::validate_part2 ... FAILED
[INFO] [stdout] test day2::test::validate_part1 ... ok
[INFO] [stdout] test day2::test::validate_part2 ... ok
[INFO] [stdout] test day13::test::validate_part2 ... FAILED
[INFO] [stdout] test day5::test::validate_part1 ... ok
[INFO] [stdout] test day4::test::validate_part1 ... ok
[INFO] [stdout] test day6::test::validate_part1 ... ok
[INFO] [stdout] test day4::test::validate_part2 ... ok
[INFO] [stdout] test day7::test::validate_part1 ... ok
[INFO] [stdout] test day7::test::validate_part2 ... ok
[INFO] [stdout] test day16::test::validate_part1 ... ok
[INFO] [stdout] test day1::test::validate_part2 ... ok
[INFO] [stdout] test day9::test::validate_part1 ... ok
[INFO] [stdout] test day8::test::validate_part1 ... ok
[INFO] [stdout] test day9::test::validate_part2 ... ok
[INFO] [stdout] test day8::test::validate_part2 ... ok
[INFO] [stdout] test day6::test::validate_part2 ... ok
[INFO] [stderr] error: test failed, to rerun pass `--bin advent-of-code-2023`
[INFO] [stderr] 
[INFO] [stderr] Caused by:
[INFO] [stderr]   process didn't exit successfully: `/opt/rustwide/target/debug/deps/advent_of_code_2023-4517fa0763758131` (signal: 9, SIGKILL: kill)
[INFO] running `Command { std: "docker" "inspect" "cb668e151df6c47024629af4a0b11bc86f4e5a1be71f15eb51e87c0b6fb353a0", kill_on_drop: false }`
[INFO] running `Command { std: "docker" "rm" "-f" "cb668e151df6c47024629af4a0b11bc86f4e5a1be71f15eb51e87c0b6fb353a0", kill_on_drop: false }`
[INFO] [stdout] cb668e151df6c47024629af4a0b11bc86f4e5a1be71f15eb51e87c0b6fb353a0
