[INFO] cloning repository https://github.com/kai-wang/szparser
[INFO] running `Command { std: "git" "-c" "credential.helper=" "-c" "credential.helper=/workspace/cargo-home/bin/git-credential-null" "clone" "--bare" "https://github.com/kai-wang/szparser" "/workspace/cache/git-repos/https%3A%2F%2Fgithub.com%2Fkai-wang%2Fszparser", kill_on_drop: false }`
[INFO] [stderr] Cloning into bare repository '/workspace/cache/git-repos/https%3A%2F%2Fgithub.com%2Fkai-wang%2Fszparser'...
[INFO] running `Command { std: "git" "rev-parse" "HEAD", kill_on_drop: false }`
[INFO] [stdout] 4778470f608b1643b6bf644bfe38a75975f9658c
[INFO] testing kai-wang/szparser against 1.75.0 for beta-1.76-1
[INFO] running `Command { std: "git" "clone" "/workspace/cache/git-repos/https%3A%2F%2Fgithub.com%2Fkai-wang%2Fszparser" "/workspace/builds/worker-3-tc1/source", kill_on_drop: false }`
[INFO] [stderr] Cloning into '/workspace/builds/worker-3-tc1/source'...
[INFO] [stderr] done.
[INFO] validating manifest of git repo https://github.com/kai-wang/szparser on toolchain 1.75.0
[INFO] running `Command { std: CARGO_HOME="/workspace/cargo-home" RUSTUP_HOME="/workspace/rustup-home" "/workspace/cargo-home/bin/cargo" "+1.75.0" "metadata" "--manifest-path" "Cargo.toml" "--no-deps", kill_on_drop: false }`
[INFO] started tweaking git repo https://github.com/kai-wang/szparser
[INFO] finished tweaking git repo https://github.com/kai-wang/szparser
[INFO] tweaked toml for git repo https://github.com/kai-wang/szparser written to /workspace/builds/worker-3-tc1/source/Cargo.toml
[INFO] crate git repo https://github.com/kai-wang/szparser already has a lockfile, it will not be regenerated
[INFO] running `Command { std: CARGO_HOME="/workspace/cargo-home" RUSTUP_HOME="/workspace/rustup-home" "/workspace/cargo-home/bin/cargo" "+1.75.0" "fetch" "--manifest-path" "Cargo.toml", kill_on_drop: false }`
[INFO] [stderr]     Updating crates.io index
[INFO] running `Command { std: "docker" "create" "-v" "/var/lib/crater-agent-workspace/builds/worker-3-tc1/target:/opt/rustwide/target:rw,Z" "-v" "/var/lib/crater-agent-workspace/builds/worker-3-tc1/source:/opt/rustwide/workdir:ro,Z" "-v" "/var/lib/crater-agent-workspace/cargo-home:/opt/rustwide/cargo-home:ro,Z" "-v" "/var/lib/crater-agent-workspace/rustup-home:/opt/rustwide/rustup-home:ro,Z" "-e" "SOURCE_DIR=/opt/rustwide/workdir" "-e" "CARGO_TARGET_DIR=/opt/rustwide/target" "-e" "CARGO_HOME=/opt/rustwide/cargo-home" "-e" "RUSTUP_HOME=/opt/rustwide/rustup-home" "-w" "/opt/rustwide/workdir" "-m" "1610612736" "--user" "0:0" "--network" "none" "ghcr.io/rust-lang/crates-build-env/linux@sha256:2788e3201cd34a07e3172128adcd8b3090168a8e3bcc40d7c032b9dda1df7d1c" "/opt/rustwide/cargo-home/bin/cargo" "+1.75.0" "metadata" "--no-deps" "--format-version=1", kill_on_drop: false }`
[INFO] [stdout] 14cb4b5e57f908d67ecc1545dbfe848a29dcfe1310036b7a10ad298823590bac
[INFO] running `Command { std: "docker" "start" "-a" "14cb4b5e57f908d67ecc1545dbfe848a29dcfe1310036b7a10ad298823590bac", kill_on_drop: false }`
[INFO] running `Command { std: "docker" "inspect" "14cb4b5e57f908d67ecc1545dbfe848a29dcfe1310036b7a10ad298823590bac", kill_on_drop: false }`
[INFO] running `Command { std: "docker" "rm" "-f" "14cb4b5e57f908d67ecc1545dbfe848a29dcfe1310036b7a10ad298823590bac", kill_on_drop: false }`
[INFO] [stdout] 14cb4b5e57f908d67ecc1545dbfe848a29dcfe1310036b7a10ad298823590bac
[INFO] running `Command { std: "docker" "create" "-v" "/var/lib/crater-agent-workspace/builds/worker-3-tc1/target:/opt/rustwide/target:rw,Z" "-v" "/var/lib/crater-agent-workspace/builds/worker-3-tc1/source:/opt/rustwide/workdir:ro,Z" "-v" "/var/lib/crater-agent-workspace/cargo-home:/opt/rustwide/cargo-home:ro,Z" "-v" "/var/lib/crater-agent-workspace/rustup-home:/opt/rustwide/rustup-home:ro,Z" "-e" "SOURCE_DIR=/opt/rustwide/workdir" "-e" "CARGO_TARGET_DIR=/opt/rustwide/target" "-e" "CARGO_INCREMENTAL=0" "-e" "RUST_BACKTRACE=full" "-e" "RUSTFLAGS=--cap-lints=warn" "-e" "RUSTDOCFLAGS=--cap-lints=warn" "-e" "CARGO_HOME=/opt/rustwide/cargo-home" "-e" "RUSTUP_HOME=/opt/rustwide/rustup-home" "-w" "/opt/rustwide/workdir" "-m" "1610612736" "--user" "0:0" "--network" "none" "ghcr.io/rust-lang/crates-build-env/linux@sha256:2788e3201cd34a07e3172128adcd8b3090168a8e3bcc40d7c032b9dda1df7d1c" "/opt/rustwide/cargo-home/bin/cargo" "+1.75.0" "build" "--frozen" "--message-format=json", kill_on_drop: false }`
[INFO] [stdout] fc612dad4ad9b1b09830926d1535f08817ecd66eeb2bd32622164938dcd99414
[INFO] running `Command { std: "docker" "start" "-a" "fc612dad4ad9b1b09830926d1535f08817ecd66eeb2bd32622164938dcd99414", kill_on_drop: false }`
[INFO] [stderr]    Compiling libc v0.2.137
[INFO] [stderr]    Compiling cfg-if v1.0.0
[INFO] [stderr]    Compiling parking_lot_core v0.9.4
[INFO] [stderr]    Compiling log v0.4.17
[INFO] [stderr]    Compiling crunchy v0.2.2
[INFO] [stderr]    Compiling smallvec v1.10.0
[INFO] [stderr]    Compiling lock_api v0.4.9
[INFO] [stderr]    Compiling indexmap v1.9.1
[INFO] [stderr]    Compiling proc-macro2 v1.0.47
[INFO] [stderr]    Compiling scopeguard v1.1.0
[INFO] [stderr]    Compiling aho-corasick v0.7.19
[INFO] [stderr]    Compiling unicode-ident v1.0.5
[INFO] [stderr]    Compiling tiny-keccak v2.0.2
[INFO] [stderr]    Compiling siphasher v0.3.10
[INFO] [stderr]    Compiling quote v1.0.21
[INFO] [stderr]    Compiling hashbrown v0.12.3
[INFO] [stderr]    Compiling regex-syntax v0.6.28
[INFO] [stderr]    Compiling phf_shared v0.10.0
[INFO] [stderr]    Compiling fixedbitset v0.4.2
[INFO] [stderr]    Compiling once_cell v1.16.0
[INFO] [stderr]    Compiling precomputed-hash v0.1.1
[INFO] [stderr]    Compiling new_debug_unreachable v1.0.4
[INFO] [stderr]    Compiling bit-vec v0.6.3
[INFO] [stderr]    Compiling either v1.8.0
[INFO] [stderr]    Compiling syn v1.0.103
[INFO] [stderr]    Compiling bit-set v0.5.3
[INFO] [stderr]    Compiling dirs-sys-next v0.1.2
[INFO] [stderr]    Compiling atty v0.2.14
[INFO] [stderr]    Compiling dirs-next v2.0.0
[INFO] [stderr]    Compiling itertools v0.10.5
[INFO] [stderr]    Compiling term v0.7.0
[INFO] [stderr]    Compiling parking_lot v0.12.1
[INFO] [stderr]    Compiling petgraph v0.6.2
[INFO] [stderr]    Compiling ena v0.14.0
[INFO] [stderr]    Compiling ascii-canvas v3.0.0
[INFO] [stderr]    Compiling string_cache v0.8.4
[INFO] [stderr]    Compiling unicode-xid v0.2.4
[INFO] [stderr]    Compiling pico-args v0.4.2
[INFO] [stderr]    Compiling diff v0.1.13
[INFO] [stderr]    Compiling thiserror v1.0.37
[INFO] [stderr]    Compiling nom v7.1.3
[INFO] [stderr]    Compiling regex v1.7.0
[INFO] [stderr]    Compiling lalrpop-util v0.19.8
[INFO] [stderr]    Compiling lalrpop v0.19.8
[INFO] [stderr]    Compiling thiserror-impl v1.0.37
[INFO] [stderr]    Compiling sz v0.1.0 (/opt/rustwide/workdir)
[INFO] [stdout] warning: unused import: `self::value::*`
[INFO] [stdout]  --> src/value/mod.rs:1:9
[INFO] [stdout]   |
[INFO] [stdout] 1 | pub use self::value::*;
[INFO] [stdout]   |         ^^^^^^^^^^^^^^
[INFO] [stdout]   |
[INFO] [stdout]   = note: `#[warn(unused_imports)]` on by default
[INFO] [stdout] 
[INFO] [stdout] 
[INFO] [stdout] warning: variants `Expr`, `LetDef`, and `LetRecDef` are never constructed
[INFO] [stdout]   --> src/ast.rs:94:5
[INFO] [stdout]    |
[INFO] [stdout] 93 | pub enum TopLevel {
[INFO] [stdout]    |          -------- variants in this enum
[INFO] [stdout] 94 |     Expr(Expr),
[INFO] [stdout]    |     ^^^^
[INFO] [stdout] 95 |     LetDef(VarDefinition),
[INFO] [stdout]    |     ^^^^^^
[INFO] [stdout] 96 |     LetRecDef(Vec<VarDefinition>),
[INFO] [stdout]    |     ^^^^^^^^^
[INFO] [stdout]    |
[INFO] [stdout]    = note: `TopLevel` has derived impls for the traits `Clone` and `Debug`, but these are intentionally ignored during dead code analysis
[INFO] [stdout]    = note: `#[warn(dead_code)]` on by default
[INFO] [stdout] 
[INFO] [stdout] 
[INFO] [stdout] warning: variants `None`, `False`, and `True` are never constructed
[INFO] [stdout]  --> src/value/value.rs:4:5
[INFO] [stdout]   |
[INFO] [stdout] 3 | pub enum Value {
[INFO] [stdout]   |          ----- variants in this enum
[INFO] [stdout] 4 |     None,
[INFO] [stdout]   |     ^^^^
[INFO] [stdout] 5 |     False,
[INFO] [stdout]   |     ^^^^^
[INFO] [stdout] 6 |     True
[INFO] [stdout]   |     ^^^^
[INFO] [stdout]   |
[INFO] [stdout]   = note: `Value` has derived impls for the traits `Clone` and `Debug`, but these are intentionally ignored during dead code analysis
[INFO] [stdout] 
[INFO] [stdout] 
[INFO] [stdout] warning: function `colons` is never used
[INFO] [stdout]   --> src/parse/common.rs:11:8
[INFO] [stdout]    |
[INFO] [stdout] 11 | pub fn colons(i: &str) -> IResult<&str, ()> {
[INFO] [stdout]    |        ^^^^^^
[INFO] [stdout] 
[INFO] [stdout] 
[INFO] [stdout] warning: function `whitespace0` is never used
[INFO] [stdout]   --> src/parse/common.rs:18:8
[INFO] [stdout]    |
[INFO] [stdout] 18 | pub fn whitespace0(i: &str) -> IResult<&str, ()> {
[INFO] [stdout]    |        ^^^^^^^^^^^
[INFO] [stdout] 
[INFO] [stdout] 
[INFO] [stdout] warning: function `whitespace1` is never used
[INFO] [stdout]   --> src/parse/common.rs:23:8
[INFO] [stdout]    |
[INFO] [stdout] 23 | pub fn whitespace1(i: &str) -> IResult<&str, ()> {
[INFO] [stdout]    |        ^^^^^^^^^^^
[INFO] [stdout] 
[INFO] [stdout] 
[INFO] [stdout] warning: function `comment` is never used
[INFO] [stdout]   --> src/parse/common.rs:28:8
[INFO] [stdout]    |
[INFO] [stdout] 28 | pub fn comment(i: &str) -> IResult<&str, ()> {
[INFO] [stdout]    |        ^^^^^^^
[INFO] [stdout] 
[INFO] [stdout] 
[INFO] [stdout] warning: function `multi_line_comment` is never used
[INFO] [stdout]   --> src/parse/common.rs:43:4
[INFO] [stdout]    |
[INFO] [stdout] 43 | fn multi_line_comment(i: &str) -> IResult<&str, ()> {
[INFO] [stdout]    |    ^^^^^^^^^^^^^^^^^^
[INFO] [stdout] 
[INFO] [stdout] 
[INFO] [stdout] warning: function `single_line_comment` is never used
[INFO] [stdout]   --> src/parse/common.rs:53:4
[INFO] [stdout]    |
[INFO] [stdout] 53 | fn single_line_comment(i: &str) -> IResult<&str, ()> {
[INFO] [stdout]    |    ^^^^^^^^^^^^^^^^^^^
[INFO] [stdout] 
[INFO] [stdout] 
[INFO] [stdout] warning: function `blank` is never used
[INFO] [stdout]   --> src/parse/common.rs:62:4
[INFO] [stdout]    |
[INFO] [stdout] 62 | fn blank(i: &str) -> IResult<&str, ()> {
[INFO] [stdout]    |    ^^^^^
[INFO] [stdout] 
[INFO] [stdout] 
[INFO] [stdout] warning: function `space` is never used
[INFO] [stdout]   --> src/parse/common.rs:67:4
[INFO] [stdout]    |
[INFO] [stdout] 67 | fn space(i: &str) -> IResult<&str, ()> {
[INFO] [stdout]    |    ^^^^^
[INFO] [stdout] 
[INFO] [stdout] 
[INFO] [stdout] warning: type alias `IResult` is never used
[INFO] [stdout]   --> src/parse/error.rs:11:10
[INFO] [stdout]    |
[INFO] [stdout] 11 | pub type IResult<I, O, E = Error<I>> = Result<(I, O), Err<E>>;
[INFO] [stdout]    |          ^^^^^^^
[INFO] [stdout] 
[INFO] [stdout] 
[INFO] [stdout] warning: 12 warnings emitted
[INFO] [stdout] 
[INFO] [stdout] 
[INFO] [stderr]     Finished dev [unoptimized + debuginfo] target(s) in 8.72s
[INFO] [stderr] warning: the following packages contain code that will be rejected by a future version of Rust: lalrpop v0.19.8
[INFO] [stderr] note: to see what the problems were, use the option `--future-incompat-report`, or run `cargo report future-incompatibilities --id 1`
[INFO] running `Command { std: "docker" "inspect" "fc612dad4ad9b1b09830926d1535f08817ecd66eeb2bd32622164938dcd99414", kill_on_drop: false }`
[INFO] running `Command { std: "docker" "rm" "-f" "fc612dad4ad9b1b09830926d1535f08817ecd66eeb2bd32622164938dcd99414", kill_on_drop: false }`
[INFO] [stdout] fc612dad4ad9b1b09830926d1535f08817ecd66eeb2bd32622164938dcd99414
[INFO] running `Command { std: "docker" "create" "-v" "/var/lib/crater-agent-workspace/builds/worker-3-tc1/target:/opt/rustwide/target:rw,Z" "-v" "/var/lib/crater-agent-workspace/builds/worker-3-tc1/source:/opt/rustwide/workdir:ro,Z" "-v" "/var/lib/crater-agent-workspace/cargo-home:/opt/rustwide/cargo-home:ro,Z" "-v" "/var/lib/crater-agent-workspace/rustup-home:/opt/rustwide/rustup-home:ro,Z" "-e" "SOURCE_DIR=/opt/rustwide/workdir" "-e" "CARGO_TARGET_DIR=/opt/rustwide/target" "-e" "CARGO_INCREMENTAL=0" "-e" "RUST_BACKTRACE=full" "-e" "RUSTFLAGS=--cap-lints=warn" "-e" "RUSTDOCFLAGS=--cap-lints=warn" "-e" "CARGO_HOME=/opt/rustwide/cargo-home" "-e" "RUSTUP_HOME=/opt/rustwide/rustup-home" "-w" "/opt/rustwide/workdir" "-m" "1610612736" "--user" "0:0" "--network" "none" "ghcr.io/rust-lang/crates-build-env/linux@sha256:2788e3201cd34a07e3172128adcd8b3090168a8e3bcc40d7c032b9dda1df7d1c" "/opt/rustwide/cargo-home/bin/cargo" "+1.75.0" "test" "--frozen" "--no-run" "--message-format=json", kill_on_drop: false }`
[INFO] [stdout] 8643dfc9ee0c69247873429dfdc4bb543310fd806113c5f492a6b9a964858554
[INFO] running `Command { std: "docker" "start" "-a" "8643dfc9ee0c69247873429dfdc4bb543310fd806113c5f492a6b9a964858554", kill_on_drop: false }`
[INFO] [stderr]    Compiling sz v0.1.0 (/opt/rustwide/workdir)
[INFO] [stdout] warning: unused import: `self::value::*`
[INFO] [stdout]  --> src/value/mod.rs:1:9
[INFO] [stdout]   |
[INFO] [stdout] 1 | pub use self::value::*;
[INFO] [stdout]   |         ^^^^^^^^^^^^^^
[INFO] [stdout]   |
[INFO] [stdout]   = note: `#[warn(unused_imports)]` on by default
[INFO] [stdout] 
[INFO] [stdout] 
[INFO] [stdout] warning: unused import: `super::*`
[INFO] [stdout]   --> src/value/value.rs:12:9
[INFO] [stdout]    |
[INFO] [stdout] 12 |     use super::*;
[INFO] [stdout]    |         ^^^^^^^^
[INFO] [stdout] 
[INFO] [stdout] 
[INFO] [stdout] warning: unused variable: `value`
[INFO] [stdout]   --> src/parse/common.rs:84:25
[INFO] [stdout]    |
[INFO] [stdout] 84 |         let (remaining, value) = comment(" /* test*/  start").unwrap();
[INFO] [stdout]    |                         ^^^^^ help: if this is intentional, prefix it with an underscore: `_value`
[INFO] [stdout]    |
[INFO] [stdout]    = note: `#[warn(unused_variables)]` on by default
[INFO] [stdout] 
[INFO] [stdout] 
[INFO] [stdout] warning: unused variable: `value`
[INFO] [stdout]   --> src/parse/common.rs:90:25
[INFO] [stdout]    |
[INFO] [stdout] 90 |         let (remaining, value) = comment(" //test test*/ */  start").unwrap();
[INFO] [stdout]    |                         ^^^^^ help: if this is intentional, prefix it with an underscore: `_value`
[INFO] [stdout] 
[INFO] [stdout] 
[INFO] [stdout] warning: unused variable: `value`
[INFO] [stdout]   --> src/parse/common.rs:96:25
[INFO] [stdout]    |
[INFO] [stdout] 96 |         let (remaining, value) = whitespace1("/* test*/  start").unwrap();
[INFO] [stdout]    |                         ^^^^^ help: if this is intentional, prefix it with an underscore: `_value`
[INFO] [stdout] 
[INFO] [stdout] 
[INFO] [stdout] warning: variants `Expr`, `LetDef`, and `LetRecDef` are never constructed
[INFO] [stdout]   --> src/ast.rs:94:5
[INFO] [stdout]    |
[INFO] [stdout] 93 | pub enum TopLevel {
[INFO] [stdout]    |          -------- variants in this enum
[INFO] [stdout] 94 |     Expr(Expr),
[INFO] [stdout]    |     ^^^^
[INFO] [stdout] 95 |     LetDef(VarDefinition),
[INFO] [stdout]    |     ^^^^^^
[INFO] [stdout] 96 |     LetRecDef(Vec<VarDefinition>),
[INFO] [stdout]    |     ^^^^^^^^^
[INFO] [stdout]    |
[INFO] [stdout]    = note: `TopLevel` has derived impls for the traits `Clone` and `Debug`, but these are intentionally ignored during dead code analysis
[INFO] [stdout]    = note: `#[warn(dead_code)]` on by default
[INFO] [stdout] 
[INFO] [stdout] 
[INFO] [stdout] warning: variants `None`, `False`, and `True` are never constructed
[INFO] [stdout]  --> src/value/value.rs:4:5
[INFO] [stdout]   |
[INFO] [stdout] 3 | pub enum Value {
[INFO] [stdout]   |          ----- variants in this enum
[INFO] [stdout] 4 |     None,
[INFO] [stdout]   |     ^^^^
[INFO] [stdout] 5 |     False,
[INFO] [stdout]   |     ^^^^^
[INFO] [stdout] 6 |     True
[INFO] [stdout]   |     ^^^^
[INFO] [stdout]   |
[INFO] [stdout]   = note: `Value` has derived impls for the traits `Clone` and `Debug`, but these are intentionally ignored during dead code analysis
[INFO] [stdout] 
[INFO] [stdout] 
[INFO] [stdout] warning: 7 warnings emitted
[INFO] [stdout] 
[INFO] [stdout] 
[INFO] [stderr]     Finished test [unoptimized + debuginfo] target(s) in 1.05s
[INFO] [stderr] warning: the following packages contain code that will be rejected by a future version of Rust: lalrpop v0.19.8
[INFO] [stderr] note: to see what the problems were, use the option `--future-incompat-report`, or run `cargo report future-incompatibilities --id 1`
[INFO] running `Command { std: "docker" "inspect" "8643dfc9ee0c69247873429dfdc4bb543310fd806113c5f492a6b9a964858554", kill_on_drop: false }`
[INFO] running `Command { std: "docker" "rm" "-f" "8643dfc9ee0c69247873429dfdc4bb543310fd806113c5f492a6b9a964858554", kill_on_drop: false }`
[INFO] [stdout] 8643dfc9ee0c69247873429dfdc4bb543310fd806113c5f492a6b9a964858554
[INFO] running `Command { std: "docker" "create" "-v" "/var/lib/crater-agent-workspace/builds/worker-3-tc1/target:/opt/rustwide/target:rw,Z" "-v" "/var/lib/crater-agent-workspace/builds/worker-3-tc1/source:/opt/rustwide/workdir:ro,Z" "-v" "/var/lib/crater-agent-workspace/cargo-home:/opt/rustwide/cargo-home:ro,Z" "-v" "/var/lib/crater-agent-workspace/rustup-home:/opt/rustwide/rustup-home:ro,Z" "-e" "SOURCE_DIR=/opt/rustwide/workdir" "-e" "CARGO_TARGET_DIR=/opt/rustwide/target" "-e" "CARGO_INCREMENTAL=0" "-e" "RUST_BACKTRACE=full" "-e" "RUSTFLAGS=--cap-lints=warn" "-e" "RUSTDOCFLAGS=--cap-lints=warn" "-e" "CARGO_HOME=/opt/rustwide/cargo-home" "-e" "RUSTUP_HOME=/opt/rustwide/rustup-home" "-w" "/opt/rustwide/workdir" "-m" "1610612736" "--user" "0:0" "--network" "none" "ghcr.io/rust-lang/crates-build-env/linux@sha256:2788e3201cd34a07e3172128adcd8b3090168a8e3bcc40d7c032b9dda1df7d1c" "/opt/rustwide/cargo-home/bin/cargo" "+1.75.0" "test" "--frozen", kill_on_drop: false }`
[INFO] [stdout] 9a216b2c0ff2bb49c1a754bb29960e150b9682b46166f00038f3941d34736a5f
[INFO] running `Command { std: "docker" "start" "-a" "9a216b2c0ff2bb49c1a754bb29960e150b9682b46166f00038f3941d34736a5f", kill_on_drop: false }`
[INFO] [stderr] warning: unused import: `self::value::*`
[INFO] [stderr]  --> src/value/mod.rs:1:9
[INFO] [stderr]   |
[INFO] [stderr] 1 | pub use self::value::*;
[INFO] [stderr]   |         ^^^^^^^^^^^^^^
[INFO] [stderr]   |
[INFO] [stderr]   = note: `#[warn(unused_imports)]` on by default
[INFO] [stderr] 
[INFO] [stderr] warning: unused import: `super::*`
[INFO] [stderr]   --> src/value/value.rs:12:9
[INFO] [stderr]    |
[INFO] [stderr] 12 |     use super::*;
[INFO] [stderr]    |         ^^^^^^^^
[INFO] [stderr] 
[INFO] [stderr] warning: unused variable: `value`
[INFO] [stderr]   --> src/parse/common.rs:84:25
[INFO] [stderr]    |
[INFO] [stderr] 84 |         let (remaining, value) = comment(" /* test*/  start").unwrap();
[INFO] [stderr]    |                         ^^^^^ help: if this is intentional, prefix it with an underscore: `_value`
[INFO] [stderr]    |
[INFO] [stderr]    = note: `#[warn(unused_variables)]` on by default
[INFO] [stderr] 
[INFO] [stderr] warning: unused variable: `value`
[INFO] [stderr]   --> src/parse/common.rs:90:25
[INFO] [stderr]    |
[INFO] [stderr] 90 |         let (remaining, value) = comment(" //test test*/ */  start").unwrap();
[INFO] [stderr]    |                         ^^^^^ help: if this is intentional, prefix it with an underscore: `_value`
[INFO] [stderr] 
[INFO] [stderr] warning: unused variable: `value`
[INFO] [stderr]   --> src/parse/common.rs:96:25
[INFO] [stderr]    |
[INFO] [stderr] 96 |         let (remaining, value) = whitespace1("/* test*/  start").unwrap();
[INFO] [stderr]    |                         ^^^^^ help: if this is intentional, prefix it with an underscore: `_value`
[INFO] [stderr] 
[INFO] [stderr] warning: variants `Expr`, `LetDef`, and `LetRecDef` are never constructed
[INFO] [stderr]   --> src/ast.rs:94:5
[INFO] [stderr]    |
[INFO] [stderr] 93 | pub enum TopLevel {
[INFO] [stderr]    |          -------- variants in this enum
[INFO] [stderr] 94 |     Expr(Expr),
[INFO] [stderr]    |     ^^^^
[INFO] [stderr] 95 |     LetDef(VarDefinition),
[INFO] [stderr]    |     ^^^^^^
[INFO] [stderr] 96 |     LetRecDef(Vec<VarDefinition>),
[INFO] [stderr]    |     ^^^^^^^^^
[INFO] [stderr]    |
[INFO] [stderr]    = note: `TopLevel` has derived impls for the traits `Clone` and `Debug`, but these are intentionally ignored during dead code analysis
[INFO] [stderr]    = note: `#[warn(dead_code)]` on by default
[INFO] [stderr] 
[INFO] [stderr] warning: variants `None`, `False`, and `True` are never constructed
[INFO] [stderr]  --> src/value/value.rs:4:5
[INFO] [stderr]   |
[INFO] [stderr] 3 | pub enum Value {
[INFO] [stderr]   |          ----- variants in this enum
[INFO] [stderr] 4 |     None,
[INFO] [stderr]   |     ^^^^
[INFO] [stderr] 5 |     False,
[INFO] [stderr]   |     ^^^^^
[INFO] [stderr] 6 |     True
[INFO] [stderr]   |     ^^^^
[INFO] [stderr]   |
[INFO] [stderr]   = note: `Value` has derived impls for the traits `Clone` and `Debug`, but these are intentionally ignored during dead code analysis
[INFO] [stderr] 
[INFO] [stderr] warning: `sz` (bin "sz" test) generated 7 warnings (run `cargo fix --bin "sz" --tests` to apply 5 suggestions)
[INFO] [stderr]     Finished test [unoptimized + debuginfo] target(s) in 0.03s
[INFO] [stderr] warning: the following packages contain code that will be rejected by a future version of Rust: lalrpop v0.19.8
[INFO] [stderr] note: to see what the problems were, use the option `--future-incompat-report`, or run `cargo report future-incompatibilities --id 1`
[INFO] [stderr]      Running unittests src/main.rs (/opt/rustwide/target/debug/deps/sz-de06f5e4e86e1810)
[INFO] [stdout] 
[INFO] [stdout] running 15 tests
[INFO] [stdout] test parse::common::tests::valid_colons ... ok
[INFO] [stdout] test parse::common::tests::valid_multiline_comment ... ok
[INFO] [stdout] test parse::common::tests::valid_multiline_comment_with_following_space ... ok
[INFO] [stdout] test parse::common::tests::valid_multiline_comment_spaces ... ok
[INFO] [stdout] test parse::common::tests::valid_singleline_comment ... ok
[INFO] [stdout] test parse::common::tests::invalid_multiline_comment_without_space ... FAILED
[INFO] [stdout] test sz_script ... ok
[INFO] [stdout] test value::value::tests::test ... ok
[INFO] [stdout] test sz_string_literal ... ok
[INFO] [stdout] test sz_int_literal ... ok
[INFO] [stdout] test sz_comment ... ok
[INFO] [stdout] test sz_tag ... ok
[INFO] [stdout] test sz_float_literal ... ok
[INFO] [stdout] test sz_indent ... ok
[INFO] [stdout] test sz_variable ... ok
[INFO] [stdout] 
[INFO] [stdout] failures:
[INFO] [stdout] 
[INFO] [stdout] ---- parse::common::tests::invalid_multiline_comment_without_space stdout ----
[INFO] [stdout] thread 'parse::common::tests::invalid_multiline_comment_without_space' panicked at src/parse/common.rs:102:9:
[INFO] [stdout] assertion failed: whitespace1("/* test*/start").is_err()
[INFO] [stdout] stack backtrace:
[INFO] [stdout]    0:     0x557efa50db8c - std::backtrace_rs::backtrace::libunwind::trace::ha637c64ce894333a
[INFO] [stdout]                                at /rustc/82e1608dfa6e0b5569232559e3d385fea5a93112/library/std/src/../../backtrace/src/backtrace/libunwind.rs:104:5
[INFO] [stdout]    1:     0x557efa50db8c - std::backtrace_rs::backtrace::trace_unsynchronized::h47f62dea28e0c88d
[INFO] [stdout]                                at /rustc/82e1608dfa6e0b5569232559e3d385fea5a93112/library/std/src/../../backtrace/src/backtrace/mod.rs:66:5
[INFO] [stdout]    2:     0x557efa50db8c - std::sys_common::backtrace::_print_fmt::h9eef0abe20ede486
[INFO] [stdout]                                at /rustc/82e1608dfa6e0b5569232559e3d385fea5a93112/library/std/src/sys_common/backtrace.rs:67:5
[INFO] [stdout]    3:     0x557efa50db8c - <std::sys_common::backtrace::_print::DisplayBacktrace as core::fmt::Display>::fmt::hed7f999df88cc644
[INFO] [stdout]                                at /rustc/82e1608dfa6e0b5569232559e3d385fea5a93112/library/std/src/sys_common/backtrace.rs:44:22
[INFO] [stdout]    4:     0x557efa537700 - core::fmt::rt::Argument::fmt::h1539a9308b8d058d
[INFO] [stdout]                                at /rustc/82e1608dfa6e0b5569232559e3d385fea5a93112/library/core/src/fmt/rt.rs:142:9
[INFO] [stdout]    5:     0x557efa537700 - core::fmt::write::h3a39390d8560d9c9
[INFO] [stdout]                                at /rustc/82e1608dfa6e0b5569232559e3d385fea5a93112/library/core/src/fmt/mod.rs:1120:17
[INFO] [stdout]    6:     0x557efa50b53f - std::io::Write::write_fmt::h040b369f3a0f9cbc
[INFO] [stdout]                                at /rustc/82e1608dfa6e0b5569232559e3d385fea5a93112/library/std/src/io/mod.rs:1762:15
[INFO] [stdout]    7:     0x557efa50d974 - std::sys_common::backtrace::_print::h894006fb5c6f3d45
[INFO] [stdout]                                at /rustc/82e1608dfa6e0b5569232559e3d385fea5a93112/library/std/src/sys_common/backtrace.rs:47:5
[INFO] [stdout]    8:     0x557efa50d974 - std::sys_common::backtrace::print::h23a2d212c6fff936
[INFO] [stdout]                                at /rustc/82e1608dfa6e0b5569232559e3d385fea5a93112/library/std/src/sys_common/backtrace.rs:34:9
[INFO] [stdout]    9:     0x557efa50f637 - std::panicking::default_hook::{{closure}}::h8a1d2ee00185001a
[INFO] [stdout]   10:     0x557efa50f323 - std::panicking::default_hook::h6038f2eba384e475
[INFO] [stdout]                                at /rustc/82e1608dfa6e0b5569232559e3d385fea5a93112/library/std/src/panicking.rs:289:9
[INFO] [stdout]   11:     0x557efa385f87 - <alloc::boxed::Box<F,A> as core::ops::function::Fn<Args>>::call::h0ad024c9bdc6d768
[INFO] [stdout]                                at /rustc/82e1608dfa6e0b5569232559e3d385fea5a93112/library/alloc/src/boxed.rs:2021:9
[INFO] [stdout]   12:     0x557efa385f87 - test::test_main::{{closure}}::h7500b54257359db6
[INFO] [stdout]                                at /rustc/82e1608dfa6e0b5569232559e3d385fea5a93112/library/test/src/lib.rs:138:21
[INFO] [stdout]   13:     0x557efa50fc48 - <alloc::boxed::Box<F,A> as core::ops::function::Fn<Args>>::call::h1f8f335eaa9cfaee
[INFO] [stdout]                                at /rustc/82e1608dfa6e0b5569232559e3d385fea5a93112/library/alloc/src/boxed.rs:2021:9
[INFO] [stdout]   14:     0x557efa50fc48 - std::panicking::rust_panic_with_hook::h2b5517d590cab22e
[INFO] [stdout]                                at /rustc/82e1608dfa6e0b5569232559e3d385fea5a93112/library/std/src/panicking.rs:783:13
[INFO] [stdout]   15:     0x557efa50f969 - std::panicking::begin_panic_handler::{{closure}}::h233112c06e0ef43e
[INFO] [stdout]                                at /rustc/82e1608dfa6e0b5569232559e3d385fea5a93112/library/std/src/panicking.rs:649:13
[INFO] [stdout]   16:     0x557efa50e056 - std::sys_common::backtrace::__rust_end_short_backtrace::h6e893f24d7ebbff8
[INFO] [stdout]                                at /rustc/82e1608dfa6e0b5569232559e3d385fea5a93112/library/std/src/sys_common/backtrace.rs:170:18
[INFO] [stdout]   17:     0x557efa50f702 - rust_begin_unwind
[INFO] [stdout]                                at /rustc/82e1608dfa6e0b5569232559e3d385fea5a93112/library/std/src/panicking.rs:645:5
[INFO] [stdout]   18:     0x557efa2e1225 - core::panicking::panic_fmt::hbf0e066aabfa482c
[INFO] [stdout]                                at /rustc/82e1608dfa6e0b5569232559e3d385fea5a93112/library/core/src/panicking.rs:72:14
[INFO] [stdout]   19:     0x557efa2e12c3 - core::panicking::panic::h195fc2a96298d4c3
[INFO] [stdout]                                at /rustc/82e1608dfa6e0b5569232559e3d385fea5a93112/library/core/src/panicking.rs:127:5
[INFO] [stdout]   20:     0x557efa303320 - sz::parse::common::tests::invalid_multiline_comment_without_space::h88fb133280c08548
[INFO] [stdout]                                at /opt/rustwide/workdir/src/parse/common.rs:102:9
[INFO] [stdout]   21:     0x557efa3032c7 - sz::parse::common::tests::invalid_multiline_comment_without_space::{{closure}}::h2089647cac186706
[INFO] [stdout]                                at /opt/rustwide/workdir/src/parse/common.rs:101:49
[INFO] [stdout]   22:     0x557efa33b636 - core::ops::function::FnOnce::call_once::h68ab2c7a2360731c
[INFO] [stdout]                                at /rustc/82e1608dfa6e0b5569232559e3d385fea5a93112/library/core/src/ops/function.rs:250:5
[INFO] [stdout]   23:     0x557efa38b5df - core::ops::function::FnOnce::call_once::h2b5d431d5046312d
[INFO] [stdout]                                at /rustc/82e1608dfa6e0b5569232559e3d385fea5a93112/library/core/src/ops/function.rs:250:5
[INFO] [stdout]   24:     0x557efa38b5df - test::__rust_begin_short_backtrace::h7714669af176e207
[INFO] [stdout]                                at /rustc/82e1608dfa6e0b5569232559e3d385fea5a93112/library/test/src/lib.rs:628:18
[INFO] [stdout]   25:     0x557efa38a5f5 - test::run_test_in_process::{{closure}}::h85218797dcbcec12
[INFO] [stdout]                                at /rustc/82e1608dfa6e0b5569232559e3d385fea5a93112/library/test/src/lib.rs:651:60
[INFO] [stdout]   26:     0x557efa38a5f5 - <core::panic::unwind_safe::AssertUnwindSafe<F> as core::ops::function::FnOnce<()>>::call_once::h76c106ea31c14d7b
[INFO] [stdout]                                at /rustc/82e1608dfa6e0b5569232559e3d385fea5a93112/library/core/src/panic/unwind_safe.rs:272:9
[INFO] [stdout]   27:     0x557efa38a5f5 - std::panicking::try::do_call::h3bd5d0f6620ee946
[INFO] [stdout]                                at /rustc/82e1608dfa6e0b5569232559e3d385fea5a93112/library/std/src/panicking.rs:552:40
[INFO] [stdout]   28:     0x557efa38a5f5 - std::panicking::try::h232e535e4744fe31
[INFO] [stdout]                                at /rustc/82e1608dfa6e0b5569232559e3d385fea5a93112/library/std/src/panicking.rs:516:19
[INFO] [stdout]   29:     0x557efa38a5f5 - std::panic::catch_unwind::h3ce3bd6ca8dbac68
[INFO] [stdout]                                at /rustc/82e1608dfa6e0b5569232559e3d385fea5a93112/library/std/src/panic.rs:142:14
[INFO] [stdout]   30:     0x557efa38a5f5 - test::run_test_in_process::hc97b257c9621286a
[INFO] [stdout]                                at /rustc/82e1608dfa6e0b5569232559e3d385fea5a93112/library/test/src/lib.rs:651:27
[INFO] [stdout]   31:     0x557efa38a5f5 - test::run_test::{{closure}}::h2aa798823a438d38
[INFO] [stdout]                                at /rustc/82e1608dfa6e0b5569232559e3d385fea5a93112/library/test/src/lib.rs:574:43
[INFO] [stdout]   32:     0x557efa3528b6 - test::run_test::{{closure}}::h87d231c78fb59832
[INFO] [stdout]                                at /rustc/82e1608dfa6e0b5569232559e3d385fea5a93112/library/test/src/lib.rs:602:41
[INFO] [stdout]   33:     0x557efa3528b6 - std::sys_common::backtrace::__rust_begin_short_backtrace::he6df152596625789
[INFO] [stdout]                                at /rustc/82e1608dfa6e0b5569232559e3d385fea5a93112/library/std/src/sys_common/backtrace.rs:154:18
[INFO] [stdout]   34:     0x557efa357967 - std::thread::Builder::spawn_unchecked_::{{closure}}::{{closure}}::ha94be15d1e0acf36
[INFO] [stdout]                                at /rustc/82e1608dfa6e0b5569232559e3d385fea5a93112/library/std/src/thread/mod.rs:529:17
[INFO] [stdout]   35:     0x557efa357967 - <core::panic::unwind_safe::AssertUnwindSafe<F> as core::ops::function::FnOnce<()>>::call_once::h9dc6bd6372f16606
[INFO] [stdout]                                at /rustc/82e1608dfa6e0b5569232559e3d385fea5a93112/library/core/src/panic/unwind_safe.rs:272:9
[INFO] [stdout]   36:     0x557efa357967 - std::panicking::try::do_call::h9057517f80303cd4
[INFO] [stdout]                                at /rustc/82e1608dfa6e0b5569232559e3d385fea5a93112/library/std/src/panicking.rs:552:40
[INFO] [stdout]   37:     0x557efa357967 - std::panicking::try::he3a30b11ee45340c
[INFO] [stdout]                                at /rustc/82e1608dfa6e0b5569232559e3d385fea5a93112/library/std/src/panicking.rs:516:19
[INFO] [stdout]   38:     0x557efa357967 - std::panic::catch_unwind::h410458cfd3528b8b
[INFO] [stdout]                                at /rustc/82e1608dfa6e0b5569232559e3d385fea5a93112/library/std/src/panic.rs:142:14
[INFO] [stdout]   39:     0x557efa357967 - std::thread::Builder::spawn_unchecked_::{{closure}}::h72ac3bdb567b737b
[INFO] [stdout]                                at /rustc/82e1608dfa6e0b5569232559e3d385fea5a93112/library/std/src/thread/mod.rs:528:30
[INFO] [stdout]   40:     0x557efa357967 - core::ops::function::FnOnce::call_once{{vtable.shim}}::h38f34da3654a8344
[INFO] [stdout]                                at /rustc/82e1608dfa6e0b5569232559e3d385fea5a93112/library/core/src/ops/function.rs:250:5
[INFO] [stdout]   41:     0x557efa5146d5 - <alloc::boxed::Box<F,A> as core::ops::function::FnOnce<Args>>::call_once::hc7eafaff61e32df9
[INFO] [stdout]                                at /rustc/82e1608dfa6e0b5569232559e3d385fea5a93112/library/alloc/src/boxed.rs:2007:9
[INFO] [stdout]   42:     0x557efa5146d5 - <alloc::boxed::Box<F,A> as core::ops::function::FnOnce<Args>>::call_once::h6ba4a5de48dd2304
[INFO] [stdout]                                at /rustc/82e1608dfa6e0b5569232559e3d385fea5a93112/library/alloc/src/boxed.rs:2007:9
[INFO] [stdout]   43:     0x557efa5146d5 - std::sys::unix::thread::Thread::new::thread_start::he469335aef763e45
[INFO] [stdout]                                at /rustc/82e1608dfa6e0b5569232559e3d385fea5a93112/library/std/src/sys/unix/thread.rs:108:17
[INFO] [stdout]   44:     0x7f877e374ac3 - <unknown>
[INFO] [stdout]   45:     0x7f877e405bf4 - __clone
[INFO] [stdout]   46:                0x0 - <unknown>
[INFO] [stdout] 
[INFO] [stdout] 
[INFO] [stdout] failures:
[INFO] [stdout]     parse::common::tests::invalid_multiline_comment_without_space
[INFO] [stdout] 
[INFO] [stdout] test result: FAILED. 14 passed; 1 failed; 0 ignored; 0 measured; 0 filtered out; finished in 0.75s
[INFO] [stdout] 
[INFO] [stderr] error: test failed, to rerun pass `--bin sz`
[INFO] running `Command { std: "docker" "inspect" "9a216b2c0ff2bb49c1a754bb29960e150b9682b46166f00038f3941d34736a5f", kill_on_drop: false }`
[INFO] running `Command { std: "docker" "rm" "-f" "9a216b2c0ff2bb49c1a754bb29960e150b9682b46166f00038f3941d34736a5f", kill_on_drop: false }`
[INFO] [stdout] 9a216b2c0ff2bb49c1a754bb29960e150b9682b46166f00038f3941d34736a5f
[INFO] testing kai-wang/szparser against beta-2023-12-22 for beta-1.76-1
[INFO] running `Command { std: "git" "clone" "/workspace/cache/git-repos/https%3A%2F%2Fgithub.com%2Fkai-wang%2Fszparser" "/workspace/builds/worker-3-tc2/source", kill_on_drop: false }`
[INFO] [stderr] Cloning into '/workspace/builds/worker-3-tc2/source'...
[INFO] [stderr] done.
[INFO] validating manifest of git repo https://github.com/kai-wang/szparser on toolchain beta-2023-12-22
[INFO] running `Command { std: CARGO_HOME="/workspace/cargo-home" RUSTUP_HOME="/workspace/rustup-home" "/workspace/cargo-home/bin/cargo" "+beta-2023-12-22" "metadata" "--manifest-path" "Cargo.toml" "--no-deps", kill_on_drop: false }`
[INFO] started tweaking git repo https://github.com/kai-wang/szparser
[INFO] finished tweaking git repo https://github.com/kai-wang/szparser
[INFO] tweaked toml for git repo https://github.com/kai-wang/szparser written to /workspace/builds/worker-3-tc2/source/Cargo.toml
[INFO] crate git repo https://github.com/kai-wang/szparser already has a lockfile, it will not be regenerated
[INFO] running `Command { std: CARGO_HOME="/workspace/cargo-home" RUSTUP_HOME="/workspace/rustup-home" "/workspace/cargo-home/bin/cargo" "+beta-2023-12-22" "fetch" "--manifest-path" "Cargo.toml", kill_on_drop: false }`
[INFO] [stderr]     Updating crates.io index
[INFO] running `Command { std: "docker" "create" "-v" "/var/lib/crater-agent-workspace/builds/worker-3-tc2/target:/opt/rustwide/target:rw,Z" "-v" "/var/lib/crater-agent-workspace/builds/worker-3-tc2/source:/opt/rustwide/workdir:ro,Z" "-v" "/var/lib/crater-agent-workspace/cargo-home:/opt/rustwide/cargo-home:ro,Z" "-v" "/var/lib/crater-agent-workspace/rustup-home:/opt/rustwide/rustup-home:ro,Z" "-e" "SOURCE_DIR=/opt/rustwide/workdir" "-e" "CARGO_TARGET_DIR=/opt/rustwide/target" "-e" "CARGO_HOME=/opt/rustwide/cargo-home" "-e" "RUSTUP_HOME=/opt/rustwide/rustup-home" "-w" "/opt/rustwide/workdir" "-m" "1610612736" "--user" "0:0" "--network" "none" "ghcr.io/rust-lang/crates-build-env/linux@sha256:2788e3201cd34a07e3172128adcd8b3090168a8e3bcc40d7c032b9dda1df7d1c" "/opt/rustwide/cargo-home/bin/cargo" "+beta-2023-12-22" "metadata" "--no-deps" "--format-version=1", kill_on_drop: false }`
[INFO] [stdout] 0ff5aeb10430c8f420f5a5d8215a49aa7af6d7d25d2f96e185fefdebe500206e
[INFO] running `Command { std: "docker" "start" "-a" "0ff5aeb10430c8f420f5a5d8215a49aa7af6d7d25d2f96e185fefdebe500206e", kill_on_drop: false }`
[INFO] running `Command { std: "docker" "inspect" "0ff5aeb10430c8f420f5a5d8215a49aa7af6d7d25d2f96e185fefdebe500206e", kill_on_drop: false }`
[INFO] running `Command { std: "docker" "rm" "-f" "0ff5aeb10430c8f420f5a5d8215a49aa7af6d7d25d2f96e185fefdebe500206e", kill_on_drop: false }`
[INFO] [stdout] 0ff5aeb10430c8f420f5a5d8215a49aa7af6d7d25d2f96e185fefdebe500206e
[INFO] running `Command { std: "docker" "create" "-v" "/var/lib/crater-agent-workspace/builds/worker-3-tc2/target:/opt/rustwide/target:rw,Z" "-v" "/var/lib/crater-agent-workspace/builds/worker-3-tc2/source:/opt/rustwide/workdir:ro,Z" "-v" "/var/lib/crater-agent-workspace/cargo-home:/opt/rustwide/cargo-home:ro,Z" "-v" "/var/lib/crater-agent-workspace/rustup-home:/opt/rustwide/rustup-home:ro,Z" "-e" "SOURCE_DIR=/opt/rustwide/workdir" "-e" "CARGO_TARGET_DIR=/opt/rustwide/target" "-e" "CARGO_INCREMENTAL=0" "-e" "RUST_BACKTRACE=full" "-e" "RUSTFLAGS=--cap-lints=warn" "-e" "RUSTDOCFLAGS=--cap-lints=warn" "-e" "CARGO_HOME=/opt/rustwide/cargo-home" "-e" "RUSTUP_HOME=/opt/rustwide/rustup-home" "-w" "/opt/rustwide/workdir" "-m" "1610612736" "--user" "0:0" "--network" "none" "ghcr.io/rust-lang/crates-build-env/linux@sha256:2788e3201cd34a07e3172128adcd8b3090168a8e3bcc40d7c032b9dda1df7d1c" "/opt/rustwide/cargo-home/bin/cargo" "+beta-2023-12-22" "build" "--frozen" "--message-format=json", kill_on_drop: false }`
[INFO] [stdout] 24b7621a37d207da9c2f41fdcf03c2d998b5da5b976ccf69b680e82e8325b924
[INFO] running `Command { std: "docker" "start" "-a" "24b7621a37d207da9c2f41fdcf03c2d998b5da5b976ccf69b680e82e8325b924", kill_on_drop: false }`
[INFO] [stderr]    Compiling libc v0.2.137
[INFO] [stderr]    Compiling cfg-if v1.0.0
[INFO] [stderr]    Compiling parking_lot_core v0.9.4
[INFO] [stderr]    Compiling log v0.4.17
[INFO] [stderr]    Compiling scopeguard v1.1.0
[INFO] [stderr]    Compiling proc-macro2 v1.0.47
[INFO] [stderr]    Compiling lock_api v0.4.9
[INFO] [stderr]    Compiling indexmap v1.9.1
[INFO] [stderr]    Compiling smallvec v1.10.0
[INFO] [stderr]    Compiling crunchy v0.2.2
[INFO] [stderr]    Compiling aho-corasick v0.7.19
[INFO] [stderr]    Compiling tiny-keccak v2.0.2
[INFO] [stderr]    Compiling quote v1.0.21
[INFO] [stderr]    Compiling hashbrown v0.12.3
[INFO] [stderr]    Compiling siphasher v0.3.10
[INFO] [stderr]    Compiling regex-syntax v0.6.28
[INFO] [stderr]    Compiling unicode-ident v1.0.5
[INFO] [stderr]    Compiling phf_shared v0.10.0
[INFO] [stderr]    Compiling either v1.8.0
[INFO] [stderr]    Compiling once_cell v1.16.0
[INFO] [stderr]    Compiling bit-vec v0.6.3
[INFO] [stderr]    Compiling fixedbitset v0.4.2
[INFO] [stderr]    Compiling precomputed-hash v0.1.1
[INFO] [stderr]    Compiling new_debug_unreachable v1.0.4
[INFO] [stderr]    Compiling syn v1.0.103
[INFO] [stderr]    Compiling bit-set v0.5.3
[INFO] [stderr]    Compiling dirs-sys-next v0.1.2
[INFO] [stderr]    Compiling atty v0.2.14
[INFO] [stderr]    Compiling dirs-next v2.0.0
[INFO] [stderr]    Compiling parking_lot v0.12.1
[INFO] [stderr]    Compiling petgraph v0.6.2
[INFO] [stderr]    Compiling itertools v0.10.5
[INFO] [stderr]    Compiling ena v0.14.0
[INFO] [stderr]    Compiling term v0.7.0
[INFO] [stderr]    Compiling string_cache v0.8.4
[INFO] [stderr]    Compiling ascii-canvas v3.0.0
[INFO] [stderr]    Compiling pico-args v0.4.2
[INFO] [stderr]    Compiling diff v0.1.13
[INFO] [stderr]    Compiling unicode-xid v0.2.4
[INFO] [stderr]    Compiling thiserror v1.0.37
[INFO] [stderr]    Compiling nom v7.1.3
[INFO] [stderr]    Compiling regex v1.7.0
[INFO] [stderr]    Compiling lalrpop-util v0.19.8
[INFO] [stderr]    Compiling lalrpop v0.19.8
[INFO] [stderr]    Compiling thiserror-impl v1.0.37
[INFO] [stderr]    Compiling sz v0.1.0 (/opt/rustwide/workdir)
[INFO] [stdout] warning: unused import: `self::value::*`
[INFO] [stdout]  --> src/value/mod.rs:1:9
[INFO] [stdout]   |
[INFO] [stdout] 1 | pub use self::value::*;
[INFO] [stdout]   |         ^^^^^^^^^^^^^^
[INFO] [stdout]   |
[INFO] [stdout]   = note: `#[warn(unused_imports)]` on by default
[INFO] [stdout] 
[INFO] [stdout] 
[INFO] [stdout] warning: variants `Expr`, `LetDef`, and `LetRecDef` are never constructed
[INFO] [stdout]   --> src/ast.rs:94:5
[INFO] [stdout]    |
[INFO] [stdout] 93 | pub enum TopLevel {
[INFO] [stdout]    |          -------- variants in this enum
[INFO] [stdout] 94 |     Expr(Expr),
[INFO] [stdout]    |     ^^^^
[INFO] [stdout] 95 |     LetDef(VarDefinition),
[INFO] [stdout]    |     ^^^^^^
[INFO] [stdout] 96 |     LetRecDef(Vec<VarDefinition>),
[INFO] [stdout]    |     ^^^^^^^^^
[INFO] [stdout]    |
[INFO] [stdout]    = note: `TopLevel` has derived impls for the traits `Clone` and `Debug`, but these are intentionally ignored during dead code analysis
[INFO] [stdout]    = note: `#[warn(dead_code)]` on by default
[INFO] [stdout] 
[INFO] [stdout] 
[INFO] [stdout] warning: variants `None`, `False`, and `True` are never constructed
[INFO] [stdout]  --> src/value/value.rs:4:5
[INFO] [stdout]   |
[INFO] [stdout] 3 | pub enum Value {
[INFO] [stdout]   |          ----- variants in this enum
[INFO] [stdout] 4 |     None,
[INFO] [stdout]   |     ^^^^
[INFO] [stdout] 5 |     False,
[INFO] [stdout]   |     ^^^^^
[INFO] [stdout] 6 |     True
[INFO] [stdout]   |     ^^^^
[INFO] [stdout]   |
[INFO] [stdout]   = note: `Value` has derived impls for the traits `Clone` and `Debug`, but these are intentionally ignored during dead code analysis
[INFO] [stdout] 
[INFO] [stdout] 
[INFO] [stdout] warning: function `colons` is never used
[INFO] [stdout]   --> src/parse/common.rs:11:8
[INFO] [stdout]    |
[INFO] [stdout] 11 | pub fn colons(i: &str) -> IResult<&str, ()> {
[INFO] [stdout]    |        ^^^^^^
[INFO] [stdout] 
[INFO] [stdout] 
[INFO] [stdout] warning: function `whitespace0` is never used
[INFO] [stdout]   --> src/parse/common.rs:18:8
[INFO] [stdout]    |
[INFO] [stdout] 18 | pub fn whitespace0(i: &str) -> IResult<&str, ()> {
[INFO] [stdout]    |        ^^^^^^^^^^^
[INFO] [stdout] 
[INFO] [stdout] 
[INFO] [stdout] warning: function `whitespace1` is never used
[INFO] [stdout]   --> src/parse/common.rs:23:8
[INFO] [stdout]    |
[INFO] [stdout] 23 | pub fn whitespace1(i: &str) -> IResult<&str, ()> {
[INFO] [stdout]    |        ^^^^^^^^^^^
[INFO] [stdout] 
[INFO] [stdout] 
[INFO] [stdout] warning: function `comment` is never used
[INFO] [stdout]   --> src/parse/common.rs:28:8
[INFO] [stdout]    |
[INFO] [stdout] 28 | pub fn comment(i: &str) -> IResult<&str, ()> {
[INFO] [stdout]    |        ^^^^^^^
[INFO] [stdout] 
[INFO] [stdout] 
[INFO] [stdout] warning: function `multi_line_comment` is never used
[INFO] [stdout]   --> src/parse/common.rs:43:4
[INFO] [stdout]    |
[INFO] [stdout] 43 | fn multi_line_comment(i: &str) -> IResult<&str, ()> {
[INFO] [stdout]    |    ^^^^^^^^^^^^^^^^^^
[INFO] [stdout] 
[INFO] [stdout] 
[INFO] [stdout] warning: function `single_line_comment` is never used
[INFO] [stdout]   --> src/parse/common.rs:53:4
[INFO] [stdout]    |
[INFO] [stdout] 53 | fn single_line_comment(i: &str) -> IResult<&str, ()> {
[INFO] [stdout]    |    ^^^^^^^^^^^^^^^^^^^
[INFO] [stdout] 
[INFO] [stdout] 
[INFO] [stdout] warning: function `blank` is never used
[INFO] [stdout]   --> src/parse/common.rs:62:4
[INFO] [stdout]    |
[INFO] [stdout] 62 | fn blank(i: &str) -> IResult<&str, ()> {
[INFO] [stdout]    |    ^^^^^
[INFO] [stdout] 
[INFO] [stdout] 
[INFO] [stdout] warning: function `space` is never used
[INFO] [stdout]   --> src/parse/common.rs:67:4
[INFO] [stdout]    |
[INFO] [stdout] 67 | fn space(i: &str) -> IResult<&str, ()> {
[INFO] [stdout]    |    ^^^^^
[INFO] [stdout] 
[INFO] [stdout] 
[INFO] [stdout] warning: type alias `IResult` is never used
[INFO] [stdout]   --> src/parse/error.rs:11:10
[INFO] [stdout]    |
[INFO] [stdout] 11 | pub type IResult<I, O, E = Error<I>> = Result<(I, O), Err<E>>;
[INFO] [stdout]    |          ^^^^^^^
[INFO] [stdout] 
[INFO] [stdout] 
[INFO] [stdout] warning: 12 warnings emitted
[INFO] [stdout] 
[INFO] [stdout] 
[INFO] [stderr]     Finished dev [unoptimized + debuginfo] target(s) in 8.87s
[INFO] [stderr] warning: the following packages contain code that will be rejected by a future version of Rust: lalrpop v0.19.8
[INFO] [stderr] note: to see what the problems were, use the option `--future-incompat-report`, or run `cargo report future-incompatibilities --id 1`
[INFO] running `Command { std: "docker" "inspect" "24b7621a37d207da9c2f41fdcf03c2d998b5da5b976ccf69b680e82e8325b924", kill_on_drop: false }`
[INFO] running `Command { std: "docker" "rm" "-f" "24b7621a37d207da9c2f41fdcf03c2d998b5da5b976ccf69b680e82e8325b924", kill_on_drop: false }`
[INFO] [stdout] 24b7621a37d207da9c2f41fdcf03c2d998b5da5b976ccf69b680e82e8325b924
[INFO] running `Command { std: "docker" "create" "-v" "/var/lib/crater-agent-workspace/builds/worker-3-tc2/target:/opt/rustwide/target:rw,Z" "-v" "/var/lib/crater-agent-workspace/builds/worker-3-tc2/source:/opt/rustwide/workdir:ro,Z" "-v" "/var/lib/crater-agent-workspace/cargo-home:/opt/rustwide/cargo-home:ro,Z" "-v" "/var/lib/crater-agent-workspace/rustup-home:/opt/rustwide/rustup-home:ro,Z" "-e" "SOURCE_DIR=/opt/rustwide/workdir" "-e" "CARGO_TARGET_DIR=/opt/rustwide/target" "-e" "CARGO_INCREMENTAL=0" "-e" "RUST_BACKTRACE=full" "-e" "RUSTFLAGS=--cap-lints=warn" "-e" "RUSTDOCFLAGS=--cap-lints=warn" "-e" "CARGO_HOME=/opt/rustwide/cargo-home" "-e" "RUSTUP_HOME=/opt/rustwide/rustup-home" "-w" "/opt/rustwide/workdir" "-m" "1610612736" "--user" "0:0" "--network" "none" "ghcr.io/rust-lang/crates-build-env/linux@sha256:2788e3201cd34a07e3172128adcd8b3090168a8e3bcc40d7c032b9dda1df7d1c" "/opt/rustwide/cargo-home/bin/cargo" "+beta-2023-12-22" "test" "--frozen" "--no-run" "--message-format=json", kill_on_drop: false }`
[INFO] [stdout] 085b4ba2fba597b24d2dc9d65b69474417f91122a95412c95d6d4edf6a04aecd
[INFO] running `Command { std: "docker" "start" "-a" "085b4ba2fba597b24d2dc9d65b69474417f91122a95412c95d6d4edf6a04aecd", kill_on_drop: false }`
[INFO] [stderr]    Compiling sz v0.1.0 (/opt/rustwide/workdir)
[INFO] [stdout] warning: unused import: `self::value::*`
[INFO] [stdout]  --> src/value/mod.rs:1:9
[INFO] [stdout]   |
[INFO] [stdout] 1 | pub use self::value::*;
[INFO] [stdout]   |         ^^^^^^^^^^^^^^
[INFO] [stdout]   |
[INFO] [stdout]   = note: `#[warn(unused_imports)]` on by default
[INFO] [stdout] 
[INFO] [stdout] 
[INFO] [stdout] warning: unused import: `super::*`
[INFO] [stdout]   --> src/value/value.rs:12:9
[INFO] [stdout]    |
[INFO] [stdout] 12 |     use super::*;
[INFO] [stdout]    |         ^^^^^^^^
[INFO] [stdout] 
[INFO] [stdout] 
[INFO] [stdout] warning: unused variable: `value`
[INFO] [stdout]   --> src/parse/common.rs:84:25
[INFO] [stdout]    |
[INFO] [stdout] 84 |         let (remaining, value) = comment(" /* test*/  start").unwrap();
[INFO] [stdout]    |                         ^^^^^ help: if this is intentional, prefix it with an underscore: `_value`
[INFO] [stdout]    |
[INFO] [stdout]    = note: `#[warn(unused_variables)]` on by default
[INFO] [stdout] 
[INFO] [stdout] 
[INFO] [stdout] warning: unused variable: `value`
[INFO] [stdout]   --> src/parse/common.rs:90:25
[INFO] [stdout]    |
[INFO] [stdout] 90 |         let (remaining, value) = comment(" //test test*/ */  start").unwrap();
[INFO] [stdout]    |                         ^^^^^ help: if this is intentional, prefix it with an underscore: `_value`
[INFO] [stdout] 
[INFO] [stdout] 
[INFO] [stdout] warning: unused variable: `value`
[INFO] [stdout]   --> src/parse/common.rs:96:25
[INFO] [stdout]    |
[INFO] [stdout] 96 |         let (remaining, value) = whitespace1("/* test*/  start").unwrap();
[INFO] [stdout]    |                         ^^^^^ help: if this is intentional, prefix it with an underscore: `_value`
[INFO] [stdout] 
[INFO] [stdout] 
[INFO] [stdout] warning: variants `Expr`, `LetDef`, and `LetRecDef` are never constructed
[INFO] [stdout]   --> src/ast.rs:94:5
[INFO] [stdout]    |
[INFO] [stdout] 93 | pub enum TopLevel {
[INFO] [stdout]    |          -------- variants in this enum
[INFO] [stdout] 94 |     Expr(Expr),
[INFO] [stdout]    |     ^^^^
[INFO] [stdout] 95 |     LetDef(VarDefinition),
[INFO] [stdout]    |     ^^^^^^
[INFO] [stdout] 96 |     LetRecDef(Vec<VarDefinition>),
[INFO] [stdout]    |     ^^^^^^^^^
[INFO] [stdout]    |
[INFO] [stdout]    = note: `TopLevel` has derived impls for the traits `Clone` and `Debug`, but these are intentionally ignored during dead code analysis
[INFO] [stdout]    = note: `#[warn(dead_code)]` on by default
[INFO] [stdout] 
[INFO] [stdout] 
[INFO] [stdout] warning: variants `None`, `False`, and `True` are never constructed
[INFO] [stdout]  --> src/value/value.rs:4:5
[INFO] [stdout]   |
[INFO] [stdout] 3 | pub enum Value {
[INFO] [stdout]   |          ----- variants in this enum
[INFO] [stdout] 4 |     None,
[INFO] [stdout]   |     ^^^^
[INFO] [stdout] 5 |     False,
[INFO] [stdout]   |     ^^^^^
[INFO] [stdout] 6 |     True
[INFO] [stdout]   |     ^^^^
[INFO] [stdout]   |
[INFO] [stdout]   = note: `Value` has derived impls for the traits `Clone` and `Debug`, but these are intentionally ignored during dead code analysis
[INFO] [stdout] 
[INFO] [stdout] 
[INFO] [stdout] warning: 7 warnings emitted
[INFO] [stdout] 
[INFO] [stdout] 
[INFO] [stderr]     Finished test [unoptimized + debuginfo] target(s) in 1.17s
[INFO] [stderr] warning: the following packages contain code that will be rejected by a future version of Rust: lalrpop v0.19.8
[INFO] [stderr] note: to see what the problems were, use the option `--future-incompat-report`, or run `cargo report future-incompatibilities --id 1`
[INFO] running `Command { std: "docker" "inspect" "085b4ba2fba597b24d2dc9d65b69474417f91122a95412c95d6d4edf6a04aecd", kill_on_drop: false }`
[INFO] running `Command { std: "docker" "rm" "-f" "085b4ba2fba597b24d2dc9d65b69474417f91122a95412c95d6d4edf6a04aecd", kill_on_drop: false }`
[INFO] [stdout] 085b4ba2fba597b24d2dc9d65b69474417f91122a95412c95d6d4edf6a04aecd
[INFO] running `Command { std: "docker" "create" "-v" "/var/lib/crater-agent-workspace/builds/worker-3-tc2/target:/opt/rustwide/target:rw,Z" "-v" "/var/lib/crater-agent-workspace/builds/worker-3-tc2/source:/opt/rustwide/workdir:ro,Z" "-v" "/var/lib/crater-agent-workspace/cargo-home:/opt/rustwide/cargo-home:ro,Z" "-v" "/var/lib/crater-agent-workspace/rustup-home:/opt/rustwide/rustup-home:ro,Z" "-e" "SOURCE_DIR=/opt/rustwide/workdir" "-e" "CARGO_TARGET_DIR=/opt/rustwide/target" "-e" "CARGO_INCREMENTAL=0" "-e" "RUST_BACKTRACE=full" "-e" "RUSTFLAGS=--cap-lints=warn" "-e" "RUSTDOCFLAGS=--cap-lints=warn" "-e" "CARGO_HOME=/opt/rustwide/cargo-home" "-e" "RUSTUP_HOME=/opt/rustwide/rustup-home" "-w" "/opt/rustwide/workdir" "-m" "1610612736" "--user" "0:0" "--network" "none" "ghcr.io/rust-lang/crates-build-env/linux@sha256:2788e3201cd34a07e3172128adcd8b3090168a8e3bcc40d7c032b9dda1df7d1c" "/opt/rustwide/cargo-home/bin/cargo" "+beta-2023-12-22" "test" "--frozen", kill_on_drop: false }`
[INFO] [stdout] 90ba1189833be0e414982a1c4668271ef3f8f5c1e10c85f16315a221beac521f
[INFO] running `Command { std: "docker" "start" "-a" "90ba1189833be0e414982a1c4668271ef3f8f5c1e10c85f16315a221beac521f", kill_on_drop: false }`
[INFO] [stderr] warning: unused import: `self::value::*`
[INFO] [stderr]  --> src/value/mod.rs:1:9
[INFO] [stderr]   |
[INFO] [stderr] 1 | pub use self::value::*;
[INFO] [stderr]   |         ^^^^^^^^^^^^^^
[INFO] [stderr]   |
[INFO] [stderr]   = note: `#[warn(unused_imports)]` on by default
[INFO] [stderr] 
[INFO] [stderr] warning: unused import: `super::*`
[INFO] [stderr]   --> src/value/value.rs:12:9
[INFO] [stderr]    |
[INFO] [stderr] 12 |     use super::*;
[INFO] [stderr]    |         ^^^^^^^^
[INFO] [stderr] 
[INFO] [stderr] warning: unused variable: `value`
[INFO] [stderr]   --> src/parse/common.rs:84:25
[INFO] [stderr]    |
[INFO] [stderr] 84 |         let (remaining, value) = comment(" /* test*/  start").unwrap();
[INFO] [stderr]    |                         ^^^^^ help: if this is intentional, prefix it with an underscore: `_value`
[INFO] [stderr]    |
[INFO] [stderr]    = note: `#[warn(unused_variables)]` on by default
[INFO] [stderr] 
[INFO] [stderr] warning: unused variable: `value`
[INFO] [stderr]   --> src/parse/common.rs:90:25
[INFO] [stderr]    |
[INFO] [stderr] 90 |         let (remaining, value) = comment(" //test test*/ */  start").unwrap();
[INFO] [stderr]    |                         ^^^^^ help: if this is intentional, prefix it with an underscore: `_value`
[INFO] [stderr] 
[INFO] [stderr] warning: unused variable: `value`
[INFO] [stderr]   --> src/parse/common.rs:96:25
[INFO] [stderr]    |
[INFO] [stderr] 96 |         let (remaining, value) = whitespace1("/* test*/  start").unwrap();
[INFO] [stderr]    |                         ^^^^^ help: if this is intentional, prefix it with an underscore: `_value`
[INFO] [stderr] 
[INFO] [stderr] warning: variants `Expr`, `LetDef`, and `LetRecDef` are never constructed
[INFO] [stderr]   --> src/ast.rs:94:5
[INFO] [stderr]    |
[INFO] [stderr] 93 | pub enum TopLevel {
[INFO] [stderr]    |          -------- variants in this enum
[INFO] [stderr] 94 |     Expr(Expr),
[INFO] [stderr]    |     ^^^^
[INFO] [stderr] 95 |     LetDef(VarDefinition),
[INFO] [stderr]    |     ^^^^^^
[INFO] [stderr] 96 |     LetRecDef(Vec<VarDefinition>),
[INFO] [stderr]    |     ^^^^^^^^^
[INFO] [stderr]    |
[INFO] [stderr]    = note: `TopLevel` has derived impls for the traits `Clone` and `Debug`, but these are intentionally ignored during dead code analysis
[INFO] [stderr]    = note: `#[warn(dead_code)]` on by default
[INFO] [stderr] 
[INFO] [stderr] warning: variants `None`, `False`, and `True` are never constructed
[INFO] [stderr]  --> src/value/value.rs:4:5
[INFO] [stderr]   |
[INFO] [stderr] 3 | pub enum Value {
[INFO] [stderr]   |          ----- variants in this enum
[INFO] [stderr] 4 |     None,
[INFO] [stderr]   |     ^^^^
[INFO] [stderr] 5 |     False,
[INFO] [stderr]   |     ^^^^^
[INFO] [stderr] 6 |     True
[INFO] [stderr]   |     ^^^^
[INFO] [stderr]   |
[INFO] [stderr]   = note: `Value` has derived impls for the traits `Clone` and `Debug`, but these are intentionally ignored during dead code analysis
[INFO] [stderr] 
[INFO] [stderr] warning: `sz` (bin "sz" test) generated 7 warnings (run `cargo fix --bin "sz" --tests` to apply 5 suggestions)
[INFO] [stderr]     Finished test [unoptimized + debuginfo] target(s) in 0.03s
[INFO] [stderr] warning: the following packages contain code that will be rejected by a future version of Rust: lalrpop v0.19.8
[INFO] [stderr] note: to see what the problems were, use the option `--future-incompat-report`, or run `cargo report future-incompatibilities --id 1`
[INFO] [stderr]      Running unittests src/main.rs (/opt/rustwide/target/debug/deps/sz-1d44c6691252abc0)
[INFO] [stdout] 
[INFO] [stdout] running 15 tests
[INFO] [stdout] test parse::common::tests::valid_multiline_comment_spaces ... ok
[INFO] [stdout] test parse::common::tests::valid_colons ... ok
[INFO] [stdout] test parse::common::tests::valid_multiline_comment_with_following_space ... ok
[INFO] [stdout] test parse::common::tests::valid_multiline_comment ... ok
[INFO] [stdout] test parse::common::tests::valid_singleline_comment ... ok
[INFO] [stdout] test parse::common::tests::invalid_multiline_comment_without_space ... FAILED
[INFO] [stdout] test sz_script ... ok
[INFO] [stdout] test value::value::tests::test ... ok
[INFO] [stdout] test sz_string_literal ... ok
[INFO] [stdout] test sz_comment ... ok
[INFO] [stdout] test sz_tag ... ok
[INFO] [stdout] test sz_indent ... ok
[INFO] [stdout] test sz_float_literal ... ok
[INFO] [stdout] test sz_int_literal ... ok
[INFO] [stdout] test sz_variable ... ok
[INFO] [stdout] 
[INFO] [stdout] failures:
[INFO] [stdout] 
[INFO] [stdout] ---- parse::common::tests::invalid_multiline_comment_without_space stdout ----
[INFO] [stdout] thread 'parse::common::tests::invalid_multiline_comment_without_space' panicked at src/parse/common.rs:102:9:
[INFO] [stdout] assertion failed: whitespace1("/* test*/start").is_err()
[INFO] [stdout] stack backtrace:
[INFO] [stdout]    0:     0x55c89b548646 - std::backtrace_rs::backtrace::libunwind::trace::h261606ad26a499c1
[INFO] [stdout]                                at /rustc/0e09125c6c3c2fd70d7de961bcf0e51575235fad/library/std/src/../../backtrace/src/backtrace/libunwind.rs:104:5
[INFO] [stdout]    1:     0x55c89b548646 - std::backtrace_rs::backtrace::trace_unsynchronized::hd183f0625477fb28
[INFO] [stdout]                                at /rustc/0e09125c6c3c2fd70d7de961bcf0e51575235fad/library/std/src/../../backtrace/src/backtrace/mod.rs:66:5
[INFO] [stdout]    2:     0x55c89b548646 - std::sys_common::backtrace::_print_fmt::hd7f8fef21b4eda67
[INFO] [stdout]                                at /rustc/0e09125c6c3c2fd70d7de961bcf0e51575235fad/library/std/src/sys_common/backtrace.rs:68:5
[INFO] [stdout]    3:     0x55c89b548646 - <std::sys_common::backtrace::_print::DisplayBacktrace as core::fmt::Display>::fmt::h623d9b51f2f453f1
[INFO] [stdout]                                at /rustc/0e09125c6c3c2fd70d7de961bcf0e51575235fad/library/std/src/sys_common/backtrace.rs:44:22
[INFO] [stdout]    4:     0x55c89b5714c0 - core::fmt::rt::Argument::fmt::h9f417ac76a86f368
[INFO] [stdout]                                at /rustc/0e09125c6c3c2fd70d7de961bcf0e51575235fad/library/core/src/fmt/rt.rs:142:9
[INFO] [stdout]    5:     0x55c89b5714c0 - core::fmt::write::hc9b6faf4ac2aeff7
[INFO] [stdout]                                at /rustc/0e09125c6c3c2fd70d7de961bcf0e51575235fad/library/core/src/fmt/mod.rs:1120:17
[INFO] [stdout]    6:     0x55c89b5460af - std::io::Write::write_fmt::he04625a3a989fec3
[INFO] [stdout]                                at /rustc/0e09125c6c3c2fd70d7de961bcf0e51575235fad/library/std/src/io/mod.rs:1810:15
[INFO] [stdout]    7:     0x55c89b548424 - std::sys_common::backtrace::_print::hd5d66399c7df88a2
[INFO] [stdout]                                at /rustc/0e09125c6c3c2fd70d7de961bcf0e51575235fad/library/std/src/sys_common/backtrace.rs:47:5
[INFO] [stdout]    8:     0x55c89b548424 - std::sys_common::backtrace::print::he81ed2da642d37e5
[INFO] [stdout]                                at /rustc/0e09125c6c3c2fd70d7de961bcf0e51575235fad/library/std/src/sys_common/backtrace.rs:34:9
[INFO] [stdout]    9:     0x55c89b54a197 - std::panicking::default_hook::{{closure}}::h85773f4fa117163d
[INFO] [stdout]   10:     0x55c89b549e7d - std::panicking::default_hook::h6a1694a91d09b278
[INFO] [stdout]                                at /rustc/0e09125c6c3c2fd70d7de961bcf0e51575235fad/library/std/src/panicking.rs:289:9
[INFO] [stdout]   11:     0x55c89b3bc087 - <alloc::boxed::Box<F,A> as core::ops::function::Fn<Args>>::call::h616ac37fa3cd6c8f
[INFO] [stdout]                                at /rustc/0e09125c6c3c2fd70d7de961bcf0e51575235fad/library/alloc/src/boxed.rs:2029:9
[INFO] [stdout]   12:     0x55c89b3bc087 - test::test_main::{{closure}}::h00d84697cefdcbb6
[INFO] [stdout]                                at /rustc/0e09125c6c3c2fd70d7de961bcf0e51575235fad/library/test/src/lib.rs:138:21
[INFO] [stdout]   13:     0x55c89b54a7b6 - <alloc::boxed::Box<F,A> as core::ops::function::Fn<Args>>::call::hcb3fe3b9bb537ba8
[INFO] [stdout]                                at /rustc/0e09125c6c3c2fd70d7de961bcf0e51575235fad/library/alloc/src/boxed.rs:2029:9
[INFO] [stdout]   14:     0x55c89b54a7b6 - std::panicking::rust_panic_with_hook::h0a7ad96e90f7145b
[INFO] [stdout]                                at /rustc/0e09125c6c3c2fd70d7de961bcf0e51575235fad/library/std/src/panicking.rs:783:13
[INFO] [stdout]   15:     0x55c89b54a4c9 - std::panicking::begin_panic_handler::{{closure}}::h7919090525c6485e
[INFO] [stdout]                                at /rustc/0e09125c6c3c2fd70d7de961bcf0e51575235fad/library/std/src/panicking.rs:649:13
[INFO] [stdout]   16:     0x55c89b548b46 - std::sys_common::backtrace::__rust_end_short_backtrace::hf3289479464f7dfe
[INFO] [stdout]                                at /rustc/0e09125c6c3c2fd70d7de961bcf0e51575235fad/library/std/src/sys_common/backtrace.rs:171:18
[INFO] [stdout]   17:     0x55c89b54a260 - rust_begin_unwind
[INFO] [stdout]                                at /rustc/0e09125c6c3c2fd70d7de961bcf0e51575235fad/library/std/src/panicking.rs:645:5
[INFO] [stdout]   18:     0x55c89b316205 - core::panicking::panic_fmt::hcc9f77c5c132af55
[INFO] [stdout]                                at /rustc/0e09125c6c3c2fd70d7de961bcf0e51575235fad/library/core/src/panicking.rs:72:14
[INFO] [stdout]   19:     0x55c89b3162c3 - core::panicking::panic::h5a1259c1164bd480
[INFO] [stdout]                                at /rustc/0e09125c6c3c2fd70d7de961bcf0e51575235fad/library/core/src/panicking.rs:144:5
[INFO] [stdout]   20:     0x55c89b366410 - sz::parse::common::tests::invalid_multiline_comment_without_space::h7f9ed8af6f6ced72
[INFO] [stdout]                                at /opt/rustwide/workdir/src/parse/common.rs:102:9
[INFO] [stdout]   21:     0x55c89b3663b7 - sz::parse::common::tests::invalid_multiline_comment_without_space::{{closure}}::h92035a2f71431557
[INFO] [stdout]                                at /opt/rustwide/workdir/src/parse/common.rs:101:49
[INFO] [stdout]   22:     0x55c89b35ebe6 - core::ops::function::FnOnce::call_once::h21a91ef47c05d8b9
[INFO] [stdout]                                at /rustc/0e09125c6c3c2fd70d7de961bcf0e51575235fad/library/core/src/ops/function.rs:250:5
[INFO] [stdout]   23:     0x55c89b3c195f - core::ops::function::FnOnce::call_once::hd64d26f405258157
[INFO] [stdout]                                at /rustc/0e09125c6c3c2fd70d7de961bcf0e51575235fad/library/core/src/ops/function.rs:250:5
[INFO] [stdout]   24:     0x55c89b3c195f - test::__rust_begin_short_backtrace::he21b0b7a6d731bf9
[INFO] [stdout]                                at /rustc/0e09125c6c3c2fd70d7de961bcf0e51575235fad/library/test/src/lib.rs:627:18
[INFO] [stdout]   25:     0x55c89b3c06e1 - test::run_test_in_process::{{closure}}::hf5c73986d7bdfde2
[INFO] [stdout]                                at /rustc/0e09125c6c3c2fd70d7de961bcf0e51575235fad/library/test/src/lib.rs:650:60
[INFO] [stdout]   26:     0x55c89b3c06e1 - <core::panic::unwind_safe::AssertUnwindSafe<F> as core::ops::function::FnOnce<()>>::call_once::h330011ad032aadc0
[INFO] [stdout]                                at /rustc/0e09125c6c3c2fd70d7de961bcf0e51575235fad/library/core/src/panic/unwind_safe.rs:272:9
[INFO] [stdout]   27:     0x55c89b3c06e1 - std::panicking::try::do_call::he61b0a958b795a41
[INFO] [stdout]                                at /rustc/0e09125c6c3c2fd70d7de961bcf0e51575235fad/library/std/src/panicking.rs:552:40
[INFO] [stdout]   28:     0x55c89b3c06e1 - std::panicking::try::h7309da130f906eb7
[INFO] [stdout]                                at /rustc/0e09125c6c3c2fd70d7de961bcf0e51575235fad/library/std/src/panicking.rs:516:19
[INFO] [stdout]   29:     0x55c89b3c06e1 - std::panic::catch_unwind::hc5c3a06fdaf0a92a
[INFO] [stdout]                                at /rustc/0e09125c6c3c2fd70d7de961bcf0e51575235fad/library/std/src/panic.rs:142:14
[INFO] [stdout]   30:     0x55c89b3c06e1 - test::run_test_in_process::h7e7b7c71c3324e0f
[INFO] [stdout]                                at /rustc/0e09125c6c3c2fd70d7de961bcf0e51575235fad/library/test/src/lib.rs:650:27
[INFO] [stdout]   31:     0x55c89b3c06e1 - test::run_test::{{closure}}::h1f509f28f5cf20b1
[INFO] [stdout]                                at /rustc/0e09125c6c3c2fd70d7de961bcf0e51575235fad/library/test/src/lib.rs:573:43
[INFO] [stdout]   32:     0x55c89b387a16 - test::run_test::{{closure}}::h1754218abf443f6d
[INFO] [stdout]                                at /rustc/0e09125c6c3c2fd70d7de961bcf0e51575235fad/library/test/src/lib.rs:601:41
[INFO] [stdout]   33:     0x55c89b387a16 - std::sys_common::backtrace::__rust_begin_short_backtrace::h2ee174b9d5954948
[INFO] [stdout]                                at /rustc/0e09125c6c3c2fd70d7de961bcf0e51575235fad/library/std/src/sys_common/backtrace.rs:155:18
[INFO] [stdout]   34:     0x55c89b38ca77 - std::thread::Builder::spawn_unchecked_::{{closure}}::{{closure}}::hf60bee9c1a17ef09
[INFO] [stdout]                                at /rustc/0e09125c6c3c2fd70d7de961bcf0e51575235fad/library/std/src/thread/mod.rs:529:17
[INFO] [stdout]   35:     0x55c89b38ca77 - <core::panic::unwind_safe::AssertUnwindSafe<F> as core::ops::function::FnOnce<()>>::call_once::h33d0dddec5216160
[INFO] [stdout]                                at /rustc/0e09125c6c3c2fd70d7de961bcf0e51575235fad/library/core/src/panic/unwind_safe.rs:272:9
[INFO] [stdout]   36:     0x55c89b38ca77 - std::panicking::try::do_call::h144b3048b546f835
[INFO] [stdout]                                at /rustc/0e09125c6c3c2fd70d7de961bcf0e51575235fad/library/std/src/panicking.rs:552:40
[INFO] [stdout]   37:     0x55c89b38ca77 - std::panicking::try::h978244d04646189f
[INFO] [stdout]                                at /rustc/0e09125c6c3c2fd70d7de961bcf0e51575235fad/library/std/src/panicking.rs:516:19
[INFO] [stdout]   38:     0x55c89b38ca77 - std::panic::catch_unwind::hdf436369d188fe86
[INFO] [stdout]                                at /rustc/0e09125c6c3c2fd70d7de961bcf0e51575235fad/library/std/src/panic.rs:142:14
[INFO] [stdout]   39:     0x55c89b38ca77 - std::thread::Builder::spawn_unchecked_::{{closure}}::h87329cbdd33c79ec
[INFO] [stdout]                                at /rustc/0e09125c6c3c2fd70d7de961bcf0e51575235fad/library/std/src/thread/mod.rs:528:30
[INFO] [stdout]   40:     0x55c89b38ca77 - core::ops::function::FnOnce::call_once{{vtable.shim}}::h401abbe67897d450
[INFO] [stdout]                                at /rustc/0e09125c6c3c2fd70d7de961bcf0e51575235fad/library/core/src/ops/function.rs:250:5
[INFO] [stdout]   41:     0x55c89b54f265 - <alloc::boxed::Box<F,A> as core::ops::function::FnOnce<Args>>::call_once::h5d7c8f150ab9c84c
[INFO] [stdout]                                at /rustc/0e09125c6c3c2fd70d7de961bcf0e51575235fad/library/alloc/src/boxed.rs:2015:9
[INFO] [stdout]   42:     0x55c89b54f265 - <alloc::boxed::Box<F,A> as core::ops::function::FnOnce<Args>>::call_once::h570d5b005c242c15
[INFO] [stdout]                                at /rustc/0e09125c6c3c2fd70d7de961bcf0e51575235fad/library/alloc/src/boxed.rs:2015:9
[INFO] [stdout]   43:     0x55c89b54f265 - std::sys::unix::thread::Thread::new::thread_start::h36b0a20c0b2361ad
[INFO] [stdout]                                at /rustc/0e09125c6c3c2fd70d7de961bcf0e51575235fad/library/std/src/sys/unix/thread.rs:108:17
[INFO] [stdout]   44:     0x7fbbfed45ac3 - <unknown>
[INFO] [stdout]   45:     0x7fbbfedd6bf4 - __clone
[INFO] [stdout]   46:                0x0 - <unknown>
[INFO] [stdout] 
[INFO] [stdout] 
[INFO] [stdout] failures:
[INFO] [stdout]     parse::common::tests::invalid_multiline_comment_without_space
[INFO] [stdout] 
[INFO] [stdout] test result: FAILED. 14 passed; 1 failed; 0 ignored; 0 measured; 0 filtered out; finished in 0.87s
[INFO] [stdout] 
[INFO] [stderr] error: test failed, to rerun pass `--bin sz`
[INFO] running `Command { std: "docker" "inspect" "90ba1189833be0e414982a1c4668271ef3f8f5c1e10c85f16315a221beac521f", kill_on_drop: false }`
[INFO] running `Command { std: "docker" "rm" "-f" "90ba1189833be0e414982a1c4668271ef3f8f5c1e10c85f16315a221beac521f", kill_on_drop: false }`
[INFO] [stdout] 90ba1189833be0e414982a1c4668271ef3f8f5c1e10c85f16315a221beac521f
