[INFO] cloning repository https://github.com/jwodder/ghrepo-rust
[INFO] running `Command { std: "git" "-c" "credential.helper=" "-c" "credential.helper=/workspace/cargo-home/bin/git-credential-null" "clone" "--bare" "https://github.com/jwodder/ghrepo-rust" "/workspace/cache/git-repos/https%3A%2F%2Fgithub.com%2Fjwodder%2Fghrepo-rust", kill_on_drop: false }`
[INFO] [stderr] Cloning into bare repository '/workspace/cache/git-repos/https%3A%2F%2Fgithub.com%2Fjwodder%2Fghrepo-rust'...
[INFO] running `Command { std: "git" "rev-parse" "HEAD", kill_on_drop: false }`
[INFO] [stdout] 35411a221db9c5962502dec987789c345a988626
[INFO] testing jwodder/ghrepo-rust against 1.75.0 for beta-1.76-1
[INFO] running `Command { std: "git" "clone" "/workspace/cache/git-repos/https%3A%2F%2Fgithub.com%2Fjwodder%2Fghrepo-rust" "/workspace/builds/worker-4-tc1/source", kill_on_drop: false }`
[INFO] [stderr] Cloning into '/workspace/builds/worker-4-tc1/source'...
[INFO] [stderr] done.
[INFO] validating manifest of git repo https://github.com/jwodder/ghrepo-rust on toolchain 1.75.0
[INFO] running `Command { std: CARGO_HOME="/workspace/cargo-home" RUSTUP_HOME="/workspace/rustup-home" "/workspace/cargo-home/bin/cargo" "+1.75.0" "metadata" "--manifest-path" "Cargo.toml" "--no-deps", kill_on_drop: false }`
[INFO] started tweaking git repo https://github.com/jwodder/ghrepo-rust
[INFO] finished tweaking git repo https://github.com/jwodder/ghrepo-rust
[INFO] tweaked toml for git repo https://github.com/jwodder/ghrepo-rust written to /workspace/builds/worker-4-tc1/source/Cargo.toml
[INFO] crate git repo https://github.com/jwodder/ghrepo-rust already has a lockfile, it will not be regenerated
[INFO] running `Command { std: CARGO_HOME="/workspace/cargo-home" RUSTUP_HOME="/workspace/rustup-home" "/workspace/cargo-home/bin/cargo" "+1.75.0" "fetch" "--manifest-path" "Cargo.toml", kill_on_drop: false }`
[INFO] [stderr]     Updating crates.io index
[INFO] [stderr]  Downloading crates ...
[INFO] [stderr]   Downloaded rstest_reuse v0.6.0
[INFO] running `Command { std: "docker" "create" "-v" "/var/lib/crater-agent-workspace/builds/worker-4-tc1/target:/opt/rustwide/target:rw,Z" "-v" "/var/lib/crater-agent-workspace/builds/worker-4-tc1/source:/opt/rustwide/workdir:ro,Z" "-v" "/var/lib/crater-agent-workspace/cargo-home:/opt/rustwide/cargo-home:ro,Z" "-v" "/var/lib/crater-agent-workspace/rustup-home:/opt/rustwide/rustup-home:ro,Z" "-e" "SOURCE_DIR=/opt/rustwide/workdir" "-e" "CARGO_TARGET_DIR=/opt/rustwide/target" "-e" "CARGO_HOME=/opt/rustwide/cargo-home" "-e" "RUSTUP_HOME=/opt/rustwide/rustup-home" "-w" "/opt/rustwide/workdir" "-m" "1610612736" "--user" "0:0" "--network" "none" "ghcr.io/rust-lang/crates-build-env/linux@sha256:2788e3201cd34a07e3172128adcd8b3090168a8e3bcc40d7c032b9dda1df7d1c" "/opt/rustwide/cargo-home/bin/cargo" "+1.75.0" "metadata" "--no-deps" "--format-version=1", kill_on_drop: false }`
[INFO] [stdout] dad54adcd7cce4c02326f03831a41fa4dd59b55ff7581be1ad999c9f2821c4e1
[INFO] running `Command { std: "docker" "start" "-a" "dad54adcd7cce4c02326f03831a41fa4dd59b55ff7581be1ad999c9f2821c4e1", kill_on_drop: false }`
[INFO] running `Command { std: "docker" "inspect" "dad54adcd7cce4c02326f03831a41fa4dd59b55ff7581be1ad999c9f2821c4e1", kill_on_drop: false }`
[INFO] running `Command { std: "docker" "rm" "-f" "dad54adcd7cce4c02326f03831a41fa4dd59b55ff7581be1ad999c9f2821c4e1", kill_on_drop: false }`
[INFO] [stdout] dad54adcd7cce4c02326f03831a41fa4dd59b55ff7581be1ad999c9f2821c4e1
[INFO] running `Command { std: "docker" "create" "-v" "/var/lib/crater-agent-workspace/builds/worker-4-tc1/target:/opt/rustwide/target:rw,Z" "-v" "/var/lib/crater-agent-workspace/builds/worker-4-tc1/source:/opt/rustwide/workdir:ro,Z" "-v" "/var/lib/crater-agent-workspace/cargo-home:/opt/rustwide/cargo-home:ro,Z" "-v" "/var/lib/crater-agent-workspace/rustup-home:/opt/rustwide/rustup-home:ro,Z" "-e" "SOURCE_DIR=/opt/rustwide/workdir" "-e" "CARGO_TARGET_DIR=/opt/rustwide/target" "-e" "CARGO_INCREMENTAL=0" "-e" "RUST_BACKTRACE=full" "-e" "RUSTFLAGS=--cap-lints=warn" "-e" "RUSTDOCFLAGS=--cap-lints=warn" "-e" "CARGO_HOME=/opt/rustwide/cargo-home" "-e" "RUSTUP_HOME=/opt/rustwide/rustup-home" "-w" "/opt/rustwide/workdir" "-m" "1610612736" "--user" "0:0" "--network" "none" "ghcr.io/rust-lang/crates-build-env/linux@sha256:2788e3201cd34a07e3172128adcd8b3090168a8e3bcc40d7c032b9dda1df7d1c" "/opt/rustwide/cargo-home/bin/cargo" "+1.75.0" "build" "--frozen" "--message-format=json", kill_on_drop: false }`
[INFO] [stdout] 768e1f4aeb36acd103858d4b0da23b4bca56350dd162fa360c278e96d4de2151
[INFO] running `Command { std: "docker" "start" "-a" "768e1f4aeb36acd103858d4b0da23b4bca56350dd162fa360c278e96d4de2151", kill_on_drop: false }`
[INFO] [stderr]    Compiling lexopt v0.3.0
[INFO] [stderr]    Compiling ghrepo v0.6.0-dev (/opt/rustwide/workdir)
[INFO] [stderr]     Finished dev [unoptimized + debuginfo] target(s) in 0.71s
[INFO] running `Command { std: "docker" "inspect" "768e1f4aeb36acd103858d4b0da23b4bca56350dd162fa360c278e96d4de2151", kill_on_drop: false }`
[INFO] running `Command { std: "docker" "rm" "-f" "768e1f4aeb36acd103858d4b0da23b4bca56350dd162fa360c278e96d4de2151", kill_on_drop: false }`
[INFO] [stdout] 768e1f4aeb36acd103858d4b0da23b4bca56350dd162fa360c278e96d4de2151
[INFO] running `Command { std: "docker" "create" "-v" "/var/lib/crater-agent-workspace/builds/worker-4-tc1/target:/opt/rustwide/target:rw,Z" "-v" "/var/lib/crater-agent-workspace/builds/worker-4-tc1/source:/opt/rustwide/workdir:ro,Z" "-v" "/var/lib/crater-agent-workspace/cargo-home:/opt/rustwide/cargo-home:ro,Z" "-v" "/var/lib/crater-agent-workspace/rustup-home:/opt/rustwide/rustup-home:ro,Z" "-e" "SOURCE_DIR=/opt/rustwide/workdir" "-e" "CARGO_TARGET_DIR=/opt/rustwide/target" "-e" "CARGO_INCREMENTAL=0" "-e" "RUST_BACKTRACE=full" "-e" "RUSTFLAGS=--cap-lints=warn" "-e" "RUSTDOCFLAGS=--cap-lints=warn" "-e" "CARGO_HOME=/opt/rustwide/cargo-home" "-e" "RUSTUP_HOME=/opt/rustwide/rustup-home" "-w" "/opt/rustwide/workdir" "-m" "1610612736" "--user" "0:0" "--network" "none" "ghcr.io/rust-lang/crates-build-env/linux@sha256:2788e3201cd34a07e3172128adcd8b3090168a8e3bcc40d7c032b9dda1df7d1c" "/opt/rustwide/cargo-home/bin/cargo" "+1.75.0" "test" "--frozen" "--no-run" "--message-format=json", kill_on_drop: false }`
[INFO] [stdout] 715417a35a39266258fe8ec3cb03ae8fed82e7ffe4af4e1bace2e3064eeaef38
[INFO] running `Command { std: "docker" "start" "-a" "715417a35a39266258fe8ec3cb03ae8fed82e7ffe4af4e1bace2e3064eeaef38", kill_on_drop: false }`
[INFO] [stderr]    Compiling proc-macro2 v1.0.73
[INFO] [stderr]    Compiling semver v1.0.20
[INFO] [stderr]    Compiling unicode-ident v1.0.12
[INFO] [stderr]    Compiling libc v0.2.151
[INFO] [stderr]    Compiling memchr v2.7.1
[INFO] [stderr]    Compiling rustix v0.38.28
[INFO] [stderr]    Compiling either v1.9.0
[INFO] [stderr]    Compiling regex-syntax v0.8.2
[INFO] [stderr]    Compiling doc-comment v0.3.3
[INFO] [stderr]    Compiling bitflags v2.4.0
[INFO] [stderr]    Compiling linux-raw-sys v0.4.12
[INFO] [stderr]    Compiling ppv-lite86 v0.2.17
[INFO] [stderr]    Compiling serde v1.0.193
[INFO] [stderr]    Compiling rustc_version v0.4.0
[INFO] [stderr]    Compiling aho-corasick v1.1.2
[INFO] [stderr]    Compiling predicates-core v1.0.6
[INFO] [stderr]    Compiling quote v1.0.34
[INFO] [stderr]    Compiling rstest_macros v0.18.2
[INFO] [stderr]    Compiling rstest_reuse v0.6.0
[INFO] [stderr]    Compiling syn v2.0.44
[INFO] [stderr]    Compiling getrandom v0.2.11
[INFO] [stderr]    Compiling rand_core v0.6.4
[INFO] [stderr]    Compiling itertools v0.11.0
[INFO] [stderr]    Compiling rand_chacha v0.3.1
[INFO] [stderr]    Compiling regex-automata v0.4.3
[INFO] [stderr]    Compiling difflib v0.4.0
[INFO] [stderr]    Compiling relative-path v1.9.2
[INFO] [stderr]    Compiling termtree v0.4.1
[INFO] [stderr]    Compiling serde_json v1.0.109
[INFO] [stderr]    Compiling anstyle v1.0.4
[INFO] [stderr]    Compiling glob v0.3.1
[INFO] [stderr]    Compiling predicates v3.0.4
[INFO] [stderr]    Compiling predicates-tree v1.0.9
[INFO] [stderr]    Compiling wait-timeout v0.2.0
[INFO] [stderr]    Compiling rand v0.8.5
[INFO] [stderr]    Compiling home v0.5.9
[INFO] [stderr]    Compiling itoa v1.0.10
[INFO] [stderr]    Compiling bstr v1.8.0
[INFO] [stderr]    Compiling ryu v1.0.16
[INFO] [stderr]    Compiling fastrand v2.0.1
[INFO] [stderr]    Compiling tempfile v3.9.0
[INFO] [stderr]    Compiling which v5.0.0
[INFO] [stderr]    Compiling assert_cmd v2.0.12
[INFO] [stderr]    Compiling regex v1.10.2
[INFO] [stderr]    Compiling serde_derive v1.0.193
[INFO] [stderr]    Compiling rstest v0.18.2
[INFO] [stderr]    Compiling ghrepo v0.6.0-dev (/opt/rustwide/workdir)
[INFO] [stderr]     Finished test [unoptimized + debuginfo] target(s) in 19.50s
[INFO] running `Command { std: "docker" "inspect" "715417a35a39266258fe8ec3cb03ae8fed82e7ffe4af4e1bace2e3064eeaef38", kill_on_drop: false }`
[INFO] running `Command { std: "docker" "rm" "-f" "715417a35a39266258fe8ec3cb03ae8fed82e7ffe4af4e1bace2e3064eeaef38", kill_on_drop: false }`
[INFO] [stdout] 715417a35a39266258fe8ec3cb03ae8fed82e7ffe4af4e1bace2e3064eeaef38
[INFO] running `Command { std: "docker" "create" "-v" "/var/lib/crater-agent-workspace/builds/worker-4-tc1/target:/opt/rustwide/target:rw,Z" "-v" "/var/lib/crater-agent-workspace/builds/worker-4-tc1/source:/opt/rustwide/workdir:ro,Z" "-v" "/var/lib/crater-agent-workspace/cargo-home:/opt/rustwide/cargo-home:ro,Z" "-v" "/var/lib/crater-agent-workspace/rustup-home:/opt/rustwide/rustup-home:ro,Z" "-e" "SOURCE_DIR=/opt/rustwide/workdir" "-e" "CARGO_TARGET_DIR=/opt/rustwide/target" "-e" "CARGO_INCREMENTAL=0" "-e" "RUST_BACKTRACE=full" "-e" "RUSTFLAGS=--cap-lints=warn" "-e" "RUSTDOCFLAGS=--cap-lints=warn" "-e" "CARGO_HOME=/opt/rustwide/cargo-home" "-e" "RUSTUP_HOME=/opt/rustwide/rustup-home" "-w" "/opt/rustwide/workdir" "-m" "1610612736" "--user" "0:0" "--network" "none" "ghcr.io/rust-lang/crates-build-env/linux@sha256:2788e3201cd34a07e3172128adcd8b3090168a8e3bcc40d7c032b9dda1df7d1c" "/opt/rustwide/cargo-home/bin/cargo" "+1.75.0" "test" "--frozen", kill_on_drop: false }`
[INFO] [stdout] 446e1171db0274ffdd3fb258f95738f2ca655b8761abdc380dbbfb944a6b9b79
[INFO] running `Command { std: "docker" "start" "-a" "446e1171db0274ffdd3fb258f95738f2ca655b8761abdc380dbbfb944a6b9b79", kill_on_drop: false }`
[INFO] [stderr]     Finished test [unoptimized + debuginfo] target(s) in 0.05s
[INFO] [stderr]      Running unittests src/lib.rs (/opt/rustwide/target/debug/deps/ghrepo-74be73e2d4eaa7f4)
[INFO] [stdout] 
[INFO] [stdout] running 99 tests
[INFO] [stdout] test parser::tests::test_consume::case_3 ... ok
[INFO] [stdout] test parser::tests::test_consume::case_2 ... ok
[INFO] [stdout] test parser::tests::test_consume::case_1 ... ok
[INFO] [stdout] test parser::tests::test_consume::case_4 ... ok
[INFO] [stdout] test parser::tests::test_consume::case_5 ... ok
[INFO] [stdout] test parser::tests::test_consume::case_7 ... ok
[INFO] [stdout] test parser::tests::test_consume_seq::case_2 ... ok
[INFO] [stdout] test parser::tests::test_consume::case_6 ... ok
[INFO] [stdout] test parser::tests::test_parse_github_url::case_06 ... ok
[INFO] [stdout] test parser::tests::test_parse_github_url::case_07 ... ok
[INFO] [stdout] test parser::tests::test_parse_github_url::case_02 ... ok
[INFO] [stdout] test parser::tests::test_parse_github_url::case_03 ... ok
[INFO] [stdout] test parser::tests::test_parse_github_url::case_04 ... ok
[INFO] [stdout] test parser::tests::test_parse_github_url::case_08 ... ok
[INFO] [stdout] test parser::tests::test_parse_github_url::case_09 ... ok
[INFO] [stdout] test parser::tests::test_parse_github_url::case_10 ... ok
[INFO] [stdout] test parser::tests::test_parse_github_url::case_12 ... ok
[INFO] [stdout] test parser::tests::test_parse_github_url::case_05 ... ok
[INFO] [stdout] test parser::tests::test_parse_github_url::case_13 ... ok
[INFO] [stdout] test parser::tests::test_parse_github_url::case_11 ... ok
[INFO] [stdout] test parser::tests::test_parse_github_url::case_14 ... ok
[INFO] [stdout] test parser::tests::test_parse_github_url::case_15 ... ok
[INFO] [stdout] test parser::tests::test_parse_github_url::case_17 ... ok
[INFO] [stdout] test parser::tests::test_parse_github_url::case_16 ... ok
[INFO] [stdout] test parser::tests::test_parse_github_url::case_21 ... ok
[INFO] [stdout] test parser::tests::test_parse_github_url::case_18 ... ok
[INFO] [stdout] test parser::tests::test_parse_github_url::case_19 ... ok
[INFO] [stdout] test parser::tests::test_parse_github_url::case_24 ... ok
[INFO] [stdout] test parser::tests::test_parse_github_url::case_22 ... ok
[INFO] [stdout] test parser::tests::test_parse_github_url::case_01 ... ok
[INFO] [stdout] test parser::tests::test_parse_github_url::case_27 ... ok
[INFO] [stdout] test parser::tests::test_consume_seq::case_1 ... ok
[INFO] [stdout] test parser::tests::test_parse_github_url::case_25 ... ok
[INFO] [stdout] test parser::tests::test_parse_github_url::case_23 ... ok
[INFO] [stdout] test parser::tests::test_parse_github_url::case_26 ... ok
[INFO] [stdout] test parser::tests::test_parse_github_url::case_20 ... ok
[INFO] [stdout] test parser::tests::test_parse_github_url::case_28 ... ok
[INFO] [stdout] test parser::tests::test_consume::case_8 ... ok
[INFO] [stdout] test parser::tests::test_parse_github_url::case_30 ... ok
[INFO] [stdout] test parser::tests::test_parse_github_url::case_29 ... ok
[INFO] [stdout] test parser::tests::test_parse_github_url::case_33 ... ok
[INFO] [stdout] test parser::tests::test_parse_github_url::case_35 ... ok
[INFO] [stdout] test parser::tests::test_parse_github_url::case_37 ... ok
[INFO] [stdout] test parser::tests::test_parse_github_url::case_38 ... ok
[INFO] [stdout] test parser::tests::test_parse_github_url::case_39 ... ok
[INFO] [stdout] test parser::tests::test_parse_github_url::case_40 ... ok
[INFO] [stdout] test parser::tests::test_parse_github_url::case_41 ... ok
[INFO] [stdout] test parser::tests::test_parse_github_url::case_43 ... ok
[INFO] [stdout] test parser::tests::test_parse_github_url::case_44 ... ok
[INFO] [stdout] test parser::tests::test_parse_github_url::case_42 ... ok
[INFO] [stdout] test parser::tests::test_parse_github_url::case_32 ... ok
[INFO] [stdout] test parser::tests::test_parse_github_url::case_45 ... ok
[INFO] [stdout] test parser::tests::test_parse_github_url::case_47 ... ok
[INFO] [stdout] test parser::tests::test_parse_github_url::case_48 ... ok
[INFO] [stdout] test parser::tests::test_parse_github_url::case_49 ... ok
[INFO] [stdout] test parser::tests::test_parse_github_url::case_50 ... ok
[INFO] [stdout] test parser::tests::test_parse_github_url::case_51 ... ok
[INFO] [stdout] test parser::tests::test_parse_github_url::case_52 ... ok
[INFO] [stdout] test parser::tests::test_parse_github_url::case_53 ... ok
[INFO] [stdout] test parser::tests::test_parse_github_url::case_54 ... ok
[INFO] [stdout] test parser::tests::test_parse_github_url::case_31 ... ok
[INFO] [stdout] test parser::tests::test_split_name::case_02 ... ok
[INFO] [stdout] test parser::tests::test_split_name::case_04 ... ok
[INFO] [stdout] test parser::tests::test_parse_github_url::case_36 ... ok
[INFO] [stdout] test parser::tests::test_parse_github_url::case_46 ... ok
[INFO] [stdout] test parser::tests::test_split_name::case_06 ... ok
[INFO] [stdout] test parser::tests::test_split_name::case_01 ... ok
[INFO] [stdout] test parser::tests::test_split_name::case_07 ... ok
[INFO] [stdout] test parser::tests::test_split_name::case_09 ... ok
[INFO] [stdout] test parser::tests::test_split_name::case_08 ... ok
[INFO] [stdout] test parser::tests::test_split_name::case_05 ... ok
[INFO] [stdout] test parser::tests::test_split_name::case_10 ... ok
[INFO] [stdout] test parser::tests::test_split_name::case_12 ... ok
[INFO] [stdout] test parser::tests::test_split_name::case_14 ... ok
[INFO] [stdout] test parser::tests::test_split_name::case_11 ... ok
[INFO] [stdout] test parser::tests::test_split_name::case_13 ... ok
[INFO] [stdout] test parser::tests::test_split_name::case_16 ... ok
[INFO] [stdout] test parser::tests::test_split_name::case_17 ... ok
[INFO] [stdout] test parser::tests::test_split_owner::case_2 ... ok
[INFO] [stdout] test parser::tests::test_split_name::case_15 ... ok
[INFO] [stdout] test parser::tests::test_split_owner::case_4 ... ok
[INFO] [stdout] test parser::tests::test_split_owner::case_5 ... ok
[INFO] [stdout] test parser::tests::test_split_owner::case_3 ... ok
[INFO] [stdout] test parser::tests::test_split_owner::case_1 ... ok
[INFO] [stdout] test parser::tests::test_split_name::case_03 ... ok
[INFO] [stdout] test parser::tests::test_split_owner::case_6 ... ok
[INFO] [stdout] test parser::tests::test_parse_github_url::case_34 ... ok
[INFO] [stdout] test parser::tests::test_split_owner::case_7 ... ok
[INFO] [stdout] test parser::tests::test_split_owner_name::case_01 ... ok
[INFO] [stdout] test parser::tests::test_split_owner_name::case_02 ... ok
[INFO] [stdout] test parser::tests::test_split_owner_name::case_08 ... ok
[INFO] [stdout] test parser::tests::test_split_owner_name::case_07 ... ok
[INFO] [stdout] test parser::tests::test_split_owner_name::case_09 ... ok
[INFO] [stdout] test parser::tests::test_split_owner::case_8 ... ok
[INFO] [stdout] test parser::tests::test_split_owner_name::case_05 ... ok
[INFO] [stdout] test parser::tests::test_split_owner_name::case_04 ... ok
[INFO] [stdout] test parser::tests::test_split_owner_name::case_06 ... ok
[INFO] [stdout] test parser::tests::test_split_owner_name::case_03 ... ok
[INFO] [stdout] test parser::tests::test_split_owner_name::case_10 ... ok
[INFO] [stdout] 
[INFO] [stdout] test result: ok. 99 passed; 0 failed; 0 ignored; 0 measured; 0 filtered out; finished in 0.09s
[INFO] [stdout] 
[INFO] [stderr]      Running unittests src/main.rs (/opt/rustwide/target/debug/deps/ghrepo-a764358430d98f64)
[INFO] [stdout] 
[INFO] [stdout] running 0 tests
[INFO] [stdout] 
[INFO] [stdout] test result: ok. 0 passed; 0 failed; 0 ignored; 0 measured; 0 filtered out; finished in 0.00s
[INFO] [stdout] 
[INFO] [stderr]      Running tests/cli.rs (/opt/rustwide/target/debug/deps/cli-e9b906b69fb64f8c)
[INFO] [stdout] 
[INFO] [stdout] running 9 tests
[INFO] [stdout] test test_run_empty ... ok
[INFO] [stdout] Initialized empty Git repository in /tmp/.tmpL1luI0/.git/
[INFO] [stdout] Initialized empty Git repository in /tmp/.tmphy5nFn/.git/
[INFO] [stdout] Initialized empty Git repository in /tmp/.tmp8yWXig/.git/
[INFO] [stdout] Initialized empty Git repository in /tmp/.tmpFjtLvh/.git/
[INFO] [stdout] Initialized empty Git repository in /tmp/.tmp3GTojG/.git/
[INFO] [stdout] Initialized empty Git repository in /tmp/.tmpoHjECW/.git/
[INFO] [stdout] Initialized empty Git repository in /tmp/.tmp8HalY3/.git/
[INFO] [stdout] Initialized empty Git repository in /tmp/.tmp0NK8ys/.git/
[INFO] [stdout] test test_run_invalid_url ... ok
[INFO] [stdout] test test_run_json ... ok
[INFO] [stdout] test test_run_json_noarg ... ok
[INFO] [stdout] test test_run ... ok
[INFO] [stdout] test test_run_noarg ... ok
[INFO] [stdout] test test_run_no_such_remote ... ok
[INFO] [stdout] test test_run_remote_noarg ... ok
[INFO] [stdout] test test_run_remote ... ok
[INFO] [stdout] 
[INFO] [stdout] test result: ok. 9 passed; 0 failed; 0 ignored; 0 measured; 0 filtered out; finished in 0.12s
[INFO] [stdout] 
[INFO] [stderr]      Running tests/deser.rs (/opt/rustwide/target/debug/deps/deser-792efddbd975329d)
[INFO] [stdout] 
[INFO] [stdout] running 0 tests
[INFO] [stdout] 
[INFO] [stdout] test result: ok. 0 passed; 0 failed; 0 ignored; 0 measured; 0 filtered out; finished in 0.00s
[INFO] [stdout] 
[INFO] [stderr]      Running tests/errors.rs (/opt/rustwide/target/debug/deps/errors-310da480e020a497)
[INFO] [stdout] 
[INFO] [stdout] running 9 tests
[INFO] [stdout] test test_display_local_repo_error_no_such_remote ... ok
[INFO] [stdout] test test_display_local_repo_error_detached_head ... ok
[INFO] [stdout] test test_display_local_repo_error_could_not_execute ... ok
[INFO] [stdout] test test_display_local_repo_error_curdir ... ok
[INFO] [stdout] test test_display_parse_error_invalid_owner ... ok
[INFO] [stdout] test test_display_parse_error_invalid_name ... ok
[INFO] [stdout] test test_display_parse_error_invalid_spec ... ok
[INFO] [stdout] test test_display_local_repo_error_no_upstream ... ok
[INFO] [stdout] test test_display_local_repo_error_parse_error ... ok
[INFO] [stdout] 
[INFO] [stdout] test result: ok. 9 passed; 0 failed; 0 ignored; 0 measured; 0 filtered out; finished in 0.02s
[INFO] [stdout] 
[INFO] [stderr]      Running tests/ghrepo.rs (/opt/rustwide/target/debug/deps/ghrepo-f1e49f75ba23fc48)
[INFO] [stdout] 
[INFO] [stdout] running 259 tests
[INFO] [stdout] test test_api_url ... ok
[INFO] [stdout] test test_bad_name::case_04 ... ok
[INFO] [stdout] test test_bad_name::case_05 ... ok
[INFO] [stdout] test test_bad_name::case_01 ... ok
[INFO] [stdout] test test_bad_name::case_09 ... ok
[INFO] [stdout] test test_bad_name::case_03 ... ok
[INFO] [stdout] test test_bad_name::case_06 ... ok
[INFO] [stdout] test test_bad_owner::case_1 ... ok
[INFO] [stdout] test test_bad_name::case_02 ... ok
[INFO] [stdout] test test_bad_owner::case_3 ... ok
[INFO] [stdout] test test_bad_owner::case_2 ... ok
[INFO] [stdout] test test_bad_name::case_07 ... ok
[INFO] [stdout] test test_bad_owner::case_5 ... ok
[INFO] [stdout] test test_bad_name::case_10 ... ok
[INFO] [stdout] test test_bad_name::case_08 ... ok
[INFO] [stdout] test test_bad_owner::case_4 ... ok
[INFO] [stdout] test test_from_bad_str::case_05 ... ok
[INFO] [stdout] test test_bad_owner::case_6 ... ok
[INFO] [stdout] test test_from_bad_str::case_01 ... ok
[INFO] [stdout] test test_from_bad_str::case_07 ... ok
[INFO] [stdout] test test_from_bad_str::case_08 ... ok
[INFO] [stdout] test test_from_bad_str::case_11 ... ok
[INFO] [stdout] test test_from_bad_str::case_09 ... ok
[INFO] [stdout] test test_from_bad_str::case_10 ... ok
[INFO] [stdout] test test_from_bad_str::case_04 ... ok
[INFO] [stdout] test test_from_bad_str::case_03 ... ok
[INFO] [stdout] test test_clone_url ... ok
[INFO] [stdout] test test_from_bad_str::case_12 ... ok
[INFO] [stdout] test test_from_bad_str::case_13 ... ok
[INFO] [stdout] test test_from_bad_str::case_14 ... ok
[INFO] [stdout] test test_from_bad_str::case_19 ... ok
[INFO] [stdout] test test_from_bad_str::case_06 ... ok
[INFO] [stdout] test test_from_bad_str::case_02 ... ok
[INFO] [stdout] test test_from_bad_str::case_22 ... ok
[INFO] [stdout] test test_from_bad_str::case_16 ... ok
[INFO] [stdout] test test_from_bad_str::case_17 ... ok
[INFO] [stdout] test test_from_bad_str::case_15 ... ok
[INFO] [stdout] test test_from_bad_str::case_20 ... ok
[INFO] [stdout] test test_from_bad_str::case_18 ... ok
[INFO] [stdout] test test_from_bad_str::case_23 ... ok
[INFO] [stdout] test test_from_bad_str::case_24 ... ok
[INFO] [stdout] test test_from_bad_str::case_31 ... ok
[INFO] [stdout] test test_from_bad_str::case_25 ... ok
[INFO] [stdout] test test_from_bad_str::case_27 ... ok
[INFO] [stdout] test test_from_bad_str::case_29 ... ok
[INFO] [stdout] test test_from_bad_str::case_26 ... ok
[INFO] [stdout] test test_from_bad_str::case_32 ... ok
[INFO] [stdout] test test_from_bad_str::case_28 ... ok
[INFO] [stdout] test test_from_bad_str::case_30 ... ok
[INFO] [stdout] test test_from_bad_str::case_34 ... ok
[INFO] [stdout] test test_from_bad_str::case_35 ... ok
[INFO] [stdout] test test_from_bad_url::case_02 ... ok
[INFO] [stdout] test test_from_bad_url::case_01 ... ok
[INFO] [stdout] test test_from_bad_url::case_03 ... ok
[INFO] [stdout] test test_from_bad_str::case_33 ... ok
[INFO] [stdout] test test_from_bad_url::case_07 ... ok
[INFO] [stdout] test test_from_bad_str::case_21 ... ok
[INFO] [stdout] test test_from_bad_url::case_06 ... ok
[INFO] [stdout] test test_from_bad_url::case_05 ... ok
[INFO] [stdout] test test_from_bad_url::case_04 ... ok
[INFO] [stdout] test test_from_bad_url::case_11 ... ok
[INFO] [stdout] test test_from_bad_url::case_09 ... ok
[INFO] [stdout] test test_from_bad_url::case_12 ... ok
[INFO] [stdout] test test_from_bad_url::case_14 ... ok
[INFO] [stdout] test test_from_bad_url::case_08 ... ok
[INFO] [stdout] test test_from_bad_url::case_15 ... ok
[INFO] [stdout] test test_from_bad_url::case_16 ... ok
[INFO] [stdout] test test_from_bad_url::case_17 ... ok
[INFO] [stdout] test test_from_bad_url::case_18 ... ok
[INFO] [stdout] test test_from_bad_url::case_10 ... ok
[INFO] [stdout] test test_from_bad_url::case_13 ... ok
[INFO] [stdout] test test_from_bad_url::case_21 ... ok
[INFO] [stdout] test test_from_bad_url::case_23 ... ok
[INFO] [stdout] test test_from_bad_url::case_22 ... ok
[INFO] [stdout] test test_from_bad_url::case_25 ... ok
[INFO] [stdout] test test_from_bad_url::case_27 ... ok
[INFO] [stdout] test test_from_bad_url::case_26 ... ok
[INFO] [stdout] test test_from_bad_url::case_20 ... ok
[INFO] [stdout] test test_from_bad_url::case_19 ... ok
[INFO] [stdout] test test_from_bad_url::case_24 ... ok
[INFO] [stdout] test test_from_bad_url::case_29 ... ok
[INFO] [stdout] test test_from_bad_url::case_30 ... ok
[INFO] [stdout] test test_from_bad_url::case_32 ... ok
[INFO] [stdout] test test_from_bad_url::case_33 ... ok
[INFO] [stdout] test test_from_bad_url::case_31 ... ok
[INFO] [stdout] test test_from_bad_url::case_28 ... ok
[INFO] [stdout] test test_from_bad_url::case_34 ... ok
[INFO] [stdout] test test_from_str::case_03 ... ok
[INFO] [stdout] test test_from_str::case_01 ... ok
[INFO] [stdout] test test_from_str::case_04 ... ok
[INFO] [stdout] test test_from_str::case_02 ... ok
[INFO] [stdout] test test_from_bad_url::case_35 ... ok
[INFO] [stdout] test test_from_str::case_07 ... ok
[INFO] [stdout] test test_from_str::case_06 ... ok
[INFO] [stdout] test test_from_str::case_12 ... ok
[INFO] [stdout] test test_from_str::case_13 ... ok
[INFO] [stdout] test test_from_str::case_14 ... ok
[INFO] [stdout] test test_from_str::case_16 ... ok
[INFO] [stdout] test test_from_str::case_05 ... ok
[INFO] [stdout] test test_from_str::case_18 ... ok
[INFO] [stdout] test test_from_str::case_08 ... ok
[INFO] [stdout] test test_from_str::case_15 ... ok
[INFO] [stdout] test test_from_str::case_11 ... ok
[INFO] [stdout] test test_from_str::case_10 ... ok
[INFO] [stdout] test test_from_str::case_09 ... ok
[INFO] [stdout] test test_from_str::case_19 ... ok
[INFO] [stdout] test test_from_str::case_20 ... ok
[INFO] [stdout] test test_from_str::case_23 ... ok
[INFO] [stdout] test test_from_str::case_24 ... ok
[INFO] [stdout] test test_from_str::case_22 ... ok
[INFO] [stdout] test test_from_str::case_25 ... ok
[INFO] [stdout] test test_from_str::case_21 ... ok
[INFO] [stdout] test test_from_str::case_17 ... ok
[INFO] [stdout] test test_from_str::case_28 ... ok
[INFO] [stdout] test test_from_str::case_33 ... ok
[INFO] [stdout] test test_from_str::case_27 ... ok
[INFO] [stdout] test test_from_str::case_26 ... ok
[INFO] [stdout] test test_from_str::case_30 ... ok
[INFO] [stdout] test test_from_str::case_29 ... ok
[INFO] [stdout] test test_from_str::case_31 ... ok
[INFO] [stdout] test test_from_str::case_34 ... ok
[INFO] [stdout] test test_from_str::case_38 ... ok
[INFO] [stdout] test test_from_str::case_36 ... ok
[INFO] [stdout] test test_from_str::case_35 ... ok
[INFO] [stdout] test test_from_str::case_41 ... ok
[INFO] [stdout] test test_from_str::case_43 ... ok
[INFO] [stdout] test test_from_str::case_40 ... ok
[INFO] [stdout] test test_from_str::case_45 ... ok
[INFO] [stdout] test test_from_str::case_48 ... ok
[INFO] [stdout] test test_from_str::case_44 ... ok
[INFO] [stdout] test test_from_str::case_46 ... ok
[INFO] [stdout] test test_from_str::case_39 ... ok
[INFO] [stdout] test test_from_str::case_37 ... ok
[INFO] [stdout] test test_from_str::case_32 ... ok
[INFO] [stdout] test test_from_str::case_47 ... ok
[INFO] [stdout] test test_from_str::case_51 ... ok
[INFO] [stdout] test test_from_str::case_50 ... ok
[INFO] [stdout] test test_from_str::case_42 ... ok
[INFO] [stdout] test test_from_str::case_53 ... ok
[INFO] [stdout] test test_from_str::case_49 ... ok
[INFO] [stdout] test test_from_str::case_52 ... ok
[INFO] [stdout] test test_from_str::case_55 ... ok
[INFO] [stdout] test test_from_str_with_owner::case_3 ... ok
[INFO] [stdout] test test_from_url::case_01 ... ok
[INFO] [stdout] test test_from_str::case_54 ... ok
[INFO] [stdout] test test_from_url::case_04 ... ok
[INFO] [stdout] test test_from_str_with_owner::case_4 ... ok
[INFO] [stdout] test test_from_str::case_56 ... ok
[INFO] [stdout] test test_from_url::case_03 ... ok
[INFO] [stdout] test test_from_url::case_06 ... ok
[INFO] [stdout] test test_from_url::case_07 ... ok
[INFO] [stdout] test test_from_url::case_10 ... ok
[INFO] [stdout] test test_from_str_with_owner::case_2 ... ok
[INFO] [stdout] test test_from_url::case_08 ... ok
[INFO] [stdout] test test_from_url::case_09 ... ok
[INFO] [stdout] test test_from_url::case_14 ... ok
[INFO] [stdout] test test_from_url::case_15 ... ok
[INFO] [stdout] test test_from_url::case_11 ... ok
[INFO] [stdout] test test_from_url::case_17 ... ok
[INFO] [stdout] test test_from_url::case_19 ... ok
[INFO] [stdout] test test_from_str_with_owner::case_1 ... ok
[INFO] [stdout] test test_from_url::case_16 ... ok
[INFO] [stdout] test test_from_url::case_02 ... ok
[INFO] [stdout] test test_from_url::case_18 ... ok
[INFO] [stdout] test test_from_url::case_20 ... ok
[INFO] [stdout] test test_from_url::case_24 ... ok
[INFO] [stdout] test test_from_url::case_21 ... ok
[INFO] [stdout] test test_from_url::case_22 ... ok
[INFO] [stdout] test test_from_url::case_23 ... ok
[INFO] [stdout] test test_from_url::case_25 ... ok
[INFO] [stdout] test test_from_url::case_26 ... ok
[INFO] [stdout] test test_from_url::case_27 ... ok
[INFO] [stdout] test test_from_url::case_28 ... ok
[INFO] [stdout] test test_from_url::case_12 ... ok
[INFO] [stdout] test test_from_url::case_13 ... ok
[INFO] [stdout] test test_from_url::case_32 ... ok
[INFO] [stdout] test test_from_url::case_31 ... ok
[INFO] [stdout] test test_from_url::case_30 ... ok
[INFO] [stdout] test test_from_url::case_29 ... ok
[INFO] [stdout] test test_from_url::case_05 ... ok
[INFO] [stdout] test test_from_url::case_33 ... ok
[INFO] [stdout] test test_from_url::case_34 ... ok
[INFO] [stdout] test test_from_url::case_36 ... ok
[INFO] [stdout] test test_from_url::case_37 ... ok
[INFO] [stdout] test test_from_url::case_35 ... ok
[INFO] [stdout] test test_from_url::case_40 ... ok
[INFO] [stdout] test test_from_url::case_38 ... ok
[INFO] [stdout] test test_from_url::case_41 ... ok
[INFO] [stdout] test test_from_url::case_39 ... ok
[INFO] [stdout] test test_from_url::case_43 ... ok
[INFO] [stdout] test test_from_url::case_44 ... ok
[INFO] [stdout] test test_from_url::case_45 ... ok
[INFO] [stdout] test test_from_url::case_46 ... ok
[INFO] [stdout] test test_from_url::case_47 ... ok
[INFO] [stdout] test test_from_url::case_48 ... ok
[INFO] [stdout] test test_from_url::case_49 ... ok
[INFO] [stdout] test test_from_url::case_50 ... ok
[INFO] [stdout] test test_from_url::case_51 ... ok
[INFO] [stdout] test test_good_name::case_03 ... ok
[INFO] [stdout] test test_good_name::case_04 ... ok
[INFO] [stdout] test test_good_name::case_05 ... ok
[INFO] [stdout] test test_good_name::case_06 ... ok
[INFO] [stdout] test test_good_name::case_01 ... ok
[INFO] [stdout] test test_good_name::case_07 ... ok
[INFO] [stdout] test test_git_url ... ok
[INFO] [stdout] test test_good_name::case_02 ... ok
[INFO] [stdout] test test_good_name::case_12 ... ok
[INFO] [stdout] test test_good_name::case_11 ... ok
[INFO] [stdout] test test_good_name::case_10 ... ok
[INFO] [stdout] test test_good_name::case_13 ... ok
[INFO] [stdout] test test_good_name::case_14 ... ok
[INFO] [stdout] test test_good_name::case_08 ... ok
[INFO] [stdout] test test_good_name::case_09 ... ok
[INFO] [stdout] test test_from_url::case_42 ... ok
[INFO] [stdout] test test_good_name::case_15 ... ok
[INFO] [stdout] test test_good_name::case_17 ... ok
[INFO] [stdout] test test_good_name::case_18 ... ok
[INFO] [stdout] test test_good_name::case_21 ... ok
[INFO] [stdout] test test_good_name::case_20 ... ok
[INFO] [stdout] test test_good_name::case_19 ... ok
[INFO] [stdout] test test_good_name::case_16 ... ok
[INFO] [stdout] test test_good_name::case_23 ... ok
[INFO] [stdout] test test_good_name::case_25 ... ok
[INFO] [stdout] test test_good_name::case_22 ... ok
[INFO] [stdout] test test_good_name::case_28 ... ok
[INFO] [stdout] test test_good_name::case_27 ... ok
[INFO] [stdout] test test_good_name::case_26 ... ok
[INFO] [stdout] test test_good_name::case_24 ... ok
[INFO] [stdout] test test_good_name::case_30 ... ok
[INFO] [stdout] test test_good_owner::case_05 ... ok
[INFO] [stdout] test test_good_owner::case_04 ... ok
[INFO] [stdout] test test_good_owner::case_02 ... ok
[INFO] [stdout] test test_good_owner::case_03 ... ok
[INFO] [stdout] test test_good_owner::case_01 ... ok
[INFO] [stdout] test test_good_name::case_29 ... ok
[INFO] [stdout] test test_good_owner::case_06 ... ok
[INFO] [stdout] test test_good_owner::case_08 ... ok
[INFO] [stdout] test test_good_owner::case_07 ... ok
[INFO] [stdout] test test_good_owner::case_15 ... ok
[INFO] [stdout] test test_good_owner::case_13 ... ok
[INFO] [stdout] test test_good_owner::case_10 ... ok
[INFO] [stdout] test test_good_owner::case_14 ... ok
[INFO] [stdout] test test_good_owner::case_12 ... ok
[INFO] [stdout] test test_good_owner::case_09 ... ok
[INFO] [stdout] test test_good_owner::case_11 ... ok
[INFO] [stdout] test test_good_owner::case_16 ... ok
[INFO] [stdout] test test_good_owner::case_22 ... ok
[INFO] [stdout] test test_good_owner::case_21 ... ok
[INFO] [stdout] test test_good_owner::case_19 ... ok
[INFO] [stdout] test test_good_owner::case_23 ... ok
[INFO] [stdout] test test_good_owner::case_17 ... ok
[INFO] [stdout] test test_html_url ... ok
[INFO] [stdout] test test_new_bad_owner ... ok
[INFO] [stdout] test test_to_string ... ok
[INFO] [stdout] test test_new_bad_repo ... ok
[INFO] [stdout] test test_ssh_url ... ok
[INFO] [stdout] test test_good_owner::case_18 ... ok
[INFO] [stdout] test test_good_owner::case_20 ... ok
[INFO] [stdout] test test_good_owner::case_24 ... ok
[INFO] [stdout] 
[INFO] [stdout] test result: ok. 259 passed; 0 failed; 0 ignored; 0 measured; 0 filtered out; finished in 0.23s
[INFO] [stdout] 
[INFO] [stderr]      Running tests/local_repo.rs (/opt/rustwide/target/debug/deps/local_repo-b04a7eac207deb3e)
[INFO] [stdout] 
[INFO] [stdout] running 14 tests
[INFO] [stdout] Initialized empty Git repository in /tmp/.tmp3KvM88/.git/
[INFO] [stderr] fatal: not a git repository (or any of the parent directories): .git
[INFO] [stdout] test test_current_branch_empty ... ok
[INFO] [stderr] fatal: not a git repository (or any of the parent directories): .git
[INFO] [stdout] Initialized empty Git repository in /tmp/.tmpy8B4Il/.git/
[INFO] [stdout] test test_github_remote_empty ... ok
[INFO] [stdout] Initialized empty Git repository in /tmp/.tmpk7evgY/.git/
[INFO] [stdout] Initialized empty Git repository in /tmp/.tmpPyFQun/.git/
[INFO] [stdout] Initialized empty Git repository in /tmp/.tmpmMC1XR/.git/
[INFO] [stdout] test test_current_branch ... ok
[INFO] [stdout] Initialized empty Git repository in /tmp/.tmpAWck4a/.git/
[INFO] [stdout] Initialized empty Git repository in /tmp/.tmpIG6PE9/.git/
[INFO] [stdout] test test_is_git_repo_empty ... ok
[INFO] [stderr] error: No such remote 'origin'
[INFO] [stdout] Initialized empty Git repository in /tmp/.tmpsFZEKc/.git/
[INFO] [stdout] test test_github_remote_invalid_url ... ok
[INFO] [stdout] Initialized empty Git repository in /tmp/.tmp8sXDJt/.git/
[INFO] [stdout] test test_github_remote ... ok
[INFO] [stdout] test test_local_repo_for_cwd ... ok
[INFO] [stdout] test test_github_remote_no_remote ... ok
[INFO] [stdout] test test_branch_upstream_no_upstream ... ok
[INFO] [stdout] test test_is_git_repo_initted ... ok
[INFO] [stdout] test test_local_repo_new ... ok
[INFO] [stdout] test test_github_remote_non_utf8_url ... ok
[INFO] [stdout] test test_branch_upstream ... ok
[INFO] [stderr] Author identity unknown
[INFO] [stderr] 
[INFO] [stderr] *** Please tell me who you are.
[INFO] [stderr] 
[INFO] [stderr] Run
[INFO] [stderr] 
[INFO] [stderr]   git config --global user.email "you@example.com"
[INFO] [stderr]   git config --global user.name "Your Name"
[INFO] [stderr] 
[INFO] [stderr] to set your account's default identity.
[INFO] [stderr] Omit --global to set the identity only in this repository.
[INFO] [stderr] 
[INFO] [stderr] fatal: unable to auto-detect email address (got 'root@446e1171db02.(none)')
[INFO] [stderr] error: test failed, to rerun pass `--test local_repo`
[INFO] [stdout] test test_current_branch_detached ... FAILED
[INFO] [stdout] 
[INFO] [stdout] failures:
[INFO] [stdout] 
[INFO] [stdout] ---- test_current_branch_detached stdout ----
[INFO] [stdout] thread 'test_current_branch_detached' panicked at tests/repomaker/mod.rs:29:9:
[INFO] [stdout] assertion failed: r.success()
[INFO] [stdout] stack backtrace:
[INFO] [stdout]    0:     0x55e2a4738abc - std::backtrace_rs::backtrace::libunwind::trace::ha637c64ce894333a
[INFO] [stdout]                                at /rustc/82e1608dfa6e0b5569232559e3d385fea5a93112/library/std/src/../../backtrace/src/backtrace/libunwind.rs:104:5
[INFO] [stdout]    1:     0x55e2a4738abc - std::backtrace_rs::backtrace::trace_unsynchronized::h47f62dea28e0c88d
[INFO] [stdout]                                at /rustc/82e1608dfa6e0b5569232559e3d385fea5a93112/library/std/src/../../backtrace/src/backtrace/mod.rs:66:5
[INFO] [stdout]    2:     0x55e2a4738abc - std::sys_common::backtrace::_print_fmt::h9eef0abe20ede486
[INFO] [stdout]                                at /rustc/82e1608dfa6e0b5569232559e3d385fea5a93112/library/std/src/sys_common/backtrace.rs:67:5
[INFO] [stdout]    3:     0x55e2a4738abc - <std::sys_common::backtrace::_print::DisplayBacktrace as core::fmt::Display>::fmt::hed7f999df88cc644
[INFO] [stdout]                                at /rustc/82e1608dfa6e0b5569232559e3d385fea5a93112/library/std/src/sys_common/backtrace.rs:44:22
[INFO] [stdout]    4:     0x55e2a4763540 - core::fmt::rt::Argument::fmt::h1539a9308b8d058d
[INFO] [stdout]                                at /rustc/82e1608dfa6e0b5569232559e3d385fea5a93112/library/core/src/fmt/rt.rs:142:9
[INFO] [stdout]    5:     0x55e2a4763540 - core::fmt::write::h3a39390d8560d9c9
[INFO] [stdout]                                at /rustc/82e1608dfa6e0b5569232559e3d385fea5a93112/library/core/src/fmt/mod.rs:1120:17
[INFO] [stdout]    6:     0x55e2a473603f - std::io::Write::write_fmt::h040b369f3a0f9cbc
[INFO] [stdout]                                at /rustc/82e1608dfa6e0b5569232559e3d385fea5a93112/library/std/src/io/mod.rs:1762:15
[INFO] [stdout]    7:     0x55e2a47388a4 - std::sys_common::backtrace::_print::h894006fb5c6f3d45
[INFO] [stdout]                                at /rustc/82e1608dfa6e0b5569232559e3d385fea5a93112/library/std/src/sys_common/backtrace.rs:47:5
[INFO] [stdout]    8:     0x55e2a47388a4 - std::sys_common::backtrace::print::h23a2d212c6fff936
[INFO] [stdout]                                at /rustc/82e1608dfa6e0b5569232559e3d385fea5a93112/library/std/src/sys_common/backtrace.rs:34:9
[INFO] [stdout]    9:     0x55e2a473a567 - std::panicking::default_hook::{{closure}}::h8a1d2ee00185001a
[INFO] [stdout]   10:     0x55e2a473a253 - std::panicking::default_hook::h6038f2eba384e475
[INFO] [stdout]                                at /rustc/82e1608dfa6e0b5569232559e3d385fea5a93112/library/std/src/panicking.rs:289:9
[INFO] [stdout]   11:     0x55e2a46e3bc7 - <alloc::boxed::Box<F,A> as core::ops::function::Fn<Args>>::call::h0ad024c9bdc6d768
[INFO] [stdout]                                at /rustc/82e1608dfa6e0b5569232559e3d385fea5a93112/library/alloc/src/boxed.rs:2021:9
[INFO] [stdout]   12:     0x55e2a46e3bc7 - test::test_main::{{closure}}::h7500b54257359db6
[INFO] [stdout]                                at /rustc/82e1608dfa6e0b5569232559e3d385fea5a93112/library/test/src/lib.rs:138:21
[INFO] [stdout]   13:     0x55e2a473ab78 - <alloc::boxed::Box<F,A> as core::ops::function::Fn<Args>>::call::h1f8f335eaa9cfaee
[INFO] [stdout]                                at /rustc/82e1608dfa6e0b5569232559e3d385fea5a93112/library/alloc/src/boxed.rs:2021:9
[INFO] [stdout]   14:     0x55e2a473ab78 - std::panicking::rust_panic_with_hook::h2b5517d590cab22e
[INFO] [stdout]                                at /rustc/82e1608dfa6e0b5569232559e3d385fea5a93112/library/std/src/panicking.rs:783:13
[INFO] [stdout]   15:     0x55e2a473a899 - std::panicking::begin_panic_handler::{{closure}}::h233112c06e0ef43e
[INFO] [stdout]                                at /rustc/82e1608dfa6e0b5569232559e3d385fea5a93112/library/std/src/panicking.rs:649:13
[INFO] [stdout]   16:     0x55e2a4738f86 - std::sys_common::backtrace::__rust_end_short_backtrace::h6e893f24d7ebbff8
[INFO] [stdout]                                at /rustc/82e1608dfa6e0b5569232559e3d385fea5a93112/library/std/src/sys_common/backtrace.rs:170:18
[INFO] [stdout]   17:     0x55e2a473a632 - rust_begin_unwind
[INFO] [stdout]                                at /rustc/82e1608dfa6e0b5569232559e3d385fea5a93112/library/std/src/panicking.rs:645:5
[INFO] [stdout]   18:     0x55e2a46a7055 - core::panicking::panic_fmt::hbf0e066aabfa482c
[INFO] [stdout]                                at /rustc/82e1608dfa6e0b5569232559e3d385fea5a93112/library/core/src/panicking.rs:72:14
[INFO] [stdout]   19:     0x55e2a46a70f3 - core::panicking::panic::h195fc2a96298d4c3
[INFO] [stdout]                                at /rustc/82e1608dfa6e0b5569232559e3d385fea5a93112/library/core/src/panicking.rs:127:5
[INFO] [stdout]   20:     0x55e2a46ac100 - local_repo::repomaker::RepoMaker::run::hc5c2a4a08eb8950c
[INFO] [stdout]                                at /opt/rustwide/workdir/tests/repomaker/mod.rs:29:9
[INFO] [stdout]   21:     0x55e2a46ac9ea - local_repo::repomaker::RepoMaker::detach::ha3650f18e3cb5485
[INFO] [stdout]                                at /opt/rustwide/workdir/tests/repomaker/mod.rs:56:9
[INFO] [stdout]   22:     0x55e2a46adb08 - local_repo::test_current_branch_detached::h11a680fafcc38660
[INFO] [stdout]                                at /opt/rustwide/workdir/tests/local_repo.rs:81:5
[INFO] [stdout]   23:     0x55e2a46ada17 - local_repo::test_current_branch_detached::{{closure}}::h32276758488d941c
[INFO] [stdout]                                at /opt/rustwide/workdir/tests/local_repo.rs:75:34
[INFO] [stdout]   24:     0x55e2a46a8806 - core::ops::function::FnOnce::call_once::hfeb23d851a6c4759
[INFO] [stdout]                                at /rustc/82e1608dfa6e0b5569232559e3d385fea5a93112/library/core/src/ops/function.rs:250:5
[INFO] [stdout]   25:     0x55e2a46e921f - core::ops::function::FnOnce::call_once::h2b5d431d5046312d
[INFO] [stdout]                                at /rustc/82e1608dfa6e0b5569232559e3d385fea5a93112/library/core/src/ops/function.rs:250:5
[INFO] [stdout]   26:     0x55e2a46e921f - test::__rust_begin_short_backtrace::h7714669af176e207
[INFO] [stdout]                                at /rustc/82e1608dfa6e0b5569232559e3d385fea5a93112/library/test/src/lib.rs:628:18
[INFO] [stdout]   27:     0x55e2a46e8235 - test::run_test_in_process::{{closure}}::h85218797dcbcec12
[INFO] [stdout]                                at /rustc/82e1608dfa6e0b5569232559e3d385fea5a93112/library/test/src/lib.rs:651:60
[INFO] [stdout]   28:     0x55e2a46e8235 - <core::panic::unwind_safe::AssertUnwindSafe<F> as core::ops::function::FnOnce<()>>::call_once::h76c106ea31c14d7b
[INFO] [stdout]                                at /rustc/82e1608dfa6e0b5569232559e3d385fea5a93112/library/core/src/panic/unwind_safe.rs:272:9
[INFO] [stdout]   29:     0x55e2a46e8235 - std::panicking::try::do_call::h3bd5d0f6620ee946
[INFO] [stdout]                                at /rustc/82e1608dfa6e0b5569232559e3d385fea5a93112/library/std/src/panicking.rs:552:40
[INFO] [stdout]   30:     0x55e2a46e8235 - std::panicking::try::h232e535e4744fe31
[INFO] [stdout]                                at /rustc/82e1608dfa6e0b5569232559e3d385fea5a93112/library/std/src/panicking.rs:516:19
[INFO] [stdout]   31:     0x55e2a46e8235 - std::panic::catch_unwind::h3ce3bd6ca8dbac68
[INFO] [stdout]                                at /rustc/82e1608dfa6e0b5569232559e3d385fea5a93112/library/std/src/panic.rs:142:14
[INFO] [stdout]   32:     0x55e2a46e8235 - test::run_test_in_process::hc97b257c9621286a
[INFO] [stdout]                                at /rustc/82e1608dfa6e0b5569232559e3d385fea5a93112/library/test/src/lib.rs:651:27
[INFO] [stdout]   33:     0x55e2a46e8235 - test::run_test::{{closure}}::h2aa798823a438d38
[INFO] [stdout]                                at /rustc/82e1608dfa6e0b5569232559e3d385fea5a93112/library/test/src/lib.rs:574:43
[INFO] [stdout]   34:     0x55e2a46b04f6 - test::run_test::{{closure}}::h87d231c78fb59832
[INFO] [stdout]                                at /rustc/82e1608dfa6e0b5569232559e3d385fea5a93112/library/test/src/lib.rs:602:41
[INFO] [stdout]   35:     0x55e2a46b04f6 - std::sys_common::backtrace::__rust_begin_short_backtrace::he6df152596625789
[INFO] [stdout]                                at /rustc/82e1608dfa6e0b5569232559e3d385fea5a93112/library/std/src/sys_common/backtrace.rs:154:18
[INFO] [stdout]   36:     0x55e2a46b55a7 - std::thread::Builder::spawn_unchecked_::{{closure}}::{{closure}}::ha94be15d1e0acf36
[INFO] [stdout]                                at /rustc/82e1608dfa6e0b5569232559e3d385fea5a93112/library/std/src/thread/mod.rs:529:17
[INFO] [stdout]   37:     0x55e2a46b55a7 - <core::panic::unwind_safe::AssertUnwindSafe<F> as core::ops::function::FnOnce<()>>::call_once::h9dc6bd6372f16606
[INFO] [stdout]                                at /rustc/82e1608dfa6e0b5569232559e3d385fea5a93112/library/core/src/panic/unwind_safe.rs:272:9
[INFO] [stdout]   38:     0x55e2a46b55a7 - std::panicking::try::do_call::h9057517f80303cd4
[INFO] [stdout]                                at /rustc/82e1608dfa6e0b5569232559e3d385fea5a93112/library/std/src/panicking.rs:552:40
[INFO] [stdout]   39:     0x55e2a46b55a7 - std::panicking::try::he3a30b11ee45340c
[INFO] [stdout]                                at /rustc/82e1608dfa6e0b5569232559e3d385fea5a93112/library/std/src/panicking.rs:516:19
[INFO] [stdout]   40:     0x55e2a46b55a7 - std::panic::catch_unwind::h410458cfd3528b8b
[INFO] [stdout]                                at /rustc/82e1608dfa6e0b5569232559e3d385fea5a93112/library/std/src/panic.rs:142:14
[INFO] [stdout]   41:     0x55e2a46b55a7 - std::thread::Builder::spawn_unchecked_::{{closure}}::h72ac3bdb567b737b
[INFO] [stdout]                                at /rustc/82e1608dfa6e0b5569232559e3d385fea5a93112/library/std/src/thread/mod.rs:528:30
[INFO] [stdout]   42:     0x55e2a46b55a7 - core::ops::function::FnOnce::call_once{{vtable.shim}}::h38f34da3654a8344
[INFO] [stdout]                                at /rustc/82e1608dfa6e0b5569232559e3d385fea5a93112/library/core/src/ops/function.rs:250:5
[INFO] [stdout]   43:     0x55e2a4740145 - <alloc::boxed::Box<F,A> as core::ops::function::FnOnce<Args>>::call_once::hc7eafaff61e32df9
[INFO] [stdout]                                at /rustc/82e1608dfa6e0b5569232559e3d385fea5a93112/library/alloc/src/boxed.rs:2007:9
[INFO] [stdout]   44:     0x55e2a4740145 - <alloc::boxed::Box<F,A> as core::ops::function::FnOnce<Args>>::call_once::h6ba4a5de48dd2304
[INFO] [stdout]                                at /rustc/82e1608dfa6e0b5569232559e3d385fea5a93112/library/alloc/src/boxed.rs:2007:9
[INFO] [stdout]   45:     0x55e2a4740145 - std::sys::unix::thread::Thread::new::thread_start::he469335aef763e45
[INFO] [stdout]                                at /rustc/82e1608dfa6e0b5569232559e3d385fea5a93112/library/std/src/sys/unix/thread.rs:108:17
[INFO] [stdout]   46:     0x7fba04f43ac3 - <unknown>
[INFO] [stdout]   47:     0x7fba04fd4bf4 - __clone
[INFO] [stdout]   48:                0x0 - <unknown>
[INFO] [stdout] 
[INFO] [stdout] 
[INFO] [stdout] failures:
[INFO] [stdout]     test_current_branch_detached
[INFO] [stdout] 
[INFO] [stdout] test result: FAILED. 13 passed; 1 failed; 0 ignored; 0 measured; 0 filtered out; finished in 0.10s
[INFO] [stdout] 
[INFO] running `Command { std: "docker" "inspect" "446e1171db0274ffdd3fb258f95738f2ca655b8761abdc380dbbfb944a6b9b79", kill_on_drop: false }`
[INFO] running `Command { std: "docker" "rm" "-f" "446e1171db0274ffdd3fb258f95738f2ca655b8761abdc380dbbfb944a6b9b79", kill_on_drop: false }`
[INFO] [stdout] 446e1171db0274ffdd3fb258f95738f2ca655b8761abdc380dbbfb944a6b9b79
