[INFO] cloning repository https://github.com/jwodder/demagnetize-rs
[INFO] running `Command { std: "git" "-c" "credential.helper=" "-c" "credential.helper=/workspace/cargo-home/bin/git-credential-null" "clone" "--bare" "https://github.com/jwodder/demagnetize-rs" "/workspace/cache/git-repos/https%3A%2F%2Fgithub.com%2Fjwodder%2Fdemagnetize-rs", kill_on_drop: false }`
[INFO] [stderr] Cloning into bare repository '/workspace/cache/git-repos/https%3A%2F%2Fgithub.com%2Fjwodder%2Fdemagnetize-rs'...
[INFO] running `Command { std: "git" "rev-parse" "HEAD", kill_on_drop: false }`
[INFO] [stdout] 7af832eadedb3bdf508917f0cf11171ed6bf3cd9
[INFO] testing jwodder/demagnetize-rs against 1.75.0 for beta-1.76-1
[INFO] running `Command { std: "git" "clone" "/workspace/cache/git-repos/https%3A%2F%2Fgithub.com%2Fjwodder%2Fdemagnetize-rs" "/workspace/builds/worker-0-tc1/source", kill_on_drop: false }`
[INFO] [stderr] Cloning into '/workspace/builds/worker-0-tc1/source'...
[INFO] [stderr] done.
[INFO] validating manifest of git repo https://github.com/jwodder/demagnetize-rs on toolchain 1.75.0
[INFO] running `Command { std: CARGO_HOME="/workspace/cargo-home" RUSTUP_HOME="/workspace/rustup-home" "/workspace/cargo-home/bin/cargo" "+1.75.0" "metadata" "--manifest-path" "Cargo.toml" "--no-deps", kill_on_drop: false }`
[INFO] started tweaking git repo https://github.com/jwodder/demagnetize-rs
[INFO] finished tweaking git repo https://github.com/jwodder/demagnetize-rs
[INFO] tweaked toml for git repo https://github.com/jwodder/demagnetize-rs written to /workspace/builds/worker-0-tc1/source/Cargo.toml
[INFO] crate git repo https://github.com/jwodder/demagnetize-rs already has a lockfile, it will not be regenerated
[INFO] running `Command { std: CARGO_HOME="/workspace/cargo-home" RUSTUP_HOME="/workspace/rustup-home" "/workspace/cargo-home/bin/cargo" "+1.75.0" "fetch" "--manifest-path" "Cargo.toml", kill_on_drop: false }`
[INFO] [stderr]     Updating crates.io index
[INFO] [stderr]  Downloading crates ...
[INFO] [stderr]   Downloaded bendy v0.3.3
[INFO] [stderr]   Downloaded patharg v0.4.0
[INFO] running `Command { std: "docker" "create" "-v" "/var/lib/crater-agent-workspace/builds/worker-0-tc1/target:/opt/rustwide/target:rw,Z" "-v" "/var/lib/crater-agent-workspace/builds/worker-0-tc1/source:/opt/rustwide/workdir:ro,Z" "-v" "/var/lib/crater-agent-workspace/cargo-home:/opt/rustwide/cargo-home:ro,Z" "-v" "/var/lib/crater-agent-workspace/rustup-home:/opt/rustwide/rustup-home:ro,Z" "-e" "SOURCE_DIR=/opt/rustwide/workdir" "-e" "CARGO_TARGET_DIR=/opt/rustwide/target" "-e" "CARGO_HOME=/opt/rustwide/cargo-home" "-e" "RUSTUP_HOME=/opt/rustwide/rustup-home" "-w" "/opt/rustwide/workdir" "-m" "1610612736" "--user" "0:0" "--network" "none" "ghcr.io/rust-lang/crates-build-env/linux@sha256:2788e3201cd34a07e3172128adcd8b3090168a8e3bcc40d7c032b9dda1df7d1c" "/opt/rustwide/cargo-home/bin/cargo" "+1.75.0" "metadata" "--no-deps" "--format-version=1", kill_on_drop: false }`
[INFO] [stdout] 050afa66445f30859ad46d433949ce50a928bbcdda2a3bf43668217e3d82f75a
[INFO] running `Command { std: "docker" "start" "-a" "050afa66445f30859ad46d433949ce50a928bbcdda2a3bf43668217e3d82f75a", kill_on_drop: false }`
[INFO] running `Command { std: "docker" "inspect" "050afa66445f30859ad46d433949ce50a928bbcdda2a3bf43668217e3d82f75a", kill_on_drop: false }`
[INFO] running `Command { std: "docker" "rm" "-f" "050afa66445f30859ad46d433949ce50a928bbcdda2a3bf43668217e3d82f75a", kill_on_drop: false }`
[INFO] [stdout] 050afa66445f30859ad46d433949ce50a928bbcdda2a3bf43668217e3d82f75a
[INFO] running `Command { std: "docker" "create" "-v" "/var/lib/crater-agent-workspace/builds/worker-0-tc1/target:/opt/rustwide/target:rw,Z" "-v" "/var/lib/crater-agent-workspace/builds/worker-0-tc1/source:/opt/rustwide/workdir:ro,Z" "-v" "/var/lib/crater-agent-workspace/cargo-home:/opt/rustwide/cargo-home:ro,Z" "-v" "/var/lib/crater-agent-workspace/rustup-home:/opt/rustwide/rustup-home:ro,Z" "-e" "SOURCE_DIR=/opt/rustwide/workdir" "-e" "CARGO_TARGET_DIR=/opt/rustwide/target" "-e" "CARGO_INCREMENTAL=0" "-e" "RUST_BACKTRACE=full" "-e" "RUSTFLAGS=--cap-lints=warn" "-e" "RUSTDOCFLAGS=--cap-lints=warn" "-e" "CARGO_HOME=/opt/rustwide/cargo-home" "-e" "RUSTUP_HOME=/opt/rustwide/rustup-home" "-w" "/opt/rustwide/workdir" "-m" "1610612736" "--user" "0:0" "--network" "none" "ghcr.io/rust-lang/crates-build-env/linux@sha256:2788e3201cd34a07e3172128adcd8b3090168a8e3bcc40d7c032b9dda1df7d1c" "/opt/rustwide/cargo-home/bin/cargo" "+1.75.0" "build" "--frozen" "--message-format=json", kill_on_drop: false }`
[INFO] [stdout] 69b2e489bacc3a7e6b6da2139c96839ecf0928986e2e2a105925ab14e25d8736
[INFO] running `Command { std: "docker" "start" "-a" "69b2e489bacc3a7e6b6da2139c96839ecf0928986e2e2a105925ab14e25d8736", kill_on_drop: false }`
[INFO] [stderr]    Compiling proc-macro2 v1.0.73
[INFO] [stderr]    Compiling unicode-ident v1.0.12
[INFO] [stderr]    Compiling libc v0.2.151
[INFO] [stderr]    Compiling pin-project-lite v0.2.13
[INFO] [stderr]    Compiling bytes v1.5.0
[INFO] [stderr]    Compiling once_cell v1.19.0
[INFO] [stderr]    Compiling vcpkg v0.2.15
[INFO] [stderr]    Compiling pkg-config v0.3.28
[INFO] [stderr]    Compiling futures-core v0.3.30
[INFO] [stderr]    Compiling bitflags v2.4.1
[INFO] [stderr]    Compiling futures-sink v0.3.30
[INFO] [stderr]    Compiling pin-utils v0.1.0
[INFO] [stderr]    Compiling slab v0.4.9
[INFO] [stderr]    Compiling futures-task v0.3.30
[INFO] [stderr]    Compiling typenum v1.17.0
[INFO] [stderr]    Compiling itoa v1.0.10
[INFO] [stderr]    Compiling generic-array v0.14.7
[INFO] [stderr]    Compiling openssl v0.10.62
[INFO] [stderr]    Compiling syn v1.0.109
[INFO] [stderr]    Compiling foreign-types-shared v0.1.1
[INFO] [stderr]    Compiling tracing-core v0.1.32
[INFO] [stderr]    Compiling foreign-types v0.3.2
[INFO] [stderr]    Compiling tinyvec_macros v0.1.1
[INFO] [stderr]    Compiling log v0.4.20
[INFO] [stderr]    Compiling rustix v0.38.28
[INFO] [stderr]    Compiling equivalent v1.0.1
[INFO] [stderr]    Compiling hashbrown v0.14.3
[INFO] [stderr]    Compiling native-tls v0.2.11
[INFO] [stderr]    Compiling httparse v1.8.0
[INFO] [stderr]    Compiling tinyvec v1.6.0
[INFO] [stderr]    Compiling percent-encoding v2.3.1
[INFO] [stderr]    Compiling openssl-probe v0.1.5
[INFO] [stderr]    Compiling memchr v2.7.1
[INFO] [stderr]    Compiling serde v1.0.193
[INFO] [stderr]    Compiling http v0.2.11
[INFO] [stderr]    Compiling adler v1.0.2
[INFO] [stderr]    Compiling tracing v0.1.40
[INFO] [stderr]    Compiling failure_derive v0.1.8
[INFO] [stderr]    Compiling try-lock v0.2.5
[INFO] [stderr]    Compiling unicode-xid v0.2.4
[INFO] [stderr]    Compiling gimli v0.28.1
[INFO] [stderr]    Compiling linux-raw-sys v0.4.12
[INFO] [stderr]    Compiling cc v1.0.83
[INFO] [stderr]    Compiling want v0.3.1
[INFO] [stderr]    Compiling miniz_oxide v0.7.1
[INFO] [stderr]    Compiling form_urlencoded v1.2.1
[INFO] [stderr]    Compiling futures-channel v0.3.30
[INFO] [stderr]    Compiling quote v1.0.34
[INFO] [stderr]    Compiling indexmap v2.1.0
[INFO] [stderr]    Compiling num-traits v0.2.17
[INFO] [stderr]    Compiling object v0.32.2
[INFO] [stderr]    Compiling rustversion v1.0.14
[INFO] [stderr]    Compiling httpdate v1.0.3
[INFO] [stderr]    Compiling unicode-bidi v0.3.14
[INFO] [stderr]    Compiling tower-service v0.3.2
[INFO] [stderr]    Compiling syn v2.0.43
[INFO] [stderr]    Compiling unicode-normalization v0.1.22
[INFO] [stderr]    Compiling rustc-demangle v0.1.23
[INFO] [stderr]    Compiling anstyle v1.0.4
[INFO] [stderr]    Compiling http-body v0.4.6
[INFO] [stderr]    Compiling terminal_size v0.3.0
[INFO] [stderr]    Compiling socket2 v0.5.5
[INFO] [stderr]    Compiling num_cpus v1.16.0
[INFO] [stderr]    Compiling mio v0.8.10
[INFO] [stderr]    Compiling getrandom v0.2.11
[INFO] [stderr]    Compiling rand_core v0.6.4
[INFO] [stderr]    Compiling idna v0.5.0
[INFO] [stderr]    Compiling ryu v1.0.16
[INFO] [stderr]    Compiling thiserror v1.0.53
[INFO] [stderr]    Compiling clap_lex v0.6.0
[INFO] [stderr]    Compiling ppv-lite86 v0.2.17
[INFO] [stderr]    Compiling utf8parse v0.2.1
[INFO] [stderr]    Compiling anstyle-parse v0.2.3
[INFO] [stderr]    Compiling crypto-common v0.1.6
[INFO] [stderr]    Compiling block-buffer v0.10.4
[INFO] [stderr]    Compiling clap_builder v4.4.12
[INFO] [stderr]    Compiling digest v0.10.7
[INFO] [stderr]    Compiling encoding_rs v0.8.33
[INFO] [stderr]    Compiling cpufeatures v0.2.11
[INFO] [stderr]    Compiling mime v0.3.17
[INFO] [stderr]    Compiling colorchoice v1.0.0
[INFO] [stderr]    Compiling url v2.5.0
[INFO] [stderr]    Compiling rand_chacha v0.3.1
[INFO] [stderr]    Compiling openssl-sys v0.9.98
[INFO] [stderr]    Compiling backtrace v0.3.69
[INFO] [stderr]    Compiling anstyle-query v1.0.2
[INFO] [stderr]    Compiling ipnet v2.9.0
[INFO] [stderr]    Compiling either v1.9.0
[INFO] [stderr]    Compiling iana-time-zone v0.1.59
[INFO] [stderr]    Compiling base64 v0.21.5
[INFO] [stderr]    Compiling sha1 v0.10.6
[INFO] [stderr]    Compiling anstream v0.6.5
[INFO] [stderr]    Compiling chrono v0.4.31
[INFO] [stderr]    Compiling rand v0.8.5
[INFO] [stderr]    Compiling fern v0.6.2
[INFO] [stderr]    Compiling strum v0.25.0
[INFO] [stderr]    Compiling addr2line v0.21.0
[INFO] [stderr]    Compiling data-encoding v2.5.0
[INFO] [stderr]    Compiling synstructure v0.12.6
[INFO] [stderr]    Compiling serde_urlencoded v0.7.1
[INFO] [stderr]    Compiling failure v0.1.8
[INFO] [stderr]    Compiling bendy v0.3.3
[INFO] [stderr]    Compiling tokio-macros v2.2.0
[INFO] [stderr]    Compiling futures-macro v0.3.30
[INFO] [stderr]    Compiling openssl-macros v0.1.1
[INFO] [stderr]    Compiling clap_derive v4.4.7
[INFO] [stderr]    Compiling thiserror-impl v1.0.53
[INFO] [stderr]    Compiling strum_macros v0.25.3
[INFO] [stderr]    Compiling tokio v1.35.1
[INFO] [stderr]    Compiling futures-util v0.3.30
[INFO] [stderr]    Compiling clap v4.4.12
[INFO] [stderr]    Compiling tokio-util v0.7.10
[INFO] [stderr]    Compiling tokio-native-tls v0.3.1
[INFO] [stderr]    Compiling tokio-stream v0.1.14
[INFO] [stderr]    Compiling h2 v0.3.22
[INFO] [stderr]    Compiling patharg v0.4.0
[INFO] [stderr]    Compiling hyper v0.14.28
[INFO] [stderr]    Compiling hyper-tls v0.5.0
[INFO] [stderr]    Compiling reqwest v0.11.23
[INFO] [stderr]    Compiling demagnetize v0.2.0 (/opt/rustwide/workdir)
[INFO] [stderr]     Finished dev [unoptimized + debuginfo] target(s) in 37.57s
[INFO] running `Command { std: "docker" "inspect" "69b2e489bacc3a7e6b6da2139c96839ecf0928986e2e2a105925ab14e25d8736", kill_on_drop: false }`
[INFO] running `Command { std: "docker" "rm" "-f" "69b2e489bacc3a7e6b6da2139c96839ecf0928986e2e2a105925ab14e25d8736", kill_on_drop: false }`
[INFO] [stdout] 69b2e489bacc3a7e6b6da2139c96839ecf0928986e2e2a105925ab14e25d8736
[INFO] running `Command { std: "docker" "create" "-v" "/var/lib/crater-agent-workspace/builds/worker-0-tc1/target:/opt/rustwide/target:rw,Z" "-v" "/var/lib/crater-agent-workspace/builds/worker-0-tc1/source:/opt/rustwide/workdir:ro,Z" "-v" "/var/lib/crater-agent-workspace/cargo-home:/opt/rustwide/cargo-home:ro,Z" "-v" "/var/lib/crater-agent-workspace/rustup-home:/opt/rustwide/rustup-home:ro,Z" "-e" "SOURCE_DIR=/opt/rustwide/workdir" "-e" "CARGO_TARGET_DIR=/opt/rustwide/target" "-e" "CARGO_INCREMENTAL=0" "-e" "RUST_BACKTRACE=full" "-e" "RUSTFLAGS=--cap-lints=warn" "-e" "RUSTDOCFLAGS=--cap-lints=warn" "-e" "CARGO_HOME=/opt/rustwide/cargo-home" "-e" "RUSTUP_HOME=/opt/rustwide/rustup-home" "-w" "/opt/rustwide/workdir" "-m" "1610612736" "--user" "0:0" "--network" "none" "ghcr.io/rust-lang/crates-build-env/linux@sha256:2788e3201cd34a07e3172128adcd8b3090168a8e3bcc40d7c032b9dda1df7d1c" "/opt/rustwide/cargo-home/bin/cargo" "+1.75.0" "test" "--frozen" "--no-run" "--message-format=json", kill_on_drop: false }`
[INFO] [stdout] 9e48541bda4d2a9718aa32aae3a1ef97e5895a95a86e5ecbf6063c82dc5cf042
[INFO] running `Command { std: "docker" "start" "-a" "9e48541bda4d2a9718aa32aae3a1ef97e5895a95a86e5ecbf6063c82dc5cf042", kill_on_drop: false }`
[INFO] [stderr]    Compiling rustix v0.38.28
[INFO] [stderr]    Compiling memchr v2.7.1
[INFO] [stderr]    Compiling predicates-core v1.0.6
[INFO] [stderr]    Compiling doc-comment v0.3.3
[INFO] [stderr]    Compiling itertools v0.11.0
[INFO] [stderr]    Compiling difflib v0.4.0
[INFO] [stderr]    Compiling termtree v0.4.1
[INFO] [stderr]    Compiling regex-automata v0.4.3
[INFO] [stderr]    Compiling wait-timeout v0.2.0
[INFO] [stderr]    Compiling fastrand v2.0.1
[INFO] [stderr]    Compiling predicates-tree v1.0.9
[INFO] [stderr]    Compiling object v0.32.2
[INFO] [stderr]    Compiling bstr v1.9.0
[INFO] [stderr]    Compiling predicates v3.0.4
[INFO] [stderr]    Compiling assert_cmd v2.0.12
[INFO] [stderr]    Compiling terminal_size v0.3.0
[INFO] [stderr]    Compiling tempfile v3.9.0
[INFO] [stderr]    Compiling clap_builder v4.4.12
[INFO] [stderr]    Compiling backtrace v0.3.69
[INFO] [stderr]    Compiling failure v0.1.8
[INFO] [stderr]    Compiling bendy v0.3.3
[INFO] [stderr]    Compiling clap v4.4.12
[INFO] [stderr]    Compiling demagnetize v0.2.0 (/opt/rustwide/workdir)
[INFO] [stderr]     Finished test [unoptimized + debuginfo] target(s) in 13.96s
[INFO] running `Command { std: "docker" "inspect" "9e48541bda4d2a9718aa32aae3a1ef97e5895a95a86e5ecbf6063c82dc5cf042", kill_on_drop: false }`
[INFO] running `Command { std: "docker" "rm" "-f" "9e48541bda4d2a9718aa32aae3a1ef97e5895a95a86e5ecbf6063c82dc5cf042", kill_on_drop: false }`
[INFO] [stdout] 9e48541bda4d2a9718aa32aae3a1ef97e5895a95a86e5ecbf6063c82dc5cf042
[INFO] running `Command { std: "docker" "create" "-v" "/var/lib/crater-agent-workspace/builds/worker-0-tc1/target:/opt/rustwide/target:rw,Z" "-v" "/var/lib/crater-agent-workspace/builds/worker-0-tc1/source:/opt/rustwide/workdir:ro,Z" "-v" "/var/lib/crater-agent-workspace/cargo-home:/opt/rustwide/cargo-home:ro,Z" "-v" "/var/lib/crater-agent-workspace/rustup-home:/opt/rustwide/rustup-home:ro,Z" "-e" "SOURCE_DIR=/opt/rustwide/workdir" "-e" "CARGO_TARGET_DIR=/opt/rustwide/target" "-e" "CARGO_INCREMENTAL=0" "-e" "RUST_BACKTRACE=full" "-e" "RUSTFLAGS=--cap-lints=warn" "-e" "RUSTDOCFLAGS=--cap-lints=warn" "-e" "CARGO_HOME=/opt/rustwide/cargo-home" "-e" "RUSTUP_HOME=/opt/rustwide/rustup-home" "-w" "/opt/rustwide/workdir" "-m" "1610612736" "--user" "0:0" "--network" "none" "ghcr.io/rust-lang/crates-build-env/linux@sha256:2788e3201cd34a07e3172128adcd8b3090168a8e3bcc40d7c032b9dda1df7d1c" "/opt/rustwide/cargo-home/bin/cargo" "+1.75.0" "test" "--frozen", kill_on_drop: false }`
[INFO] [stdout] ddee1f0bb3031c6fa48729ec41782f7da79c14cb61ef25fa04a2fa14324ea33c
[INFO] running `Command { std: "docker" "start" "-a" "ddee1f0bb3031c6fa48729ec41782f7da79c14cb61ef25fa04a2fa14324ea33c", kill_on_drop: false }`
[INFO] [stderr]     Finished test [unoptimized + debuginfo] target(s) in 0.09s
[INFO] [stderr]      Running unittests src/main.rs (/opt/rustwide/target/debug/deps/demagnetize-623979b8bb8f4ef6)
[INFO] [stdout] 
[INFO] [stdout] running 66 tests
[INFO] [stdout] test peer::extensions::tests::test_extension_iter ... ok
[INFO] [stdout] test peer::extensions::tests::test_default_extension_set ... ok
[INFO] [stdout] test peer::extensions::tests::test_extension_set ... ok
[INFO] [stdout] test magnet::tests::test_parse_magnet ... ok
[INFO] [stdout] test asyncutil::unique_stream::tests::test_unique_stream ... ok
[INFO] [stdout] test peer::extensions::tests::test_extension_set_all_unknown ... ok
[INFO] [stdout] test peer::extensions::tests::test_extension_set_unknown ... ok
[INFO] [stdout] test peer::messages::tests::test_decode_extended_handshake ... ok
[INFO] [stdout] test peer::messages::tests::test_encode_extended_handshake ... ok
[INFO] [stdout] test peer::messages::tests::test_extended ... ok
[INFO] [stdout] test peer::messages::tests::test_handshake ... ok
[INFO] [stdout] test peer::messages::tests::test_handshake_unknown_ext ... ok
[INFO] [stdout] test peer::messages::tests::test_haveall ... ok
[INFO] [stdout] test peer::messages::tests::test_havenone ... ok
[INFO] [stdout] test peer::messages::tests::test_metadata_data ... ok
[INFO] [stdout] test peer::messages::tests::test_port ... ok
[INFO] [stdout] test peer::messages::tests::test_metadata_request ... ok
[INFO] [stdout] test peer::tests::test_unbencode_peer ... ok
[INFO] [stdout] test peer::tests::test_unbencode_peer_extra_field ... ok
[INFO] [stdout] test peer::tests::test_unbencode_peer_empty ... ok
[INFO] [stdout] test peer::tests::test_unbencode_peer_no_peer_id ... ok
[INFO] [stdout] test torrent::tests::test_check_empty_bencode ... ok
[INFO] [stdout] test peer::tests::test_unbencode_peer_trailing_bencode ... ok
[INFO] [stdout] test torrent::tests::test_check_good_bencode_dict ... ok
[INFO] [stdout] test peer::tests::test_unbencode_peer_trailing_garbage ... ok
[INFO] [stdout] test torrent::tests::test_check_bencode_non_dict ... ok
[INFO] [stdout] test torrent::tests::test_path_template_invalid_field ... ok
[INFO] [stdout] test torrent::tests::test_path_template ... ok
[INFO] [stdout] test torrent::tests::test_path_template_escaped_braces ... ok
[INFO] [stdout] test torrent::tests::test_check_invalid_bencode ... ok
[INFO] [stdout] test torrent::tests::test_check_trailing_bencode ... ok
[INFO] [stdout] test torrent::tests::test_path_template_no_leading_or_trailing_literals ... ok
[INFO] [stdout] test torrent::tests::test_path_template_nested_field ... ok
[INFO] [stdout] test torrent::tests::test_path_template_unmatched ... ok
[INFO] [stdout] test torrent::tests::test_path_template_unknown_field ... ok
[INFO] [stdout] test torrent::tests::test_torrent_file_into_bytes ... ok
[INFO] [stdout] test tracker::http::tests::test_decode_noncompact_response_no_peer_id ... ok
[INFO] [stdout] test tracker::http::tests::test_decode_failure_response ... ok
[INFO] [stdout] test tracker::http::tests::test_decode_noncompact_response ... ok
[INFO] [stdout] test tracker::udp::tests::test_make_announce_request ... ok
[INFO] [stdout] test tracker::udp::tests::test_make_announce_request_urldata ... ok
[INFO] [stdout] test tracker::udp::tests::test_make_connection_request ... ok
[INFO] [stdout] test tracker::udp::tests::test_parse_announce_response_ipv4 ... ok
[INFO] [stdout] test tracker::http::tests::test_decode_response ... ok
[INFO] [stdout] test tracker::http::tests::test_decode_response_with_peers6 ... ok
[INFO] [stdout] test tracker::udp::tests::test_parse_announce_response_ipv4_no_peers ... ok
[INFO] [stdout] test tracker::udp::tests::test_parse_announce_response_ipv6_not_all_peers ... ok
[INFO] [stdout] test types::tests::test_add_query_param ... ok
[INFO] [stdout] test types::tests::test_hex_info_hash ... ok
[INFO] [stdout] test types::tests::test_base32_info_hash ... ok
[INFO] [stdout] test util::tests::test_comma_list ... ok
[INFO] [stdout] test util::tests::test_try_get_i32 ... ok
[INFO] [stdout] test util::tests::test_try_get_ipv4addr ... ok
[INFO] [stdout] test util::tests::test_try_get_ipv6addr ... ok
[INFO] [stdout] test util::tests::test_try_get_socketaddrv4 ... ok
[INFO] [stdout] test util::tests::test_try_get_socketaddrv6 ... ok
[INFO] [stdout] test tracker::udp::tests::test_parse_connection_response ... ok
[INFO] [stdout] test types::tests::test_generate_peer_id_long_prefix ... ok
[INFO] [stdout] test util::tests::test_try_get_u16 ... ok
[INFO] [stdout] test util::tests::test_try_get_u32 ... ok
[INFO] [stdout] test util::tests::test_try_get_u8 ... ok
[INFO] [stdout] test util::tests::test_try_get_u64 ... ok
[INFO] [stdout] test types::tests::test_generate_peer_id ... ok
[INFO] [stdout] test tracker::http::tests::test_decode_response_bad_peers6 ... ok
[INFO] [stdout] test torrent::tests::test_torrent_info_builder ... ok
[INFO] [stdout] test asyncutil::shutdown_group::tests::test_shutdown_group ... ok
[INFO] [stdout] 
[INFO] [stdout] test result: ok. 66 passed; 0 failed; 0 ignored; 0 measured; 0 filtered out; finished in 1.00s
[INFO] [stdout] 
[INFO] [stderr]      Running tests/cli.rs (/opt/rustwide/target/debug/deps/cli-d7e6bc46aa092f1b)
[INFO] [stdout] 
[INFO] [stdout] running 2 tests
[INFO] [stdout] test get_magnet_multipiece_info ... FAILED
[INFO] [stdout] test get_magnet_http_udp_trackers ... FAILED
[INFO] [stdout] 
[INFO] [stdout] failures:
[INFO] [stdout] 
[INFO] [stdout] ---- get_magnet_multipiece_info stdout ----
[INFO] [stdout] thread 'get_magnet_multipiece_info' panicked at /rustc/82e1608dfa6e0b5569232559e3d385fea5a93112/library/core/src/ops/function.rs:250:5:
[INFO] [stdout] Unexpected failure.
[INFO] [stdout] code=1
[INFO] [stdout] stderr=``````
[INFO] [stdout] 05:12:49 [DEBUG] Using local peer details: id = b\"-DM-0020-AFNFgHQnJgw\", key = 1100369804, port = 62765
[INFO] [stdout] 05:12:49 [INFO ] Fetching metadata info for \"debian-12.0.0-amd64-netinst.iso\" (b851474b74f65cd19f981c723590e3e520242b97)
[INFO] [stdout] 05:12:49 [INFO ] Requesting peers for b851474b74f65cd19f981c723590e3e520242b97 from <Tracker http://bttracker.debian.org:6969/announce>
[INFO] [stdout] 05:12:49 [TRACE] Sending \"started\" announcement to <Tracker http://bttracker.debian.org:6969/announce> for b851474b74f65cd19f981c723590e3e520242b97
[INFO] [stdout] 05:12:49 [WARN ] Error communicating with <Tracker http://bttracker.debian.org:6969/announce> for \"debian-12.0.0-amd64-netinst.iso\" (b851474b74f65cd19f981c723590e3e520242b97): failed to send request to HTTP tracker: error sending request for url (http://bttracker.debian.org:6969/announce?event=started&info_hash=%B8QGKt%F6%5C%D1%9F%98%1Cr5%90%E3%E5+%24%2B%97&peer_id=-DM-0020-AFNFgHQnJgw&port=62765&uploaded=0&downloaded=0&left=65535&numwant=50&key=1100369804&compact=1): error trying to connect: dns error: failed to lookup address information: Temporary failure in name resolution: error trying to connect: dns error: failed to lookup address information: Temporary failure in name resolution: dns error: failed to lookup address information: Temporary failure in name resolution: failed to lookup address information: Temporary failure in name resolution
[INFO] [stdout] 05:12:49 [ERROR] Failed to download torrent file: no peer returned metadata info
[INFO] [stdout] ```
[INFO] [stdout] ```
[INFO] [stdout] command=`"/opt/rustwide/target/debug/demagnetize" "--log-level=TRACE" "get" "-o" "/tmp/.tmpQhnGbf/{hash}.torrent" "magnet:?xt=urn:btih:b851474b74f65cd19f981c723590e3e520242b97&dn=debian-12.0.0-amd64-netinst.iso&tr=http%3A%2F%2Fbttracker.debian.org%3A6969%2Fannounce&ws=https%3A%2F%2Fcdimage.debian.org%2Fcdimage%2Frelease%2F12.0.0%2Famd64%2Fiso-cd%2Fdebian-12.0.0-amd64-netinst.iso&ws=https%3A%2F%2Fcdimage.debian.org%2Fcdimage%2Farchive%2F12.0.0%2Famd64%2Fiso-cd%2Fdebian-12.0.0-amd64-netinst.iso"`
[INFO] [stdout] code=1
[INFO] [stdout] stdout=""
[INFO] [stdout] stderr=```
[INFO] [stdout] 05:12:49 [DEBUG] Using local peer details: id = b\"-DM-0020-AFNFgHQnJgw\", key = 1100369804, port = 62765
[INFO] [stdout] 05:12:49 [INFO ] Fetching metadata info for \"debian-12.0.0-amd64-netinst.iso\" (b851474b74f65cd19f981c723590e3e520242b97)
[INFO] [stdout] 05:12:49 [INFO ] Requesting peers for b851474b74f65cd19f981c723590e3e520242b97 from <Tracker http://bttracker.debian.org:6969/announce>
[INFO] [stdout] 05:12:49 [TRACE] Sending \"started\" announcement to <Tracker http://bttracker.debian.org:6969/announce> for b851474b74f65cd19f981c723590e3e520242b97
[INFO] [stdout] 05:12:49 [WARN ] Error communicating with <Tracker http://bttracker.debian.org:6969/announce> for \"debian-12.0.0-amd64-netinst.iso\" (b851474b74f65cd19f981c723590e3e520242b97): failed to send request to HTTP tracker: error sending request for url (http://bttracker.debian.org:6969/announce?event=started&info_hash=%B8QGKt%F6%5C%D1%9F%98%1Cr5%90%E3%E5+%24%2B%97&peer_id=-DM-0020-AFNFgHQnJgw&port=62765&uploaded=0&downloaded=0&left=65535&numwant=50&key=1100369804&compact=1): error trying to connect: dns error: failed to lookup address information: Temporary failure in name resolution: error trying to connect: dns error: failed to lookup address information: Temporary failure in name resolution: dns error: failed to lookup address information: Temporary failure in name resolution: failed to lookup address information: Temporary failure in name resolution
[INFO] [stdout] 05:12:49 [ERROR] Failed to download torrent file: no peer returned metadata info
[INFO] [stdout] ```
[INFO] [stdout] 
[INFO] [stdout] 
[INFO] [stdout] stack backtrace:
[INFO] [stdout]    0:     0x559b4af16c9c - std::backtrace_rs::backtrace::libunwind::trace::ha637c64ce894333a
[INFO] [stdout]                                at /rustc/82e1608dfa6e0b5569232559e3d385fea5a93112/library/std/src/../../backtrace/src/backtrace/libunwind.rs:104:5
[INFO] [stdout]    1:     0x559b4af16c9c - std::backtrace_rs::backtrace::trace_unsynchronized::h47f62dea28e0c88d
[INFO] [stdout]                                at /rustc/82e1608dfa6e0b5569232559e3d385fea5a93112/library/std/src/../../backtrace/src/backtrace/mod.rs:66:5
[INFO] [stdout]    2:     0x559b4af16c9c - std::sys_common::backtrace::_print_fmt::h9eef0abe20ede486
[INFO] [stdout]                                at /rustc/82e1608dfa6e0b5569232559e3d385fea5a93112/library/std/src/sys_common/backtrace.rs:67:5
[INFO] [stdout]    3:     0x559b4af16c9c - <std::sys_common::backtrace::_print::DisplayBacktrace as core::fmt::Display>::fmt::hed7f999df88cc644
[INFO] [stdout]                                at /rustc/82e1608dfa6e0b5569232559e3d385fea5a93112/library/std/src/sys_common/backtrace.rs:44:22
[INFO] [stdout]    4:     0x559b4af42470 - core::fmt::rt::Argument::fmt::h1539a9308b8d058d
[INFO] [stdout]                                at /rustc/82e1608dfa6e0b5569232559e3d385fea5a93112/library/core/src/fmt/rt.rs:142:9
[INFO] [stdout]    5:     0x559b4af42470 - core::fmt::write::h3a39390d8560d9c9
[INFO] [stdout]                                at /rustc/82e1608dfa6e0b5569232559e3d385fea5a93112/library/core/src/fmt/mod.rs:1120:17
[INFO] [stdout]    6:     0x559b4af13d3f - std::io::Write::write_fmt::h040b369f3a0f9cbc
[INFO] [stdout]                                at /rustc/82e1608dfa6e0b5569232559e3d385fea5a93112/library/std/src/io/mod.rs:1762:15
[INFO] [stdout]    7:     0x559b4af16a84 - std::sys_common::backtrace::_print::h894006fb5c6f3d45
[INFO] [stdout]                                at /rustc/82e1608dfa6e0b5569232559e3d385fea5a93112/library/std/src/sys_common/backtrace.rs:47:5
[INFO] [stdout]    8:     0x559b4af16a84 - std::sys_common::backtrace::print::h23a2d212c6fff936
[INFO] [stdout]                                at /rustc/82e1608dfa6e0b5569232559e3d385fea5a93112/library/std/src/sys_common/backtrace.rs:34:9
[INFO] [stdout]    9:     0x559b4af187c7 - std::panicking::default_hook::{{closure}}::h8a1d2ee00185001a
[INFO] [stdout]   10:     0x559b4af184b3 - std::panicking::default_hook::h6038f2eba384e475
[INFO] [stdout]                                at /rustc/82e1608dfa6e0b5569232559e3d385fea5a93112/library/std/src/panicking.rs:289:9
[INFO] [stdout]   11:     0x559b4ad9e0e7 - <alloc::boxed::Box<F,A> as core::ops::function::Fn<Args>>::call::h0ad024c9bdc6d768
[INFO] [stdout]                                at /rustc/82e1608dfa6e0b5569232559e3d385fea5a93112/library/alloc/src/boxed.rs:2021:9
[INFO] [stdout]   12:     0x559b4ad9e0e7 - test::test_main::{{closure}}::h7500b54257359db6
[INFO] [stdout]                                at /rustc/82e1608dfa6e0b5569232559e3d385fea5a93112/library/test/src/lib.rs:138:21
[INFO] [stdout]   13:     0x559b4af18dd8 - <alloc::boxed::Box<F,A> as core::ops::function::Fn<Args>>::call::h1f8f335eaa9cfaee
[INFO] [stdout]                                at /rustc/82e1608dfa6e0b5569232559e3d385fea5a93112/library/alloc/src/boxed.rs:2021:9
[INFO] [stdout]   14:     0x559b4af18dd8 - std::panicking::rust_panic_with_hook::h2b5517d590cab22e
[INFO] [stdout]                                at /rustc/82e1608dfa6e0b5569232559e3d385fea5a93112/library/std/src/panicking.rs:783:13
[INFO] [stdout]   15:     0x559b4af18b2e - std::panicking::begin_panic_handler::{{closure}}::h233112c06e0ef43e
[INFO] [stdout]                                at /rustc/82e1608dfa6e0b5569232559e3d385fea5a93112/library/std/src/panicking.rs:657:13
[INFO] [stdout]   16:     0x559b4af17166 - std::sys_common::backtrace::__rust_end_short_backtrace::h6e893f24d7ebbff8
[INFO] [stdout]                                at /rustc/82e1608dfa6e0b5569232559e3d385fea5a93112/library/std/src/sys_common/backtrace.rs:170:18
[INFO] [stdout]   17:     0x559b4af18892 - rust_begin_unwind
[INFO] [stdout]                                at /rustc/82e1608dfa6e0b5569232559e3d385fea5a93112/library/std/src/panicking.rs:645:5
[INFO] [stdout]   18:     0x559b4ad5b525 - core::panicking::panic_fmt::hbf0e066aabfa482c
[INFO] [stdout]                                at /rustc/82e1608dfa6e0b5569232559e3d385fea5a93112/library/core/src/panicking.rs:72:14
[INFO] [stdout]   19:     0x559b4aebb67f - core::panicking::panic_display::h65a74ba42253f763
[INFO] [stdout]                                at /rustc/82e1608dfa6e0b5569232559e3d385fea5a93112/library/core/src/panicking.rs:178:5
[INFO] [stdout]   20:     0x559b4aebaa4e - assert_cmd::assert::AssertError::panic::panic_cold_display::h7704adf8e327346e
[INFO] [stdout]                                at /rustc/82e1608dfa6e0b5569232559e3d385fea5a93112/library/core/src/panic.rs:99:13
[INFO] [stdout]   21:     0x559b4aeba3c7 - assert_cmd::assert::AssertError::panic::h9af82945064133d4
[INFO] [stdout]                                at /opt/rustwide/cargo-home/registry/src/index.crates.io-6f17d22bba15001f/assert_cmd-2.0.12/src/assert.rs:1033:9
[INFO] [stdout]   22:     0x559b4aeb6217 - core::ops::function::FnOnce::call_once::h3b885f3b5ac74676
[INFO] [stdout]                                at /rustc/82e1608dfa6e0b5569232559e3d385fea5a93112/library/core/src/ops/function.rs:250:5
[INFO] [stdout]   23:     0x559b4aeb26e6 - core::result::Result<T,E>::unwrap_or_else::h38297aa4f3685ae6
[INFO] [stdout]                                at /rustc/82e1608dfa6e0b5569232559e3d385fea5a93112/library/core/src/result.rs:1430:23
[INFO] [stdout]   24:     0x559b4aeb9d76 - assert_cmd::assert::Assert::success::hfa24abe4ea1422c7
[INFO] [stdout]                                at /opt/rustwide/cargo-home/registry/src/index.crates.io-6f17d22bba15001f/assert_cmd-2.0.12/src/assert.rs:158:9
[INFO] [stdout]   25:     0x559b4ad64bb7 - cli::test_get::h72668e267163644e
[INFO] [stdout]                                at /opt/rustwide/workdir/tests/cli.rs:12:5
[INFO] [stdout]   26:     0x559b4ad65fa0 - cli::get_magnet_multipiece_info::hf95d9a383f2bbe58
[INFO] [stdout]                                at /opt/rustwide/workdir/tests/cli.rs:97:5
[INFO] [stdout]   27:     0x559b4ad65f57 - cli::get_magnet_multipiece_info::{{closure}}::h7abffa084025a94d
[INFO] [stdout]                                at /opt/rustwide/workdir/tests/cli.rs:96:32
[INFO] [stdout]   28:     0x559b4ad67b06 - core::ops::function::FnOnce::call_once::h38e101f1d4996195
[INFO] [stdout]                                at /rustc/82e1608dfa6e0b5569232559e3d385fea5a93112/library/core/src/ops/function.rs:250:5
[INFO] [stdout]   29:     0x559b4ada373f - core::ops::function::FnOnce::call_once::h2b5d431d5046312d
[INFO] [stdout]                                at /rustc/82e1608dfa6e0b5569232559e3d385fea5a93112/library/core/src/ops/function.rs:250:5
[INFO] [stdout]   30:     0x559b4ada373f - test::__rust_begin_short_backtrace::h7714669af176e207
[INFO] [stdout]                                at /rustc/82e1608dfa6e0b5569232559e3d385fea5a93112/library/test/src/lib.rs:628:18
[INFO] [stdout]   31:     0x559b4ada2755 - test::run_test_in_process::{{closure}}::h85218797dcbcec12
[INFO] [stdout]                                at /rustc/82e1608dfa6e0b5569232559e3d385fea5a93112/library/test/src/lib.rs:651:60
[INFO] [stdout]   32:     0x559b4ada2755 - <core::panic::unwind_safe::AssertUnwindSafe<F> as core::ops::function::FnOnce<()>>::call_once::h76c106ea31c14d7b
[INFO] [stdout]                                at /rustc/82e1608dfa6e0b5569232559e3d385fea5a93112/library/core/src/panic/unwind_safe.rs:272:9
[INFO] [stdout]   33:     0x559b4ada2755 - std::panicking::try::do_call::h3bd5d0f6620ee946
[INFO] [stdout]                                at /rustc/82e1608dfa6e0b5569232559e3d385fea5a93112/library/std/src/panicking.rs:552:40
[INFO] [stdout]   34:     0x559b4ada2755 - std::panicking::try::h232e535e4744fe31
[INFO] [stdout]                                at /rustc/82e1608dfa6e0b5569232559e3d385fea5a93112/library/std/src/panicking.rs:516:19
[INFO] [stdout]   35:     0x559b4ada2755 - std::panic::catch_unwind::h3ce3bd6ca8dbac68
[INFO] [stdout]                                at /rustc/82e1608dfa6e0b5569232559e3d385fea5a93112/library/std/src/panic.rs:142:14
[INFO] [stdout]   36:     0x559b4ada2755 - test::run_test_in_process::hc97b257c9621286a
[INFO] [stdout]                                at /rustc/82e1608dfa6e0b5569232559e3d385fea5a93112/library/test/src/lib.rs:651:27
[INFO] [stdout]   37:     0x559b4ada2755 - test::run_test::{{closure}}::h2aa798823a438d38
[INFO] [stdout]                                at /rustc/82e1608dfa6e0b5569232559e3d385fea5a93112/library/test/src/lib.rs:574:43
[INFO] [stdout]   38:     0x559b4ad6aa16 - test::run_test::{{closure}}::h87d231c78fb59832
[INFO] [stdout]                                at /rustc/82e1608dfa6e0b5569232559e3d385fea5a93112/library/test/src/lib.rs:602:41
[INFO] [stdout]   39:     0x559b4ad6aa16 - std::sys_common::backtrace::__rust_begin_short_backtrace::he6df152596625789
[INFO] [stdout]                                at /rustc/82e1608dfa6e0b5569232559e3d385fea5a93112/library/std/src/sys_common/backtrace.rs:154:18
[INFO] [stdout]   40:     0x559b4ad6fac7 - std::thread::Builder::spawn_unchecked_::{{closure}}::{{closure}}::ha94be15d1e0acf36
[INFO] [stdout]                                at /rustc/82e1608dfa6e0b5569232559e3d385fea5a93112/library/std/src/thread/mod.rs:529:17
[INFO] [stdout]   41:     0x559b4ad6fac7 - <core::panic::unwind_safe::AssertUnwindSafe<F> as core::ops::function::FnOnce<()>>::call_once::h9dc6bd6372f16606
[INFO] [stdout]                                at /rustc/82e1608dfa6e0b5569232559e3d385fea5a93112/library/core/src/panic/unwind_safe.rs:272:9
[INFO] [stdout]   42:     0x559b4ad6fac7 - std::panicking::try::do_call::h9057517f80303cd4
[INFO] [stdout]                                at /rustc/82e1608dfa6e0b5569232559e3d385fea5a93112/library/std/src/panicking.rs:552:40
[INFO] [stdout]   43:     0x559b4ad6fac7 - std::panicking::try::he3a30b11ee45340c
[INFO] [stdout]                                at /rustc/82e1608dfa6e0b5569232559e3d385fea5a93112/library/std/src/panicking.rs:516:19
[INFO] [stdout]   44:     0x559b4ad6fac7 - std::panic::catch_unwind::h410458cfd3528b8b
[INFO] [stdout]                                at /rustc/82e1608dfa6e0b5569232559e3d385fea5a93112/library/std/src/panic.rs:142:14
[INFO] [stdout]   45:     0x559b4ad6fac7 - std::thread::Builder::spawn_unchecked_::{{closure}}::h72ac3bdb567b737b
[INFO] [stdout]                                at /rustc/82e1608dfa6e0b5569232559e3d385fea5a93112/library/std/src/thread/mod.rs:528:30
[INFO] [stdout]   46:     0x559b4ad6fac7 - core::ops::function::FnOnce::call_once{{vtable.shim}}::h38f34da3654a8344
[INFO] [stdout]                                at /rustc/82e1608dfa6e0b5569232559e3d385fea5a93112/library/core/src/ops/function.rs:250:5
[INFO] [stdout]   47:     0x559b4af1ebf5 - <alloc::boxed::Box<F,A> as core::ops::function::FnOnce<Args>>::call_once::hc7eafaff61e32df9
[INFO] [stdout]                                at /rustc/82e1608dfa6e0b5569232559e3d385fea5a93112/library/alloc/src/boxed.rs:2007:9
[INFO] [stdout]   48:     0x559b4af1ebf5 - <alloc::boxed::Box<F,A> as core::ops::function::FnOnce<Args>>::call_once::h6ba4a5de48dd2304
[INFO] [stdout]                                at /rustc/82e1608dfa6e0b5569232559e3d385fea5a93112/library/alloc/src/boxed.rs:2007:9
[INFO] [stdout]   49:     0x559b4af1ebf5 - std::sys::unix::thread::Thread::new::thread_start::he469335aef763e45
[INFO] [stdout]                                at /rustc/82e1608dfa6e0b5569232559e3d385fea5a93112/library/std/src/sys/unix/thread.rs:108:17
[INFO] [stdout]   50:     0x7f058e32bac3 - <unknown>
[INFO] [stdout]   51:     0x7f058e3bcbf4 - __clone
[INFO] [stdout]   52:                0x0 - <unknown>
[INFO] [stdout] 
[INFO] [stdout] ---- get_magnet_http_udp_trackers stdout ----
[INFO] [stdout] thread 'get_magnet_http_udp_trackers' panicked at /rustc/82e1608dfa6e0b5569232559e3d385fea5a93112/library/core/src/ops/function.rs:250:5:
[INFO] [stdout] Unexpected failure.
[INFO] [stdout] code=1
[INFO] [stdout] stderr=``````
[INFO] [stdout] 05:12:49 [DEBUG] Using local peer details: id = b\"-DM-0020-hC6vJdyYvsm\", key = 1391621706, port = 27605
[INFO] [stdout] 05:12:49 [INFO ] Fetching metadata info for \"libgen-rs-r_000\" (63a04291a8b266d968aa7ab8a276543fa63a9e84)
[INFO] [stdout] 05:12:49 [INFO ] Requesting peers for 63a04291a8b266d968aa7ab8a276543fa63a9e84 from <Tracker http://tracker.opentrackr.org:1337/announce>
[INFO] [stdout] 05:12:49 [INFO ] Requesting peers for 63a04291a8b266d968aa7ab8a276543fa63a9e84 from <Tracker http://open.acgnxtracker.com/announce>
[INFO] [stdout] 05:12:49 [INFO ] Requesting peers for 63a04291a8b266d968aa7ab8a276543fa63a9e84 from <Tracker http://tracker.files.fm:6969/announce>
[INFO] [stdout] 05:12:49 [INFO ] Requesting peers for 63a04291a8b266d968aa7ab8a276543fa63a9e84 from <Tracker http://tracker.bt4g.com:2095/announce>
[INFO] [stdout] 05:12:49 [INFO ] Requesting peers for 63a04291a8b266d968aa7ab8a276543fa63a9e84 from <Tracker http://tracker.gbitt.info/announce>
[INFO] [stdout] 05:12:49 [INFO ] Requesting peers for 63a04291a8b266d968aa7ab8a276543fa63a9e84 from <Tracker udp://tracker.opentrackr.org:1337/announce>
[INFO] [stdout] 05:12:49 [INFO ] Requesting peers for 63a04291a8b266d968aa7ab8a276543fa63a9e84 from <Tracker udp://exodus.desync.com:6969/announce>
[INFO] [stdout] 05:12:49 [INFO ] Requesting peers for 63a04291a8b266d968aa7ab8a276543fa63a9e84 from <Tracker udp://ipv4.tracker.harry.lu:80/announce>
[INFO] [stdout] 05:12:49 [INFO ] Requesting peers for 63a04291a8b266d968aa7ab8a276543fa63a9e84 from <Tracker udp://open.stealth.si:80/announce>
[INFO] [stdout] 05:12:49 [INFO ] Requesting peers for 63a04291a8b266d968aa7ab8a276543fa63a9e84 from <Tracker udp://tracker.coppersurfer.tk:6969/announce>
[INFO] [stdout] 05:12:49 [WARN ] Error communicating with <Tracker udp://tracker.coppersurfer.tk:6969/announce> for \"libgen-rs-r_000\" (63a04291a8b266d968aa7ab8a276543fa63a9e84): failed to resolve remote hostname: failed to lookup address information: Temporary failure in name resolution
[INFO] [stdout] 05:12:49 [WARN ] Error communicating with <Tracker udp://tracker.opentrackr.org:1337/announce> for \"libgen-rs-r_000\" (63a04291a8b266d968aa7ab8a276543fa63a9e84): failed to resolve remote hostname: failed to lookup address information: Temporary failure in name resolution
[INFO] [stdout] 05:12:49 [WARN ] Error communicating with <Tracker udp://ipv4.tracker.harry.lu:80/announce> for \"libgen-rs-r_000\" (63a04291a8b266d968aa7ab8a276543fa63a9e84): failed to resolve remote hostname: failed to lookup address information: Temporary failure in name resolution
[INFO] [stdout] 05:12:49 [WARN ] Error communicating with <Tracker udp://open.stealth.si:80/announce> for \"libgen-rs-r_000\" (63a04291a8b266d968aa7ab8a276543fa63a9e84): failed to resolve remote hostname: failed to lookup address information: Temporary failure in name resolution
[INFO] [stdout] 05:12:49 [WARN ] Error communicating with <Tracker udp://exodus.desync.com:6969/announce> for \"libgen-rs-r_000\" (63a04291a8b266d968aa7ab8a276543fa63a9e84): failed to resolve remote hostname: failed to lookup address information: Temporary failure in name resolution
[INFO] [stdout] 05:12:49 [TRACE] Sending \"started\" announcement to <Tracker http://tracker.opentrackr.org:1337/announce> for 63a04291a8b266d968aa7ab8a276543fa63a9e84
[INFO] [stdout] 05:12:49 [WARN ] Error communicating with <Tracker http://tracker.opentrackr.org:1337/announce> for \"libgen-rs-r_000\" (63a04291a8b266d968aa7ab8a276543fa63a9e84): failed to send request to HTTP tracker: error sending request for url (http://tracker.opentrackr.org:1337/announce?event=started&info_hash=c%A0B%91%A8%B2f%D9h%AAz%B8%A2vT%3F%A6%3A%9E%84&peer_id=-DM-0020-hC6vJdyYvsm&port=27605&uploaded=0&downloaded=0&left=65535&numwant=50&key=1391621706&compact=1): error trying to connect: dns error: failed to lookup address information: Temporary failure in name resolution: error trying to connect: dns error: failed to lookup address information: Temporary failure in name resolution: dns error: failed to lookup address information: Temporary failure in name resolution: failed to lookup address information: Temporary failure in name resolution
[INFO] [stdout] 05:12:49 [TRACE] Sending \"started\" announcement to <Tracker http://tracker.bt4g.com:2095/announce> for 63a04291a8b266d968aa7ab8a276543fa63a9e84
[INFO] [stdout] 05:12:49 [WARN ] Error communicating with <Tracker http://tracker.bt4g.com:2095/announce> for \"libgen-rs-r_000\" (63a04291a8b266d968aa7ab8a276543fa63a9e84): failed to send request to HTTP tracker: error sending request for url (http://tracker.bt4g.com:2095/announce?event=started&info_hash=c%A0B%91%A8%B2f%D9h%AAz%B8%A2vT%3F%A6%3A%9E%84&peer_id=-DM-0020-hC6vJdyYvsm&port=27605&uploaded=0&downloaded=0&left=65535&numwant=50&key=1391621706&compact=1): error trying to connect: dns error: failed to lookup address information: Temporary failure in name resolution: error trying to connect: dns error: failed to lookup address information: Temporary failure in name resolution: dns error: failed to lookup address information: Temporary failure in name resolution: failed to lookup address information: Temporary failure in name resolution
[INFO] [stdout] 05:12:49 [TRACE] Sending \"started\" announcement to <Tracker http://open.acgnxtracker.com/announce> for 63a04291a8b266d968aa7ab8a276543fa63a9e84
[INFO] [stdout] 05:12:49 [WARN ] Error communicating with <Tracker http://open.acgnxtracker.com/announce> for \"libgen-rs-r_000\" (63a04291a8b266d968aa7ab8a276543fa63a9e84): failed to send request to HTTP tracker: error sending request for url (http://open.acgnxtracker.com/announce?event=started&info_hash=c%A0B%91%A8%B2f%D9h%AAz%B8%A2vT%3F%A6%3A%9E%84&peer_id=-DM-0020-hC6vJdyYvsm&port=27605&uploaded=0&downloaded=0&left=65535&numwant=50&key=1391621706&compact=1): error trying to connect: dns error: failed to lookup address information: Temporary failure in name resolution: error trying to connect: dns error: failed to lookup address information: Temporary failure in name resolution: dns error: failed to lookup address information: Temporary failure in name resolution: failed to lookup address information: Temporary failure in name resolution
[INFO] [stdout] 05:12:49 [TRACE] Sending \"started\" announcement to <Tracker http://tracker.gbitt.info/announce> for 63a04291a8b266d968aa7ab8a276543fa63a9e84
[INFO] [stdout] 05:12:49 [WARN ] Error communicating with <Tracker http://tracker.gbitt.info/announce> for \"libgen-rs-r_000\" (63a04291a8b266d968aa7ab8a276543fa63a9e84): failed to send request to HTTP tracker: error sending request for url (http://tracker.gbitt.info/announce?event=started&info_hash=c%A0B%91%A8%B2f%D9h%AAz%B8%A2vT%3F%A6%3A%9E%84&peer_id=-DM-0020-hC6vJdyYvsm&port=27605&uploaded=0&downloaded=0&left=65535&numwant=50&key=1391621706&compact=1): error trying to connect: dns error: failed to lookup address information: Temporary failure in name resolution: error trying to connect: dns error: failed to lookup address information: Temporary failure in name resolution: dns error: failed to lookup address information: Temporary failure in name resolution: failed to lookup address information: Temporary failure in name resolution
[INFO] [stdout] 05:12:49 [TRACE] Sending \"started\" announcement to <Tracker http://tracker.files.fm:6969/announce> for 63a04291a8b266d968aa7ab8a276543fa63a9e84
[INFO] [stdout] 05:12:49 [WARN ] Error communicating with <Tracker http://tracker.files.fm:6969/announce> for \"libgen-rs-r_000\" (63a04291a8b266d968aa7ab8a276543fa63a9e84): failed to send request to HTTP tracker: error sending request for url (http://tracker.files.fm:6969/announce?event=started&info_hash=c%A0B%91%A8%B2f%D9h%AAz%B8%A2vT%3F%A6%3A%9E%84&peer_id=-DM-0020-hC6vJdyYvsm&port=27605&uploaded=0&downloaded=0&left=65535&numwant=50&key=1391621706&compact=1): error trying to connect: dns error: failed to lookup address information: Temporary failure in name resolution: error trying to connect: dns error: failed to lookup address information: Temporary failure in name resolution: dns error: failed to lookup address information: Temporary failure in name resolution: failed to lookup address information: Temporary failure in name resolution
[INFO] [stdout] 05:12:49 [ERROR] Failed to download torrent file: no peer returned metadata info
[INFO] [stdout] ```
[INFO] [stdout] ```
[INFO] [stdout] command=`"/opt/rustwide/target/debug/demagnetize" "--log-level=TRACE" "get" "-o" "/tmp/.tmp6TtDdr/{hash}.torrent" "magnet:?xt=urn:btih:63a04291a8b266d968aa7ab8a276543fa63a9e84&dn=libgen-rs-r_000&tr=http%3A%2F%2Ftracker.opentrackr.org%3A1337%2Fannounce&tr=http%3A%2F%2Fopen.acgnxtracker.com%3A80%2Fannounce&tr=http%3A%2F%2Ftracker.bt4g.com%3A2095%2Fannounce&tr=http%3A%2F%2Ftracker.files.fm%3A6969%2Fannounce&tr=http%3A%2F%2Ftracker.gbitt.info%2Fannounce&tr=udp%3A%2F%2Ftracker.opentrackr.org%3A1337%2Fannounce&tr=udp%3A%2F%2Fexodus.desync.com%3A6969%2Fannounce&tr=udp%3A%2F%2Fipv4.tracker.harry.lu%3A80%2Fannounce&tr=udp%3A%2F%2Fopen.stealth.si%3A80%2Fannounce&tr=udp%3A%2F%2Ftracker.coppersurfer.tk%3A6969%2Fannounce"`
[INFO] [stdout] code=1
[INFO] [stdout] stdout=""
[INFO] [stdout] stderr=```
[INFO] [stdout] 05:12:49 [DEBUG] Using local peer details: id = b\"-DM-0020-hC6vJdyYvsm\", key = 1391621706, port = 27605
[INFO] [stdout] 05:12:49 [INFO ] Fetching metadata info for \"libgen-rs-r_000\" (63a04291a8b266d968aa7ab8a276543fa63a9e84)
[INFO] [stdout] 05:12:49 [INFO ] Requesting peers for 63a04291a8b266d968aa7ab8a276543fa63a9e84 from <Tracker http://tracker.opentrackr.org:1337/announce>
[INFO] [stdout] 05:12:49 [INFO ] Requesting peers for 63a04291a8b266d968aa7ab8a276543fa63a9e84 from <Tracker http://open.acgnxtracker.com/announce>
[INFO] [stdout] 05:12:49 [INFO ] Requesting peers for 63a04291a8b266d968aa7ab8a276543fa63a9e84 from <Tracker http://tracker.files.fm:6969/announce>
[INFO] [stdout] 05:12:49 [INFO ] Requesting peers for 63a04291a8b266d968aa7ab8a276543fa63a9e84 from <Tracker http://tracker.bt4g.com:2095/announce>
[INFO] [stdout] 05:12:49 [INFO ] Requesting peers for 63a04291a8b266d968aa7ab8a276543fa63a9e84 from <Tracker http://tracker.gbitt.info/announce>
[INFO] [stdout] 05:12:49 [INFO ] Requesting peers for 63a04291a8b266d968aa7ab8a276543fa63a9e84 from <Tracker udp://tracker.opentrackr.org:1337/announce>
[INFO] [stdout] 05:12:49 [INFO ] Requesting peers for 63a04291a8b266d968aa7ab8a276543fa63a9e84 from <Tracker udp://exodus.desync.com:6969/announce>
[INFO] [stdout] 05:12:49 [INFO ] Requesting peers for 63a04291a8b266d968aa7ab8a276543fa63a9e84 from <Tracker udp://ipv4.tracker.harry.lu:80/announce>
[INFO] [stdout] 05:12:49 [INFO ] Requesting peers for 63a04291a8b266d968aa7ab8a276543fa63a9e84 from <Tracker udp://open.stealth.si:80/announce>
[INFO] [stdout] 05:12:49 [INFO ] Requesting peers for 63a04291a8b266d968aa7ab8a276543fa63a9e84 from <Tracker udp://tracker.coppersurfer.tk:6969/announce>
[INFO] [stdout] 05:12:49 [WARN ] Error communicating with <Tracker udp://tracker.coppersurfer.tk:6969/announce> for \"libgen-rs-r_000\" (63a04291a8b266d968aa7ab8a276543fa63a9e84): failed to resolve remote hostname: failed to lookup address information: Temporary failure in name resolution
[INFO] [stdout] 05:12:49 [WARN ] Error communicating with <Tracker udp://tracker.opentrackr.org:1337/announce> for \"libgen-rs-r_000\" (63a04291a8b266d968aa7ab8a276543fa63a9e84): failed to resolve remote hostname: failed to lookup address information: Temporary failure in name resolution
[INFO] [stdout] 05:12:49 [WARN ] Error communicating with <Tracker udp://ipv4.tracker.harry.lu:80/announce> for \"libgen-rs-r_000\" (63a04291a8b266d968aa7ab8a276543fa63a9e84): failed to resolve remote hostname: failed to lookup address information: Temporary failure in name resolution
[INFO] [stdout] 05:12:49 [WARN ] Error communicating with <Tracker udp://open.stealth.si:80/announce> for \"libgen-rs-r_000\" (63a04291a8b266d968aa7ab8a276543fa63a9e84): failed to resolve remote hostname: failed to lookup address information: Temporary failure in name resolution
[INFO] [stdout] 05:12:49 [WARN ] Error communicating with <Tracker udp://exodus.desync.com:6969/announce> for \"libgen-rs-r_000\" (63a04291a8b266d968aa7ab8a276543fa63a9e84): failed to resolve remote hostname: failed to lookup address information: Temporary failure in name resolution
[INFO] [stdout] 05:12:49 [TRACE] Sending \"started\" announcement to <Tracker http://tracker.opentrackr.org:1337/announce> for 63a04291a8b266d968aa7ab8a276543fa63a9e84
[INFO] [stdout] 05:12:49 [WARN ] Error communicating with <Tracker http://tracker.opentrackr.org:1337/announce> for \"libgen-rs-r_000\" (63a04291a8b266d968aa7ab8a276543fa63a9e84): failed to send request to HTTP tracker: error sending request for url (http://tracker.opentrackr.org:1337/announce?event=started&info_hash=c%A0B%91%A8%B2f%D9h%AAz%B8%A2vT%3F%A6%3A%9E%84&peer_id=-DM-0020-hC6vJdyYvsm&port=27605&uploaded=0&downloaded=0&left=65535&numwant=50&key=1391621706&compact=1): error trying to connect: dns error: failed to lookup address information: Temporary failure in name resolution: error trying to connect: dns error: failed to lookup address information: Temporary failure in name resolution: dns error: failed to lookup address information: Temporary failure in name resolution: failed to lookup address information: Temporary failure in name resolution
[INFO] [stdout] 05:12:49 [TRACE] Sending \"started\" announcement to <Tracker http://tracker.bt4g.com:2095/announce> for 63a04291a8b266d968aa7ab8a276543fa63a9e84
[INFO] [stdout] 05:12:49 [WARN ] Error communicating with <Tracker http://tracker.bt4g.com:2095/announce> for \"libgen-rs-r_000\" (63a04291a8b266d968aa7ab8a276543fa63a9e84): failed to send request to HTTP tracker: error sending request for url (http://tracker.bt4g.com:2095/announce?event=started&info_hash=c%A0B%91%A8%B2f%D9h%AAz%B8%A2vT%3F%A6%3A%9E%84&peer_id=-DM-0020-hC6vJdyYvsm&port=27605&uploaded=0&downloaded=0&left=65535&numwant=50&key=1391621706&compact=1): error trying to connect: dns error: failed to lookup address information: Temporary failure in name resolution: error trying to connect: dns error: failed to lookup address information: Temporary failure in name resolution: dns error: failed to lookup address information: Temporary failure in name resolution: failed to lookup address information: Temporary failure in name resolution
[INFO] [stdout] 05:12:49 [TRACE] Sending \"started\" announcement to <Tracker http://open.acgnxtracker.com/announce> for 63a04291a8b266d968aa7ab8a276543fa63a9e84
[INFO] [stdout] 05:12:49 [WARN ] Error communicating with <Tracker http://open.acgnxtracker.com/announce> for \"libgen-rs-r_000\" (63a04291a8b266d968aa7ab8a276543fa63a9e84): failed to send request to HTTP tracker: error sending request for url (http://open.acgnxtracker.com/announce?event=started&info_hash=c%A0B%91%A8%B2f%D9h%AAz%B8%A2vT%3F%A6%3A%9E%84&peer_id=-DM-0020-hC6vJdyYvsm&port=27605&uploaded=0&downloaded=0&left=65535&numwant=50&key=1391621706&compact=1): error trying to connect: dns error: failed to lookup address information: Temporary failure in name resolution: error trying to connect: dns error: failed to lookup address information: Temporary failure in name resolution: dns error: failed to lookup address information: Temporary failure in name resolution: failed to lookup address information: Temporary failure in name resolution
[INFO] [stdout] 05:12:49 [TRACE] Sending \"started\" announcement to <Tracker http://tracker.gbitt.info/announce> for 63a04291a8b266d968aa7ab8a276543fa63a9e84
[INFO] [stdout] 05:12:49 [WARN ] Error communicating with <Tracker http://tracker.gbitt.info/announce> for \"libgen-rs-r_000\" (63a04291a8b266d968aa7ab8a276543fa63a9e84): failed to send request to HTTP tracker: error sending request for url (http://tracker.gbitt.info/announce?event=started&info_hash=c%A0B%91%A8%B2f%D9h%AAz%B8%A2vT%3F%A6%3A%9E%84&peer_id=-DM-0020-hC6vJdyYvsm&port=27605&uploaded=0&downloaded=0&left=65535&numwant=50&key=1391621706&compact=1): error trying to connect: dns error: failed to lookup address information: Temporary failure in name resolution: error trying to connect: dns error: failed to lookup address information: Temporary failure in name resolution: dns error: failed to lookup address information: Temporary failure in name resolution: failed to lookup address information: Temporary failure in name resolution
[INFO] [stdout] 05:12:49 [TRACE] Sending \"started\" announcement to <Tracker http://tracker.files.fm:6969/announce> for 63a04291a8b266d968aa7ab8a276543fa63a9e84
[INFO] [stdout] 05:12:49 [WARN ] Error communicating with <Tracker http://tracker.files.fm:6969/announce> for \"libgen-rs-r_000\" (63a04291a8b266d968aa7ab8a276543fa63a9e84): failed to send request to HTTP tracker: error sending request for url (http://tracker.files.fm:6969/announce?event=started&info_hash=c%A0B%91%A8%B2f%D9h%AAz%B8%A2vT%3F%A6%3A%9E%84&peer_id=-DM-0020-hC6vJdyYvsm&port=27605&uploaded=0&downloaded=0&left=65535&numwant=50&key=1391621706&compact=1): error trying to connect: dns error: failed to lookup address information: Temporary failure in name resolution: error trying to connect: dns error: failed to lookup address information: Temporary failure in name resolution: dns error: failed to lookup address information: Temporary failure in name resolution: failed to lookup address information: Temporary failure in name resolution
[INFO] [stdout] 05:12:49 [ERROR] Failed to download torrent file: no peer returned metadata info
[INFO] [stdout] ```
[INFO] [stdout] 
[INFO] [stdout] 
[INFO] [stdout] stack backtrace:
[INFO] [stdout]    0:     0x559b4af16c9c - std::backtrace_rs::backtrace::libunwind::trace::ha637c64ce894333a
[INFO] [stdout]                                at /rustc/82e1608dfa6e0b5569232559e3d385fea5a93112/library/std/src/../../backtrace/src/backtrace/libunwind.rs:104:5
[INFO] [stdout]    1:     0x559b4af16c9c - std::backtrace_rs::backtrace::trace_unsynchronized::h47f62dea28e0c88d
[INFO] [stdout]                                at /rustc/82e1608dfa6e0b5569232559e3d385fea5a93112/library/std/src/../../backtrace/src/backtrace/mod.rs:66:5
[INFO] [stdout]    2:     0x559b4af16c9c - std::sys_common::backtrace::_print_fmt::h9eef0abe20ede486
[INFO] [stdout]                                at /rustc/82e1608dfa6e0b5569232559e3d385fea5a93112/library/std/src/sys_common/backtrace.rs:67:5
[INFO] [stdout]    3:     0x559b4af16c9c - <std::sys_common::backtrace::_print::DisplayBacktrace as core::fmt::Display>::fmt::hed7f999df88cc644
[INFO] [stdout]                                at /rustc/82e1608dfa6e0b5569232559e3d385fea5a93112/library/std/src/sys_common/backtrace.rs:44:22
[INFO] [stdout]    4:     0x559b4af42470 - core::fmt::rt::Argument::fmt::h1539a9308b8d058d
[INFO] [stdout]                                at /rustc/82e1608dfa6e0b5569232559e3d385fea5a93112/library/core/src/fmt/rt.rs:142:9
[INFO] [stdout]    5:     0x559b4af42470 - core::fmt::write::h3a39390d8560d9c9
[INFO] [stdout]                                at /rustc/82e1608dfa6e0b5569232559e3d385fea5a93112/library/core/src/fmt/mod.rs:1120:17
[INFO] [stdout]    6:     0x559b4af13d3f - std::io::Write::write_fmt::h040b369f3a0f9cbc
[INFO] [stdout]                                at /rustc/82e1608dfa6e0b5569232559e3d385fea5a93112/library/std/src/io/mod.rs:1762:15
[INFO] [stdout]    7:     0x559b4af16a84 - std::sys_common::backtrace::_print::h894006fb5c6f3d45
[INFO] [stdout]                                at /rustc/82e1608dfa6e0b5569232559e3d385fea5a93112/library/std/src/sys_common/backtrace.rs:47:5
[INFO] [stdout]    8:     0x559b4af16a84 - std::sys_common::backtrace::print::h23a2d212c6fff936
[INFO] [stdout]                                at /rustc/82e1608dfa6e0b5569232559e3d385fea5a93112/library/std/src/sys_common/backtrace.rs:34:9
[INFO] [stdout]    9:     0x559b4af187c7 - std::panicking::default_hook::{{closure}}::h8a1d2ee00185001a
[INFO] [stdout]   10:     0x559b4af184b3 - std::panicking::default_hook::h6038f2eba384e475
[INFO] [stdout]                                at /rustc/82e1608dfa6e0b5569232559e3d385fea5a93112/library/std/src/panicking.rs:289:9
[INFO] [stdout]   11:     0x559b4ad9e0e7 - <alloc::boxed::Box<F,A> as core::ops::function::Fn<Args>>::call::h0ad024c9bdc6d768
[INFO] [stdout]                                at /rustc/82e1608dfa6e0b5569232559e3d385fea5a93112/library/alloc/src/boxed.rs:2021:9
[INFO] [stdout]   12:     0x559b4ad9e0e7 - test::test_main::{{closure}}::h7500b54257359db6
[INFO] [stdout]                                at /rustc/82e1608dfa6e0b5569232559e3d385fea5a93112/library/test/src/lib.rs:138:21
[INFO] [stdout]   13:     0x559b4af18dd8 - <alloc::boxed::Box<F,A> as core::ops::function::Fn<Args>>::call::h1f8f335eaa9cfaee
[INFO] [stdout]                                at /rustc/82e1608dfa6e0b5569232559e3d385fea5a93112/library/alloc/src/boxed.rs:2021:9
[INFO] [stdout]   14:     0x559b4af18dd8 - std::panicking::rust_panic_with_hook::h2b5517d590cab22e
[INFO] [stdout]                                at /rustc/82e1608dfa6e0b5569232559e3d385fea5a93112/library/std/src/panicking.rs:783:13
[INFO] [stdout]   15:     0x559b4af18b2e - std::panicking::begin_panic_handler::{{closure}}::h233112c06e0ef43e
[INFO] [stdout]                                at /rustc/82e1608dfa6e0b5569232559e3d385fea5a93112/library/std/src/panicking.rs:657:13
[INFO] [stdout]   16:     0x559b4af17166 - std::sys_common::backtrace::__rust_end_short_backtrace::h6e893f24d7ebbff8
[INFO] [stdout]                                at /rustc/82e1608dfa6e0b5569232559e3d385fea5a93112/library/std/src/sys_common/backtrace.rs:170:18
[INFO] [stdout]   17:     0x559b4af18892 - rust_begin_unwind
[INFO] [stdout]                                at /rustc/82e1608dfa6e0b5569232559e3d385fea5a93112/library/std/src/panicking.rs:645:5
[INFO] [stdout]   18:     0x559b4ad5b525 - core::panicking::panic_fmt::hbf0e066aabfa482c
[INFO] [stdout]                                at /rustc/82e1608dfa6e0b5569232559e3d385fea5a93112/library/core/src/panicking.rs:72:14
[INFO] [stdout]   19:     0x559b4aebb67f - core::panicking::panic_display::h65a74ba42253f763
[INFO] [stdout]                                at /rustc/82e1608dfa6e0b5569232559e3d385fea5a93112/library/core/src/panicking.rs:178:5
[INFO] [stdout]   20:     0x559b4aebaa4e - assert_cmd::assert::AssertError::panic::panic_cold_display::h7704adf8e327346e
[INFO] [stdout]                                at /rustc/82e1608dfa6e0b5569232559e3d385fea5a93112/library/core/src/panic.rs:99:13
[INFO] [stdout]   21:     0x559b4aeba3c7 - assert_cmd::assert::AssertError::panic::h9af82945064133d4
[INFO] [stdout]                                at /opt/rustwide/cargo-home/registry/src/index.crates.io-6f17d22bba15001f/assert_cmd-2.0.12/src/assert.rs:1033:9
[INFO] [stdout]   22:     0x559b4aeb6217 - core::ops::function::FnOnce::call_once::h3b885f3b5ac74676
[INFO] [stdout]                                at /rustc/82e1608dfa6e0b5569232559e3d385fea5a93112/library/core/src/ops/function.rs:250:5
[INFO] [stdout]   23:     0x559b4aeb26e6 - core::result::Result<T,E>::unwrap_or_else::h38297aa4f3685ae6
[INFO] [stdout]                                at /rustc/82e1608dfa6e0b5569232559e3d385fea5a93112/library/core/src/result.rs:1430:23
[INFO] [stdout]   24:     0x559b4aeb9d76 - assert_cmd::assert::Assert::success::hfa24abe4ea1422c7
[INFO] [stdout]                                at /opt/rustwide/cargo-home/registry/src/index.crates.io-6f17d22bba15001f/assert_cmd-2.0.12/src/assert.rs:158:9
[INFO] [stdout]   25:     0x559b4ad64bb7 - cli::test_get::h72668e267163644e
[INFO] [stdout]                                at /opt/rustwide/workdir/tests/cli.rs:12:5
[INFO] [stdout]   26:     0x559b4ad65f30 - cli::get_magnet_http_udp_trackers::he02f5a08c9c76aba
[INFO] [stdout]                                at /opt/rustwide/workdir/tests/cli.rs:63:5
[INFO] [stdout]   27:     0x559b4ad65ee7 - cli::get_magnet_http_udp_trackers::{{closure}}::h6689add1c6edf649
[INFO] [stdout]                                at /opt/rustwide/workdir/tests/cli.rs:62:34
[INFO] [stdout]   28:     0x559b4ad67b46 - core::ops::function::FnOnce::call_once::h6cfb5e4eb1b25975
[INFO] [stdout]                                at /rustc/82e1608dfa6e0b5569232559e3d385fea5a93112/library/core/src/ops/function.rs:250:5
[INFO] [stdout]   29:     0x559b4ada373f - core::ops::function::FnOnce::call_once::h2b5d431d5046312d
[INFO] [stdout]                                at /rustc/82e1608dfa6e0b5569232559e3d385fea5a93112/library/core/src/ops/function.rs:250:5
[INFO] [stdout]   30:     0x559b4ada373f - test::__rust_begin_short_backtrace::h7714669af176e207
[INFO] [stdout]                                at /rustc/82e1608dfa6e0b5569232559e3d385fea5a93112/library/test/src/lib.rs:628:18
[INFO] [stdout]   31:     0x559b4ada2755 - test::run_test_in_process::{{closure}}::h85218797dcbcec12
[INFO] [stdout]                                at /rustc/82e1608dfa6e0b5569232559e3d385fea5a93112/library/test/src/lib.rs:651:60
[INFO] [stdout]   32:     0x559b4ada2755 - <core::panic::unwind_safe::AssertUnwindSafe<F> as core::ops::function::FnOnce<()>>::call_once::h76c106ea31c14d7b
[INFO] [stdout]                                at /rustc/82e1608dfa6e0b5569232559e3d385fea5a93112/library/core/src/panic/unwind_safe.rs:272:9
[INFO] [stdout]   33:     0x559b4ada2755 - std::panicking::try::do_call::h3bd5d0f6620ee946
[INFO] [stdout]                                at /rustc/82e1608dfa6e0b5569232559e3d385fea5a93112/library/std/src/panicking.rs:552:40
[INFO] [stdout]   34:     0x559b4ada2755 - std::panicking::try::h232e535e4744fe31
[INFO] [stdout]                                at /rustc/82e1608dfa6e0b5569232559e3d385fea5a93112/library/std/src/panicking.rs:516:19
[INFO] [stdout]   35:     0x559b4ada2755 - std::panic::catch_unwind::h3ce3bd6ca8dbac68
[INFO] [stdout]                                at /rustc/82e1608dfa6e0b5569232559e3d385fea5a93112/library/std/src/panic.rs:142:14
[INFO] [stdout]   36:     0x559b4ada2755 - test::run_test_in_process::hc97b257c9621286a
[INFO] [stdout]                                at /rustc/82e1608dfa6e0b5569232559e3d385fea5a93112/library/test/src/lib.rs:651:27
[INFO] [stdout]   37:     0x559b4ada2755 - test::run_test::{{closure}}::h2aa798823a438d38
[INFO] [stdout]                                at /rustc/82e1608dfa6e0b5569232559e3d385fea5a93112/library/test/src/lib.rs:574:43
[INFO] [stdout]   38:     0x559b4ad6aa16 - test::run_test::{{closure}}::h87d231c78fb59832
[INFO] [stdout]                                at /rustc/82e1608dfa6e0b5569232559e3d385fea5a93112/library/test/src/lib.rs:602:41
[INFO] [stdout]   39:     0x559b4ad6aa16 - std::sys_common::backtrace::__rust_begin_short_backtrace::he6df152596625789
[INFO] [stdout]                                at /rustc/82e1608dfa6e0b5569232559e3d385fea5a93112/library/std/src/sys_common/backtrace.rs:154:18
[INFO] [stdout]   40:     0x559b4ad6fac7 - std::thread::Builder::spawn_unchecked_::{{closure}}::{{closure}}::ha94be15d1e0acf36
[INFO] [stdout]                                at /rustc/82e1608dfa6e0b5569232559e3d385fea5a93112/library/std/src/thread/mod.rs:529:17
[INFO] [stdout]   41:     0x559b4ad6fac7 - <core::panic::unwind_safe::AssertUnwindSafe<F> as core::ops::function::FnOnce<()>>::call_once::h9dc6bd6372f16606
[INFO] [stdout]                                at /rustc/82e1608dfa6e0b5569232559e3d385fea5a93112/library/core/src/panic/unwind_safe.rs:272:9
[INFO] [stdout]   42:     0x559b4ad6fac7 - std::panicking::try::do_call::h9057517f80303cd4
[INFO] [stdout]                                at /rustc/82e1608dfa6e0b5569232559e3d385fea5a93112/library/std/src/panicking.rs:552:40
[INFO] [stdout]   43:     0x559b4ad6fac7 - std::panicking::try::he3a30b11ee45340c
[INFO] [stdout]                                at /rustc/82e1608dfa6e0b5569232559e3d385fea5a93112/library/std/src/panicking.rs:516:19
[INFO] [stdout]   44:     0x559b4ad6fac7 - std::panic::catch_unwind::h410458cfd3528b8b
[INFO] [stdout]                                at /rustc/82e1608dfa6e0b5569232559e3d385fea5a93112/library/std/src/panic.rs:142:14
[INFO] [stdout]   45:     0x559b4ad6fac7 - std::thread::Builder::spawn_unchecked_::{{closure}}::h72ac3bdb567b737b
[INFO] [stdout]                                at /rustc/82e1608dfa6e0b5569232559e3d385fea5a93112/library/std/src/thread/mod.rs:528:30
[INFO] [stdout]   46:     0x559b4ad6fac7 - core::ops::function::FnOnce::call_once{{vtable.shim}}::h38f34da3654a8344
[INFO] [stdout]                                at /rustc/82e1608dfa6e0b5569232559e3d385fea5a93112/library/core/src/ops/function.rs:250:5
[INFO] [stdout]   47:     0x559b4af1ebf5 - <alloc::boxed::Box<F,A> as core::ops::function::FnOnce<Args>>::call_once::hc7eafaff61e32df9
[INFO] [stdout]                                at /rustc/82e1608dfa6e0b5569232559e3d385fea5a93112/library/alloc/src/boxed.rs:2007:9
[INFO] [stdout]   48:     0x559b4af1ebf5 - <alloc::boxed::Box<F,A> as core::ops::function::FnOnce<Args>>::call_once::h6ba4a5de48dd2304
[INFO] [stdout]                                at /rustc/82e1608dfa6e0b5569232559e3d385fea5a93112/library/alloc/src/boxed.rs:2007:9
[INFO] [stdout]   49:     0x559b4af1ebf5 - std::sys::unix::thread::Thread::new::thread_start::he469335aef763e45
[INFO] [stdout]                                at /rustc/82e1608dfa6e0b5569232559e3d385fea5a93112/library/std/src/sys/unix/thread.rs:108:17
[INFO] [stdout]   50:     0x7f058e32bac3 - <unknown>
[INFO] [stdout]   51:     0x7f058e3bcbf4 - __clone
[INFO] [stdout]   52:                0x0 - <unknown>
[INFO] [stdout] 
[INFO] [stdout] 
[INFO] [stdout] failures:
[INFO] [stdout]     get_magnet_http_udp_trackers
[INFO] [stdout]     get_magnet_multipiece_info
[INFO] [stdout] 
[INFO] [stdout] test result: FAILED. 0 passed; 2 failed; 0 ignored; 0 measured; 0 filtered out; finished in 0.66s
[INFO] [stdout] 
[INFO] [stderr] error: test failed, to rerun pass `--test cli`
[INFO] running `Command { std: "docker" "inspect" "ddee1f0bb3031c6fa48729ec41782f7da79c14cb61ef25fa04a2fa14324ea33c", kill_on_drop: false }`
[INFO] running `Command { std: "docker" "rm" "-f" "ddee1f0bb3031c6fa48729ec41782f7da79c14cb61ef25fa04a2fa14324ea33c", kill_on_drop: false }`
[INFO] [stdout] ddee1f0bb3031c6fa48729ec41782f7da79c14cb61ef25fa04a2fa14324ea33c
