[INFO] cloning repository https://github.com/jurliyuuri/spoonfed_pekzep
[INFO] running `Command { std: "git" "-c" "credential.helper=" "-c" "credential.helper=/workspace/cargo-home/bin/git-credential-null" "clone" "--bare" "https://github.com/jurliyuuri/spoonfed_pekzep" "/workspace/cache/git-repos/https%3A%2F%2Fgithub.com%2Fjurliyuuri%2Fspoonfed_pekzep", kill_on_drop: false }`
[INFO] [stderr] Cloning into bare repository '/workspace/cache/git-repos/https%3A%2F%2Fgithub.com%2Fjurliyuuri%2Fspoonfed_pekzep'...
[INFO] running `Command { std: "git" "rev-parse" "HEAD", kill_on_drop: false }`
[INFO] [stdout] d6440cffd945cda034bcc2276969d8d8642b9d4a
[INFO] testing jurliyuuri/spoonfed_pekzep against 1.75.0 for beta-1.76-1
[INFO] running `Command { std: "git" "clone" "/workspace/cache/git-repos/https%3A%2F%2Fgithub.com%2Fjurliyuuri%2Fspoonfed_pekzep" "/workspace/builds/worker-6-tc1/source", kill_on_drop: false }`
[INFO] [stderr] Cloning into '/workspace/builds/worker-6-tc1/source'...
[INFO] [stderr] done.
[INFO] [stderr] Updating files:  72% (4762/6547)
Updating files:  73% (4780/6547)
Updating files:  74% (4845/6547)
Updating files:  75% (4911/6547)
Updating files:  76% (4976/6547)
Updating files:  77% (5042/6547)
Updating files:  78% (5107/6547)
Updating files:  79% (5173/6547)
Updating files:  80% (5238/6547)
Updating files:  81% (5304/6547)
Updating files:  82% (5369/6547)
Updating files:  83% (5435/6547)
Updating files:  84% (5500/6547)
Updating files:  85% (5565/6547)
Updating files:  86% (5631/6547)
Updating files:  87% (5696/6547)
Updating files:  88% (5762/6547)
Updating files:  89% (5827/6547)
Updating files:  90% (5893/6547)
Updating files:  91% (5958/6547)
Updating files:  92% (6024/6547)
Updating files:  93% (6089/6547)
Updating files:  94% (6155/6547)
Updating files:  95% (6220/6547)
Updating files:  96% (6286/6547)
Updating files:  97% (6351/6547)
Updating files:  98% (6417/6547)
Updating files:  99% (6482/6547)
Updating files: 100% (6547/6547)
Updating files: 100% (6547/6547), done.
[INFO] validating manifest of git repo https://github.com/jurliyuuri/spoonfed_pekzep on toolchain 1.75.0
[INFO] running `Command { std: CARGO_HOME="/workspace/cargo-home" RUSTUP_HOME="/workspace/rustup-home" "/workspace/cargo-home/bin/cargo" "+1.75.0" "metadata" "--manifest-path" "Cargo.toml" "--no-deps", kill_on_drop: false }`
[INFO] started tweaking git repo https://github.com/jurliyuuri/spoonfed_pekzep
[INFO] finished tweaking git repo https://github.com/jurliyuuri/spoonfed_pekzep
[INFO] tweaked toml for git repo https://github.com/jurliyuuri/spoonfed_pekzep written to /workspace/builds/worker-6-tc1/source/Cargo.toml
[INFO] crate git repo https://github.com/jurliyuuri/spoonfed_pekzep already has a lockfile, it will not be regenerated
[INFO] running `Command { std: CARGO_HOME="/workspace/cargo-home" RUSTUP_HOME="/workspace/rustup-home" "/workspace/cargo-home/bin/cargo" "+1.75.0" "fetch" "--manifest-path" "Cargo.toml", kill_on_drop: false }`
[INFO] [stderr]     Updating crates.io index
[INFO] [stderr]  Downloading crates ...
[INFO] [stderr]   Downloaded askama_derive v0.12.1
[INFO] [stderr]   Downloaded askama v0.12.0
[INFO] [stderr]   Downloaded partition_eithers v0.1.0
[INFO] [stderr]   Downloaded pekzep_syllable v0.1.2
[INFO] [stderr]   Downloaded pinyin-parser v0.1.7
[INFO] [stderr]   Downloaded match-pinyin-with-hanzi v0.1.3
[INFO] [stderr]   Downloaded pinyin v0.8.0
[INFO] running `Command { std: "docker" "create" "-v" "/var/lib/crater-agent-workspace/builds/worker-6-tc1/target:/opt/rustwide/target:rw,Z" "-v" "/var/lib/crater-agent-workspace/builds/worker-6-tc1/source:/opt/rustwide/workdir:ro,Z" "-v" "/var/lib/crater-agent-workspace/cargo-home:/opt/rustwide/cargo-home:ro,Z" "-v" "/var/lib/crater-agent-workspace/rustup-home:/opt/rustwide/rustup-home:ro,Z" "-e" "SOURCE_DIR=/opt/rustwide/workdir" "-e" "CARGO_TARGET_DIR=/opt/rustwide/target" "-e" "CARGO_HOME=/opt/rustwide/cargo-home" "-e" "RUSTUP_HOME=/opt/rustwide/rustup-home" "-w" "/opt/rustwide/workdir" "-m" "1610612736" "--user" "0:0" "--network" "none" "ghcr.io/rust-lang/crates-build-env/linux@sha256:2788e3201cd34a07e3172128adcd8b3090168a8e3bcc40d7c032b9dda1df7d1c" "/opt/rustwide/cargo-home/bin/cargo" "+1.75.0" "metadata" "--no-deps" "--format-version=1", kill_on_drop: false }`
[INFO] [stdout] 8a6666c9628f831c4f6f105a05154f75f528e7bf8644926b4ef64e25c14d7e21
[INFO] running `Command { std: "docker" "start" "-a" "8a6666c9628f831c4f6f105a05154f75f528e7bf8644926b4ef64e25c14d7e21", kill_on_drop: false }`
[INFO] running `Command { std: "docker" "inspect" "8a6666c9628f831c4f6f105a05154f75f528e7bf8644926b4ef64e25c14d7e21", kill_on_drop: false }`
[INFO] running `Command { std: "docker" "rm" "-f" "8a6666c9628f831c4f6f105a05154f75f528e7bf8644926b4ef64e25c14d7e21", kill_on_drop: false }`
[INFO] [stdout] 8a6666c9628f831c4f6f105a05154f75f528e7bf8644926b4ef64e25c14d7e21
[INFO] running `Command { std: "docker" "create" "-v" "/var/lib/crater-agent-workspace/builds/worker-6-tc1/target:/opt/rustwide/target:rw,Z" "-v" "/var/lib/crater-agent-workspace/builds/worker-6-tc1/source:/opt/rustwide/workdir:ro,Z" "-v" "/var/lib/crater-agent-workspace/cargo-home:/opt/rustwide/cargo-home:ro,Z" "-v" "/var/lib/crater-agent-workspace/rustup-home:/opt/rustwide/rustup-home:ro,Z" "-e" "SOURCE_DIR=/opt/rustwide/workdir" "-e" "CARGO_TARGET_DIR=/opt/rustwide/target" "-e" "CARGO_INCREMENTAL=0" "-e" "RUST_BACKTRACE=full" "-e" "RUSTFLAGS=--cap-lints=warn" "-e" "RUSTDOCFLAGS=--cap-lints=warn" "-e" "CARGO_HOME=/opt/rustwide/cargo-home" "-e" "RUSTUP_HOME=/opt/rustwide/rustup-home" "-w" "/opt/rustwide/workdir" "-m" "1610612736" "--user" "0:0" "--network" "none" "ghcr.io/rust-lang/crates-build-env/linux@sha256:2788e3201cd34a07e3172128adcd8b3090168a8e3bcc40d7c032b9dda1df7d1c" "/opt/rustwide/cargo-home/bin/cargo" "+1.75.0" "build" "--frozen" "--message-format=json", kill_on_drop: false }`
[INFO] [stdout] abb505495fbfed9ec2bde78fdb8b62681180cdfaf5dadfab0bd29106437a3f70
[INFO] running `Command { std: "docker" "start" "-a" "abb505495fbfed9ec2bde78fdb8b62681180cdfaf5dadfab0bd29106437a3f70", kill_on_drop: false }`
[INFO] [stderr]    Compiling proc-macro2 v1.0.67
[INFO] [stderr]    Compiling unicode-ident v1.0.12
[INFO] [stderr]    Compiling version_check v0.9.3
[INFO] [stderr]    Compiling memchr v2.6.3
[INFO] [stderr]    Compiling serde v1.0.188
[INFO] [stderr]    Compiling tinyvec_macros v0.1.0
[INFO] [stderr]    Compiling autocfg v1.0.1
[INFO] [stderr]    Compiling libm v0.2.7
[INFO] [stderr]    Compiling rustix v0.38.13
[INFO] [stderr]    Compiling linux-raw-sys v0.4.7
[INFO] [stderr]    Compiling minimal-lexical v0.2.1
[INFO] [stderr]    Compiling ryu v1.0.5
[INFO] [stderr]    Compiling pinyin v0.8.0
[INFO] [stderr]    Compiling bitflags v2.4.0
[INFO] [stderr]    Compiling tinyvec v1.3.1
[INFO] [stderr]    Compiling mime v0.3.17
[INFO] [stderr]    Compiling regex-syntax v0.7.5
[INFO] [stderr]    Compiling anyhow v1.0.75
[INFO] [stderr]    Compiling unicode-segmentation v1.8.0
[INFO] [stderr]    Compiling num-traits v0.2.14
[INFO] [stderr]    Compiling unicase v2.7.0
[INFO] [stderr]    Compiling humantime v2.1.0
[INFO] [stderr]    Compiling askama_escape v0.10.3
[INFO] [stderr]    Compiling aho-corasick v1.1.0
[INFO] [stderr]    Compiling nom v7.1.3
[INFO] [stderr]    Compiling csv-core v0.1.10
[INFO] [stderr]    Compiling itoa v1.0.9
[INFO] [stderr]    Compiling termcolor v1.1.2
[INFO] [stderr]    Compiling quote v1.0.33
[INFO] [stderr]    Compiling unicode-normalization v0.1.19
[INFO] [stderr]    Compiling log v0.4.20
[INFO] [stderr]    Compiling mime_guess v2.0.4
[INFO] [stderr]    Compiling humansize v2.1.3
[INFO] [stderr]    Compiling syn v2.0.37
[INFO] [stderr]    Compiling partition_eithers v0.1.0
[INFO] [stderr]    Compiling big_s v1.0.2
[INFO] [stderr]    Compiling linked-hash-map v0.5.6
[INFO] [stderr]    Compiling pekzep_syllable v0.1.2
[INFO] [stderr]    Compiling is-terminal v0.4.9
[INFO] [stderr]    Compiling pinyin-parser v0.1.7
[INFO] [stderr]    Compiling match-pinyin-with-hanzi v0.1.3
[INFO] [stderr]    Compiling regex-automata v0.3.8
[INFO] [stderr]    Compiling serde_derive v1.0.188
[INFO] [stderr]    Compiling readonly v0.2.11
[INFO] [stderr]    Compiling csv v1.2.2
[INFO] [stderr]    Compiling regex v1.9.5
[INFO] [stderr]    Compiling env_logger v0.10.0
[INFO] [stderr]    Compiling basic-toml v0.1.4
[INFO] [stderr]    Compiling askama_derive v0.12.1
[INFO] [stderr]    Compiling askama v0.12.0
[INFO] [stderr]    Compiling spoonfed_pekzep v0.1.0 (/opt/rustwide/workdir)
[INFO] [stderr]     Finished dev [unoptimized + debuginfo] target(s) in 10.47s
[INFO] running `Command { std: "docker" "inspect" "abb505495fbfed9ec2bde78fdb8b62681180cdfaf5dadfab0bd29106437a3f70", kill_on_drop: false }`
[INFO] running `Command { std: "docker" "rm" "-f" "abb505495fbfed9ec2bde78fdb8b62681180cdfaf5dadfab0bd29106437a3f70", kill_on_drop: false }`
[INFO] [stdout] abb505495fbfed9ec2bde78fdb8b62681180cdfaf5dadfab0bd29106437a3f70
[INFO] running `Command { std: "docker" "create" "-v" "/var/lib/crater-agent-workspace/builds/worker-6-tc1/target:/opt/rustwide/target:rw,Z" "-v" "/var/lib/crater-agent-workspace/builds/worker-6-tc1/source:/opt/rustwide/workdir:ro,Z" "-v" "/var/lib/crater-agent-workspace/cargo-home:/opt/rustwide/cargo-home:ro,Z" "-v" "/var/lib/crater-agent-workspace/rustup-home:/opt/rustwide/rustup-home:ro,Z" "-e" "SOURCE_DIR=/opt/rustwide/workdir" "-e" "CARGO_TARGET_DIR=/opt/rustwide/target" "-e" "CARGO_INCREMENTAL=0" "-e" "RUST_BACKTRACE=full" "-e" "RUSTFLAGS=--cap-lints=warn" "-e" "RUSTDOCFLAGS=--cap-lints=warn" "-e" "CARGO_HOME=/opt/rustwide/cargo-home" "-e" "RUSTUP_HOME=/opt/rustwide/rustup-home" "-w" "/opt/rustwide/workdir" "-m" "1610612736" "--user" "0:0" "--network" "none" "ghcr.io/rust-lang/crates-build-env/linux@sha256:2788e3201cd34a07e3172128adcd8b3090168a8e3bcc40d7c032b9dda1df7d1c" "/opt/rustwide/cargo-home/bin/cargo" "+1.75.0" "test" "--frozen" "--no-run" "--message-format=json", kill_on_drop: false }`
[INFO] [stdout] fcdaa64005a60aec51d2e9ad19f5ba70edcd1042697524add8e2ac6e6ace1435
[INFO] running `Command { std: "docker" "start" "-a" "fcdaa64005a60aec51d2e9ad19f5ba70edcd1042697524add8e2ac6e6ace1435", kill_on_drop: false }`
[INFO] [stderr]    Compiling spoonfed_pekzep v0.1.0 (/opt/rustwide/workdir)
[INFO] [stderr]     Finished test [unoptimized + debuginfo] target(s) in 0.93s
[INFO] running `Command { std: "docker" "inspect" "fcdaa64005a60aec51d2e9ad19f5ba70edcd1042697524add8e2ac6e6ace1435", kill_on_drop: false }`
[INFO] running `Command { std: "docker" "rm" "-f" "fcdaa64005a60aec51d2e9ad19f5ba70edcd1042697524add8e2ac6e6ace1435", kill_on_drop: false }`
[INFO] [stdout] fcdaa64005a60aec51d2e9ad19f5ba70edcd1042697524add8e2ac6e6ace1435
[INFO] running `Command { std: "docker" "create" "-v" "/var/lib/crater-agent-workspace/builds/worker-6-tc1/target:/opt/rustwide/target:rw,Z" "-v" "/var/lib/crater-agent-workspace/builds/worker-6-tc1/source:/opt/rustwide/workdir:ro,Z" "-v" "/var/lib/crater-agent-workspace/cargo-home:/opt/rustwide/cargo-home:ro,Z" "-v" "/var/lib/crater-agent-workspace/rustup-home:/opt/rustwide/rustup-home:ro,Z" "-e" "SOURCE_DIR=/opt/rustwide/workdir" "-e" "CARGO_TARGET_DIR=/opt/rustwide/target" "-e" "CARGO_INCREMENTAL=0" "-e" "RUST_BACKTRACE=full" "-e" "RUSTFLAGS=--cap-lints=warn" "-e" "RUSTDOCFLAGS=--cap-lints=warn" "-e" "CARGO_HOME=/opt/rustwide/cargo-home" "-e" "RUSTUP_HOME=/opt/rustwide/rustup-home" "-w" "/opt/rustwide/workdir" "-m" "1610612736" "--user" "0:0" "--network" "none" "ghcr.io/rust-lang/crates-build-env/linux@sha256:2788e3201cd34a07e3172128adcd8b3090168a8e3bcc40d7c032b9dda1df7d1c" "/opt/rustwide/cargo-home/bin/cargo" "+1.75.0" "test" "--frozen", kill_on_drop: false }`
[INFO] [stdout] 4bc5b8f2f44145395d2bbbdda5e8d138cc7d5ec082d39c371c178a8f4cd8f19b
[INFO] running `Command { std: "docker" "start" "-a" "4bc5b8f2f44145395d2bbbdda5e8d138cc7d5ec082d39c371c178a8f4cd8f19b", kill_on_drop: false }`
[INFO] [stderr]     Finished test [unoptimized + debuginfo] target(s) in 0.03s
[INFO] [stderr]      Running unittests src/lib.rs (/opt/rustwide/target/debug/deps/spoonfed_pekzep-bde1fa7b6aa84b7c)
[INFO] [stdout] 
[INFO] [stdout] running 5 tests
[INFO] [stdout] test read::vocab::tests::test_new ... ok
[INFO] [stdout] test read::vocab::tests::test_new2 ... ok
[INFO] [stdout] test read::vocab::tests::test_to_path_safe_string ... ok
[INFO] [stdout] test tests::test_split_at_slashslash ... ok
[INFO] [stdout] test recurse::test_foo ... FAILED
[INFO] [stdout] 
[INFO] [stdout] failures:
[INFO] [stdout] 
[INFO] [stdout] ---- recurse::test_foo stdout ----
[INFO] [stdout] thread 'recurse::test_foo' panicked at src/recurse.rs:20:5:
[INFO] [stdout] assertion `left == right` failed
[INFO] [stdout]   left: "                <a href=\"./酒.html\" style=\"text-decoration: none;\">\n                    <div class=\"dismantling-bar\">\n                        <img src=\"../char_bitmap_img/酒.png\" height=\"16\" /><span lang=\"ja\">【酒】</span>\n                    </div>\n                </a>\n                <div class=\"dismantling-frame\">\n                    <div style=\"flex: 50%\">\n                        <a href=\"./奮.html\" style=\"text-decoration: none;\">\n                            <div class=\"dismantling-bar\">\n                                <img src=\"../char_bitmap_img/奮.png\" height=\"16\" /><span lang=\"ja\">【奮】</span>\n                            </div>\n                        </a>\n                        <div class=\"dismantling-frame\">\n                            <div style=\"flex: 50%\">\n                                <a href=\"./心.html\" style=\"text-decoration: none;\">\n                                    <div class=\"dismantling-bar\">\n                                        <img src=\"../char_bitmap_img/心.png\" height=\"16\" /><span lang=\"ja\">【心】</span>\n                                    </div>\n                                </a>\n                            </div>\n                            <div style=\"flex: 50%\">\n                                <a href=\"./火.html\" style=\"text-decoration: none;\">\n                                    <div class=\"dismantling-bar\">\n                                        <img src=\"../char_bitmap_img/火.png\" height=\"16\" /><span lang=\"ja\">【火】</span>\n                                    </div>\n                                </a>\n                            </div>\n                        </div>\n                    </div>\n                    <div style=\"flex: 50%\">\n                        <a href=\"./水.html\" style=\"text-decoration: none;\">\n                            <div class=\"dismantling-bar\">\n                                <img src=\"../char_bitmap_img/水.png\" height=\"16\" /><span lang=\"ja\">【水】</span>\n                            </div>\n                        </a>\n                    </div>\n                </div>"
[INFO] [stdout]  right: "                <a href=\"./酒.html\" style=\"text-decoration: none;\">\n                    <div class=\"dismantling-bar\">\n                        <span style=\"font-family: LinzklarRounded;\">酒</span><span lang=\"ja\">【酒】</span>\n                    </div>\n                </a>\n                <div class=\"dismantling-frame\">\n                    <div style=\"flex: 50%\">\n                        <a href=\"./奮.html\" style=\"text-decoration: none;\">\n                            <div class=\"dismantling-bar\">\n                                <span style=\"font-family: LinzklarRounded;\">奮</span><span lang=\"ja\">【奮】</span>\n                            </div>\n                        </a>\n                        <div class=\"dismantling-frame\">\n                            <div style=\"flex: 50%\">\n                                <a href=\"./心.html\" style=\"text-decoration: none;\">\n                                    <div class=\"dismantling-bar\">\n                                        <span style=\"font-family: LinzklarRounded;\">心</span><span lang=\"ja\">【心】</span>\n                                    </div>\n                                </a>\n                            </div>\n                            <div style=\"flex: 50%\">\n                                <a href=\"./火.html\" style=\"text-decoration: none;\">\n                                    <div class=\"dismantling-bar\">\n                                        <span style=\"font-family: LinzklarRounded;\">火</span><span lang=\"ja\">【火】</span>\n                                    </div>\n                                </a>\n                            </div>\n                        </div>\n                    </div>\n                    <div style=\"flex: 50%\">\n                        <a href=\"./水.html\" style=\"text-decoration: none;\">\n                            <div class=\"dismantling-bar\">\n                                <span style=\"font-family: LinzklarRounded;\">水</span><span lang=\"ja\">【水】</span>\n                            </div>\n                        </a>\n                    </div>\n                </div>"
[INFO] [stdout] stack backtrace:
[INFO] [stdout]    0:     0x556525c7077c - std::backtrace_rs::backtrace::libunwind::trace::ha637c64ce894333a
[INFO] [stdout]                                at /rustc/82e1608dfa6e0b5569232559e3d385fea5a93112/library/std/src/../../backtrace/src/backtrace/libunwind.rs:104:5
[INFO] [stdout]    1:     0x556525c7077c - std::backtrace_rs::backtrace::trace_unsynchronized::h47f62dea28e0c88d
[INFO] [stdout]                                at /rustc/82e1608dfa6e0b5569232559e3d385fea5a93112/library/std/src/../../backtrace/src/backtrace/mod.rs:66:5
[INFO] [stdout]    2:     0x556525c7077c - std::sys_common::backtrace::_print_fmt::h9eef0abe20ede486
[INFO] [stdout]                                at /rustc/82e1608dfa6e0b5569232559e3d385fea5a93112/library/std/src/sys_common/backtrace.rs:67:5
[INFO] [stdout]    3:     0x556525c7077c - <std::sys_common::backtrace::_print::DisplayBacktrace as core::fmt::Display>::fmt::hed7f999df88cc644
[INFO] [stdout]                                at /rustc/82e1608dfa6e0b5569232559e3d385fea5a93112/library/std/src/sys_common/backtrace.rs:44:22
[INFO] [stdout]    4:     0x556525c9a2c0 - core::fmt::rt::Argument::fmt::h1539a9308b8d058d
[INFO] [stdout]                                at /rustc/82e1608dfa6e0b5569232559e3d385fea5a93112/library/core/src/fmt/rt.rs:142:9
[INFO] [stdout]    5:     0x556525c9a2c0 - core::fmt::write::h3a39390d8560d9c9
[INFO] [stdout]                                at /rustc/82e1608dfa6e0b5569232559e3d385fea5a93112/library/core/src/fmt/mod.rs:1120:17
[INFO] [stdout]    6:     0x556525c6e12f - std::io::Write::write_fmt::h040b369f3a0f9cbc
[INFO] [stdout]                                at /rustc/82e1608dfa6e0b5569232559e3d385fea5a93112/library/std/src/io/mod.rs:1762:15
[INFO] [stdout]    7:     0x556525c70564 - std::sys_common::backtrace::_print::h894006fb5c6f3d45
[INFO] [stdout]                                at /rustc/82e1608dfa6e0b5569232559e3d385fea5a93112/library/std/src/sys_common/backtrace.rs:47:5
[INFO] [stdout]    8:     0x556525c70564 - std::sys_common::backtrace::print::h23a2d212c6fff936
[INFO] [stdout]                                at /rustc/82e1608dfa6e0b5569232559e3d385fea5a93112/library/std/src/sys_common/backtrace.rs:34:9
[INFO] [stdout]    9:     0x556525c72227 - std::panicking::default_hook::{{closure}}::h8a1d2ee00185001a
[INFO] [stdout]   10:     0x556525c71f13 - std::panicking::default_hook::h6038f2eba384e475
[INFO] [stdout]                                at /rustc/82e1608dfa6e0b5569232559e3d385fea5a93112/library/std/src/panicking.rs:289:9
[INFO] [stdout]   11:     0x556525c30e27 - <alloc::boxed::Box<F,A> as core::ops::function::Fn<Args>>::call::h0ad024c9bdc6d768
[INFO] [stdout]                                at /rustc/82e1608dfa6e0b5569232559e3d385fea5a93112/library/alloc/src/boxed.rs:2021:9
[INFO] [stdout]   12:     0x556525c30e27 - test::test_main::{{closure}}::h7500b54257359db6
[INFO] [stdout]                                at /rustc/82e1608dfa6e0b5569232559e3d385fea5a93112/library/test/src/lib.rs:138:21
[INFO] [stdout]   13:     0x556525c72838 - <alloc::boxed::Box<F,A> as core::ops::function::Fn<Args>>::call::h1f8f335eaa9cfaee
[INFO] [stdout]                                at /rustc/82e1608dfa6e0b5569232559e3d385fea5a93112/library/alloc/src/boxed.rs:2021:9
[INFO] [stdout]   14:     0x556525c72838 - std::panicking::rust_panic_with_hook::h2b5517d590cab22e
[INFO] [stdout]                                at /rustc/82e1608dfa6e0b5569232559e3d385fea5a93112/library/std/src/panicking.rs:783:13
[INFO] [stdout]   15:     0x556525c7258e - std::panicking::begin_panic_handler::{{closure}}::h233112c06e0ef43e
[INFO] [stdout]                                at /rustc/82e1608dfa6e0b5569232559e3d385fea5a93112/library/std/src/panicking.rs:657:13
[INFO] [stdout]   16:     0x556525c70c46 - std::sys_common::backtrace::__rust_end_short_backtrace::h6e893f24d7ebbff8
[INFO] [stdout]                                at /rustc/82e1608dfa6e0b5569232559e3d385fea5a93112/library/std/src/sys_common/backtrace.rs:170:18
[INFO] [stdout]   17:     0x556525c722f2 - rust_begin_unwind
[INFO] [stdout]                                at /rustc/82e1608dfa6e0b5569232559e3d385fea5a93112/library/std/src/panicking.rs:645:5
[INFO] [stdout]   18:     0x556525bf1cf5 - core::panicking::panic_fmt::hbf0e066aabfa482c
[INFO] [stdout]                                at /rustc/82e1608dfa6e0b5569232559e3d385fea5a93112/library/core/src/panicking.rs:72:14
[INFO] [stdout]   19:     0x556525bf210b - core::panicking::assert_failed_inner::h0bba8b7c26ee4492
[INFO] [stdout]   20:     0x556525bf4e6e - core::panicking::assert_failed::h785f982130eea831
[INFO] [stdout]                                at /rustc/82e1608dfa6e0b5569232559e3d385fea5a93112/library/core/src/panicking.rs:279:5
[INFO] [stdout]   21:     0x556525bf83c3 - spoonfed_pekzep::recurse::test_foo::h6d5fb032410b0c29
[INFO] [stdout]                                at /opt/rustwide/workdir/src/recurse.rs:20:5
[INFO] [stdout]   22:     0x556525bf82b7 - spoonfed_pekzep::recurse::test_foo::{{closure}}::h909ff8c116d8a720
[INFO] [stdout]                                at /opt/rustwide/workdir/src/recurse.rs:2:14
[INFO] [stdout]   23:     0x556525bf3786 - core::ops::function::FnOnce::call_once::h580e2c663aae8743
[INFO] [stdout]                                at /rustc/82e1608dfa6e0b5569232559e3d385fea5a93112/library/core/src/ops/function.rs:250:5
[INFO] [stdout]   24:     0x556525c3647f - core::ops::function::FnOnce::call_once::h2b5d431d5046312d
[INFO] [stdout]                                at /rustc/82e1608dfa6e0b5569232559e3d385fea5a93112/library/core/src/ops/function.rs:250:5
[INFO] [stdout]   25:     0x556525c3647f - test::__rust_begin_short_backtrace::h7714669af176e207
[INFO] [stdout]                                at /rustc/82e1608dfa6e0b5569232559e3d385fea5a93112/library/test/src/lib.rs:628:18
[INFO] [stdout]   26:     0x556525c35495 - test::run_test_in_process::{{closure}}::h85218797dcbcec12
[INFO] [stdout]                                at /rustc/82e1608dfa6e0b5569232559e3d385fea5a93112/library/test/src/lib.rs:651:60
[INFO] [stdout]   27:     0x556525c35495 - <core::panic::unwind_safe::AssertUnwindSafe<F> as core::ops::function::FnOnce<()>>::call_once::h76c106ea31c14d7b
[INFO] [stdout]                                at /rustc/82e1608dfa6e0b5569232559e3d385fea5a93112/library/core/src/panic/unwind_safe.rs:272:9
[INFO] [stdout]   28:     0x556525c35495 - std::panicking::try::do_call::h3bd5d0f6620ee946
[INFO] [stdout]                                at /rustc/82e1608dfa6e0b5569232559e3d385fea5a93112/library/std/src/panicking.rs:552:40
[INFO] [stdout]   29:     0x556525c35495 - std::panicking::try::h232e535e4744fe31
[INFO] [stdout]                                at /rustc/82e1608dfa6e0b5569232559e3d385fea5a93112/library/std/src/panicking.rs:516:19
[INFO] [stdout]   30:     0x556525c35495 - std::panic::catch_unwind::h3ce3bd6ca8dbac68
[INFO] [stdout]                                at /rustc/82e1608dfa6e0b5569232559e3d385fea5a93112/library/std/src/panic.rs:142:14
[INFO] [stdout]   31:     0x556525c35495 - test::run_test_in_process::hc97b257c9621286a
[INFO] [stdout]                                at /rustc/82e1608dfa6e0b5569232559e3d385fea5a93112/library/test/src/lib.rs:651:27
[INFO] [stdout]   32:     0x556525c35495 - test::run_test::{{closure}}::h2aa798823a438d38
[INFO] [stdout]                                at /rustc/82e1608dfa6e0b5569232559e3d385fea5a93112/library/test/src/lib.rs:574:43
[INFO] [stdout]   33:     0x556525bfd756 - test::run_test::{{closure}}::h87d231c78fb59832
[INFO] [stdout]                                at /rustc/82e1608dfa6e0b5569232559e3d385fea5a93112/library/test/src/lib.rs:602:41
[INFO] [stdout]   34:     0x556525bfd756 - std::sys_common::backtrace::__rust_begin_short_backtrace::he6df152596625789
[INFO] [stdout]                                at /rustc/82e1608dfa6e0b5569232559e3d385fea5a93112/library/std/src/sys_common/backtrace.rs:154:18
[INFO] [stdout]   35:     0x556525c02807 - std::thread::Builder::spawn_unchecked_::{{closure}}::{{closure}}::ha94be15d1e0acf36
[INFO] [stdout]                                at /rustc/82e1608dfa6e0b5569232559e3d385fea5a93112/library/std/src/thread/mod.rs:529:17
[INFO] [stdout]   36:     0x556525c02807 - <core::panic::unwind_safe::AssertUnwindSafe<F> as core::ops::function::FnOnce<()>>::call_once::h9dc6bd6372f16606
[INFO] [stdout]                                at /rustc/82e1608dfa6e0b5569232559e3d385fea5a93112/library/core/src/panic/unwind_safe.rs:272:9
[INFO] [stdout]   37:     0x556525c02807 - std::panicking::try::do_call::h9057517f80303cd4
[INFO] [stdout]                                at /rustc/82e1608dfa6e0b5569232559e3d385fea5a93112/library/std/src/panicking.rs:552:40
[INFO] [stdout]   38:     0x556525c02807 - std::panicking::try::he3a30b11ee45340c
[INFO] [stdout]                                at /rustc/82e1608dfa6e0b5569232559e3d385fea5a93112/library/std/src/panicking.rs:516:19
[INFO] [stdout]   39:     0x556525c02807 - std::panic::catch_unwind::h410458cfd3528b8b
[INFO] [stdout]                                at /rustc/82e1608dfa6e0b5569232559e3d385fea5a93112/library/std/src/panic.rs:142:14
[INFO] [stdout]   40:     0x556525c02807 - std::thread::Builder::spawn_unchecked_::{{closure}}::h72ac3bdb567b737b
[INFO] [stdout]                                at /rustc/82e1608dfa6e0b5569232559e3d385fea5a93112/library/std/src/thread/mod.rs:528:30
[INFO] [stdout]   41:     0x556525c02807 - core::ops::function::FnOnce::call_once{{vtable.shim}}::h38f34da3654a8344
[INFO] [stdout]                                at /rustc/82e1608dfa6e0b5569232559e3d385fea5a93112/library/core/src/ops/function.rs:250:5
[INFO] [stdout]   42:     0x556525c772c5 - <alloc::boxed::Box<F,A> as core::ops::function::FnOnce<Args>>::call_once::hc7eafaff61e32df9
[INFO] [stdout]                                at /rustc/82e1608dfa6e0b5569232559e3d385fea5a93112/library/alloc/src/boxed.rs:2007:9
[INFO] [stdout]   43:     0x556525c772c5 - <alloc::boxed::Box<F,A> as core::ops::function::FnOnce<Args>>::call_once::h6ba4a5de48dd2304
[INFO] [stdout]                                at /rustc/82e1608dfa6e0b5569232559e3d385fea5a93112/library/alloc/src/boxed.rs:2007:9
[INFO] [stdout]   44:     0x556525c772c5 - std::sys::unix::thread::Thread::new::thread_start::he469335aef763e45
[INFO] [stdout]                                at /rustc/82e1608dfa6e0b5569232559e3d385fea5a93112/library/std/src/sys/unix/thread.rs:108:17
[INFO] [stdout]   45:     0x7febbf6f4ac3 - <unknown>
[INFO] [stdout]   46:     0x7febbf785bf4 - __clone
[INFO] [stdout]   47:                0x0 - <unknown>
[INFO] [stdout] 
[INFO] [stdout] 
[INFO] [stdout] failures:
[INFO] [stdout]     recurse::test_foo
[INFO] [stdout] 
[INFO] [stdout] test result: FAILED. 4 passed; 1 failed; 0 ignored; 0 measured; 0 filtered out; finished in 0.02s
[INFO] [stdout] 
[INFO] [stderr] error: test failed, to rerun pass `--lib`
[INFO] running `Command { std: "docker" "inspect" "4bc5b8f2f44145395d2bbbdda5e8d138cc7d5ec082d39c371c178a8f4cd8f19b", kill_on_drop: false }`
[INFO] running `Command { std: "docker" "rm" "-f" "4bc5b8f2f44145395d2bbbdda5e8d138cc7d5ec082d39c371c178a8f4cd8f19b", kill_on_drop: false }`
[INFO] [stdout] 4bc5b8f2f44145395d2bbbdda5e8d138cc7d5ec082d39c371c178a8f4cd8f19b
[INFO] testing jurliyuuri/spoonfed_pekzep against beta-2023-12-22 for beta-1.76-1
[INFO] running `Command { std: "git" "clone" "/workspace/cache/git-repos/https%3A%2F%2Fgithub.com%2Fjurliyuuri%2Fspoonfed_pekzep" "/workspace/builds/worker-6-tc2/source", kill_on_drop: false }`
[INFO] [stderr] Cloning into '/workspace/builds/worker-6-tc2/source'...
[INFO] [stderr] done.
[INFO] [stderr] Updating files:  75% (4911/6547)
Updating files:  76% (4976/6547)
Updating files:  77% (5042/6547)
Updating files:  78% (5107/6547)
Updating files:  79% (5173/6547)
Updating files:  80% (5238/6547)
Updating files:  81% (5304/6547)
Updating files:  82% (5369/6547)
Updating files:  83% (5435/6547)
Updating files:  84% (5500/6547)
Updating files:  85% (5565/6547)
Updating files:  86% (5631/6547)
Updating files:  87% (5696/6547)
Updating files:  88% (5762/6547)
Updating files:  89% (5827/6547)
Updating files:  90% (5893/6547)
Updating files:  91% (5958/6547)
Updating files:  92% (6024/6547)
Updating files:  93% (6089/6547)
Updating files:  94% (6155/6547)
Updating files:  95% (6220/6547)
Updating files:  96% (6286/6547)
Updating files:  97% (6351/6547)
Updating files:  98% (6417/6547)
Updating files:  99% (6482/6547)
Updating files: 100% (6547/6547)
Updating files: 100% (6547/6547), done.
[INFO] validating manifest of git repo https://github.com/jurliyuuri/spoonfed_pekzep on toolchain beta-2023-12-22
[INFO] running `Command { std: CARGO_HOME="/workspace/cargo-home" RUSTUP_HOME="/workspace/rustup-home" "/workspace/cargo-home/bin/cargo" "+beta-2023-12-22" "metadata" "--manifest-path" "Cargo.toml" "--no-deps", kill_on_drop: false }`
[INFO] started tweaking git repo https://github.com/jurliyuuri/spoonfed_pekzep
[INFO] finished tweaking git repo https://github.com/jurliyuuri/spoonfed_pekzep
[INFO] tweaked toml for git repo https://github.com/jurliyuuri/spoonfed_pekzep written to /workspace/builds/worker-6-tc2/source/Cargo.toml
[INFO] crate git repo https://github.com/jurliyuuri/spoonfed_pekzep already has a lockfile, it will not be regenerated
[INFO] running `Command { std: CARGO_HOME="/workspace/cargo-home" RUSTUP_HOME="/workspace/rustup-home" "/workspace/cargo-home/bin/cargo" "+beta-2023-12-22" "fetch" "--manifest-path" "Cargo.toml", kill_on_drop: false }`
[INFO] running `Command { std: "docker" "create" "-v" "/var/lib/crater-agent-workspace/builds/worker-6-tc2/target:/opt/rustwide/target:rw,Z" "-v" "/var/lib/crater-agent-workspace/builds/worker-6-tc2/source:/opt/rustwide/workdir:ro,Z" "-v" "/var/lib/crater-agent-workspace/cargo-home:/opt/rustwide/cargo-home:ro,Z" "-v" "/var/lib/crater-agent-workspace/rustup-home:/opt/rustwide/rustup-home:ro,Z" "-e" "SOURCE_DIR=/opt/rustwide/workdir" "-e" "CARGO_TARGET_DIR=/opt/rustwide/target" "-e" "CARGO_HOME=/opt/rustwide/cargo-home" "-e" "RUSTUP_HOME=/opt/rustwide/rustup-home" "-w" "/opt/rustwide/workdir" "-m" "1610612736" "--user" "0:0" "--network" "none" "ghcr.io/rust-lang/crates-build-env/linux@sha256:2788e3201cd34a07e3172128adcd8b3090168a8e3bcc40d7c032b9dda1df7d1c" "/opt/rustwide/cargo-home/bin/cargo" "+beta-2023-12-22" "metadata" "--no-deps" "--format-version=1", kill_on_drop: false }`
[INFO] [stdout] 95616de7fdb16753e46a38e08e738d2e1a8b884856e79e01d6caa2964285c685
[INFO] running `Command { std: "docker" "start" "-a" "95616de7fdb16753e46a38e08e738d2e1a8b884856e79e01d6caa2964285c685", kill_on_drop: false }`
[INFO] running `Command { std: "docker" "inspect" "95616de7fdb16753e46a38e08e738d2e1a8b884856e79e01d6caa2964285c685", kill_on_drop: false }`
[INFO] running `Command { std: "docker" "rm" "-f" "95616de7fdb16753e46a38e08e738d2e1a8b884856e79e01d6caa2964285c685", kill_on_drop: false }`
[INFO] [stdout] 95616de7fdb16753e46a38e08e738d2e1a8b884856e79e01d6caa2964285c685
[INFO] running `Command { std: "docker" "create" "-v" "/var/lib/crater-agent-workspace/builds/worker-6-tc2/target:/opt/rustwide/target:rw,Z" "-v" "/var/lib/crater-agent-workspace/builds/worker-6-tc2/source:/opt/rustwide/workdir:ro,Z" "-v" "/var/lib/crater-agent-workspace/cargo-home:/opt/rustwide/cargo-home:ro,Z" "-v" "/var/lib/crater-agent-workspace/rustup-home:/opt/rustwide/rustup-home:ro,Z" "-e" "SOURCE_DIR=/opt/rustwide/workdir" "-e" "CARGO_TARGET_DIR=/opt/rustwide/target" "-e" "CARGO_INCREMENTAL=0" "-e" "RUST_BACKTRACE=full" "-e" "RUSTFLAGS=--cap-lints=warn" "-e" "RUSTDOCFLAGS=--cap-lints=warn" "-e" "CARGO_HOME=/opt/rustwide/cargo-home" "-e" "RUSTUP_HOME=/opt/rustwide/rustup-home" "-w" "/opt/rustwide/workdir" "-m" "1610612736" "--user" "0:0" "--network" "none" "ghcr.io/rust-lang/crates-build-env/linux@sha256:2788e3201cd34a07e3172128adcd8b3090168a8e3bcc40d7c032b9dda1df7d1c" "/opt/rustwide/cargo-home/bin/cargo" "+beta-2023-12-22" "build" "--frozen" "--message-format=json", kill_on_drop: false }`
[INFO] [stdout] 40f04724cf9e15aa92c59f4a1d5f6ca5c6c407b2e375ab0681c5c858fbc48b67
[INFO] running `Command { std: "docker" "start" "-a" "40f04724cf9e15aa92c59f4a1d5f6ca5c6c407b2e375ab0681c5c858fbc48b67", kill_on_drop: false }`
[INFO] [stderr]    Compiling proc-macro2 v1.0.67
[INFO] [stderr]    Compiling unicode-ident v1.0.12
[INFO] [stderr]    Compiling version_check v0.9.3
[INFO] [stderr]    Compiling memchr v2.6.3
[INFO] [stderr]    Compiling serde v1.0.188
[INFO] [stderr]    Compiling tinyvec_macros v0.1.0
[INFO] [stderr]    Compiling libm v0.2.7
[INFO] [stderr]    Compiling autocfg v1.0.1
[INFO] [stderr]    Compiling rustix v0.38.13
[INFO] [stderr]    Compiling regex-syntax v0.7.5
[INFO] [stderr]    Compiling minimal-lexical v0.2.1
[INFO] [stderr]    Compiling ryu v1.0.5
[INFO] [stderr]    Compiling bitflags v2.4.0
[INFO] [stderr]    Compiling pinyin v0.8.0
[INFO] [stderr]    Compiling linux-raw-sys v0.4.7
[INFO] [stderr]    Compiling tinyvec v1.3.1
[INFO] [stderr]    Compiling mime v0.3.17
[INFO] [stderr]    Compiling anyhow v1.0.75
[INFO] [stderr]    Compiling unicase v2.7.0
[INFO] [stderr]    Compiling unicode-segmentation v1.8.0
[INFO] [stderr]    Compiling askama_escape v0.10.3
[INFO] [stderr]    Compiling num-traits v0.2.14
[INFO] [stderr]    Compiling itoa v1.0.9
[INFO] [stderr]    Compiling log v0.4.20
[INFO] [stderr]    Compiling aho-corasick v1.1.0
[INFO] [stderr]    Compiling csv-core v0.1.10
[INFO] [stderr]    Compiling termcolor v1.1.2
[INFO] [stderr]    Compiling humantime v2.1.0
[INFO] [stderr]    Compiling nom v7.1.3
[INFO] [stderr]    Compiling mime_guess v2.0.4
[INFO] [stderr]    Compiling quote v1.0.33
[INFO] [stderr]    Compiling humansize v2.1.3
[INFO] [stderr]    Compiling unicode-normalization v0.1.19
[INFO] [stderr]    Compiling syn v2.0.37
[INFO] [stderr]    Compiling partition_eithers v0.1.0
[INFO] [stderr]    Compiling big_s v1.0.2
[INFO] [stderr]    Compiling pekzep_syllable v0.1.2
[INFO] [stderr]    Compiling linked-hash-map v0.5.6
[INFO] [stderr]    Compiling is-terminal v0.4.9
[INFO] [stderr]    Compiling pinyin-parser v0.1.7
[INFO] [stderr]    Compiling match-pinyin-with-hanzi v0.1.3
[INFO] [stderr]    Compiling regex-automata v0.3.8
[INFO] [stderr]    Compiling csv v1.2.2
[INFO] [stderr]    Compiling serde_derive v1.0.188
[INFO] [stderr]    Compiling readonly v0.2.11
[INFO] [stderr]    Compiling regex v1.9.5
[INFO] [stderr]    Compiling env_logger v0.10.0
[INFO] [stderr]    Compiling basic-toml v0.1.4
[INFO] [stderr]    Compiling askama_derive v0.12.1
[INFO] [stderr]    Compiling askama v0.12.0
[INFO] [stderr]    Compiling spoonfed_pekzep v0.1.0 (/opt/rustwide/workdir)
[INFO] [stderr]     Finished dev [unoptimized + debuginfo] target(s) in 9.37s
[INFO] running `Command { std: "docker" "inspect" "40f04724cf9e15aa92c59f4a1d5f6ca5c6c407b2e375ab0681c5c858fbc48b67", kill_on_drop: false }`
[INFO] running `Command { std: "docker" "rm" "-f" "40f04724cf9e15aa92c59f4a1d5f6ca5c6c407b2e375ab0681c5c858fbc48b67", kill_on_drop: false }`
[INFO] [stdout] 40f04724cf9e15aa92c59f4a1d5f6ca5c6c407b2e375ab0681c5c858fbc48b67
[INFO] running `Command { std: "docker" "create" "-v" "/var/lib/crater-agent-workspace/builds/worker-6-tc2/target:/opt/rustwide/target:rw,Z" "-v" "/var/lib/crater-agent-workspace/builds/worker-6-tc2/source:/opt/rustwide/workdir:ro,Z" "-v" "/var/lib/crater-agent-workspace/cargo-home:/opt/rustwide/cargo-home:ro,Z" "-v" "/var/lib/crater-agent-workspace/rustup-home:/opt/rustwide/rustup-home:ro,Z" "-e" "SOURCE_DIR=/opt/rustwide/workdir" "-e" "CARGO_TARGET_DIR=/opt/rustwide/target" "-e" "CARGO_INCREMENTAL=0" "-e" "RUST_BACKTRACE=full" "-e" "RUSTFLAGS=--cap-lints=warn" "-e" "RUSTDOCFLAGS=--cap-lints=warn" "-e" "CARGO_HOME=/opt/rustwide/cargo-home" "-e" "RUSTUP_HOME=/opt/rustwide/rustup-home" "-w" "/opt/rustwide/workdir" "-m" "1610612736" "--user" "0:0" "--network" "none" "ghcr.io/rust-lang/crates-build-env/linux@sha256:2788e3201cd34a07e3172128adcd8b3090168a8e3bcc40d7c032b9dda1df7d1c" "/opt/rustwide/cargo-home/bin/cargo" "+beta-2023-12-22" "test" "--frozen" "--no-run" "--message-format=json", kill_on_drop: false }`
[INFO] [stdout] 16dcddb11879d19562733c76266ff46bd1e682a172a1f0a1c57312f7143c4498
[INFO] running `Command { std: "docker" "start" "-a" "16dcddb11879d19562733c76266ff46bd1e682a172a1f0a1c57312f7143c4498", kill_on_drop: false }`
[INFO] [stderr]    Compiling spoonfed_pekzep v0.1.0 (/opt/rustwide/workdir)
[INFO] [stderr]     Finished test [unoptimized + debuginfo] target(s) in 0.91s
[INFO] running `Command { std: "docker" "inspect" "16dcddb11879d19562733c76266ff46bd1e682a172a1f0a1c57312f7143c4498", kill_on_drop: false }`
[INFO] running `Command { std: "docker" "rm" "-f" "16dcddb11879d19562733c76266ff46bd1e682a172a1f0a1c57312f7143c4498", kill_on_drop: false }`
[INFO] [stdout] 16dcddb11879d19562733c76266ff46bd1e682a172a1f0a1c57312f7143c4498
[INFO] running `Command { std: "docker" "create" "-v" "/var/lib/crater-agent-workspace/builds/worker-6-tc2/target:/opt/rustwide/target:rw,Z" "-v" "/var/lib/crater-agent-workspace/builds/worker-6-tc2/source:/opt/rustwide/workdir:ro,Z" "-v" "/var/lib/crater-agent-workspace/cargo-home:/opt/rustwide/cargo-home:ro,Z" "-v" "/var/lib/crater-agent-workspace/rustup-home:/opt/rustwide/rustup-home:ro,Z" "-e" "SOURCE_DIR=/opt/rustwide/workdir" "-e" "CARGO_TARGET_DIR=/opt/rustwide/target" "-e" "CARGO_INCREMENTAL=0" "-e" "RUST_BACKTRACE=full" "-e" "RUSTFLAGS=--cap-lints=warn" "-e" "RUSTDOCFLAGS=--cap-lints=warn" "-e" "CARGO_HOME=/opt/rustwide/cargo-home" "-e" "RUSTUP_HOME=/opt/rustwide/rustup-home" "-w" "/opt/rustwide/workdir" "-m" "1610612736" "--user" "0:0" "--network" "none" "ghcr.io/rust-lang/crates-build-env/linux@sha256:2788e3201cd34a07e3172128adcd8b3090168a8e3bcc40d7c032b9dda1df7d1c" "/opt/rustwide/cargo-home/bin/cargo" "+beta-2023-12-22" "test" "--frozen", kill_on_drop: false }`
[INFO] [stdout] 2efe6fd5949ed7b84f26cc5f69b9bcccf2b71a6c075a98e3f7afdf9fb423ae8e
[INFO] running `Command { std: "docker" "start" "-a" "2efe6fd5949ed7b84f26cc5f69b9bcccf2b71a6c075a98e3f7afdf9fb423ae8e", kill_on_drop: false }`
[INFO] [stderr]     Finished test [unoptimized + debuginfo] target(s) in 0.03s
[INFO] [stderr]      Running unittests src/lib.rs (/opt/rustwide/target/debug/deps/spoonfed_pekzep-66bd8d604b5feab7)
[INFO] [stdout] 
[INFO] [stdout] running 5 tests
[INFO] [stdout] test read::vocab::tests::test_new ... ok
[INFO] [stdout] test read::vocab::tests::test_new2 ... ok
[INFO] [stdout] test tests::test_split_at_slashslash ... ok
[INFO] [stdout] test read::vocab::tests::test_to_path_safe_string ... ok
[INFO] [stdout] test recurse::test_foo ... FAILED
[INFO] [stdout] 
[INFO] [stdout] failures:
[INFO] [stdout] 
[INFO] [stdout] ---- recurse::test_foo stdout ----
[INFO] [stdout] thread 'recurse::test_foo' panicked at src/recurse.rs:20:5:
[INFO] [stdout] assertion `left == right` failed
[INFO] [stdout]   left: "                <a href=\"./酒.html\" style=\"text-decoration: none;\">\n                    <div class=\"dismantling-bar\">\n                        <img src=\"../char_bitmap_img/酒.png\" height=\"16\" /><span lang=\"ja\">【酒】</span>\n                    </div>\n                </a>\n                <div class=\"dismantling-frame\">\n                    <div style=\"flex: 50%\">\n                        <a href=\"./奮.html\" style=\"text-decoration: none;\">\n                            <div class=\"dismantling-bar\">\n                                <img src=\"../char_bitmap_img/奮.png\" height=\"16\" /><span lang=\"ja\">【奮】</span>\n                            </div>\n                        </a>\n                        <div class=\"dismantling-frame\">\n                            <div style=\"flex: 50%\">\n                                <a href=\"./心.html\" style=\"text-decoration: none;\">\n                                    <div class=\"dismantling-bar\">\n                                        <img src=\"../char_bitmap_img/心.png\" height=\"16\" /><span lang=\"ja\">【心】</span>\n                                    </div>\n                                </a>\n                            </div>\n                            <div style=\"flex: 50%\">\n                                <a href=\"./火.html\" style=\"text-decoration: none;\">\n                                    <div class=\"dismantling-bar\">\n                                        <img src=\"../char_bitmap_img/火.png\" height=\"16\" /><span lang=\"ja\">【火】</span>\n                                    </div>\n                                </a>\n                            </div>\n                        </div>\n                    </div>\n                    <div style=\"flex: 50%\">\n                        <a href=\"./水.html\" style=\"text-decoration: none;\">\n                            <div class=\"dismantling-bar\">\n                                <img src=\"../char_bitmap_img/水.png\" height=\"16\" /><span lang=\"ja\">【水】</span>\n                            </div>\n                        </a>\n                    </div>\n                </div>"
[INFO] [stdout]  right: "                <a href=\"./酒.html\" style=\"text-decoration: none;\">\n                    <div class=\"dismantling-bar\">\n                        <span style=\"font-family: LinzklarRounded;\">酒</span><span lang=\"ja\">【酒】</span>\n                    </div>\n                </a>\n                <div class=\"dismantling-frame\">\n                    <div style=\"flex: 50%\">\n                        <a href=\"./奮.html\" style=\"text-decoration: none;\">\n                            <div class=\"dismantling-bar\">\n                                <span style=\"font-family: LinzklarRounded;\">奮</span><span lang=\"ja\">【奮】</span>\n                            </div>\n                        </a>\n                        <div class=\"dismantling-frame\">\n                            <div style=\"flex: 50%\">\n                                <a href=\"./心.html\" style=\"text-decoration: none;\">\n                                    <div class=\"dismantling-bar\">\n                                        <span style=\"font-family: LinzklarRounded;\">心</span><span lang=\"ja\">【心】</span>\n                                    </div>\n                                </a>\n                            </div>\n                            <div style=\"flex: 50%\">\n                                <a href=\"./火.html\" style=\"text-decoration: none;\">\n                                    <div class=\"dismantling-bar\">\n                                        <span style=\"font-family: LinzklarRounded;\">火</span><span lang=\"ja\">【火】</span>\n                                    </div>\n                                </a>\n                            </div>\n                        </div>\n                    </div>\n                    <div style=\"flex: 50%\">\n                        <a href=\"./水.html\" style=\"text-decoration: none;\">\n                            <div class=\"dismantling-bar\">\n                                <span style=\"font-family: LinzklarRounded;\">水</span><span lang=\"ja\">【水】</span>\n                            </div>\n                        </a>\n                    </div>\n                </div>"
[INFO] [stdout] stack backtrace:
[INFO] [stdout]    0:     0x56460899dec6 - std::backtrace_rs::backtrace::libunwind::trace::h261606ad26a499c1
[INFO] [stdout]                                at /rustc/0e09125c6c3c2fd70d7de961bcf0e51575235fad/library/std/src/../../backtrace/src/backtrace/libunwind.rs:104:5
[INFO] [stdout]    1:     0x56460899dec6 - std::backtrace_rs::backtrace::trace_unsynchronized::hd183f0625477fb28
[INFO] [stdout]                                at /rustc/0e09125c6c3c2fd70d7de961bcf0e51575235fad/library/std/src/../../backtrace/src/backtrace/mod.rs:66:5
[INFO] [stdout]    2:     0x56460899dec6 - std::sys_common::backtrace::_print_fmt::hd7f8fef21b4eda67
[INFO] [stdout]                                at /rustc/0e09125c6c3c2fd70d7de961bcf0e51575235fad/library/std/src/sys_common/backtrace.rs:68:5
[INFO] [stdout]    3:     0x56460899dec6 - <std::sys_common::backtrace::_print::DisplayBacktrace as core::fmt::Display>::fmt::h623d9b51f2f453f1
[INFO] [stdout]                                at /rustc/0e09125c6c3c2fd70d7de961bcf0e51575235fad/library/std/src/sys_common/backtrace.rs:44:22
[INFO] [stdout]    4:     0x5646089c6d10 - core::fmt::rt::Argument::fmt::h9f417ac76a86f368
[INFO] [stdout]                                at /rustc/0e09125c6c3c2fd70d7de961bcf0e51575235fad/library/core/src/fmt/rt.rs:142:9
[INFO] [stdout]    5:     0x5646089c6d10 - core::fmt::write::hc9b6faf4ac2aeff7
[INFO] [stdout]                                at /rustc/0e09125c6c3c2fd70d7de961bcf0e51575235fad/library/core/src/fmt/mod.rs:1120:17
[INFO] [stdout]    6:     0x56460899b92f - std::io::Write::write_fmt::he04625a3a989fec3
[INFO] [stdout]                                at /rustc/0e09125c6c3c2fd70d7de961bcf0e51575235fad/library/std/src/io/mod.rs:1810:15
[INFO] [stdout]    7:     0x56460899dca4 - std::sys_common::backtrace::_print::hd5d66399c7df88a2
[INFO] [stdout]                                at /rustc/0e09125c6c3c2fd70d7de961bcf0e51575235fad/library/std/src/sys_common/backtrace.rs:47:5
[INFO] [stdout]    8:     0x56460899dca4 - std::sys_common::backtrace::print::he81ed2da642d37e5
[INFO] [stdout]                                at /rustc/0e09125c6c3c2fd70d7de961bcf0e51575235fad/library/std/src/sys_common/backtrace.rs:34:9
[INFO] [stdout]    9:     0x56460899fa17 - std::panicking::default_hook::{{closure}}::h85773f4fa117163d
[INFO] [stdout]   10:     0x56460899f6fd - std::panicking::default_hook::h6a1694a91d09b278
[INFO] [stdout]                                at /rustc/0e09125c6c3c2fd70d7de961bcf0e51575235fad/library/std/src/panicking.rs:289:9
[INFO] [stdout]   11:     0x56460895bd87 - <alloc::boxed::Box<F,A> as core::ops::function::Fn<Args>>::call::h616ac37fa3cd6c8f
[INFO] [stdout]                                at /rustc/0e09125c6c3c2fd70d7de961bcf0e51575235fad/library/alloc/src/boxed.rs:2029:9
[INFO] [stdout]   12:     0x56460895bd87 - test::test_main::{{closure}}::h00d84697cefdcbb6
[INFO] [stdout]                                at /rustc/0e09125c6c3c2fd70d7de961bcf0e51575235fad/library/test/src/lib.rs:138:21
[INFO] [stdout]   13:     0x5646089a0036 - <alloc::boxed::Box<F,A> as core::ops::function::Fn<Args>>::call::hcb3fe3b9bb537ba8
[INFO] [stdout]                                at /rustc/0e09125c6c3c2fd70d7de961bcf0e51575235fad/library/alloc/src/boxed.rs:2029:9
[INFO] [stdout]   14:     0x5646089a0036 - std::panicking::rust_panic_with_hook::h0a7ad96e90f7145b
[INFO] [stdout]                                at /rustc/0e09125c6c3c2fd70d7de961bcf0e51575235fad/library/std/src/panicking.rs:783:13
[INFO] [stdout]   15:     0x56460899fd82 - std::panicking::begin_panic_handler::{{closure}}::h7919090525c6485e
[INFO] [stdout]                                at /rustc/0e09125c6c3c2fd70d7de961bcf0e51575235fad/library/std/src/panicking.rs:657:13
[INFO] [stdout]   16:     0x56460899e3c6 - std::sys_common::backtrace::__rust_end_short_backtrace::hf3289479464f7dfe
[INFO] [stdout]                                at /rustc/0e09125c6c3c2fd70d7de961bcf0e51575235fad/library/std/src/sys_common/backtrace.rs:171:18
[INFO] [stdout]   17:     0x56460899fae0 - rust_begin_unwind
[INFO] [stdout]                                at /rustc/0e09125c6c3c2fd70d7de961bcf0e51575235fad/library/std/src/panicking.rs:645:5
[INFO] [stdout]   18:     0x56460891bcd5 - core::panicking::panic_fmt::hcc9f77c5c132af55
[INFO] [stdout]                                at /rustc/0e09125c6c3c2fd70d7de961bcf0e51575235fad/library/core/src/panicking.rs:72:14
[INFO] [stdout]   19:     0x56460891c10b - core::panicking::assert_failed_inner::h9f13e27dd63c3a08
[INFO] [stdout]                                at /rustc/0e09125c6c3c2fd70d7de961bcf0e51575235fad/library/core/src/panicking.rs:342:17
[INFO] [stdout]   20:     0x56460891eefe - core::panicking::assert_failed::he2947b69b6ba1e9a
[INFO] [stdout]                                at /rustc/0e09125c6c3c2fd70d7de961bcf0e51575235fad/library/core/src/panicking.rs:297:5
[INFO] [stdout]   21:     0x564608922373 - spoonfed_pekzep::recurse::test_foo::he089c07bb78dd5d0
[INFO] [stdout]                                at /opt/rustwide/workdir/src/recurse.rs:20:5
[INFO] [stdout]   22:     0x564608922267 - spoonfed_pekzep::recurse::test_foo::{{closure}}::h2404ad51c709378c
[INFO] [stdout]                                at /opt/rustwide/workdir/src/recurse.rs:2:14
[INFO] [stdout]   23:     0x56460891d8a6 - core::ops::function::FnOnce::call_once::hfa6ba403fb226e78
[INFO] [stdout]                                at /rustc/0e09125c6c3c2fd70d7de961bcf0e51575235fad/library/core/src/ops/function.rs:250:5
[INFO] [stdout]   24:     0x56460896165f - core::ops::function::FnOnce::call_once::hd64d26f405258157
[INFO] [stdout]                                at /rustc/0e09125c6c3c2fd70d7de961bcf0e51575235fad/library/core/src/ops/function.rs:250:5
[INFO] [stdout]   25:     0x56460896165f - test::__rust_begin_short_backtrace::he21b0b7a6d731bf9
[INFO] [stdout]                                at /rustc/0e09125c6c3c2fd70d7de961bcf0e51575235fad/library/test/src/lib.rs:627:18
[INFO] [stdout]   26:     0x5646089603e1 - test::run_test_in_process::{{closure}}::hf5c73986d7bdfde2
[INFO] [stdout]                                at /rustc/0e09125c6c3c2fd70d7de961bcf0e51575235fad/library/test/src/lib.rs:650:60
[INFO] [stdout]   27:     0x5646089603e1 - <core::panic::unwind_safe::AssertUnwindSafe<F> as core::ops::function::FnOnce<()>>::call_once::h330011ad032aadc0
[INFO] [stdout]                                at /rustc/0e09125c6c3c2fd70d7de961bcf0e51575235fad/library/core/src/panic/unwind_safe.rs:272:9
[INFO] [stdout]   28:     0x5646089603e1 - std::panicking::try::do_call::he61b0a958b795a41
[INFO] [stdout]                                at /rustc/0e09125c6c3c2fd70d7de961bcf0e51575235fad/library/std/src/panicking.rs:552:40
[INFO] [stdout]   29:     0x5646089603e1 - std::panicking::try::h7309da130f906eb7
[INFO] [stdout]                                at /rustc/0e09125c6c3c2fd70d7de961bcf0e51575235fad/library/std/src/panicking.rs:516:19
[INFO] [stdout]   30:     0x5646089603e1 - std::panic::catch_unwind::hc5c3a06fdaf0a92a
[INFO] [stdout]                                at /rustc/0e09125c6c3c2fd70d7de961bcf0e51575235fad/library/std/src/panic.rs:142:14
[INFO] [stdout]   31:     0x5646089603e1 - test::run_test_in_process::h7e7b7c71c3324e0f
[INFO] [stdout]                                at /rustc/0e09125c6c3c2fd70d7de961bcf0e51575235fad/library/test/src/lib.rs:650:27
[INFO] [stdout]   32:     0x5646089603e1 - test::run_test::{{closure}}::h1f509f28f5cf20b1
[INFO] [stdout]                                at /rustc/0e09125c6c3c2fd70d7de961bcf0e51575235fad/library/test/src/lib.rs:573:43
[INFO] [stdout]   33:     0x564608927716 - test::run_test::{{closure}}::h1754218abf443f6d
[INFO] [stdout]                                at /rustc/0e09125c6c3c2fd70d7de961bcf0e51575235fad/library/test/src/lib.rs:601:41
[INFO] [stdout]   34:     0x564608927716 - std::sys_common::backtrace::__rust_begin_short_backtrace::h2ee174b9d5954948
[INFO] [stdout]                                at /rustc/0e09125c6c3c2fd70d7de961bcf0e51575235fad/library/std/src/sys_common/backtrace.rs:155:18
[INFO] [stdout]   35:     0x56460892c777 - std::thread::Builder::spawn_unchecked_::{{closure}}::{{closure}}::hf60bee9c1a17ef09
[INFO] [stdout]                                at /rustc/0e09125c6c3c2fd70d7de961bcf0e51575235fad/library/std/src/thread/mod.rs:529:17
[INFO] [stdout]   36:     0x56460892c777 - <core::panic::unwind_safe::AssertUnwindSafe<F> as core::ops::function::FnOnce<()>>::call_once::h33d0dddec5216160
[INFO] [stdout]                                at /rustc/0e09125c6c3c2fd70d7de961bcf0e51575235fad/library/core/src/panic/unwind_safe.rs:272:9
[INFO] [stdout]   37:     0x56460892c777 - std::panicking::try::do_call::h144b3048b546f835
[INFO] [stdout]                                at /rustc/0e09125c6c3c2fd70d7de961bcf0e51575235fad/library/std/src/panicking.rs:552:40
[INFO] [stdout]   38:     0x56460892c777 - std::panicking::try::h978244d04646189f
[INFO] [stdout]                                at /rustc/0e09125c6c3c2fd70d7de961bcf0e51575235fad/library/std/src/panicking.rs:516:19
[INFO] [stdout]   39:     0x56460892c777 - std::panic::catch_unwind::hdf436369d188fe86
[INFO] [stdout]                                at /rustc/0e09125c6c3c2fd70d7de961bcf0e51575235fad/library/std/src/panic.rs:142:14
[INFO] [stdout]   40:     0x56460892c777 - std::thread::Builder::spawn_unchecked_::{{closure}}::h87329cbdd33c79ec
[INFO] [stdout]                                at /rustc/0e09125c6c3c2fd70d7de961bcf0e51575235fad/library/std/src/thread/mod.rs:528:30
[INFO] [stdout]   41:     0x56460892c777 - core::ops::function::FnOnce::call_once{{vtable.shim}}::h401abbe67897d450
[INFO] [stdout]                                at /rustc/0e09125c6c3c2fd70d7de961bcf0e51575235fad/library/core/src/ops/function.rs:250:5
[INFO] [stdout]   42:     0x5646089a4ae5 - <alloc::boxed::Box<F,A> as core::ops::function::FnOnce<Args>>::call_once::h5d7c8f150ab9c84c
[INFO] [stdout]                                at /rustc/0e09125c6c3c2fd70d7de961bcf0e51575235fad/library/alloc/src/boxed.rs:2015:9
[INFO] [stdout]   43:     0x5646089a4ae5 - <alloc::boxed::Box<F,A> as core::ops::function::FnOnce<Args>>::call_once::h570d5b005c242c15
[INFO] [stdout]                                at /rustc/0e09125c6c3c2fd70d7de961bcf0e51575235fad/library/alloc/src/boxed.rs:2015:9
[INFO] [stdout]   44:     0x5646089a4ae5 - std::sys::unix::thread::Thread::new::thread_start::h36b0a20c0b2361ad
[INFO] [stdout]                                at /rustc/0e09125c6c3c2fd70d7de961bcf0e51575235fad/library/std/src/sys/unix/thread.rs:108:17
[INFO] [stdout]   45:     0x7f2a2e1d1ac3 - <unknown>
[INFO] [stdout]   46:     0x7f2a2e262bf4 - __clone
[INFO] [stdout]   47:                0x0 - <unknown>
[INFO] [stdout] 
[INFO] [stdout] 
[INFO] [stdout] failures:
[INFO] [stdout]     recurse::test_foo
[INFO] [stdout] 
[INFO] [stdout] test result: FAILED. 4 passed; 1 failed; 0 ignored; 0 measured; 0 filtered out; finished in 0.02s
[INFO] [stdout] 
[INFO] [stderr] error: test failed, to rerun pass `--lib`
[INFO] running `Command { std: "docker" "inspect" "2efe6fd5949ed7b84f26cc5f69b9bcccf2b71a6c075a98e3f7afdf9fb423ae8e", kill_on_drop: false }`
[INFO] running `Command { std: "docker" "rm" "-f" "2efe6fd5949ed7b84f26cc5f69b9bcccf2b71a6c075a98e3f7afdf9fb423ae8e", kill_on_drop: false }`
[INFO] [stdout] 2efe6fd5949ed7b84f26cc5f69b9bcccf2b71a6c075a98e3f7afdf9fb423ae8e
