[INFO] cloning repository https://github.com/jtran/whitespace
[INFO] running `Command { std: "git" "-c" "credential.helper=" "-c" "credential.helper=/workspace/cargo-home/bin/git-credential-null" "clone" "--bare" "https://github.com/jtran/whitespace" "/workspace/cache/git-repos/https%3A%2F%2Fgithub.com%2Fjtran%2Fwhitespace", kill_on_drop: false }`
[INFO] [stderr] Cloning into bare repository '/workspace/cache/git-repos/https%3A%2F%2Fgithub.com%2Fjtran%2Fwhitespace'...
[INFO] running `Command { std: "git" "rev-parse" "HEAD", kill_on_drop: false }`
[INFO] [stdout] 5f73b044ae20e021898db48a4e8e94b95cce5406
[INFO] testing jtran/whitespace against 1.75.0 for beta-1.76-1
[INFO] running `Command { std: "git" "clone" "/workspace/cache/git-repos/https%3A%2F%2Fgithub.com%2Fjtran%2Fwhitespace" "/workspace/builds/worker-4-tc1/source", kill_on_drop: false }`
[INFO] [stderr] Cloning into '/workspace/builds/worker-4-tc1/source'...
[INFO] [stderr] done.
[INFO] validating manifest of git repo https://github.com/jtran/whitespace on toolchain 1.75.0
[INFO] running `Command { std: CARGO_HOME="/workspace/cargo-home" RUSTUP_HOME="/workspace/rustup-home" "/workspace/cargo-home/bin/cargo" "+1.75.0" "metadata" "--manifest-path" "Cargo.toml" "--no-deps", kill_on_drop: false }`
[INFO] started tweaking git repo https://github.com/jtran/whitespace
[INFO] finished tweaking git repo https://github.com/jtran/whitespace
[INFO] tweaked toml for git repo https://github.com/jtran/whitespace written to /workspace/builds/worker-4-tc1/source/Cargo.toml
[INFO] crate git repo https://github.com/jtran/whitespace already has a lockfile, it will not be regenerated
[INFO] running `Command { std: CARGO_HOME="/workspace/cargo-home" RUSTUP_HOME="/workspace/rustup-home" "/workspace/cargo-home/bin/cargo" "+1.75.0" "fetch" "--manifest-path" "Cargo.toml", kill_on_drop: false }`
[INFO] running `Command { std: "docker" "create" "-v" "/var/lib/crater-agent-workspace/builds/worker-4-tc1/target:/opt/rustwide/target:rw,Z" "-v" "/var/lib/crater-agent-workspace/builds/worker-4-tc1/source:/opt/rustwide/workdir:ro,Z" "-v" "/var/lib/crater-agent-workspace/cargo-home:/opt/rustwide/cargo-home:ro,Z" "-v" "/var/lib/crater-agent-workspace/rustup-home:/opt/rustwide/rustup-home:ro,Z" "-e" "SOURCE_DIR=/opt/rustwide/workdir" "-e" "CARGO_TARGET_DIR=/opt/rustwide/target" "-e" "CARGO_HOME=/opt/rustwide/cargo-home" "-e" "RUSTUP_HOME=/opt/rustwide/rustup-home" "-w" "/opt/rustwide/workdir" "-m" "1610612736" "--user" "0:0" "--network" "none" "ghcr.io/rust-lang/crates-build-env/linux@sha256:2788e3201cd34a07e3172128adcd8b3090168a8e3bcc40d7c032b9dda1df7d1c" "/opt/rustwide/cargo-home/bin/cargo" "+1.75.0" "metadata" "--no-deps" "--format-version=1", kill_on_drop: false }`
[INFO] [stdout] aa12bdfca293eb8774376005349e9bdf3bcb6d30ec43047a18aa7f7eb0d7b76c
[INFO] running `Command { std: "docker" "start" "-a" "aa12bdfca293eb8774376005349e9bdf3bcb6d30ec43047a18aa7f7eb0d7b76c", kill_on_drop: false }`
[INFO] running `Command { std: "docker" "inspect" "aa12bdfca293eb8774376005349e9bdf3bcb6d30ec43047a18aa7f7eb0d7b76c", kill_on_drop: false }`
[INFO] running `Command { std: "docker" "rm" "-f" "aa12bdfca293eb8774376005349e9bdf3bcb6d30ec43047a18aa7f7eb0d7b76c", kill_on_drop: false }`
[INFO] [stdout] aa12bdfca293eb8774376005349e9bdf3bcb6d30ec43047a18aa7f7eb0d7b76c
[INFO] running `Command { std: "docker" "create" "-v" "/var/lib/crater-agent-workspace/builds/worker-4-tc1/target:/opt/rustwide/target:rw,Z" "-v" "/var/lib/crater-agent-workspace/builds/worker-4-tc1/source:/opt/rustwide/workdir:ro,Z" "-v" "/var/lib/crater-agent-workspace/cargo-home:/opt/rustwide/cargo-home:ro,Z" "-v" "/var/lib/crater-agent-workspace/rustup-home:/opt/rustwide/rustup-home:ro,Z" "-e" "SOURCE_DIR=/opt/rustwide/workdir" "-e" "CARGO_TARGET_DIR=/opt/rustwide/target" "-e" "CARGO_INCREMENTAL=0" "-e" "RUST_BACKTRACE=full" "-e" "RUSTFLAGS=--cap-lints=warn" "-e" "RUSTDOCFLAGS=--cap-lints=warn" "-e" "CARGO_HOME=/opt/rustwide/cargo-home" "-e" "RUSTUP_HOME=/opt/rustwide/rustup-home" "-w" "/opt/rustwide/workdir" "-m" "1610612736" "--user" "0:0" "--network" "none" "ghcr.io/rust-lang/crates-build-env/linux@sha256:2788e3201cd34a07e3172128adcd8b3090168a8e3bcc40d7c032b9dda1df7d1c" "/opt/rustwide/cargo-home/bin/cargo" "+1.75.0" "build" "--frozen" "--message-format=json", kill_on_drop: false }`
[INFO] [stdout] b70042bee11bc651466e1f1934683d3ab50b04d3844f3bed3c98daefe5c349d4
[INFO] running `Command { std: "docker" "start" "-a" "b70042bee11bc651466e1f1934683d3ab50b04d3844f3bed3c98daefe5c349d4", kill_on_drop: false }`
[INFO] [stderr]    Compiling autocfg v1.1.0
[INFO] [stderr]    Compiling hashbrown v0.12.3
[INFO] [stderr]    Compiling unicode-segmentation v1.10.0
[INFO] [stderr]    Compiling lazy_static v1.4.0
[INFO] [stderr]    Compiling fnv v1.0.7
[INFO] [stderr]    Compiling argparse v0.2.2
[INFO] [stderr]    Compiling indexmap v1.9.2
[INFO] [stderr]    Compiling whitespace v0.1.0 (/opt/rustwide/workdir)
[INFO] [stdout] warning: variable does not need to be mutable
[INFO] [stdout]    --> src/resolver.rs:545:26
[INFO] [stdout]     |
[INFO] [stdout] 545 |             .and_modify(|mut state| {
[INFO] [stdout]     |                          ----^^^^^
[INFO] [stdout]     |                          |
[INFO] [stdout]     |                          help: remove this `mut`
[INFO] [stdout]     |
[INFO] [stdout]     = note: `#[warn(unused_mut)]` on by default
[INFO] [stdout] 
[INFO] [stdout] 
[INFO] [stdout] warning: variable does not need to be mutable
[INFO] [stdout]    --> src/resolver.rs:592:26
[INFO] [stdout]     |
[INFO] [stdout] 592 |             .and_modify(|mut state| match state.defined_state {
[INFO] [stdout]     |                          ----^^^^^
[INFO] [stdout]     |                          |
[INFO] [stdout]     |                          help: remove this `mut`
[INFO] [stdout] 
[INFO] [stdout] 
[INFO] [stdout] warning: 2 warnings emitted
[INFO] [stdout] 
[INFO] [stdout] 
[INFO] [stderr]     Finished dev [unoptimized + debuginfo] target(s) in 3.23s
[INFO] running `Command { std: "docker" "inspect" "b70042bee11bc651466e1f1934683d3ab50b04d3844f3bed3c98daefe5c349d4", kill_on_drop: false }`
[INFO] running `Command { std: "docker" "rm" "-f" "b70042bee11bc651466e1f1934683d3ab50b04d3844f3bed3c98daefe5c349d4", kill_on_drop: false }`
[INFO] [stdout] b70042bee11bc651466e1f1934683d3ab50b04d3844f3bed3c98daefe5c349d4
[INFO] running `Command { std: "docker" "create" "-v" "/var/lib/crater-agent-workspace/builds/worker-4-tc1/target:/opt/rustwide/target:rw,Z" "-v" "/var/lib/crater-agent-workspace/builds/worker-4-tc1/source:/opt/rustwide/workdir:ro,Z" "-v" "/var/lib/crater-agent-workspace/cargo-home:/opt/rustwide/cargo-home:ro,Z" "-v" "/var/lib/crater-agent-workspace/rustup-home:/opt/rustwide/rustup-home:ro,Z" "-e" "SOURCE_DIR=/opt/rustwide/workdir" "-e" "CARGO_TARGET_DIR=/opt/rustwide/target" "-e" "CARGO_INCREMENTAL=0" "-e" "RUST_BACKTRACE=full" "-e" "RUSTFLAGS=--cap-lints=warn" "-e" "RUSTDOCFLAGS=--cap-lints=warn" "-e" "CARGO_HOME=/opt/rustwide/cargo-home" "-e" "RUSTUP_HOME=/opt/rustwide/rustup-home" "-w" "/opt/rustwide/workdir" "-m" "1610612736" "--user" "0:0" "--network" "none" "ghcr.io/rust-lang/crates-build-env/linux@sha256:2788e3201cd34a07e3172128adcd8b3090168a8e3bcc40d7c032b9dda1df7d1c" "/opt/rustwide/cargo-home/bin/cargo" "+1.75.0" "test" "--frozen" "--no-run" "--message-format=json", kill_on_drop: false }`
[INFO] [stdout] bbcf2c9183325fcd98b6ce790358d8056982fa0870dcacece3076aefba5e96b0
[INFO] running `Command { std: "docker" "start" "-a" "bbcf2c9183325fcd98b6ce790358d8056982fa0870dcacece3076aefba5e96b0", kill_on_drop: false }`
[INFO] [stdout] warning: variable does not need to be mutable
[INFO] [stdout]    --> src/resolver.rs:545:26
[INFO] [stdout]     |
[INFO] [stdout] 545 |             .and_modify(|mut state| {
[INFO] [stdout]     |                          ----^^^^^
[INFO] [stdout]     |                          |
[INFO] [stdout]     |                          help: remove this `mut`
[INFO] [stdout]     |
[INFO] [stdout]     = note: `#[warn(unused_mut)]` on by default
[INFO] [stdout] 
[INFO] [stdout] 
[INFO] [stderr]    Compiling whitespace v0.1.0 (/opt/rustwide/workdir)
[INFO] [stdout] warning: variable does not need to be mutable
[INFO] [stdout]    --> src/resolver.rs:592:26
[INFO] [stdout]     |
[INFO] [stdout] 592 |             .and_modify(|mut state| match state.defined_state {
[INFO] [stdout]     |                          ----^^^^^
[INFO] [stdout]     |                          |
[INFO] [stdout]     |                          help: remove this `mut`
[INFO] [stdout] 
[INFO] [stdout] 
[INFO] [stdout] warning: 2 warnings emitted
[INFO] [stdout] 
[INFO] [stdout] 
[INFO] [stdout] warning: variable does not need to be mutable
[INFO] [stdout]    --> src/resolver.rs:545:26
[INFO] [stdout]     |
[INFO] [stdout] 545 |             .and_modify(|mut state| {
[INFO] [stdout]     |                          ----^^^^^
[INFO] [stdout]     |                          |
[INFO] [stdout]     |                          help: remove this `mut`
[INFO] [stdout]     |
[INFO] [stdout]     = note: `#[warn(unused_mut)]` on by default
[INFO] [stdout] 
[INFO] [stdout] 
[INFO] [stdout] warning: variable does not need to be mutable
[INFO] [stdout]    --> src/resolver.rs:592:26
[INFO] [stdout]     |
[INFO] [stdout] 592 |             .and_modify(|mut state| match state.defined_state {
[INFO] [stdout]     |                          ----^^^^^
[INFO] [stdout]     |                          |
[INFO] [stdout]     |                          help: remove this `mut`
[INFO] [stdout] 
[INFO] [stdout] 
[INFO] [stdout] warning: 2 warnings emitted
[INFO] [stdout] 
[INFO] [stdout] 
[INFO] [stderr]     Finished test [unoptimized + debuginfo] target(s) in 1.48s
[INFO] running `Command { std: "docker" "inspect" "bbcf2c9183325fcd98b6ce790358d8056982fa0870dcacece3076aefba5e96b0", kill_on_drop: false }`
[INFO] running `Command { std: "docker" "rm" "-f" "bbcf2c9183325fcd98b6ce790358d8056982fa0870dcacece3076aefba5e96b0", kill_on_drop: false }`
[INFO] [stdout] bbcf2c9183325fcd98b6ce790358d8056982fa0870dcacece3076aefba5e96b0
[INFO] running `Command { std: "docker" "create" "-v" "/var/lib/crater-agent-workspace/builds/worker-4-tc1/target:/opt/rustwide/target:rw,Z" "-v" "/var/lib/crater-agent-workspace/builds/worker-4-tc1/source:/opt/rustwide/workdir:ro,Z" "-v" "/var/lib/crater-agent-workspace/cargo-home:/opt/rustwide/cargo-home:ro,Z" "-v" "/var/lib/crater-agent-workspace/rustup-home:/opt/rustwide/rustup-home:ro,Z" "-e" "SOURCE_DIR=/opt/rustwide/workdir" "-e" "CARGO_TARGET_DIR=/opt/rustwide/target" "-e" "CARGO_INCREMENTAL=0" "-e" "RUST_BACKTRACE=full" "-e" "RUSTFLAGS=--cap-lints=warn" "-e" "RUSTDOCFLAGS=--cap-lints=warn" "-e" "CARGO_HOME=/opt/rustwide/cargo-home" "-e" "RUSTUP_HOME=/opt/rustwide/rustup-home" "-w" "/opt/rustwide/workdir" "-m" "1610612736" "--user" "0:0" "--network" "none" "ghcr.io/rust-lang/crates-build-env/linux@sha256:2788e3201cd34a07e3172128adcd8b3090168a8e3bcc40d7c032b9dda1df7d1c" "/opt/rustwide/cargo-home/bin/cargo" "+1.75.0" "test" "--frozen", kill_on_drop: false }`
[INFO] [stdout] 5fc6339adb818edd4999cb616c1000762ca529ec34f96fcd19186f5c4f24acb3
[INFO] running `Command { std: "docker" "start" "-a" "5fc6339adb818edd4999cb616c1000762ca529ec34f96fcd19186f5c4f24acb3", kill_on_drop: false }`
[INFO] [stderr] warning: variable does not need to be mutable
[INFO] [stderr]    --> src/resolver.rs:545:26
[INFO] [stderr]     |
[INFO] [stderr] 545 |             .and_modify(|mut state| {
[INFO] [stderr]     |                          ----^^^^^
[INFO] [stderr]     |                          |
[INFO] [stderr]     |                          help: remove this `mut`
[INFO] [stderr]     |
[INFO] [stderr]     = note: `#[warn(unused_mut)]` on by default
[INFO] [stderr] 
[INFO] [stderr] warning: variable does not need to be mutable
[INFO] [stderr]    --> src/resolver.rs:592:26
[INFO] [stderr]     |
[INFO] [stderr] 592 |             .and_modify(|mut state| match state.defined_state {
[INFO] [stderr]     |                          ----^^^^^
[INFO] [stderr]     |                          |
[INFO] [stderr]     |                          help: remove this `mut`
[INFO] [stderr] 
[INFO] [stderr] warning: `whitespace` (lib) generated 2 warnings (run `cargo fix --lib -p whitespace` to apply 2 suggestions)
[INFO] [stderr] warning: `whitespace` (lib test) generated 2 warnings (2 duplicates)
[INFO] [stderr]     Finished test [unoptimized + debuginfo] target(s) in 0.02s
[INFO] [stderr]      Running unittests src/lib.rs (/opt/rustwide/target/debug/deps/whitespace-1a8cddfe6935f33c)
[INFO] [stdout] 
[INFO] [stdout] running 40 tests
[INFO] [stdout] test ast::tests::test_size_of_class_definition ... ok
[INFO] [stdout] test ast::tests::test_size_of_function_definition ... ok
[INFO] [stdout] test ast::tests::test_size_of_expr ... ok
[INFO] [stdout] test parser::tests::test_function_with_whitespace_indentation ... ok
[INFO] [stdout] test ast::tests::test_size_of_stmt ... FAILED
[INFO] [stdout] test parser::tests::test_parse_array_literals ... ok
[INFO] [stdout] test parser::tests::test_parse_array_set_index ... ok
[INFO] [stdout] test parser::tests::test_parse_assign ... ok
[INFO] [stdout] test parser::tests::test_parse_binary_op ... ok
[INFO] [stdout] test parser::tests::test_parse_call ... ok
[INFO] [stdout] test parser::tests::test_parse_comments ... ok
[INFO] [stdout] test parser::tests::test_parse_comparison ... ok
[INFO] [stdout] test parser::tests::test_parse_invalid ... ok
[INFO] [stdout] test parser::tests::test_parse_grouping ... ok
[INFO] [stdout] test parser::tests::test_parse_juxtaposition_as_call ... ok
[INFO] [stdout] test parser::tests::test_parse_literal ... ok
[INFO] [stdout] test parser::tests::test_parse_map_literals ... ok
[INFO] [stdout] test parser::tests::test_parse_map_literals_in_statements ... ok
[INFO] [stdout] test parser::tests::test_parse_map_literals_with_string_keys_in_statements ... ok
[INFO] [stdout] test parser::tests::test_parse_statements ... ok
[INFO] [stdout] test parser::tests::test_parse_super_property ... ok
[INFO] [stdout] test parser::tests::test_parse_unary_op ... ok
[INFO] [stdout] test parser::tests::test_parse_while_loop_break ... ok
[INFO] [stdout] test parser::tests::test_parse_while_loop_continue ... ok
[INFO] [stdout] test scanner::tests::test_scan_backslash_as_line_continuation ... ok
[INFO] [stdout] test scanner::tests::test_scan_backslash_line_continuation_with_blank_lines ... ok
[INFO] [stdout] test scanner::tests::test_scan_backslash_without_newline_is_an_error ... ok
[INFO] [stdout] test scanner::tests::test_scan_comments ... ok
[INFO] [stdout] test scanner::tests::test_scan_double_tokens ... ok
[INFO] [stdout] test scanner::tests::test_scan_identifier ... ok
[INFO] [stdout] test scanner::tests::test_scan_multiline_string ... ok
[INFO] [stdout] test scanner::tests::test_scan_keywords ... ok
[INFO] [stdout] test scanner::tests::test_scan_number ... ok
[INFO] [stdout] test parser::tests::test_parse_array_get_index ... ok
[INFO] [stdout] test scanner::tests::test_scan_single_tokens ... ok
[INFO] [stdout] test scanner::tests::test_scan_string ... ok
[INFO] [stdout] test scanner::tests::test_scan_trailing_binary_operator_as_line_continuation ... ok
[INFO] [stdout] test scanner::tests::test_scan_trailing_binary_operator_line_continuation_with_blank_lines ... ok
[INFO] [stdout] test scanner::tests::test_scan_var_declaration_without_semicolon ... ok
[INFO] [stdout] test scanner::tests::test_scan_whitespace_indentation_as_blocks ... ok
[INFO] [stdout] 
[INFO] [stdout] failures:
[INFO] [stdout] 
[INFO] [stdout] ---- ast::tests::test_size_of_stmt stdout ----
[INFO] [stdout] thread 'ast::tests::test_size_of_stmt' panicked at src/ast.rs:293:9:
[INFO] [stdout] assertion `left == right` failed
[INFO] [stdout]   left: 88
[INFO] [stdout]  right: 96
[INFO] [stdout] stack backtrace:
[INFO] [stdout]    0:     0x55df15dfc78c - std::backtrace_rs::backtrace::libunwind::trace::ha637c64ce894333a
[INFO] [stdout]                                at /rustc/82e1608dfa6e0b5569232559e3d385fea5a93112/library/std/src/../../backtrace/src/backtrace/libunwind.rs:104:5
[INFO] [stdout]    1:     0x55df15dfc78c - std::backtrace_rs::backtrace::trace_unsynchronized::h47f62dea28e0c88d
[INFO] [stdout]                                at /rustc/82e1608dfa6e0b5569232559e3d385fea5a93112/library/std/src/../../backtrace/src/backtrace/mod.rs:66:5
[INFO] [stdout]    2:     0x55df15dfc78c - std::sys_common::backtrace::_print_fmt::h9eef0abe20ede486
[INFO] [stdout]                                at /rustc/82e1608dfa6e0b5569232559e3d385fea5a93112/library/std/src/sys_common/backtrace.rs:67:5
[INFO] [stdout]    3:     0x55df15dfc78c - <std::sys_common::backtrace::_print::DisplayBacktrace as core::fmt::Display>::fmt::hed7f999df88cc644
[INFO] [stdout]                                at /rustc/82e1608dfa6e0b5569232559e3d385fea5a93112/library/std/src/sys_common/backtrace.rs:44:22
[INFO] [stdout]    4:     0x55df15e278e0 - core::fmt::rt::Argument::fmt::h1539a9308b8d058d
[INFO] [stdout]                                at /rustc/82e1608dfa6e0b5569232559e3d385fea5a93112/library/core/src/fmt/rt.rs:142:9
[INFO] [stdout]    5:     0x55df15e278e0 - core::fmt::write::h3a39390d8560d9c9
[INFO] [stdout]                                at /rustc/82e1608dfa6e0b5569232559e3d385fea5a93112/library/core/src/fmt/mod.rs:1120:17
[INFO] [stdout]    6:     0x55df15dfa13f - std::io::Write::write_fmt::h040b369f3a0f9cbc
[INFO] [stdout]                                at /rustc/82e1608dfa6e0b5569232559e3d385fea5a93112/library/std/src/io/mod.rs:1762:15
[INFO] [stdout]    7:     0x55df15dfc574 - std::sys_common::backtrace::_print::h894006fb5c6f3d45
[INFO] [stdout]                                at /rustc/82e1608dfa6e0b5569232559e3d385fea5a93112/library/std/src/sys_common/backtrace.rs:47:5
[INFO] [stdout]    8:     0x55df15dfc574 - std::sys_common::backtrace::print::h23a2d212c6fff936
[INFO] [stdout]                                at /rustc/82e1608dfa6e0b5569232559e3d385fea5a93112/library/std/src/sys_common/backtrace.rs:34:9
[INFO] [stdout]    9:     0x55df15dfe237 - std::panicking::default_hook::{{closure}}::h8a1d2ee00185001a
[INFO] [stdout]   10:     0x55df15dfdf23 - std::panicking::default_hook::h6038f2eba384e475
[INFO] [stdout]                                at /rustc/82e1608dfa6e0b5569232559e3d385fea5a93112/library/std/src/panicking.rs:289:9
[INFO] [stdout]   11:     0x55df15dcbfa7 - <alloc::boxed::Box<F,A> as core::ops::function::Fn<Args>>::call::h0ad024c9bdc6d768
[INFO] [stdout]                                at /rustc/82e1608dfa6e0b5569232559e3d385fea5a93112/library/alloc/src/boxed.rs:2021:9
[INFO] [stdout]   12:     0x55df15dcbfa7 - test::test_main::{{closure}}::h7500b54257359db6
[INFO] [stdout]                                at /rustc/82e1608dfa6e0b5569232559e3d385fea5a93112/library/test/src/lib.rs:138:21
[INFO] [stdout]   13:     0x55df15dfe848 - <alloc::boxed::Box<F,A> as core::ops::function::Fn<Args>>::call::h1f8f335eaa9cfaee
[INFO] [stdout]                                at /rustc/82e1608dfa6e0b5569232559e3d385fea5a93112/library/alloc/src/boxed.rs:2021:9
[INFO] [stdout]   14:     0x55df15dfe848 - std::panicking::rust_panic_with_hook::h2b5517d590cab22e
[INFO] [stdout]                                at /rustc/82e1608dfa6e0b5569232559e3d385fea5a93112/library/std/src/panicking.rs:783:13
[INFO] [stdout]   15:     0x55df15dfe59e - std::panicking::begin_panic_handler::{{closure}}::h233112c06e0ef43e
[INFO] [stdout]                                at /rustc/82e1608dfa6e0b5569232559e3d385fea5a93112/library/std/src/panicking.rs:657:13
[INFO] [stdout]   16:     0x55df15dfcc56 - std::sys_common::backtrace::__rust_end_short_backtrace::h6e893f24d7ebbff8
[INFO] [stdout]                                at /rustc/82e1608dfa6e0b5569232559e3d385fea5a93112/library/std/src/sys_common/backtrace.rs:170:18
[INFO] [stdout]   17:     0x55df15dfe302 - rust_begin_unwind
[INFO] [stdout]                                at /rustc/82e1608dfa6e0b5569232559e3d385fea5a93112/library/std/src/panicking.rs:645:5
[INFO] [stdout]   18:     0x55df15d3fcf5 - core::panicking::panic_fmt::hbf0e066aabfa482c
[INFO] [stdout]                                at /rustc/82e1608dfa6e0b5569232559e3d385fea5a93112/library/core/src/panicking.rs:72:14
[INFO] [stdout]   19:     0x55df15d4014b - core::panicking::assert_failed_inner::h0bba8b7c26ee4492
[INFO] [stdout]   20:     0x55df15dd7a8e - core::panicking::assert_failed::hade8bca33a9af590
[INFO] [stdout]                                at /rustc/82e1608dfa6e0b5569232559e3d385fea5a93112/library/core/src/panicking.rs:279:5
[INFO] [stdout]   21:     0x55df15d79682 - whitespace::ast::tests::test_size_of_stmt::h4e7065f30cabeaf5
[INFO] [stdout]                                at /opt/rustwide/workdir/src/ast.rs:293:9
[INFO] [stdout]   22:     0x55df15d795f7 - whitespace::ast::tests::test_size_of_stmt::{{closure}}::hcc102f47674a8ee9
[INFO] [stdout]                                at /opt/rustwide/workdir/src/ast.rs:292:27
[INFO] [stdout]   23:     0x55df15d71236 - core::ops::function::FnOnce::call_once::h9a0e053e575d6582
[INFO] [stdout]                                at /rustc/82e1608dfa6e0b5569232559e3d385fea5a93112/library/core/src/ops/function.rs:250:5
[INFO] [stdout]   24:     0x55df15dd15ff - core::ops::function::FnOnce::call_once::h2b5d431d5046312d
[INFO] [stdout]                                at /rustc/82e1608dfa6e0b5569232559e3d385fea5a93112/library/core/src/ops/function.rs:250:5
[INFO] [stdout]   25:     0x55df15dd15ff - test::__rust_begin_short_backtrace::h7714669af176e207
[INFO] [stdout]                                at /rustc/82e1608dfa6e0b5569232559e3d385fea5a93112/library/test/src/lib.rs:628:18
[INFO] [stdout]   26:     0x55df15dd0615 - test::run_test_in_process::{{closure}}::h85218797dcbcec12
[INFO] [stdout]                                at /rustc/82e1608dfa6e0b5569232559e3d385fea5a93112/library/test/src/lib.rs:651:60
[INFO] [stdout]   27:     0x55df15dd0615 - <core::panic::unwind_safe::AssertUnwindSafe<F> as core::ops::function::FnOnce<()>>::call_once::h76c106ea31c14d7b
[INFO] [stdout]                                at /rustc/82e1608dfa6e0b5569232559e3d385fea5a93112/library/core/src/panic/unwind_safe.rs:272:9
[INFO] [stdout]   28:     0x55df15dd0615 - std::panicking::try::do_call::h3bd5d0f6620ee946
[INFO] [stdout]                                at /rustc/82e1608dfa6e0b5569232559e3d385fea5a93112/library/std/src/panicking.rs:552:40
[INFO] [stdout]   29:     0x55df15dd0615 - std::panicking::try::h232e535e4744fe31
[INFO] [stdout]                                at /rustc/82e1608dfa6e0b5569232559e3d385fea5a93112/library/std/src/panicking.rs:516:19
[INFO] [stdout]   30:     0x55df15dd0615 - std::panic::catch_unwind::h3ce3bd6ca8dbac68
[INFO] [stdout]                                at /rustc/82e1608dfa6e0b5569232559e3d385fea5a93112/library/std/src/panic.rs:142:14
[INFO] [stdout]   31:     0x55df15dd0615 - test::run_test_in_process::hc97b257c9621286a
[INFO] [stdout]                                at /rustc/82e1608dfa6e0b5569232559e3d385fea5a93112/library/test/src/lib.rs:651:27
[INFO] [stdout]   32:     0x55df15dd0615 - test::run_test::{{closure}}::h2aa798823a438d38
[INFO] [stdout]                                at /rustc/82e1608dfa6e0b5569232559e3d385fea5a93112/library/test/src/lib.rs:574:43
[INFO] [stdout]   33:     0x55df15d988d6 - test::run_test::{{closure}}::h87d231c78fb59832
[INFO] [stdout]                                at /rustc/82e1608dfa6e0b5569232559e3d385fea5a93112/library/test/src/lib.rs:602:41
[INFO] [stdout]   34:     0x55df15d988d6 - std::sys_common::backtrace::__rust_begin_short_backtrace::he6df152596625789
[INFO] [stdout]                                at /rustc/82e1608dfa6e0b5569232559e3d385fea5a93112/library/std/src/sys_common/backtrace.rs:154:18
[INFO] [stdout]   35:     0x55df15d9d987 - std::thread::Builder::spawn_unchecked_::{{closure}}::{{closure}}::ha94be15d1e0acf36
[INFO] [stdout]                                at /rustc/82e1608dfa6e0b5569232559e3d385fea5a93112/library/std/src/thread/mod.rs:529:17
[INFO] [stdout]   36:     0x55df15d9d987 - <core::panic::unwind_safe::AssertUnwindSafe<F> as core::ops::function::FnOnce<()>>::call_once::h9dc6bd6372f16606
[INFO] [stdout]                                at /rustc/82e1608dfa6e0b5569232559e3d385fea5a93112/library/core/src/panic/unwind_safe.rs:272:9
[INFO] [stdout]   37:     0x55df15d9d987 - std::panicking::try::do_call::h9057517f80303cd4
[INFO] [stdout]                                at /rustc/82e1608dfa6e0b5569232559e3d385fea5a93112/library/std/src/panicking.rs:552:40
[INFO] [stdout]   38:     0x55df15d9d987 - std::panicking::try::he3a30b11ee45340c
[INFO] [stdout]                                at /rustc/82e1608dfa6e0b5569232559e3d385fea5a93112/library/std/src/panicking.rs:516:19
[INFO] [stdout]   39:     0x55df15d9d987 - std::panic::catch_unwind::h410458cfd3528b8b
[INFO] [stdout]                                at /rustc/82e1608dfa6e0b5569232559e3d385fea5a93112/library/std/src/panic.rs:142:14
[INFO] [stdout]   40:     0x55df15d9d987 - std::thread::Builder::spawn_unchecked_::{{closure}}::h72ac3bdb567b737b
[INFO] [stdout]                                at /rustc/82e1608dfa6e0b5569232559e3d385fea5a93112/library/std/src/thread/mod.rs:528:30
[INFO] [stdout]   41:     0x55df15d9d987 - core::ops::function::FnOnce::call_once{{vtable.shim}}::h38f34da3654a8344
[INFO] [stdout]                                at /rustc/82e1608dfa6e0b5569232559e3d385fea5a93112/library/core/src/ops/function.rs:250:5
[INFO] [stdout]   42:     0x55df15e032d5 - <alloc::boxed::Box<F,A> as core::ops::function::FnOnce<Args>>::call_once::hc7eafaff61e32df9
[INFO] [stdout]                                at /rustc/82e1608dfa6e0b5569232559e3d385fea5a93112/library/alloc/src/boxed.rs:2007:9
[INFO] [stdout]   43:     0x55df15e032d5 - <alloc::boxed::Box<F,A> as core::ops::function::FnOnce<Args>>::call_once::h6ba4a5de48dd2304
[INFO] [stdout]                                at /rustc/82e1608dfa6e0b5569232559e3d385fea5a93112/library/alloc/src/boxed.rs:2007:9
[INFO] [stdout]   44:     0x55df15e032d5 - std::sys::unix::thread::Thread::new::thread_start::he469335aef763e45
[INFO] [stdout]                                at /rustc/82e1608dfa6e0b5569232559e3d385fea5a93112/library/std/src/sys/unix/thread.rs:108:17
[INFO] [stdout]   45:     0x7fbfd2891ac3 - <unknown>
[INFO] [stdout]   46:     0x7fbfd2922bf4 - __clone
[INFO] [stdout]   47:                0x0 - <unknown>
[INFO] [stdout] 
[INFO] [stdout] 
[INFO] [stdout] failures:
[INFO] [stdout]     ast::tests::test_size_of_stmt
[INFO] [stdout] 
[INFO] [stdout] test result: FAILED. 39 passed; 1 failed; 0 ignored; 0 measured; 0 filtered out; finished in 0.05s
[INFO] [stdout] 
[INFO] [stderr] error: test failed, to rerun pass `--lib`
[INFO] running `Command { std: "docker" "inspect" "5fc6339adb818edd4999cb616c1000762ca529ec34f96fcd19186f5c4f24acb3", kill_on_drop: false }`
[INFO] running `Command { std: "docker" "rm" "-f" "5fc6339adb818edd4999cb616c1000762ca529ec34f96fcd19186f5c4f24acb3", kill_on_drop: false }`
[INFO] [stdout] 5fc6339adb818edd4999cb616c1000762ca529ec34f96fcd19186f5c4f24acb3
